This is the mail archive of the gcc-testresults@gcc.gnu.org mailing list for the GCC project.


Index Nav: [Date Index] [Subject Index] [Author Index] [Thread Index]
Message Nav: [Date Prev] [Date Next] [Thread Prev] [Thread Next]
Other format: [Raw text]

Results for 4.1.0 20060209 (prerelease) testsuite on hppa2.0w-hp-hpux11.00


LAST_UPDATED:
		=== acats tests ===
FAIL:	ce3806d
FAIL:	ce3806e
FAIL:	ce3810a
FAIL:	cxaa008
FAIL:	cxaa009
FAIL:	cxg1003
FAIL:	cxg2001
FAIL:	cxg2002
FAIL:	cxg2003
FAIL:	cxg2004
FAIL:	cxg2006
FAIL:	cxg2007
FAIL:	cxg2010
FAIL:	cxg2011
FAIL:	cxg2012
FAIL:	cxg2013
Native configuration is hppa2.0w-hp-hpux11.00

		=== g++ tests ===


Running target unix/
FAIL: g++.dg/opt/complex5.C (test for excess errors)
XPASS: g++.dg/tree-ssa/pr14814.C scan-tree-dump-times &this 0

		=== g++ Summary for unix/ ===

# of expected passes		11547
# of unexpected failures	1
# of unexpected successes	1
# of expected failures		68
# of unsupported tests		152

Running target unix/-mpa-risc-2-0
FAIL: g++.dg/opt/complex5.C (test for excess errors)
XPASS: g++.dg/tree-ssa/pr14814.C scan-tree-dump-times &this 0

		=== g++ Summary for unix/-mpa-risc-2-0 ===

# of expected passes		11547
# of unexpected failures	1
# of unexpected successes	1
# of expected failures		68
# of unsupported tests		152

		=== g++ Summary ===

# of expected passes		23094
# of unexpected failures	2
# of unexpected successes	2
# of expected failures		136
# of unsupported tests		304
/disk1/SCRATCH/gcc-build/HP-UX/hppa2.0w-hp-hpux11.00/gcc-4.1/gcc-4.1/gcc/testsuite/../g++
 version 4.1.0 20060209 (prerelease)

		=== gcc tests ===


Running target unix/
FAIL: gcc.dg/cpp/_Pragma3.c (test for excess errors)

		=== gcc Summary for unix/ ===

# of expected passes		36334
# of unexpected failures	1
# of expected failures		78
# of untested testcases		28
# of unsupported tests		420

Running target unix/-mpa-risc-2-0
FAIL: gcc.c-torture/execute/20010122-1.c execution,  -O0
FAIL: gcc.c-torture/execute/20010122-1.c execution,  -O1
FAIL: gcc.c-torture/execute/20010122-1.c execution,  -O2
FAIL: gcc.c-torture/execute/20010122-1.c execution,  -O3 -g
FAIL: gcc.c-torture/execute/20010122-1.c execution,  -Os
FAIL: gcc.dg/cpp/_Pragma3.c (test for excess errors)

		=== gcc Summary for unix/-mpa-risc-2-0 ===

# of expected passes		36329
# of unexpected failures	6
# of expected failures		78
# of untested testcases		28
# of unsupported tests		420

		=== gcc Summary ===

# of expected passes		72663
# of unexpected failures	7
# of expected failures		156
# of untested testcases		56
# of unsupported tests		840
/disk1/SCRATCH/gcc-build/HP-UX/hppa2.0w-hp-hpux11.00/gcc-4.1/gcc-4.1/gcc/xgcc
version 4.1.0 20060209 (prerelease)

		=== gfortran tests ===


Running target unix/
FAIL: gfortran.dg/module_equivalence_1.f90  -O0  (test for excess errors)
WARNING: gfortran.dg/module_equivalence_1.f90  -O0  compilation failed to
produce executable
FAIL: gfortran.dg/module_equivalence_1.f90  -O1  (test for excess errors)
WARNING: gfortran.dg/module_equivalence_1.f90  -O1  compilation failed to
produce executable
FAIL: gfortran.dg/module_equivalence_1.f90  -O2  (test for excess errors)
WARNING: gfortran.dg/module_equivalence_1.f90  -O2  compilation failed to
produce executable
FAIL: gfortran.dg/module_equivalence_1.f90  -O3 -fomit-frame-pointer  (test for
excess errors)
WARNING: gfortran.dg/module_equivalence_1.f90  -O3 -fomit-frame-pointer
compilation failed to produce executable
FAIL: gfortran.dg/module_equivalence_1.f90  -O3 -fomit-frame-pointer
-funroll-loops  (test for excess errors)
WARNING: gfortran.dg/module_equivalence_1.f90  -O3 -fomit-frame-pointer
-funroll-loops  compilation failed to produce executable
FAIL: gfortran.dg/module_equivalence_1.f90  -O3 -fomit-frame-pointer
-funroll-all-loops -finline-functions  (test for excess errors)
WARNING: gfortran.dg/module_equivalence_1.f90  -O3 -fomit-frame-pointer
-funroll-all-loops -finline-functions  compilation failed to produce executable
FAIL: gfortran.dg/module_equivalence_1.f90  -O3 -g  (test for excess errors)
WARNING: gfortran.dg/module_equivalence_1.f90  -O3 -g  compilation failed to
produce executable
FAIL: gfortran.dg/module_equivalence_1.f90  -Os  (test for excess errors)
WARNING: gfortran.dg/module_equivalence_1.f90  -Os  compilation failed to
produce executable

		=== gfortran Summary for unix/ ===

# of expected passes		11400
# of unexpected failures	8
# of expected failures		4
# of unsupported tests		66

Running target unix/-mpa-risc-2-0
FAIL: gfortran.dg/module_equivalence_1.f90  -O0  (test for excess errors)
WARNING: gfortran.dg/module_equivalence_1.f90  -O0  compilation failed to
produce executable
FAIL: gfortran.dg/module_equivalence_1.f90  -O1  (test for excess errors)
WARNING: gfortran.dg/module_equivalence_1.f90  -O1  compilation failed to
produce executable
FAIL: gfortran.dg/module_equivalence_1.f90  -O2  (test for excess errors)
WARNING: gfortran.dg/module_equivalence_1.f90  -O2  compilation failed to
produce executable
FAIL: gfortran.dg/module_equivalence_1.f90  -O3 -fomit-frame-pointer  (test for
excess errors)
WARNING: gfortran.dg/module_equivalence_1.f90  -O3 -fomit-frame-pointer
compilation failed to produce executable
FAIL: gfortran.dg/module_equivalence_1.f90  -O3 -fomit-frame-pointer
-funroll-loops  (test for excess errors)
WARNING: gfortran.dg/module_equivalence_1.f90  -O3 -fomit-frame-pointer
-funroll-loops  compilation failed to produce executable
FAIL: gfortran.dg/module_equivalence_1.f90  -O3 -fomit-frame-pointer
-funroll-all-loops -finline-functions  (test for excess errors)
WARNING: gfortran.dg/module_equivalence_1.f90  -O3 -fomit-frame-pointer
-funroll-all-loops -finline-functions  compilation failed to produce executable
FAIL: gfortran.dg/module_equivalence_1.f90  -O3 -g  (test for excess errors)
WARNING: gfortran.dg/module_equivalence_1.f90  -O3 -g  compilation failed to
produce executable
FAIL: gfortran.dg/module_equivalence_1.f90  -Os  (test for excess errors)
WARNING: gfortran.dg/module_equivalence_1.f90  -Os  compilation failed to
produce executable

		=== gfortran Summary for unix/-mpa-risc-2-0 ===

# of expected passes		11400
# of unexpected failures	8
# of expected failures		4
# of unsupported tests		66

		=== gfortran Summary ===

# of expected passes		22800
# of unexpected failures	16
# of expected failures		8
# of unsupported tests		132
/disk1/SCRATCH/gcc-build/HP-UX/hppa2.0w-hp-hpux11.00/gcc-4.1/gcc-4.1/gcc/testsuite/../gfortran
 version 4.1.0 20060209 (prerelease)

		=== obj-c++ tests ===


Running target unix/
FAIL: obj-c++.dg/cxx-ivars-2.mm execution test
FAIL: obj-c++.dg/encode-8.mm execution test
FAIL: obj-c++.dg/isa-field-1.mm (test for excess errors)
FAIL: obj-c++.dg/lookup-2.mm (test for excess errors)
WARNING: obj-c++.dg/lookup-2.mm compilation failed to produce executable
FAIL: obj-c++.dg/try-catch-2.mm (test for excess errors)
WARNING: obj-c++.dg/try-catch-2.mm compilation failed to produce executable
FAIL: obj-c++.dg/try-catch-9.mm (test for excess errors)
WARNING: obj-c++.dg/try-catch-9.mm compilation failed to produce executable

		=== obj-c++ Summary for unix/ ===

# of expected passes		423
# of unexpected failures	6
# of unsupported tests		13

Running target unix/-mpa-risc-2-0
FAIL: obj-c++.dg/cxx-ivars-2.mm execution test
FAIL: obj-c++.dg/encode-8.mm execution test
FAIL: obj-c++.dg/isa-field-1.mm (test for excess errors)
FAIL: obj-c++.dg/lookup-2.mm (test for excess errors)
WARNING: obj-c++.dg/lookup-2.mm compilation failed to produce executable
FAIL: obj-c++.dg/try-catch-2.mm (test for excess errors)
WARNING: obj-c++.dg/try-catch-2.mm compilation failed to produce executable
FAIL: obj-c++.dg/try-catch-9.mm (test for excess errors)
WARNING: obj-c++.dg/try-catch-9.mm compilation failed to produce executable

		=== obj-c++ Summary for unix/-mpa-risc-2-0 ===

# of expected passes		423
# of unexpected failures	6
# of unsupported tests		13

		=== obj-c++ Summary ===

# of expected passes		846
# of unexpected failures	12
# of unsupported tests		26
/disk1/SCRATCH/gcc-build/HP-UX/hppa2.0w-hp-hpux11.00/gcc-4.1/gcc-4.1/gcc/testsuite/../g++
 version 4.1.0 20060209 (prerelease)

		=== objc tests ===


Running target unix/

		=== objc Summary for unix/ ===

# of expected passes		1682
# of unsupported tests		23

Running target unix/-mpa-risc-2-0

		=== objc Summary for unix/-mpa-risc-2-0 ===

# of expected passes		1682
# of unsupported tests		23

		=== objc Summary ===

# of expected passes		3364
# of unsupported tests		46
/disk1/SCRATCH/gcc-build/HP-UX/hppa2.0w-hp-hpux11.00/gcc-4.1/gcc-4.1/gcc/xgcc
version 4.1.0 20060209 (prerelease)

		=== libstdc++ tests ===


Running target unix/

		=== libstdc++ Summary for unix/ ===

# of expected passes		2619
# of expected failures		10
# of unsupported tests		159

Running target unix/-mpa-risc-2-0
FAIL: 26_numerics/cmath/c99_classification_macros_c.cc (test for excess errors)

		=== libstdc++ Summary for unix/-mpa-risc-2-0 ===

# of expected passes		2618
# of unexpected failures	1
# of expected failures		10
# of unsupported tests		159

		=== libstdc++ Summary ===

# of expected passes		5237
# of unexpected failures	1
# of expected failures		20
# of unsupported tests		318

Compiler version: 4.1.0 20060209 (prerelease)
Platform: hppa2.0w-hp-hpux11.00
configure flags: --prefix=/SCRATCH/gcc-build/HP-UX/hppa2.0w-hp-hpux11.00/install
--with-gnu-as
--with-as=/SCRATCH/gcc-build/HP-UX/hppa2.0w-hp-hpux11.00/install/bin/as
--with-ld=/usr/ccs/bin/ld --enable-threads=posix --disable-shared
--enable-checking=release
--with-gmp=/appl/shared/gnu/HP-UX/hppa2.0w-hp-hpux11.00
--with-mpfr=/appl/shared/gnu/HP-UX/hppa2.0w-hp-hpux11.00
--enable-languages=c,ada,c++,fortran,java,objc,obj-c++

binutils:
binutils-2.16.1


Build system:
HP-UX c3600-1 B.11.00 A 9000/785 HP-UX

cc for building:
gcc
gcc (GCC) 3.4.5
Copyright (C) 2004 Free Software Foundation, Inc.
This is free software; see the source for copying conditions.  There is NO
warranty; not even for MERCHANTABILITY or FITNESS FOR A PARTICULAR PURPOSE.


as for building:
GNU assembler 2.16.1
Copyright 2005 Free Software Foundation, Inc.
This program is free software; you may redistribute it under the terms of
the GNU General Public License.  This program has absolutely no warranty.
This assembler was configured for a target of \`hppa2.0w-hp-hpux11.00'.

ld for building:
92453-07 linker command s800.sgs ld PA64 B.11.43 REL 050124
/usr/ccs/bin/ld: Usage:  /usr/ccs/bin/ld [options] [flags] files
/usr/ccs/bin/ld: 92453-07 linker linker ld B.11.43 050125


Index Nav: [Date Index] [Subject Index] [Author Index] [Thread Index]
Message Nav: [Date Prev] [Date Next] [Thread Prev] [Thread Next]