This is the mail archive of the gcc-testresults@gcc.gnu.org mailing list for the GCC project.


Index Nav: [Date Index] [Subject Index] [Author Index] [Thread Index]
Message Nav: [Date Prev] [Date Next] [Thread Prev] [Thread Next]
Other format: [Raw text]

Results for 4.0.3 20060209 (prerelease) testsuite on sparc-sun-solaris2.10


LAST_UPDATED: Thu Feb  9 12:42:06 UTC 2006 (revision 110793M)

Native configuration is sparc-sun-solaris2.10

		=== g++ tests ===


Running target unix

		=== g++ Summary for unix ===

# of expected passes		11317
# of expected failures		70
# of unsupported tests		120

Running target unix/-m64

		=== g++ Summary for unix/-m64 ===

# of expected passes		11285
# of expected failures		70
# of unsupported tests		122

		=== g++ Summary ===

# of expected passes		22602
# of expected failures		140
# of unsupported tests		242
/opt/build/eric/gcc-4_0-branch/gcc/testsuite/../g++  version 4.0.3 20060209 (prerelease)

		=== gcc tests ===


Running target unix
WARNING: gcc.dg/tls/opt-11.c compilation failed to produce executable

		=== gcc Summary for unix ===

# of expected passes		34940
# of expected failures		95
# of untested testcases		28
# of unsupported tests		549

Running target unix/-m64
WARNING: gcc.dg/tls/opt-11.c compilation failed to produce executable

		=== gcc Summary for unix/-m64 ===

# of expected passes		34933
# of expected failures		95
# of untested testcases		28
# of unsupported tests		553

		=== gcc Summary ===

# of expected passes		69873
# of expected failures		190
# of untested testcases		56
# of unsupported tests		1102
/opt/build/eric/gcc-4_0-branch/gcc/xgcc  version 4.0.3 20060209 (prerelease)

		=== gfortran tests ===


Running target unix

		=== gfortran Summary for unix ===

# of expected passes		8805
# of expected failures		1
# of unsupported tests		25

Running target unix/-m64

		=== gfortran Summary for unix/-m64 ===

# of expected passes		8805
# of expected failures		1
# of unsupported tests		25

		=== gfortran Summary ===

# of expected passes		17610
# of expected failures		2
# of unsupported tests		50
/opt/build/eric/gcc-4_0-branch/gcc/testsuite/../gfortran  version 4.0.3 20060209 (prerelease)

		=== objc tests ===


Running target unix

		=== objc Summary for unix ===

# of expected passes		1548
# of unsupported tests		10

Running target unix/-m64

		=== objc Summary for unix/-m64 ===

# of expected passes		1548
# of unsupported tests		10

		=== objc Summary ===

# of expected passes		3096
# of unsupported tests		20
/opt/build/eric/gcc-4_0-branch/gcc/xgcc  version 4.0.3 20060209 (prerelease)

		=== libffi tests ===


Running target unix

		=== libffi Summary for unix ===

# of expected passes		219
# of unsupported tests		2

Running target unix/-m64

		=== libffi Summary for unix/-m64 ===

# of expected passes		219
# of unsupported tests		2

		=== libffi Summary ===

# of expected passes		438
# of unsupported tests		4
		=== libjava tests ===


Running target unix
FAIL: Array_3 execution - gij test
FAIL: Array_3 execution - gij test
FAIL: FileHandleGcTest execution - source compiled test
FAIL: FileHandleGcTest execution - gij test
FAIL: FileHandleGcTest execution - bytecode->native test
FAIL: FileHandleGcTest -O3 execution - source compiled test
FAIL: FileHandleGcTest execution - gij test
FAIL: FileHandleGcTest -O3 execution - bytecode->native test

		=== libjava Summary for unix ===

# of expected passes		3882
# of unexpected failures	8
# of expected failures		10
# of untested testcases		17

Running target unix/-m64
FAIL: Array_3 execution - gij test
FAIL: Array_3 execution - gij test
FAIL: FileHandleGcTest execution - source compiled test
FAIL: FileHandleGcTest execution - gij test
FAIL: FileHandleGcTest execution - bytecode->native test
FAIL: FileHandleGcTest -O3 execution - source compiled test
FAIL: FileHandleGcTest execution - gij test
FAIL: FileHandleGcTest -O3 execution - bytecode->native test
FAIL: Throw_2 execution - gij test
FAIL: Throw_2 execution - gij test

		=== libjava Summary for unix/-m64 ===

# of expected passes		3879
# of unexpected failures	10
# of expected failures		10
# of untested testcases		18

		=== libjava Summary ===

# of expected passes		7761
# of unexpected failures	18
# of expected failures		20
# of untested testcases		35
		=== libstdc++ tests ===


Running target unix
XPASS: 27_io/basic_istream/extractors_arithmetic/char/12.cc execution test
XPASS: 27_io/basic_istream/extractors_arithmetic/wchar_t/12.cc execution test

		=== libstdc++ Summary for unix ===

# of expected passes		3712
# of unexpected successes	2
# of expected failures		12

Running target unix/-m64
XPASS: 27_io/basic_istream/extractors_arithmetic/char/12.cc execution test
XPASS: 27_io/basic_istream/extractors_arithmetic/wchar_t/12.cc execution test
XPASS: 27_io/fpos/14320-1.cc execution test
FAIL: ext/array_allocator/2.cc execution test

		=== libstdc++ Summary for unix/-m64 ===

# of expected passes		3711
# of unexpected failures	1
# of unexpected successes	3
# of expected failures		11

		=== libstdc++ Summary ===

# of expected passes		7423
# of unexpected failures	1
# of unexpected successes	5
# of expected failures		23

Compiler version: 4.0.3 20060209 (prerelease) 
Platform: sparc-sun-solaris2.10
configure flags: --prefix=/opt/build/eric/local/gcc-4_0-branch --with-gmp=/opt/build/eric/local --with-mpfr=/opt/build/eric/local --with-local-prefix=/opt/build/eric/local --enable-languages=c,c++,f95,java,objc
BOOT_CFLAGS=-g -O2


Index Nav: [Date Index] [Subject Index] [Author Index] [Thread Index]
Message Nav: [Date Prev] [Date Next] [Thread Prev] [Thread Next]