This is the mail archive of the gcc-testresults@gcc.gnu.org mailing list for the GCC project.


Index Nav: [Date Index] [Subject Index] [Author Index] [Thread Index]
Message Nav: [Date Prev] [Date Next] [Thread Prev] [Thread Next]
Other format: [Raw text]

Results for 4.2.0 20060210 (experimental) testsuite on s390-ibm-linux-gnu


LAST_UPDATED: Fri Feb 10 06:05:19 UTC 2006 (revision 110832)

		=== acats tests ===
FAIL:	c32001e
FAIL:	c64105b
FAIL:	c95086b
FAIL:	ce3810b

		=== acats Summary ===
# of expected passes		2312
# of unexpected failures	4
Native configuration is s390-ibm-linux-gnu

		=== g++ tests ===


Running target unix
FAIL: g++.dg/init/ctor4.C (test for excess errors)
FAIL: g++.dg/parse/register1.C (test for excess errors)
FAIL: g++.old-deja/g++.brendan/warnings4.C (test for excess errors)
FAIL: g++.old-deja/g++.jason/overload34.C (test for excess errors)
FAIL: g++.old-deja/g++.mike/p11110.C (test for excess errors)
XPASS: g++.old-deja/g++.other/init5.C execution test

		=== g++ Summary ===

# of expected passes		11967
# of unexpected failures	5
# of unexpected successes	1
# of expected failures		65
# of unsupported tests		107
/build/BUILD/gcc/obj-s390-redhat-linux/gcc/testsuite/g++/../../g++  version 4.2.0 20060210 (experimental)

		=== gcc tests ===


Running target unix
FAIL: gcc.c-torture/compile/20000804-1.c (test for excess errors)
FAIL: gcc.c-torture/compile/20000804-1.c (test for excess errors)
FAIL: gcc.c-torture/compile/20000804-1.c (test for excess errors)
FAIL: gcc.c-torture/compile/20000804-1.c (test for excess errors)
XPASS: gcc.dg/cpp/cmdlne-dI-M.c scan-file (^|\\\\n)cmdlne-dI-M.*:[^\\\\n]*cmdlne-dI-M.c
XPASS: gcc.dg/cpp/cmdlne-dM-M.c scan-file (^|\\\\n)cmdlne-dM-M[^\\\\n]*:[^\\\\n]*cmdlne-dM-M.c
FAIL: gcc.dg/pr23372-1.c (test for excess errors)
XPASS: gcc.dg/tree-ssa/20040204-1.c scan-tree-dump-times link_error 0

		=== gcc Summary ===

# of expected passes		37749
# of unexpected failures	5
# of unexpected successes	3
# of expected failures		77
# of untested testcases		28
# of unsupported tests		330
/build/BUILD/gcc/obj-s390-redhat-linux/gcc/xgcc  version 4.2.0 20060210 (experimental)

		=== gfortran tests ===


Running target unix

		=== gfortran Summary ===

# of expected passes		11437
# of expected failures		12
# of unsupported tests		74
/build/BUILD/gcc/obj-s390-redhat-linux/gcc/testsuite/gfortran/../../gfortran  version 4.2.0 20060210 (experimental)

		=== obj-c++ tests ===


Running target unix
FAIL: obj-c++.dg/cxx-ivars-2.mm execution test
FAIL: obj-c++.dg/encode-3.mm (test for excess errors)
FAIL: obj-c++.dg/encode-8.mm execution test
FAIL: obj-c++.dg/isa-field-1.mm (test for excess errors)
FAIL: obj-c++.dg/lookup-2.mm (test for excess errors)
WARNING: obj-c++.dg/lookup-2.mm compilation failed to produce executable
FAIL: obj-c++.dg/try-catch-2.mm (test for excess errors)
WARNING: obj-c++.dg/try-catch-2.mm compilation failed to produce executable
FAIL: obj-c++.dg/try-catch-9.mm (test for excess errors)
WARNING: obj-c++.dg/try-catch-9.mm compilation failed to produce executable

		=== obj-c++ Summary ===

# of expected passes		422
# of unexpected failures	7
# of unsupported tests		13
/build/BUILD/gcc/obj-s390-redhat-linux/gcc/testsuite/obj-c++/../../g++  version 4.2.0 20060210 (experimental)

		=== objc tests ===


Running target unix

		=== objc Summary ===

# of expected passes		1745
# of expected failures		7
# of unsupported tests		23
/build/BUILD/gcc/obj-s390-redhat-linux/gcc/xgcc  version 4.2.0 20060210 (experimental)

		=== libffi tests ===


Running target unix

		=== libffi Summary ===

# of expected passes		228
# of unsupported tests		2
		=== libgomp tests ===


Running target unix

		=== libgomp Summary ===

# of expected passes		131
		=== libjava tests ===


Running target unix

		=== libjava Summary ===

# of expected passes		4047
# of expected failures		10
# of untested testcases		8
		=== libmudflap tests ===


Running target unix

		=== libmudflap Summary ===

# of expected passes		1789
		=== libstdc++ tests ===


Running target unix
XPASS: 26_numerics/cmath/c99_classification_macros_c.cc (test for excess errors)

		=== libstdc++ Summary ===

# of expected passes		1499
# of unexpected successes	1
# of expected failures		6

Compiler version: 4.2.0 20060210 (experimental) 
Platform: s390-ibm-linux-gnu
configure flags: --prefix=/usr --mandir=/usr/share/man --infodir=/usr/share/info --enable-shared --enable-threads=posix --enable-checking=release --with-system-zlib --enable-__cxa_atexit --disable-libunwind-exceptions --host=s390-redhat-linux --enable-languages=c,ada,c++,fortran,java,objc,obj-c++


Index Nav: [Date Index] [Subject Index] [Author Index] [Thread Index]
Message Nav: [Date Prev] [Date Next] [Thread Prev] [Thread Next]