This is the mail archive of the gcc-testresults@gcc.gnu.org mailing list for the GCC project.


Index Nav: [Date Index] [Subject Index] [Author Index] [Thread Index]
Message Nav: [Date Prev] [Date Next] [Thread Prev] [Thread Next]
Other format: [Raw text]

Results for 4.1.0 20060209 (prerelease) [gcc-4_1-branch revision 110809 clean] testsuite on ia64-unknown-linux-gnu


LAST_UPDATED: Thu Feb  9 18:37:23 UTC 2006 (revision 110809)

Native configuration is ia64-unknown-linux-gnu

		=== gcc tests ===


Running target unix
FAIL: gcc.dg/builtin-apply4.c execution test
XPASS: gcc.dg/tree-ssa/loop-1.c scan-assembler-times foo 5
XPASS: gcc.dg/vect/pr16105.c scan-tree-dump-times vectorized 1 loops 1
XPASS: gcc.dg/vect/pr20122.c scan-tree-dump-times vectorized 1 loops 2
XPASS: gcc.dg/vect/vect-105.c scan-tree-dump-times vectorized 1 loops 1
XPASS: gcc.dg/vect/vect-30.c scan-tree-dump-times vectorized 1 loops 2
XPASS: gcc.dg/vect/vect-42.c scan-tree-dump-times vectorized 1 loops 1
XPASS: gcc.dg/vect/vect-43.c scan-tree-dump-times vectorized 1 loops 1
XPASS: gcc.dg/vect/vect-74.c scan-tree-dump-times vectorized 1 loops 1
XPASS: gcc.dg/vect/vect-75.c scan-tree-dump-times vectorized 1 loops 1
XPASS: gcc.dg/vect/vect-8.c scan-tree-dump-times vectorized 1 loops 1

		=== gcc Summary ===

# of expected passes		36970
# of unexpected failures	1
# of unexpected successes	10
# of expected failures		132
# of untested testcases		28
# of unsupported tests		317
/export/build/gnu/gcc-4.1/build-ia64-linux/gcc/xgcc  version 4.1.0 20060209 (prerelease) [gcc-4_1-branch revision 110809 clean]

		=== gfortran tests ===


Running target unix
FAIL: gfortran.dg/enum_2.f90  (test for errors, line 9)
FAIL: gfortran.dg/enum_2.f90  (test for errors, line 12)
FAIL: gfortran.dg/enum_2.f90 (test for excess errors)
FAIL: gfortran.dg/vect/vect-4.f90 scan-tree-dump-times Alignment of access forced using peeling 1
FAIL: gfortran.dg/vect/vect-4.f90 scan-tree-dump-times Vectorizing an unaligned access 1

		=== gfortran Summary ===

# of expected passes		11517
# of unexpected failures	5
# of expected failures		20
# of unsupported tests		18
/export/build/gnu/gcc-4.1/build-ia64-linux/gcc/testsuite/gfortran/../../gfortran  version 4.1.0 20060209 (prerelease) [gcc-4_1-branch revision 110809 clean]

		=== g++ tests ===


Running target unix
XPASS: g++.dg/tree-ssa/pr14814.C scan-tree-dump-times &this 0

		=== g++ Summary ===

# of expected passes		11422
# of unexpected successes	1
# of expected failures		68
# of unsupported tests		103
/export/build/gnu/gcc-4.1/build-ia64-linux/gcc/testsuite/g++/../../g++  version 4.1.0 20060209 (prerelease) [gcc-4_1-branch revision 110809 clean]

		=== objc tests ===


Running target unix

		=== objc Summary ===

# of expected passes		1682
# of unsupported tests		23
/export/build/gnu/gcc-4.1/build-ia64-linux/gcc/xgcc  version 4.1.0 20060209 (prerelease) [gcc-4_1-branch revision 110809 clean]

		=== libffi tests ===


Running target unix

		=== libffi Summary ===

# of expected passes		228
# of unsupported tests		2
		=== libjava tests ===


Running target unix

		=== libjava Summary ===

# of expected passes		4011
# of expected failures		10
# of untested testcases		8
		=== libmudflap tests ===


Running target unix

		=== libmudflap Summary ===

# of expected passes		1789
		=== libstdc++ tests ===


Running target unix
XPASS: 26_numerics/cmath/c99_classification_macros_c.cc (test for excess errors)
XPASS: 27_io/fpos/14320-1.cc execution test

		=== libstdc++ Summary ===

# of expected passes		1621
# of unexpected successes	2
# of expected failures		5
# of unsupported tests		4

Compiler version: 4.1.0 20060209 (prerelease) [gcc-4_1-branch revision 110809 clean] 
Platform: ia64-unknown-linux-gnu
configure flags: --enable-clocale=gnu --with-system-zlib --with-demangler-in-ld --enable-shared --enable-threads=posix --enable-haifa --disable-checking --prefix=/usr/gcc-4.1 --with-local-prefix=/usr/local --enable-languages=c,c++,fortran,java,objc


Index Nav: [Date Index] [Subject Index] [Author Index] [Thread Index]
Message Nav: [Date Prev] [Date Next] [Thread Prev] [Thread Next]