This is the mail archive of the gcc-testresults@gcc.gnu.org mailing list for the GCC project.


Index Nav: [Date Index] [Subject Index] [Author Index] [Thread Index]
Message Nav: [Date Prev] [Date Next] [Thread Prev] [Thread Next]
Other format: [Raw text]

Results for 4.1.0 20060209 (prerelease) [gcc-4_1-branch revision 110809 clean] testsuite on i686-pc-linux-gnu


LAST_UPDATED: Thu Feb  9 18:37:23 UTC 2006 (revision 110809)

Native configuration is i686-pc-linux-gnu

		=== gcc tests ===


Running target unix

		=== gcc Summary ===

# of expected passes		38121
# of expected failures		101
# of untested testcases		28
# of unsupported tests		244
/export/build/gnu/gcc-4.1/build-i686-linux/gcc/xgcc  version 4.1.0 20060209 (prerelease) [gcc-4_1-branch revision 110809 clean]

		=== gfortran tests ===


Running target unix

		=== gfortran Summary ===

# of expected passes		11531
# of expected failures		15
# of unsupported tests		16
/export/build/gnu/gcc-4.1/build-i686-linux/gcc/testsuite/gfortran/../../gfortran  version 4.1.0 20060209 (prerelease) [gcc-4_1-branch revision 110809 clean]

		=== g++ tests ===


Running target unix
FAIL: g++.dg/opt/complex5.C (test for excess errors)
XPASS: g++.dg/tree-ssa/pr14814.C scan-tree-dump-times &this 0

		=== g++ Summary ===

# of expected passes		11998
# of unexpected failures	1
# of unexpected successes	1
# of expected failures		68
# of unsupported tests		66
/export/build/gnu/gcc-4.1/build-i686-linux/gcc/testsuite/g++/../../g++  version 4.1.0 20060209 (prerelease) [gcc-4_1-branch revision 110809 clean]

		=== objc tests ===


Running target unix

		=== objc Summary ===

# of expected passes		1684
# of unsupported tests		22
/export/build/gnu/gcc-4.1/build-i686-linux/gcc/xgcc  version 4.1.0 20060209 (prerelease) [gcc-4_1-branch revision 110809 clean]

		=== libffi tests ===


Running target unix

		=== libffi Summary ===

# of expected passes		228
# of unsupported tests		2
		=== libjava tests ===


Running target unix

		=== libjava Summary ===

# of expected passes		4011
# of expected failures		10
# of untested testcases		8
		=== libmudflap tests ===


Running target unix

		=== libmudflap Summary ===

# of expected passes		1789
		=== libstdc++ tests ===


Running target unix
XPASS: 26_numerics/cmath/c99_classification_macros_c.cc (test for excess errors)

		=== libstdc++ Summary ===

# of expected passes		1621
# of unexpected successes	1
# of expected failures		6
# of unsupported tests		4

Compiler version: 4.1.0 20060209 (prerelease) [gcc-4_1-branch revision 110809 clean] 
Platform: i686-pc-linux-gnu
configure flags: --enable-clocale=gnu --with-system-zlib --disable-libunwind-exceptions --with-demangler-in-ld --enable-shared --enable-threads=posix --enable-haifa --disable-checking --prefix=/usr/gcc-4.1 --with-local-prefix=/usr/local --enable-languages=c,c++,fortran,java,objc


Index Nav: [Date Index] [Subject Index] [Author Index] [Thread Index]
Message Nav: [Date Prev] [Date Next] [Thread Prev] [Thread Next]