This is the mail archive of the
gcc-testresults@gcc.gnu.org
mailing list for the GCC project.
Results for 4.2.0 20060209 (experimental) testsuite on hppa2.0w-hp-hpux11.11
- From: CodeSourcery Automatic Testing System <gcc at codesourcery dot com>
- To: gcc-testresults at gcc dot gnu dot org
- Date: Thu, 9 Feb 2006 10:13:31 -0800 (PST)
- Subject: Results for 4.2.0 20060209 (experimental) testsuite on hppa2.0w-hp-hpux11.11
LAST_UPDATED: Thu Feb 9 08:14:39 UTC 2006 (revision 110787)
Native configuration is hppa2.0w-hp-hpux11.11
=== g++ tests ===
Running target unix
FAIL: g++.dg/init/ctor4.C (test for excess errors)
FAIL: g++.dg/opt/complex5.C (test for excess errors)
FAIL: g++.dg/parse/register1.C (test for excess errors)
FAIL: g++.old-deja/g++.brendan/warnings4.C (test for excess errors)
FAIL: g++.old-deja/g++.jason/overload34.C (test for excess errors)
FAIL: g++.old-deja/g++.mike/p11110.C (test for excess errors)
=== g++ Summary ===
# of expected passes 11587
# of unexpected failures 6
# of expected failures 67
# of unsupported tests 153
/scratch/gcc/nightly-2006-02-09-mainline/hppa2.0w-hp-hpux11.11/build_gcc/install/bin/c++ version 4.2.0 20060209 (experimental)
=== gcc tests ===
Running target unix
FAIL: gcc.dg/pr23372-1.c (test for excess errors)
=== gcc Summary ===
# of expected passes 36987
# of unexpected failures 1
# of expected failures 81
# of untested testcases 28
# of unsupported tests 469
/scratch/gcc/nightly-2006-02-09-mainline/hppa2.0w-hp-hpux11.11/build_gcc/install/bin/gcc version 4.2.0 20060209 (experimental)
=== libstdc++ tests ===
Running target unix
FAIL: 26_numerics/cmath/c99_classification_macros_c.cc (test for excess errors)
=== libstdc++ Summary ===
# of expected passes 2712
# of unexpected failures 1
# of expected failures 10
# of unsupported tests 159
Compiler version: 4.2.0 20060209 (experimental)
Platform: hppa2.0w-hp-hpux11.11
configure flags: --disable-nls --build=hppa2.0w-hp-hpux11.11 --host=hppa2.0w-hp-hpux11.11 --target=hppa2.0w-hp-hpux11.11 --enable-shared --enable-threads --disable-libmudflap --disable-libssp --disable-libstdcxx-pch --with-gnu-as --with-as=/scratch/gcc/nightly-2006-02-09-mainline/hppa2.0w-hp-hpux11.11/build_gcc/install/bin/as --without-gnu-ld --with-ld=/usr/ccs/bin/ld --prefix=/scratch/gcc/nightly-2006-02-09-mainline/hppa2.0w-hp-hpux11.11/build_gcc/install --enable-languages=c,c++