This is the mail archive of the gcc-testresults@gcc.gnu.org mailing list for the GCC project.


Index Nav: [Date Index] [Subject Index] [Author Index] [Thread Index]
Message Nav: [Date Prev] [Date Next] [Thread Prev] [Thread Next]
Other format: [Raw text]

Results for 4.1.0 20060208 (prerelease) testsuite on powerpc-apple-darwin8.4.0


LAST_UPDATED: Wed Feb  8 04:39:02 UTC 2006 (revision 110738M)

Native configuration is powerpc-apple-darwin8.4.0

		=== g++ tests ===


Running target unix/-mcpu=970/-m64
FAIL: tmpdir-g++.dg-struct-layout-1/t003 cp_compat_x_tst.o-cp_compat_y_tst.o execute 
FAIL: tmpdir-g++.dg-struct-layout-1/t006 cp_compat_x_tst.o-cp_compat_y_tst.o execute 
FAIL: tmpdir-g++.dg-struct-layout-1/t007 cp_compat_x_tst.o-cp_compat_y_tst.o execute 
FAIL: tmpdir-g++.dg-struct-layout-1/t008 cp_compat_x_tst.o-cp_compat_y_tst.o execute 
FAIL: tmpdir-g++.dg-struct-layout-1/t010 cp_compat_x_tst.o-cp_compat_y_tst.o execute 
FAIL: tmpdir-g++.dg-struct-layout-1/t011 cp_compat_x_tst.o-cp_compat_y_tst.o execute 
FAIL: tmpdir-g++.dg-struct-layout-1/t020 cp_compat_x_tst.o-cp_compat_y_tst.o execute 
FAIL: tmpdir-g++.dg-struct-layout-1/t026 cp_compat_x_tst.o-cp_compat_y_tst.o execute 
FAIL: tmpdir-g++.dg-struct-layout-1/t027 cp_compat_x_tst.o-cp_compat_y_tst.o execute 
FAIL: g++.dg/debug/const1.C -gdwarf-21 (test for excess errors)
FAIL: g++.dg/debug/const1.C -gdwarf-21 -O2 (test for excess errors)
FAIL: g++.dg/debug/const1.C -gdwarf-21 -O3 (test for excess errors)
FAIL: g++.dg/debug/const1.C -gdwarf-2 (test for excess errors)
FAIL: g++.dg/debug/const1.C -gdwarf-2 -O2 (test for excess errors)
FAIL: g++.dg/debug/const1.C -gdwarf-2 -O3 (test for excess errors)
FAIL: g++.dg/debug/const1.C -gdwarf-23 (test for excess errors)
FAIL: g++.dg/debug/const1.C -gdwarf-23 -O2 (test for excess errors)
FAIL: g++.dg/debug/const1.C -gdwarf-23 -O3 (test for excess errors)
FAIL: g++.dg/debug/debug4.C -gdwarf-21 (test for excess errors)
FAIL: g++.dg/debug/debug4.C -gdwarf-21 -O2 (test for excess errors)
FAIL: g++.dg/debug/debug4.C -gdwarf-21 -O3 (test for excess errors)
FAIL: g++.dg/debug/debug4.C -gdwarf-2 (test for excess errors)
FAIL: g++.dg/debug/debug4.C -gdwarf-2 -O2 (test for excess errors)
FAIL: g++.dg/debug/debug4.C -gdwarf-2 -O3 (test for excess errors)
FAIL: g++.dg/debug/debug4.C -gdwarf-23 (test for excess errors)
FAIL: g++.dg/debug/debug4.C -gdwarf-23 -O2 (test for excess errors)
FAIL: g++.dg/debug/debug4.C -gdwarf-23 -O3 (test for excess errors)
FAIL: g++.dg/debug/trivial.C -gdwarf-21 (test for excess errors)
WARNING: g++.dg/debug/trivial.C -gdwarf-21 compilation failed to produce executable
FAIL: g++.dg/debug/trivial.C -gdwarf-21 -O2 (test for excess errors)
WARNING: g++.dg/debug/trivial.C -gdwarf-21 -O2 compilation failed to produce executable
FAIL: g++.dg/debug/trivial.C -gdwarf-21 -O3 (test for excess errors)
WARNING: g++.dg/debug/trivial.C -gdwarf-21 -O3 compilation failed to produce executable
FAIL: g++.dg/debug/trivial.C -gdwarf-2 (test for excess errors)
WARNING: g++.dg/debug/trivial.C -gdwarf-2 compilation failed to produce executable
FAIL: g++.dg/debug/trivial.C -gdwarf-2 -O2 (test for excess errors)
WARNING: g++.dg/debug/trivial.C -gdwarf-2 -O2 compilation failed to produce executable
FAIL: g++.dg/debug/trivial.C -gdwarf-2 -O3 (test for excess errors)
WARNING: g++.dg/debug/trivial.C -gdwarf-2 -O3 compilation failed to produce executable
FAIL: g++.dg/debug/trivial.C -gdwarf-23 (test for excess errors)
WARNING: g++.dg/debug/trivial.C -gdwarf-23 compilation failed to produce executable
FAIL: g++.dg/debug/trivial.C -gdwarf-23 -O2 (test for excess errors)
WARNING: g++.dg/debug/trivial.C -gdwarf-23 -O2 compilation failed to produce executable
FAIL: g++.dg/debug/trivial.C -gdwarf-23 -O3 (test for excess errors)
WARNING: g++.dg/debug/trivial.C -gdwarf-23 -O3 compilation failed to produce executable
FAIL: g++.dg/eh/forced1.C execution test
FAIL: g++.dg/rtti/repo1.C (test for excess errors)
FAIL: g++.dg/template/repo1.C (test for excess errors)
FAIL: g++.dg/template/repo3.C (test for excess errors)
FAIL: g++.dg/template/repo4.C (test for excess errors)
XPASS: g++.dg/tree-ssa/pr14814.C scan-tree-dump-times &this 0
FAIL: g++.dg/warn/huge-val1.C (test for excess errors)
FAIL: g++.dg/warn/weak1.C (test for excess errors)
WARNING: g++.dg/warn/weak1.C compilation failed to produce executable
FAIL: g++.dg/special/conpr-3.C execution test
FAIL: g++.old-deja/g++.eh/terminate2.C execution test
FAIL: g++.old-deja/g++.pt/const2.C (test for excess errors)
FAIL: g++.old-deja/g++.pt/instantiate4.C (test for excess errors)
FAIL: g++.old-deja/g++.pt/instantiate6.C (test for excess errors)
FAIL: g++.old-deja/g++.pt/repo1.C (test for excess errors)
FAIL: g++.old-deja/g++.pt/repo2.C (test for excess errors)
FAIL: g++.old-deja/g++.pt/repo3.C (test for excess errors)
FAIL: g++.old-deja/g++.pt/repo4.C (test for excess errors)

		=== g++ Summary ===

# of expected passes		11747
# of unexpected failures	52
# of unexpected successes	1
# of expected failures		68
# of unsupported tests		153
/Users/lucier/programs/gcc/4.1/objdir64/gcc/testsuite/../g++  version 4.1.0 20060208 (prerelease)

		=== gcc tests ===


Running target unix/-mcpu=970/-m64
WARNING: program timed out.
FAIL: gcc.c-torture/compile/20001226-1.c  -O2  (test for excess errors)
WARNING: program timed out.
FAIL: gcc.c-torture/compile/20001226-1.c  -O3 -fomit-frame-pointer  (test for excess errors)
WARNING: program timed out.
FAIL: gcc.c-torture/compile/20001226-1.c  -O3 -g  (test for excess errors)
WARNING: program timed out.
FAIL: gcc.c-torture/compile/20001226-1.c  -Os  (test for excess errors)
FAIL: gcc.c-torture/compile/pr21356.c  -O3 -fomit-frame-pointer  (test for excess errors)
FAIL: tmpdir-gcc.dg-struct-layout-1/t001 c_compat_x_tst.o-c_compat_y_tst.o execute 
FAIL: tmpdir-gcc.dg-struct-layout-1/t003 c_compat_x_tst.o-c_compat_y_tst.o execute 
FAIL: tmpdir-gcc.dg-struct-layout-1/t005 c_compat_x_tst.o-c_compat_y_tst.o execute 
FAIL: tmpdir-gcc.dg-struct-layout-1/t006 c_compat_x_tst.o-c_compat_y_tst.o execute 
FAIL: tmpdir-gcc.dg-struct-layout-1/t008 c_compat_x_tst.o-c_compat_y_tst.o execute 
FAIL: tmpdir-gcc.dg-struct-layout-1/t016 c_compat_x_tst.o-c_compat_y_tst.o execute 
FAIL: tmpdir-gcc.dg-struct-layout-1/t024 c_compat_x_tst.o-c_compat_y_tst.o execute 
FAIL: tmpdir-gcc.dg-struct-layout-1/t026 c_compat_x_tst.o-c_compat_y_tst.o execute 
FAIL: tmpdir-gcc.dg-struct-layout-1/t028 c_compat_x_tst.o-c_compat_y_tst.o execute 
FAIL: gcc.dg/debug/20020220-1.c -gdwarf-21 (test for excess errors)
WARNING: gcc.dg/debug/20020220-1.c -gdwarf-21 compilation failed to produce executable
FAIL: gcc.dg/debug/20020220-1.c -gdwarf-21 -O (test for excess errors)
WARNING: gcc.dg/debug/20020220-1.c -gdwarf-21 -O compilation failed to produce executable
FAIL: gcc.dg/debug/20020220-1.c -gdwarf-21 -O3 (test for excess errors)
WARNING: gcc.dg/debug/20020220-1.c -gdwarf-21 -O3 compilation failed to produce executable
FAIL: gcc.dg/debug/20020220-1.c -gdwarf-2 (test for excess errors)
WARNING: gcc.dg/debug/20020220-1.c -gdwarf-2 compilation failed to produce executable
FAIL: gcc.dg/debug/20020220-1.c -gdwarf-2 -O (test for excess errors)
WARNING: gcc.dg/debug/20020220-1.c -gdwarf-2 -O compilation failed to produce executable
FAIL: gcc.dg/debug/20020220-1.c -gdwarf-2 -O3 (test for excess errors)
WARNING: gcc.dg/debug/20020220-1.c -gdwarf-2 -O3 compilation failed to produce executable
FAIL: gcc.dg/debug/20020220-1.c -gdwarf-23 (test for excess errors)
WARNING: gcc.dg/debug/20020220-1.c -gdwarf-23 compilation failed to produce executable
FAIL: gcc.dg/debug/20020220-1.c -gdwarf-23 -O (test for excess errors)
WARNING: gcc.dg/debug/20020220-1.c -gdwarf-23 -O compilation failed to produce executable
FAIL: gcc.dg/debug/20020220-1.c -gdwarf-23 -O3 (test for excess errors)
WARNING: gcc.dg/debug/20020220-1.c -gdwarf-23 -O3 compilation failed to produce executable
FAIL: gcc.dg/debug/20020327-1.c -gdwarf-21 (test for excess errors)
FAIL: gcc.dg/debug/20020327-1.c -gdwarf-21 -O (test for excess errors)
FAIL: gcc.dg/debug/20020327-1.c -gdwarf-21 -O3 (test for excess errors)
FAIL: gcc.dg/debug/20020327-1.c -gdwarf-2 (test for excess errors)
FAIL: gcc.dg/debug/20020327-1.c -gdwarf-2 -O (test for excess errors)
FAIL: gcc.dg/debug/20020327-1.c -gdwarf-2 -O3 (test for excess errors)
FAIL: gcc.dg/debug/20020327-1.c -gdwarf-23 (test for excess errors)
FAIL: gcc.dg/debug/20020327-1.c -gdwarf-23 -O (test for excess errors)
FAIL: gcc.dg/debug/20020327-1.c -gdwarf-23 -O3 (test for excess errors)
FAIL: gcc.dg/debug/20050907-1.c -gdwarf-21 (test for excess errors)
FAIL: gcc.dg/debug/20050907-1.c -gdwarf-21 -O (test for excess errors)
FAIL: gcc.dg/debug/20050907-1.c -gdwarf-21 -O3 (test for excess errors)
FAIL: gcc.dg/debug/20050907-1.c -gdwarf-2 (test for excess errors)
FAIL: gcc.dg/debug/20050907-1.c -gdwarf-2 -O (test for excess errors)
FAIL: gcc.dg/debug/20050907-1.c -gdwarf-2 -O3 (test for excess errors)
FAIL: gcc.dg/debug/20050907-1.c -gdwarf-23 (test for excess errors)
FAIL: gcc.dg/debug/20050907-1.c -gdwarf-23 -O (test for excess errors)
FAIL: gcc.dg/debug/20050907-1.c -gdwarf-23 -O3 (test for excess errors)
FAIL: gcc.dg/debug/trivial.c -gdwarf-21 (test for excess errors)
WARNING: gcc.dg/debug/trivial.c -gdwarf-21 compilation failed to produce executable
FAIL: gcc.dg/debug/trivial.c -gdwarf-21 -O (test for excess errors)
WARNING: gcc.dg/debug/trivial.c -gdwarf-21 -O compilation failed to produce executable
FAIL: gcc.dg/debug/trivial.c -gdwarf-21 -O3 (test for excess errors)
WARNING: gcc.dg/debug/trivial.c -gdwarf-21 -O3 compilation failed to produce executable
FAIL: gcc.dg/debug/trivial.c -gdwarf-2 (test for excess errors)
WARNING: gcc.dg/debug/trivial.c -gdwarf-2 compilation failed to produce executable
FAIL: gcc.dg/debug/trivial.c -gdwarf-2 -O (test for excess errors)
WARNING: gcc.dg/debug/trivial.c -gdwarf-2 -O compilation failed to produce executable
FAIL: gcc.dg/debug/trivial.c -gdwarf-2 -O3 (test for excess errors)
WARNING: gcc.dg/debug/trivial.c -gdwarf-2 -O3 compilation failed to produce executable
FAIL: gcc.dg/debug/trivial.c -gdwarf-23 (test for excess errors)
WARNING: gcc.dg/debug/trivial.c -gdwarf-23 compilation failed to produce executable
FAIL: gcc.dg/debug/trivial.c -gdwarf-23 -O (test for excess errors)
WARNING: gcc.dg/debug/trivial.c -gdwarf-23 -O compilation failed to produce executable
FAIL: gcc.dg/debug/trivial.c -gdwarf-23 -O3 (test for excess errors)
WARNING: gcc.dg/debug/trivial.c -gdwarf-23 -O3 compilation failed to produce executable
FAIL: gcc.dg/20020919-1.c  (test for errors, line 106)
FAIL: gcc.dg/20020919-1.c  (test for errors, line 124)
FAIL: gcc.dg/20020919-1.c  (test for errors, line 133)
FAIL: gcc.dg/20020919-1.c  (test for errors, line 160)
FAIL: gcc.dg/20020919-1.c  (test for errors, line 178)
FAIL: gcc.dg/20020919-1.c  (test for errors, line 232)
FAIL: gcc.dg/asm-b.c execution test
FAIL: gcc.dg/attr-weakref-1.c (test for excess errors)
WARNING: gcc.dg/attr-weakref-1.c compilation failed to produce executable
WARNING: program timed out.
FAIL: gcc.dg/cleanup-10.c execution test
WARNING: program timed out.
FAIL: gcc.dg/cleanup-11.c execution test
WARNING: program timed out.
FAIL: gcc.dg/cleanup-8.c execution test
WARNING: program timed out.
FAIL: gcc.dg/cleanup-9.c execution test
FAIL: gcc.dg/framework-1.c (test for excess errors)
FAIL: gcc.dg/tree-ssa/gen-vect-11c.c scan-tree-dump-times vectorized 0 loops 1
XPASS: gcc.dg/tree-ssa/sra-2.c scan-tree-dump-times link_error 0
FAIL: gcc.misc-tests/linkage.c link
FAIL: gcc.target/powerpc/20050603-3.c scan-assembler-not inm
FAIL: gcc.target/powerpc/altivec-14.c  (test for warnings, line 7)
FAIL: gcc.target/powerpc/altivec-14.c  (test for warnings, line 8)
FAIL: gcc.target/powerpc/altivec-14.c  (test for warnings, line 9)
FAIL: gcc.target/powerpc/altivec-14.c  (test for warnings, line 10)
FAIL: gcc.target/powerpc/altivec-14.c  (test for warnings, line 11)
FAIL: gcc.target/powerpc/altivec-14.c  (test for warnings, line 12)
FAIL: gcc.target/powerpc/altivec-14.c  (test for warnings, line 14)
FAIL: gcc.target/powerpc/altivec-14.c  (test for warnings, line 15)
FAIL: gcc.target/powerpc/altivec-14.c  (test for warnings, line 16)
FAIL: gcc.target/powerpc/altivec-14.c  (test for warnings, line 20)
FAIL: gcc.target/powerpc/altivec-14.c  (test for warnings, line 21)
FAIL: gcc.target/powerpc/altivec-14.c  (test for warnings, line 22)
FAIL: gcc.target/powerpc/altivec-14.c (test for excess errors)
FAIL: gcc.target/powerpc/altivec-22.c scan-assembler-not mfcr
FAIL: gcc.target/powerpc/darwin-bool-1.c (test for excess errors)
WARNING: gcc.target/powerpc/darwin-bool-1.c compilation failed to produce executable
FAIL: gcc.target/powerpc/pr18096-1.c stack frame too large (test for warnings, line 11)
FAIL: gcc.target/powerpc/rs6000-power2-2.c scan-assembler-not lfd
FAIL: gcc.target/powerpc/rs6000-power2-2.c scan-assembler lfq
FAIL: gcc.target/powerpc/rs6000-power2-2.c scan-assembler stfq
FAIL: gcc.target/powerpc/stabs-attrib-vect-darwin.c scan-assembler .stabs.*vi:\\\\(0,16\\\\)=@V

		=== gcc Summary ===

# of expected passes		38510
# of unexpected failures	86
# of unexpected successes	1
# of expected failures		97
# of untested testcases		28
# of unsupported tests		408
/Users/lucier/programs/gcc/4.1/objdir64/gcc/xgcc  version 4.1.0 20060208 (prerelease)

		=== gfortran tests ===


Running target unix/-mcpu=970/-m64
FAIL: gfortran.dg/PR19872.f  -O0  execution test
FAIL: gfortran.dg/PR19872.f  -O1  execution test
FAIL: gfortran.dg/PR19872.f  -O2  execution test
FAIL: gfortran.dg/PR19872.f  -O3 -fomit-frame-pointer  execution test
FAIL: gfortran.dg/PR19872.f  -O3 -fomit-frame-pointer -funroll-loops  execution test
FAIL: gfortran.dg/PR19872.f  -O3 -fomit-frame-pointer -funroll-all-loops -finline-functions  execution test
FAIL: gfortran.dg/PR19872.f  -O3 -g  execution test
FAIL: gfortran.dg/PR19872.f  -Os  execution test
FAIL: gfortran.dg/aliasing_dummy_1.f90  -O0  execution test
FAIL: gfortran.dg/aliasing_dummy_1.f90  -O1  execution test
FAIL: gfortran.dg/aliasing_dummy_1.f90  -O2  execution test
FAIL: gfortran.dg/aliasing_dummy_1.f90  -O3 -fomit-frame-pointer  execution test
FAIL: gfortran.dg/aliasing_dummy_1.f90  -O3 -fomit-frame-pointer -funroll-loops  execution test
FAIL: gfortran.dg/aliasing_dummy_1.f90  -O3 -fomit-frame-pointer -funroll-all-loops -finline-functions  execution test
FAIL: gfortran.dg/aliasing_dummy_1.f90  -O3 -g  execution test
FAIL: gfortran.dg/aliasing_dummy_1.f90  -Os  execution test
FAIL: gfortran.dg/append-1.f90  -O0  execution test
FAIL: gfortran.dg/append-1.f90  -O1  execution test
FAIL: gfortran.dg/append-1.f90  -O2  execution test
FAIL: gfortran.dg/append-1.f90  -O3 -fomit-frame-pointer  execution test
FAIL: gfortran.dg/append-1.f90  -O3 -fomit-frame-pointer -funroll-loops  execution test
FAIL: gfortran.dg/append-1.f90  -O3 -fomit-frame-pointer -funroll-all-loops -finline-functions  execution test
FAIL: gfortran.dg/append-1.f90  -O3 -g  execution test
FAIL: gfortran.dg/append-1.f90  -Os  execution test
FAIL: gfortran.dg/arrayio_1.f90  -O0  execution test
FAIL: gfortran.dg/arrayio_1.f90  -O1  execution test
FAIL: gfortran.dg/arrayio_1.f90  -O2  execution test
FAIL: gfortran.dg/arrayio_1.f90  -O3 -fomit-frame-pointer  execution test
FAIL: gfortran.dg/arrayio_1.f90  -O3 -fomit-frame-pointer -funroll-loops  execution test
FAIL: gfortran.dg/arrayio_1.f90  -O3 -fomit-frame-pointer -funroll-all-loops -finline-functions  execution test
FAIL: gfortran.dg/arrayio_1.f90  -O3 -g  execution test
FAIL: gfortran.dg/arrayio_1.f90  -Os  execution test
FAIL: gfortran.dg/arrayio_3.f90  -O0  execution test
FAIL: gfortran.dg/arrayio_3.f90  -O1  execution test
FAIL: gfortran.dg/arrayio_3.f90  -O2  execution test
FAIL: gfortran.dg/arrayio_3.f90  -O3 -fomit-frame-pointer  execution test
FAIL: gfortran.dg/arrayio_3.f90  -O3 -fomit-frame-pointer -funroll-loops  execution test
FAIL: gfortran.dg/arrayio_3.f90  -O3 -fomit-frame-pointer -funroll-all-loops -finline-functions  execution test
FAIL: gfortran.dg/arrayio_3.f90  -O3 -g  execution test
FAIL: gfortran.dg/arrayio_3.f90  -Os  execution test
FAIL: gfortran.dg/arrayio_4.f90  -O0  execution test
FAIL: gfortran.dg/arrayio_4.f90  -O1  execution test
FAIL: gfortran.dg/arrayio_4.f90  -O2  execution test
FAIL: gfortran.dg/arrayio_4.f90  -O3 -fomit-frame-pointer  execution test
FAIL: gfortran.dg/arrayio_4.f90  -O3 -fomit-frame-pointer -funroll-loops  execution test
FAIL: gfortran.dg/arrayio_4.f90  -O3 -fomit-frame-pointer -funroll-all-loops -finline-functions  execution test
FAIL: gfortran.dg/arrayio_4.f90  -O3 -g  execution test
FAIL: gfortran.dg/arrayio_4.f90  -Os  execution test
FAIL: gfortran.dg/arrayio_5.f90  -O0  execution test
FAIL: gfortran.dg/arrayio_5.f90  -O1  execution test
FAIL: gfortran.dg/arrayio_5.f90  -O2  execution test
FAIL: gfortran.dg/arrayio_5.f90  -O3 -fomit-frame-pointer  execution test
FAIL: gfortran.dg/arrayio_5.f90  -O3 -fomit-frame-pointer -funroll-loops  execution test
FAIL: gfortran.dg/arrayio_5.f90  -O3 -fomit-frame-pointer -funroll-all-loops -finline-functions  execution test
FAIL: gfortran.dg/arrayio_5.f90  -O3 -g  execution test
FAIL: gfortran.dg/arrayio_5.f90  -Os  execution test
FAIL: gfortran.dg/arrayio_6.f90  -O0  execution test
FAIL: gfortran.dg/arrayio_6.f90  -O1  execution test
FAIL: gfortran.dg/arrayio_6.f90  -O2  execution test
FAIL: gfortran.dg/arrayio_6.f90  -O3 -fomit-frame-pointer  execution test
FAIL: gfortran.dg/arrayio_6.f90  -O3 -fomit-frame-pointer -funroll-loops  execution test
FAIL: gfortran.dg/arrayio_6.f90  -O3 -fomit-frame-pointer -funroll-all-loops -finline-functions  execution test
FAIL: gfortran.dg/arrayio_6.f90  -O3 -g  execution test
FAIL: gfortran.dg/arrayio_6.f90  -Os  execution test
FAIL: gfortran.dg/arrayio_derived_1.f90  -O0  execution test
FAIL: gfortran.dg/arrayio_derived_1.f90  -O1  execution test
FAIL: gfortran.dg/arrayio_derived_1.f90  -O2  execution test
FAIL: gfortran.dg/arrayio_derived_1.f90  -O3 -fomit-frame-pointer  execution test
FAIL: gfortran.dg/arrayio_derived_1.f90  -O3 -fomit-frame-pointer -funroll-loops  execution test
FAIL: gfortran.dg/arrayio_derived_1.f90  -O3 -fomit-frame-pointer -funroll-all-loops -finline-functions  execution test
FAIL: gfortran.dg/arrayio_derived_1.f90  -O3 -g  execution test
FAIL: gfortran.dg/arrayio_derived_1.f90  -Os  execution test
FAIL: gfortran.dg/assign_2.f90  -O3 -g  (test for excess errors)
FAIL: gfortran.dg/auto_char_dummy_array_1.f90  -O3 -g  (test for excess errors)
FAIL: gfortran.dg/backslash_2.f90  -O0  execution test
FAIL: gfortran.dg/backslash_2.f90  -O1  execution test
FAIL: gfortran.dg/backslash_2.f90  -O2  execution test
FAIL: gfortran.dg/backslash_2.f90  -O3 -fomit-frame-pointer  execution test
FAIL: gfortran.dg/backslash_2.f90  -O3 -fomit-frame-pointer -funroll-loops  execution test
FAIL: gfortran.dg/backslash_2.f90  -O3 -fomit-frame-pointer -funroll-all-loops -finline-functions  execution test
FAIL: gfortran.dg/backslash_2.f90  -O3 -g  execution test
FAIL: gfortran.dg/backslash_2.f90  -Os  execution test
FAIL: gfortran.dg/backspace.f  -O0  execution test
FAIL: gfortran.dg/backspace.f  -O1  execution test
FAIL: gfortran.dg/backspace.f  -O2  execution test
FAIL: gfortran.dg/backspace.f  -O3 -fomit-frame-pointer  execution test
FAIL: gfortran.dg/backspace.f  -O3 -fomit-frame-pointer -funroll-loops  execution test
FAIL: gfortran.dg/backspace.f  -O3 -fomit-frame-pointer -funroll-all-loops -finline-functions  execution test
FAIL: gfortran.dg/backspace.f  -O3 -g  execution test
FAIL: gfortran.dg/backspace.f  -Os  execution test
FAIL: gfortran.dg/backspace.f90  -O0  execution test
FAIL: gfortran.dg/backspace.f90  -O1  execution test
FAIL: gfortran.dg/backspace.f90  -O2  execution test
FAIL: gfortran.dg/backspace.f90  -O3 -fomit-frame-pointer  execution test
FAIL: gfortran.dg/backspace.f90  -O3 -fomit-frame-pointer -funroll-loops  execution test
FAIL: gfortran.dg/backspace.f90  -O3 -fomit-frame-pointer -funroll-all-loops -finline-functions  execution test
FAIL: gfortran.dg/backspace.f90  -O3 -g  execution test
FAIL: gfortran.dg/backspace.f90  -Os  execution test
FAIL: gfortran.dg/blockdata_1.f90  -O3 -g  (test for excess errors)
FAIL: gfortran.dg/char_array_constructor.f90  -O3 -g  (test for excess errors)
FAIL: gfortran.dg/char_array_structure_constructor.f90  -O3 -g  (test for excess errors)
FAIL: gfortran.dg/comma_format_extension_3.f  -O0  execution test
FAIL: gfortran.dg/comma_format_extension_3.f  -O1  execution test
FAIL: gfortran.dg/comma_format_extension_3.f  -O2  execution test
FAIL: gfortran.dg/comma_format_extension_3.f  -O3 -fomit-frame-pointer  execution test
FAIL: gfortran.dg/comma_format_extension_3.f  -O3 -fomit-frame-pointer -funroll-loops  execution test
FAIL: gfortran.dg/comma_format_extension_3.f  -O3 -fomit-frame-pointer -funroll-all-loops -finline-functions  execution test
FAIL: gfortran.dg/comma_format_extension_3.f  -O3 -g  execution test
FAIL: gfortran.dg/comma_format_extension_3.f  -Os  execution test
FAIL: gfortran.dg/comma_format_extension_4.f  -O0  execution test
FAIL: gfortran.dg/comma_format_extension_4.f  -O1  execution test
FAIL: gfortran.dg/comma_format_extension_4.f  -O2  execution test
FAIL: gfortran.dg/comma_format_extension_4.f  -O3 -fomit-frame-pointer  execution test
FAIL: gfortran.dg/comma_format_extension_4.f  -O3 -fomit-frame-pointer -funroll-loops  execution test
FAIL: gfortran.dg/comma_format_extension_4.f  -O3 -fomit-frame-pointer -funroll-all-loops -finline-functions  execution test
FAIL: gfortran.dg/comma_format_extension_4.f  -O3 -g  execution test
FAIL: gfortran.dg/comma_format_extension_4.f  -Os  execution test
FAIL: gfortran.dg/common_2.f90  -O3 -g  (test for excess errors)
FAIL: gfortran.dg/common_equivalence_1.f  -O3 -g  (test for excess errors)
FAIL: gfortran.dg/common_pointer_1.f90  -O3 -g  (test for excess errors)
FAIL: gfortran.dg/contained_1.f90  -O3 -g  (test for excess errors)
FAIL: gfortran.dg/cray_pointers_5.f90  -O3 -g  (test for excess errors)
FAIL: gfortran.dg/der_array_io_1.f90  -O0  execution test
FAIL: gfortran.dg/der_array_io_1.f90  -O1  execution test
FAIL: gfortran.dg/der_array_io_1.f90  -O2  execution test
FAIL: gfortran.dg/der_array_io_1.f90  -O3 -fomit-frame-pointer  execution test
FAIL: gfortran.dg/der_array_io_1.f90  -O3 -fomit-frame-pointer -funroll-loops  execution test
FAIL: gfortran.dg/der_array_io_1.f90  -O3 -fomit-frame-pointer -funroll-all-loops -finline-functions  execution test
FAIL: gfortran.dg/der_array_io_1.f90  -O3 -g  execution test
FAIL: gfortran.dg/der_array_io_1.f90  -Os  execution test
FAIL: gfortran.dg/der_array_io_2.f90  -O0  execution test
FAIL: gfortran.dg/der_array_io_2.f90  -O1  execution test
FAIL: gfortran.dg/der_array_io_2.f90  -O2  execution test
FAIL: gfortran.dg/der_array_io_2.f90  -O3 -fomit-frame-pointer  execution test
FAIL: gfortran.dg/der_array_io_2.f90  -O3 -fomit-frame-pointer -funroll-loops  execution test
FAIL: gfortran.dg/der_array_io_2.f90  -O3 -fomit-frame-pointer -funroll-all-loops -finline-functions  execution test
FAIL: gfortran.dg/der_array_io_2.f90  -O3 -g  execution test
FAIL: gfortran.dg/der_array_io_2.f90  -Os  execution test
FAIL: gfortran.dg/dos_eol.f  -O0  execution test
FAIL: gfortran.dg/dos_eol.f  -O1  execution test
FAIL: gfortran.dg/dos_eol.f  -O2  execution test
FAIL: gfortran.dg/dos_eol.f  -O3 -fomit-frame-pointer  execution test
FAIL: gfortran.dg/dos_eol.f  -O3 -fomit-frame-pointer -funroll-loops  execution test
FAIL: gfortran.dg/dos_eol.f  -O3 -fomit-frame-pointer -funroll-all-loops -finline-functions  execution test
FAIL: gfortran.dg/dos_eol.f  -O3 -g  execution test
FAIL: gfortran.dg/dos_eol.f  -Os  execution test
FAIL: gfortran.dg/endfile.f90  -O0  execution test
FAIL: gfortran.dg/endfile.f90  -O1  execution test
FAIL: gfortran.dg/endfile.f90  -O2  execution test
FAIL: gfortran.dg/endfile.f90  -O3 -fomit-frame-pointer  execution test
FAIL: gfortran.dg/endfile.f90  -O3 -fomit-frame-pointer -funroll-loops  execution test
FAIL: gfortran.dg/endfile.f90  -O3 -fomit-frame-pointer -funroll-all-loops -finline-functions  execution test
FAIL: gfortran.dg/endfile.f90  -O3 -g  execution test
FAIL: gfortran.dg/endfile.f90  -Os  execution test
FAIL: gfortran.dg/eor_handling_3.f90  -O0  execution test
FAIL: gfortran.dg/eor_handling_3.f90  -O1  execution test
FAIL: gfortran.dg/eor_handling_3.f90  -O2  execution test
FAIL: gfortran.dg/eor_handling_3.f90  -O3 -fomit-frame-pointer  execution test
FAIL: gfortran.dg/eor_handling_3.f90  -O3 -fomit-frame-pointer -funroll-loops  execution test
FAIL: gfortran.dg/eor_handling_3.f90  -O3 -fomit-frame-pointer -funroll-all-loops -finline-functions  execution test
FAIL: gfortran.dg/eor_handling_3.f90  -O3 -g  execution test
FAIL: gfortran.dg/eor_handling_3.f90  -Os  execution test
FAIL: gfortran.dg/f2c_6.f90  -O3 -g  (test for excess errors)
FAIL: gfortran.dg/flush_1.f90  -O0  execution test
FAIL: gfortran.dg/flush_1.f90  -O1  execution test
FAIL: gfortran.dg/flush_1.f90  -O2  execution test
FAIL: gfortran.dg/flush_1.f90  -O3 -fomit-frame-pointer  execution test
FAIL: gfortran.dg/flush_1.f90  -O3 -fomit-frame-pointer -funroll-loops  execution test
FAIL: gfortran.dg/flush_1.f90  -O3 -fomit-frame-pointer -funroll-all-loops -finline-functions  execution test
FAIL: gfortran.dg/flush_1.f90  -O3 -g  execution test
FAIL: gfortran.dg/flush_1.f90  -Os  execution test
FAIL: gfortran.dg/fmt_read_bz_bn.f90  -O0  execution test
FAIL: gfortran.dg/fmt_read_bz_bn.f90  -O1  execution test
FAIL: gfortran.dg/fmt_read_bz_bn.f90  -O2  execution test
FAIL: gfortran.dg/fmt_read_bz_bn.f90  -O3 -fomit-frame-pointer  execution test
FAIL: gfortran.dg/fmt_read_bz_bn.f90  -O3 -fomit-frame-pointer -funroll-loops  execution test
FAIL: gfortran.dg/fmt_read_bz_bn.f90  -O3 -fomit-frame-pointer -funroll-all-loops -finline-functions  execution test
FAIL: gfortran.dg/fmt_read_bz_bn.f90  -O3 -g  execution test
FAIL: gfortran.dg/fmt_read_bz_bn.f90  -Os  execution test
FAIL: gfortran.dg/fmt_t_1.f90  -O0  execution test
FAIL: gfortran.dg/fmt_t_1.f90  -O1  execution test
FAIL: gfortran.dg/fmt_t_1.f90  -O2  execution test
FAIL: gfortran.dg/fmt_t_1.f90  -O3 -fomit-frame-pointer  execution test
FAIL: gfortran.dg/fmt_t_1.f90  -O3 -fomit-frame-pointer -funroll-loops  execution test
FAIL: gfortran.dg/fmt_t_1.f90  -O3 -fomit-frame-pointer -funroll-all-loops -finline-functions  execution test
FAIL: gfortran.dg/fmt_t_1.f90  -O3 -g  execution test
FAIL: gfortran.dg/fmt_t_1.f90  -Os  execution test
FAIL: gfortran.dg/func_derived_3.f90  -O0  execution test
FAIL: gfortran.dg/func_derived_3.f90  -O1  execution test
FAIL: gfortran.dg/func_derived_3.f90  -O2  execution test
FAIL: gfortran.dg/func_derived_3.f90  -O3 -fomit-frame-pointer  execution test
FAIL: gfortran.dg/func_derived_3.f90  -O3 -fomit-frame-pointer -funroll-loops  execution test
FAIL: gfortran.dg/func_derived_3.f90  -O3 -fomit-frame-pointer -funroll-all-loops -finline-functions  execution test
FAIL: gfortran.dg/func_derived_3.f90  -O3 -g  execution test
FAIL: gfortran.dg/func_derived_3.f90  -Os  execution test
FAIL: gfortran.dg/hollerith.f90  -O0  execution test
FAIL: gfortran.dg/hollerith.f90  -O1  execution test
FAIL: gfortran.dg/hollerith.f90  -O2  execution test
FAIL: gfortran.dg/hollerith.f90  -O3 -fomit-frame-pointer  execution test
FAIL: gfortran.dg/hollerith.f90  -O3 -fomit-frame-pointer -funroll-loops  execution test
FAIL: gfortran.dg/hollerith.f90  -O3 -fomit-frame-pointer -funroll-all-loops -finline-functions  execution test
FAIL: gfortran.dg/hollerith.f90  -O3 -g  execution test
FAIL: gfortran.dg/hollerith.f90  -Os  execution test
FAIL: gfortran.dg/iostat_1.f90  -O0  execution test
FAIL: gfortran.dg/iostat_1.f90  -O1  execution test
FAIL: gfortran.dg/iostat_1.f90  -O2  execution test
FAIL: gfortran.dg/iostat_1.f90  -O3 -fomit-frame-pointer  execution test
FAIL: gfortran.dg/iostat_1.f90  -O3 -fomit-frame-pointer -funroll-loops  execution test
FAIL: gfortran.dg/iostat_1.f90  -O3 -fomit-frame-pointer -funroll-all-loops -finline-functions  execution test
FAIL: gfortran.dg/iostat_1.f90  -O3 -g  execution test
FAIL: gfortran.dg/iostat_1.f90  -Os  execution test
FAIL: gfortran.dg/large_integer_kind_1.f90  -O0  execution test
FAIL: gfortran.dg/large_integer_kind_1.f90  -O1  execution test
FAIL: gfortran.dg/large_integer_kind_1.f90  -O2  execution test
FAIL: gfortran.dg/large_integer_kind_1.f90  -O3 -fomit-frame-pointer  execution test
FAIL: gfortran.dg/large_integer_kind_1.f90  -O3 -fomit-frame-pointer -funroll-loops  execution test
FAIL: gfortran.dg/large_integer_kind_1.f90  -O3 -fomit-frame-pointer -funroll-all-loops -finline-functions  execution test
FAIL: gfortran.dg/large_integer_kind_1.f90  -O3 -g  execution test
FAIL: gfortran.dg/large_integer_kind_1.f90  -Os  execution test
FAIL: gfortran.dg/large_integer_kind_2.f90  -O0  execution test
FAIL: gfortran.dg/large_integer_kind_2.f90  -O1  execution test
FAIL: gfortran.dg/large_integer_kind_2.f90  -O2  execution test
FAIL: gfortran.dg/large_integer_kind_2.f90  -O3 -fomit-frame-pointer  execution test
FAIL: gfortran.dg/large_integer_kind_2.f90  -O3 -fomit-frame-pointer -funroll-loops  execution test
FAIL: gfortran.dg/large_integer_kind_2.f90  -O3 -fomit-frame-pointer -funroll-all-loops -finline-functions  execution test
FAIL: gfortran.dg/large_integer_kind_2.f90  -O3 -g  execution test
FAIL: gfortran.dg/large_integer_kind_2.f90  -Os  execution test
FAIL: gfortran.dg/large_real_kind_2.F90  -O0  execution test
FAIL: gfortran.dg/large_real_kind_2.F90  -O1  execution test
FAIL: gfortran.dg/large_real_kind_2.F90  -O2  execution test
FAIL: gfortran.dg/large_real_kind_2.F90  -O3 -fomit-frame-pointer  execution test
FAIL: gfortran.dg/large_real_kind_2.F90  -O3 -fomit-frame-pointer -funroll-loops  execution test
FAIL: gfortran.dg/large_real_kind_2.F90  -O3 -fomit-frame-pointer -funroll-all-loops -finline-functions  execution test
FAIL: gfortran.dg/large_real_kind_2.F90  -O3 -g  execution test
FAIL: gfortran.dg/large_real_kind_2.F90  -Os  execution test
FAIL: gfortran.dg/list_read_1.f90  -O0  execution test
FAIL: gfortran.dg/list_read_1.f90  -O1  execution test
FAIL: gfortran.dg/list_read_1.f90  -O2  execution test
FAIL: gfortran.dg/list_read_1.f90  -O3 -fomit-frame-pointer  execution test
FAIL: gfortran.dg/list_read_1.f90  -O3 -fomit-frame-pointer -funroll-loops  execution test
FAIL: gfortran.dg/list_read_1.f90  -O3 -fomit-frame-pointer -funroll-all-loops -finline-functions  execution test
FAIL: gfortran.dg/list_read_1.f90  -O3 -g  execution test
FAIL: gfortran.dg/list_read_1.f90  -Os  execution test
FAIL: gfortran.dg/list_read_2.f90  -O0  execution test
FAIL: gfortran.dg/list_read_2.f90  -O1  execution test
FAIL: gfortran.dg/list_read_2.f90  -O2  execution test
FAIL: gfortran.dg/list_read_2.f90  -O3 -fomit-frame-pointer  execution test
FAIL: gfortran.dg/list_read_2.f90  -O3 -fomit-frame-pointer -funroll-loops  execution test
FAIL: gfortran.dg/list_read_2.f90  -O3 -fomit-frame-pointer -funroll-all-loops -finline-functions  execution test
FAIL: gfortran.dg/list_read_2.f90  -O3 -g  execution test
FAIL: gfortran.dg/list_read_2.f90  -Os  execution test
FAIL: gfortran.dg/list_read_4.f90  -O0  execution test
FAIL: gfortran.dg/list_read_4.f90  -O1  execution test
FAIL: gfortran.dg/list_read_4.f90  -O2  execution test
FAIL: gfortran.dg/list_read_4.f90  -O3 -fomit-frame-pointer  execution test
FAIL: gfortran.dg/list_read_4.f90  -O3 -fomit-frame-pointer -funroll-loops  execution test
FAIL: gfortran.dg/list_read_4.f90  -O3 -fomit-frame-pointer -funroll-all-loops -finline-functions  execution test
FAIL: gfortran.dg/list_read_4.f90  -O3 -g  execution test
FAIL: gfortran.dg/list_read_4.f90  -Os  execution test
FAIL: gfortran.dg/list_read_5.f90  -O0  execution test
FAIL: gfortran.dg/list_read_5.f90  -O1  execution test
FAIL: gfortran.dg/list_read_5.f90  -O2  execution test
FAIL: gfortran.dg/list_read_5.f90  -O3 -fomit-frame-pointer  execution test
FAIL: gfortran.dg/list_read_5.f90  -O3 -fomit-frame-pointer -funroll-loops  execution test
FAIL: gfortran.dg/list_read_5.f90  -O3 -fomit-frame-pointer -funroll-all-loops -finline-functions  execution test
FAIL: gfortran.dg/list_read_5.f90  -O3 -g  execution test
FAIL: gfortran.dg/list_read_5.f90  -Os  execution test
FAIL: gfortran.dg/module_blank_common.f90  -O3 -g  (test for excess errors)
FAIL: gfortran.dg/module_commons_1.f90  -O3 -g  (test for excess errors)
FAIL: gfortran.dg/module_equivalence_1.f90  -O3 -g  (test for excess errors)
FAIL: gfortran.dg/namelist_11.f  -O0  execution test
FAIL: gfortran.dg/namelist_11.f  -O1  execution test
FAIL: gfortran.dg/namelist_11.f  -O2  execution test
FAIL: gfortran.dg/namelist_11.f  -O3 -fomit-frame-pointer  execution test
FAIL: gfortran.dg/namelist_11.f  -O3 -fomit-frame-pointer -funroll-loops  execution test
FAIL: gfortran.dg/namelist_11.f  -O3 -fomit-frame-pointer -funroll-all-loops -finline-functions  execution test
FAIL: gfortran.dg/namelist_11.f  -O3 -g  execution test
FAIL: gfortran.dg/namelist_11.f  -Os  execution test
FAIL: gfortran.dg/namelist_12.f  -O0  execution test
FAIL: gfortran.dg/namelist_12.f  -O1  execution test
FAIL: gfortran.dg/namelist_12.f  -O2  execution test
FAIL: gfortran.dg/namelist_12.f  -O3 -fomit-frame-pointer  execution test
FAIL: gfortran.dg/namelist_12.f  -O3 -fomit-frame-pointer -funroll-loops  execution test
FAIL: gfortran.dg/namelist_12.f  -O3 -fomit-frame-pointer -funroll-all-loops -finline-functions  execution test
FAIL: gfortran.dg/namelist_12.f  -O3 -g  execution test
FAIL: gfortran.dg/namelist_12.f  -Os  execution test
FAIL: gfortran.dg/namelist_13.f90  -O0  execution test
FAIL: gfortran.dg/namelist_13.f90  -O1  execution test
FAIL: gfortran.dg/namelist_13.f90  -O2  execution test
FAIL: gfortran.dg/namelist_13.f90  -O3 -fomit-frame-pointer  execution test
FAIL: gfortran.dg/namelist_13.f90  -O3 -fomit-frame-pointer -funroll-loops  execution test
FAIL: gfortran.dg/namelist_13.f90  -O3 -fomit-frame-pointer -funroll-all-loops -finline-functions  execution test
FAIL: gfortran.dg/namelist_13.f90  -O3 -g  execution test
FAIL: gfortran.dg/namelist_13.f90  -Os  execution test
FAIL: gfortran.dg/namelist_14.f90  -O0  execution test
FAIL: gfortran.dg/namelist_14.f90  -O1  execution test
FAIL: gfortran.dg/namelist_14.f90  -O2  execution test
FAIL: gfortran.dg/namelist_14.f90  -O3 -fomit-frame-pointer  execution test
FAIL: gfortran.dg/namelist_14.f90  -O3 -fomit-frame-pointer -funroll-loops  execution test
FAIL: gfortran.dg/namelist_14.f90  -O3 -fomit-frame-pointer -funroll-all-loops -finline-functions  execution test
FAIL: gfortran.dg/namelist_14.f90  -O3 -g  (test for excess errors)
FAIL: gfortran.dg/namelist_14.f90  -O3 -g  execution test
FAIL: gfortran.dg/namelist_14.f90  -Os  execution test
FAIL: gfortran.dg/namelist_15.f90  -O0  execution test
FAIL: gfortran.dg/namelist_15.f90  -O1  execution test
FAIL: gfortran.dg/namelist_15.f90  -O2  execution test
FAIL: gfortran.dg/namelist_15.f90  -O3 -fomit-frame-pointer  execution test
FAIL: gfortran.dg/namelist_15.f90  -O3 -fomit-frame-pointer -funroll-loops  execution test
FAIL: gfortran.dg/namelist_15.f90  -O3 -fomit-frame-pointer -funroll-all-loops -finline-functions  execution test
FAIL: gfortran.dg/namelist_15.f90  -O3 -g  execution test
FAIL: gfortran.dg/namelist_15.f90  -Os  execution test
FAIL: gfortran.dg/namelist_16.f90  -O0  execution test
FAIL: gfortran.dg/namelist_16.f90  -O1  execution test
FAIL: gfortran.dg/namelist_16.f90  -O2  execution test
FAIL: gfortran.dg/namelist_16.f90  -O3 -fomit-frame-pointer  execution test
FAIL: gfortran.dg/namelist_16.f90  -O3 -fomit-frame-pointer -funroll-loops  execution test
FAIL: gfortran.dg/namelist_16.f90  -O3 -fomit-frame-pointer -funroll-all-loops -finline-functions  execution test
FAIL: gfortran.dg/namelist_16.f90  -O3 -g  execution test
FAIL: gfortran.dg/namelist_16.f90  -Os  execution test
FAIL: gfortran.dg/namelist_19.f90  -O0  execution test
FAIL: gfortran.dg/namelist_19.f90  -O1  execution test
FAIL: gfortran.dg/namelist_19.f90  -O2  execution test
FAIL: gfortran.dg/namelist_19.f90  -O3 -fomit-frame-pointer  execution test
FAIL: gfortran.dg/namelist_19.f90  -O3 -fomit-frame-pointer -funroll-loops  execution test
FAIL: gfortran.dg/namelist_19.f90  -O3 -fomit-frame-pointer -funroll-all-loops -finline-functions  execution test
FAIL: gfortran.dg/namelist_19.f90  -O3 -g  execution test
FAIL: gfortran.dg/namelist_19.f90  -Os  execution test
FAIL: gfortran.dg/namelist_20.f90  -O0  execution test
FAIL: gfortran.dg/namelist_20.f90  -O1  execution test
FAIL: gfortran.dg/namelist_20.f90  -O2  execution test
FAIL: gfortran.dg/namelist_20.f90  -O3 -fomit-frame-pointer  execution test
FAIL: gfortran.dg/namelist_20.f90  -O3 -fomit-frame-pointer -funroll-loops  execution test
FAIL: gfortran.dg/namelist_20.f90  -O3 -fomit-frame-pointer -funroll-all-loops -finline-functions  execution test
FAIL: gfortran.dg/namelist_20.f90  -O3 -g  execution test
FAIL: gfortran.dg/namelist_20.f90  -Os  execution test
FAIL: gfortran.dg/namelist_21.f90  -O0  execution test
FAIL: gfortran.dg/namelist_21.f90  -O1  execution test
FAIL: gfortran.dg/namelist_21.f90  -O2  execution test
FAIL: gfortran.dg/namelist_21.f90  -O3 -fomit-frame-pointer  execution test
FAIL: gfortran.dg/namelist_21.f90  -O3 -fomit-frame-pointer -funroll-loops  execution test
FAIL: gfortran.dg/namelist_21.f90  -O3 -fomit-frame-pointer -funroll-all-loops -finline-functions  execution test
FAIL: gfortran.dg/namelist_21.f90  -O3 -g  execution test
FAIL: gfortran.dg/namelist_21.f90  -Os  execution test
FAIL: gfortran.dg/namelist_22.f90  -O0  execution test
FAIL: gfortran.dg/namelist_22.f90  -O1  execution test
FAIL: gfortran.dg/namelist_22.f90  -O2  execution test
FAIL: gfortran.dg/namelist_22.f90  -O3 -fomit-frame-pointer  execution test
FAIL: gfortran.dg/namelist_22.f90  -O3 -fomit-frame-pointer -funroll-loops  execution test
FAIL: gfortran.dg/namelist_22.f90  -O3 -fomit-frame-pointer -funroll-all-loops -finline-functions  execution test
FAIL: gfortran.dg/namelist_22.f90  -O3 -g  execution test
FAIL: gfortran.dg/namelist_22.f90  -Os  execution test
FAIL: gfortran.dg/namelist_use.f90  -O0  execution test
FAIL: gfortran.dg/namelist_use.f90  -O1  execution test
FAIL: gfortran.dg/namelist_use.f90  -O2  execution test
FAIL: gfortran.dg/namelist_use.f90  -O3 -fomit-frame-pointer  execution test
FAIL: gfortran.dg/namelist_use.f90  -O3 -fomit-frame-pointer -funroll-loops  execution test
FAIL: gfortran.dg/namelist_use.f90  -O3 -fomit-frame-pointer -funroll-all-loops -finline-functions  execution test
FAIL: gfortran.dg/namelist_use.f90  -O3 -g  (test for excess errors)
FAIL: gfortran.dg/namelist_use.f90  -O3 -g  execution test
FAIL: gfortran.dg/namelist_use.f90  -Os  execution test
FAIL: gfortran.dg/namelist_use_only.f90  -O0  execution test
FAIL: gfortran.dg/namelist_use_only.f90  -O1  execution test
FAIL: gfortran.dg/namelist_use_only.f90  -O2  execution test
FAIL: gfortran.dg/namelist_use_only.f90  -O3 -fomit-frame-pointer  execution test
FAIL: gfortran.dg/namelist_use_only.f90  -O3 -fomit-frame-pointer -funroll-loops  execution test
FAIL: gfortran.dg/namelist_use_only.f90  -O3 -fomit-frame-pointer -funroll-all-loops -finline-functions  execution test
FAIL: gfortran.dg/namelist_use_only.f90  -O3 -g  (test for excess errors)
FAIL: gfortran.dg/namelist_use_only.f90  -O3 -g  execution test
FAIL: gfortran.dg/namelist_use_only.f90  -Os  execution test
FAIL: gfortran.dg/nested_modules_1.f90  -O3 -g  (test for excess errors)
FAIL: gfortran.dg/noadv_size.f90  -O0  execution test
FAIL: gfortran.dg/noadv_size.f90  -O1  execution test
FAIL: gfortran.dg/noadv_size.f90  -O2  execution test
FAIL: gfortran.dg/noadv_size.f90  -O3 -fomit-frame-pointer  execution test
FAIL: gfortran.dg/noadv_size.f90  -O3 -fomit-frame-pointer -funroll-loops  execution test
FAIL: gfortran.dg/noadv_size.f90  -O3 -fomit-frame-pointer -funroll-all-loops -finline-functions  execution test
FAIL: gfortran.dg/noadv_size.f90  -O3 -g  execution test
FAIL: gfortran.dg/noadv_size.f90  -Os  execution test
FAIL: gfortran.dg/open_access_append_1.f90  -O0  execution test
FAIL: gfortran.dg/open_access_append_1.f90  -O1  execution test
FAIL: gfortran.dg/open_access_append_1.f90  -O2  execution test
FAIL: gfortran.dg/open_access_append_1.f90  -O3 -fomit-frame-pointer  execution test
FAIL: gfortran.dg/open_access_append_1.f90  -O3 -fomit-frame-pointer -funroll-loops  execution test
FAIL: gfortran.dg/open_access_append_1.f90  -O3 -fomit-frame-pointer -funroll-all-loops -finline-functions  execution test
FAIL: gfortran.dg/open_access_append_1.f90  -O3 -g  execution test
FAIL: gfortran.dg/open_access_append_1.f90  -Os  execution test
FAIL: gfortran.dg/overwrite_1.f  -O0  execution test
FAIL: gfortran.dg/overwrite_1.f  -O1  execution test
FAIL: gfortran.dg/overwrite_1.f  -O2  execution test
FAIL: gfortran.dg/overwrite_1.f  -O3 -fomit-frame-pointer  execution test
FAIL: gfortran.dg/overwrite_1.f  -O3 -fomit-frame-pointer -funroll-loops  execution test
FAIL: gfortran.dg/overwrite_1.f  -O3 -fomit-frame-pointer -funroll-all-loops -finline-functions  execution test
FAIL: gfortran.dg/overwrite_1.f  -O3 -g  execution test
FAIL: gfortran.dg/overwrite_1.f  -Os  execution test
FAIL: gfortran.dg/pr12884.f  -O0  execution test
FAIL: gfortran.dg/pr12884.f  -O1  execution test
FAIL: gfortran.dg/pr12884.f  -O2  execution test
FAIL: gfortran.dg/pr12884.f  -O3 -fomit-frame-pointer  execution test
FAIL: gfortran.dg/pr12884.f  -O3 -fomit-frame-pointer -funroll-loops  execution test
FAIL: gfortran.dg/pr12884.f  -O3 -fomit-frame-pointer -funroll-all-loops -finline-functions  execution test
FAIL: gfortran.dg/pr12884.f  -O3 -g  execution test
FAIL: gfortran.dg/pr12884.f  -Os  execution test
FAIL: gfortran.dg/pr15332.f  -O0  execution test
FAIL: gfortran.dg/pr15332.f  -O1  execution test
FAIL: gfortran.dg/pr15332.f  -O2  execution test
FAIL: gfortran.dg/pr15332.f  -O3 -fomit-frame-pointer  execution test
FAIL: gfortran.dg/pr15332.f  -O3 -fomit-frame-pointer -funroll-loops  execution test
FAIL: gfortran.dg/pr15332.f  -O3 -fomit-frame-pointer -funroll-all-loops -finline-functions  execution test
FAIL: gfortran.dg/pr15332.f  -O3 -g  execution test
FAIL: gfortran.dg/pr15332.f  -Os  execution test
FAIL: gfortran.dg/pr16861.f90  -O3 -g  (test for excess errors)
FAIL: gfortran.dg/pr17143.f90  -O0  execution test
FAIL: gfortran.dg/pr17143.f90  -O1  execution test
FAIL: gfortran.dg/pr17143.f90  -O2  execution test
FAIL: gfortran.dg/pr17143.f90  -O3 -fomit-frame-pointer  execution test
FAIL: gfortran.dg/pr17143.f90  -O3 -fomit-frame-pointer -funroll-loops  execution test
FAIL: gfortran.dg/pr17143.f90  -O3 -fomit-frame-pointer -funroll-all-loops -finline-functions  execution test
FAIL: gfortran.dg/pr17143.f90  -O3 -g  execution test
FAIL: gfortran.dg/pr17143.f90  -Os  execution test
FAIL: gfortran.dg/pr17285.f90  -O0  execution test
FAIL: gfortran.dg/pr17285.f90  -O1  execution test
FAIL: gfortran.dg/pr17285.f90  -O2  execution test
FAIL: gfortran.dg/pr17285.f90  -O3 -fomit-frame-pointer  execution test
FAIL: gfortran.dg/pr17285.f90  -O3 -fomit-frame-pointer -funroll-loops  execution test
FAIL: gfortran.dg/pr17285.f90  -O3 -fomit-frame-pointer -funroll-all-loops -finline-functions  execution test
FAIL: gfortran.dg/pr17285.f90  -O3 -g  execution test
FAIL: gfortran.dg/pr17285.f90  -Os  execution test
FAIL: gfortran.dg/pr17286.f90  -O0  execution test
FAIL: gfortran.dg/pr17286.f90  -O1  execution test
FAIL: gfortran.dg/pr17286.f90  -O2  execution test
FAIL: gfortran.dg/pr17286.f90  -O3 -fomit-frame-pointer  execution test
FAIL: gfortran.dg/pr17286.f90  -O3 -fomit-frame-pointer -funroll-loops  execution test
FAIL: gfortran.dg/pr17286.f90  -O3 -fomit-frame-pointer -funroll-all-loops -finline-functions  execution test
FAIL: gfortran.dg/pr17286.f90  -O3 -g  execution test
FAIL: gfortran.dg/pr17286.f90  -Os  execution test
FAIL: gfortran.dg/pr18122.f90  -O0  execution test
FAIL: gfortran.dg/pr18122.f90  -O1  execution test
FAIL: gfortran.dg/pr18122.f90  -O2  execution test
FAIL: gfortran.dg/pr18122.f90  -O3 -fomit-frame-pointer  execution test
FAIL: gfortran.dg/pr18122.f90  -O3 -fomit-frame-pointer -funroll-loops  execution test
FAIL: gfortran.dg/pr18122.f90  -O3 -fomit-frame-pointer -funroll-all-loops -finline-functions  execution test
FAIL: gfortran.dg/pr18122.f90  -O3 -g  execution test
FAIL: gfortran.dg/pr18122.f90  -Os  execution test
FAIL: gfortran.dg/pr18392.f90  -O0  execution test
FAIL: gfortran.dg/pr18392.f90  -O1  execution test
FAIL: gfortran.dg/pr18392.f90  -O2  execution test
FAIL: gfortran.dg/pr18392.f90  -O3 -fomit-frame-pointer  execution test
FAIL: gfortran.dg/pr18392.f90  -O3 -fomit-frame-pointer -funroll-loops  execution test
FAIL: gfortran.dg/pr18392.f90  -O3 -fomit-frame-pointer -funroll-all-loops -finline-functions  execution test
FAIL: gfortran.dg/pr18392.f90  -O3 -g  execution test
FAIL: gfortran.dg/pr18392.f90  -Os  execution test
FAIL: gfortran.dg/pr19216.f  -O0  execution test
FAIL: gfortran.dg/pr19216.f  -O1  execution test
FAIL: gfortran.dg/pr19216.f  -O2  execution test
FAIL: gfortran.dg/pr19216.f  -O3 -fomit-frame-pointer  execution test
FAIL: gfortran.dg/pr19216.f  -O3 -fomit-frame-pointer -funroll-loops  execution test
FAIL: gfortran.dg/pr19216.f  -O3 -fomit-frame-pointer -funroll-all-loops -finline-functions  execution test
FAIL: gfortran.dg/pr19216.f  -O3 -g  execution test
FAIL: gfortran.dg/pr19216.f  -Os  execution test
FAIL: gfortran.dg/pr19657.f  -O0  execution test
FAIL: gfortran.dg/pr19657.f  -O1  execution test
FAIL: gfortran.dg/pr19657.f  -O2  execution test
FAIL: gfortran.dg/pr19657.f  -O3 -fomit-frame-pointer  execution test
FAIL: gfortran.dg/pr19657.f  -O3 -fomit-frame-pointer -funroll-loops  execution test
FAIL: gfortran.dg/pr19657.f  -O3 -fomit-frame-pointer -funroll-all-loops -finline-functions  execution test
FAIL: gfortran.dg/pr19657.f  -O3 -g  execution test
FAIL: gfortran.dg/pr19657.f  -Os  execution test
FAIL: gfortran.dg/read_comma.f  -O0  execution test
FAIL: gfortran.dg/read_comma.f  -O1  execution test
FAIL: gfortran.dg/read_comma.f  -O2  execution test
FAIL: gfortran.dg/read_comma.f  -O3 -fomit-frame-pointer  execution test
FAIL: gfortran.dg/read_comma.f  -O3 -fomit-frame-pointer -funroll-loops  execution test
FAIL: gfortran.dg/read_comma.f  -O3 -fomit-frame-pointer -funroll-all-loops -finline-functions  execution test
FAIL: gfortran.dg/read_comma.f  -O3 -g  execution test
FAIL: gfortran.dg/read_comma.f  -Os  execution test
FAIL: gfortran.dg/slash_1.f90  -O0  execution test
FAIL: gfortran.dg/slash_1.f90  -O1  execution test
FAIL: gfortran.dg/slash_1.f90  -O2  execution test
FAIL: gfortran.dg/slash_1.f90  -O3 -fomit-frame-pointer  execution test
FAIL: gfortran.dg/slash_1.f90  -O3 -fomit-frame-pointer -funroll-loops  execution test
FAIL: gfortran.dg/slash_1.f90  -O3 -fomit-frame-pointer -funroll-all-loops -finline-functions  execution test
FAIL: gfortran.dg/slash_1.f90  -O3 -g  execution test
FAIL: gfortran.dg/slash_1.f90  -Os  execution test
FAIL: gfortran.dg/spread_scalar_source.f90  -O0  execution test
FAIL: gfortran.dg/spread_scalar_source.f90  -O1  execution test
FAIL: gfortran.dg/spread_scalar_source.f90  -O2  execution test
FAIL: gfortran.dg/spread_scalar_source.f90  -O3 -fomit-frame-pointer  execution test
FAIL: gfortran.dg/spread_scalar_source.f90  -O3 -fomit-frame-pointer -funroll-loops  execution test
FAIL: gfortran.dg/spread_scalar_source.f90  -O3 -fomit-frame-pointer -funroll-all-loops -finline-functions  execution test
FAIL: gfortran.dg/spread_scalar_source.f90  -O3 -g  execution test
FAIL: gfortran.dg/spread_scalar_source.f90  -Os  execution test
FAIL: gfortran.dg/use_allocated_1.f90  -O3 -g  (test for excess errors)
FAIL: gfortran.dg/used_dummy_types_1.f90  -O3 -g  (test for excess errors)
FAIL: gfortran.dg/write_padding.f90  -O0  execution test
FAIL: gfortran.dg/write_padding.f90  -O1  execution test
FAIL: gfortran.dg/write_padding.f90  -O2  execution test
FAIL: gfortran.dg/write_padding.f90  -O3 -fomit-frame-pointer  execution test
FAIL: gfortran.dg/write_padding.f90  -O3 -fomit-frame-pointer -funroll-loops  execution test
FAIL: gfortran.dg/write_padding.f90  -O3 -fomit-frame-pointer -funroll-all-loops -finline-functions  execution test
FAIL: gfortran.dg/write_padding.f90  -O3 -g  execution test
FAIL: gfortran.dg/write_padding.f90  -Os  execution test
FAIL: gfortran.dg/x_slash_1.f  -O0  execution test
FAIL: gfortran.dg/x_slash_1.f  -O1  execution test
FAIL: gfortran.dg/x_slash_1.f  -O2  execution test
FAIL: gfortran.dg/x_slash_1.f  -O3 -fomit-frame-pointer  execution test
FAIL: gfortran.dg/x_slash_1.f  -O3 -fomit-frame-pointer -funroll-loops  execution test
FAIL: gfortran.dg/x_slash_1.f  -O3 -fomit-frame-pointer -funroll-all-loops -finline-functions  execution test
FAIL: gfortran.dg/x_slash_1.f  -O3 -g  execution test
FAIL: gfortran.dg/x_slash_1.f  -Os  execution test
FAIL: gfortran.dg/g77/13037.f  -O3 -g  (test for excess errors)
FAIL: gfortran.dg/g77/19990419-1.f  -O3 -g  (test for excess errors)
FAIL: gfortran.dg/g77/971102-1.f  -O0  execution test
FAIL: gfortran.dg/g77/971102-1.f  -O1  execution test
FAIL: gfortran.dg/g77/971102-1.f  -O2  execution test
FAIL: gfortran.dg/g77/971102-1.f  -O3 -fomit-frame-pointer  execution test
FAIL: gfortran.dg/g77/971102-1.f  -O3 -fomit-frame-pointer -funroll-loops  execution test
FAIL: gfortran.dg/g77/971102-1.f  -O3 -fomit-frame-pointer -funroll-all-loops -finline-functions  execution test
FAIL: gfortran.dg/g77/971102-1.f  -O3 -g  execution test
FAIL: gfortran.dg/g77/971102-1.f  -Os  execution test
FAIL: gfortran.dg/g77/f77-edit-colon-out.f  -O0  execution test
FAIL: gfortran.dg/g77/f77-edit-colon-out.f  -O1  execution test
FAIL: gfortran.dg/g77/f77-edit-colon-out.f  -O2  execution test
FAIL: gfortran.dg/g77/f77-edit-colon-out.f  -O3 -fomit-frame-pointer  execution test
FAIL: gfortran.dg/g77/f77-edit-colon-out.f  -O3 -fomit-frame-pointer -funroll-loops  execution test
FAIL: gfortran.dg/g77/f77-edit-colon-out.f  -O3 -fomit-frame-pointer -funroll-all-loops -finline-functions  execution test
FAIL: gfortran.dg/g77/f77-edit-colon-out.f  -O3 -g  execution test
FAIL: gfortran.dg/g77/f77-edit-colon-out.f  -Os  execution test
FAIL: gfortran.dg/g77/f77-edit-i-in.f  -O0  execution test
FAIL: gfortran.dg/g77/f77-edit-i-in.f  -O1  execution test
FAIL: gfortran.dg/g77/f77-edit-i-in.f  -O2  execution test
FAIL: gfortran.dg/g77/f77-edit-i-in.f  -O3 -fomit-frame-pointer  execution test
FAIL: gfortran.dg/g77/f77-edit-i-in.f  -O3 -fomit-frame-pointer -funroll-loops  execution test
FAIL: gfortran.dg/g77/f77-edit-i-in.f  -O3 -fomit-frame-pointer -funroll-all-loops -finline-functions  execution test
FAIL: gfortran.dg/g77/f77-edit-i-in.f  -O3 -g  execution test
FAIL: gfortran.dg/g77/f77-edit-i-in.f  -Os  execution test
FAIL: gfortran.dg/g77/f77-edit-i-out.f  -O0  execution test
FAIL: gfortran.dg/g77/f77-edit-i-out.f  -O1  execution test
FAIL: gfortran.dg/g77/f77-edit-i-out.f  -O2  execution test
FAIL: gfortran.dg/g77/f77-edit-i-out.f  -O3 -fomit-frame-pointer  execution test
FAIL: gfortran.dg/g77/f77-edit-i-out.f  -O3 -fomit-frame-pointer -funroll-loops  execution test
FAIL: gfortran.dg/g77/f77-edit-i-out.f  -O3 -fomit-frame-pointer -funroll-all-loops -finline-functions  execution test
FAIL: gfortran.dg/g77/f77-edit-i-out.f  -O3 -g  execution test
FAIL: gfortran.dg/g77/f77-edit-i-out.f  -Os  execution test
FAIL: gfortran.dg/g77/f77-edit-s-out.f  -O0  execution test
FAIL: gfortran.dg/g77/f77-edit-s-out.f  -O1  execution test
FAIL: gfortran.dg/g77/f77-edit-s-out.f  -O2  execution test
FAIL: gfortran.dg/g77/f77-edit-s-out.f  -O3 -fomit-frame-pointer  execution test
FAIL: gfortran.dg/g77/f77-edit-s-out.f  -O3 -fomit-frame-pointer -funroll-loops  execution test
FAIL: gfortran.dg/g77/f77-edit-s-out.f  -O3 -fomit-frame-pointer -funroll-all-loops -finline-functions  execution test
FAIL: gfortran.dg/g77/f77-edit-s-out.f  -O3 -g  execution test
FAIL: gfortran.dg/g77/f77-edit-s-out.f  -Os  execution test
FAIL: gfortran.dg/g77/f77-edit-slash-out.f  -O0  execution test
FAIL: gfortran.dg/g77/f77-edit-slash-out.f  -O1  execution test
FAIL: gfortran.dg/g77/f77-edit-slash-out.f  -O2  execution test
FAIL: gfortran.dg/g77/f77-edit-slash-out.f  -O3 -fomit-frame-pointer  execution test
FAIL: gfortran.dg/g77/f77-edit-slash-out.f  -O3 -fomit-frame-pointer -funroll-loops  execution test
FAIL: gfortran.dg/g77/f77-edit-slash-out.f  -O3 -fomit-frame-pointer -funroll-all-loops -finline-functions  execution test
FAIL: gfortran.dg/g77/f77-edit-slash-out.f  -O3 -g  execution test
FAIL: gfortran.dg/g77/f77-edit-slash-out.f  -Os  execution test
FAIL: gfortran.dg/g77/f77-edit-t-in.f  -O0  execution test
FAIL: gfortran.dg/g77/f77-edit-t-in.f  -O1  execution test
FAIL: gfortran.dg/g77/f77-edit-t-in.f  -O2  execution test
FAIL: gfortran.dg/g77/f77-edit-t-in.f  -O3 -fomit-frame-pointer  execution test
FAIL: gfortran.dg/g77/f77-edit-t-in.f  -O3 -fomit-frame-pointer -funroll-loops  execution test
FAIL: gfortran.dg/g77/f77-edit-t-in.f  -O3 -fomit-frame-pointer -funroll-all-loops -finline-functions  execution test
FAIL: gfortran.dg/g77/f77-edit-t-in.f  -O3 -g  execution test
FAIL: gfortran.dg/g77/f77-edit-t-in.f  -Os  execution test
FAIL: gfortran.dg/g77/f77-edit-t-out.f  -O0  execution test
FAIL: gfortran.dg/g77/f77-edit-t-out.f  -O1  execution test
FAIL: gfortran.dg/g77/f77-edit-t-out.f  -O2  execution test
FAIL: gfortran.dg/g77/f77-edit-t-out.f  -O3 -fomit-frame-pointer  execution test
FAIL: gfortran.dg/g77/f77-edit-t-out.f  -O3 -fomit-frame-pointer -funroll-loops  execution test
FAIL: gfortran.dg/g77/f77-edit-t-out.f  -O3 -fomit-frame-pointer -funroll-all-loops -finline-functions  execution test
FAIL: gfortran.dg/g77/f77-edit-t-out.f  -O3 -g  execution test
FAIL: gfortran.dg/g77/f77-edit-t-out.f  -Os  execution test
FAIL: gfortran.dg/g77/f77-edit-x-out.f  -O0  execution test
FAIL: gfortran.dg/g77/f77-edit-x-out.f  -O1  execution test
FAIL: gfortran.dg/g77/f77-edit-x-out.f  -O2  execution test
FAIL: gfortran.dg/g77/f77-edit-x-out.f  -O3 -fomit-frame-pointer  execution test
FAIL: gfortran.dg/g77/f77-edit-x-out.f  -O3 -fomit-frame-pointer -funroll-loops  execution test
FAIL: gfortran.dg/g77/f77-edit-x-out.f  -O3 -fomit-frame-pointer -funroll-all-loops -finline-functions  execution test
FAIL: gfortran.dg/g77/f77-edit-x-out.f  -O3 -g  execution test
FAIL: gfortran.dg/g77/f77-edit-x-out.f  -Os  execution test
FAIL: gfortran.dg/g77/short.f  -O3 -g  (test for excess errors)
FAIL: gfortran.fortran-torture/execute/adjustr.f90 execution,  -O0 
FAIL: gfortran.fortran-torture/execute/adjustr.f90 execution,  -O1 
FAIL: gfortran.fortran-torture/execute/adjustr.f90 execution,  -O2 
FAIL: gfortran.fortran-torture/execute/adjustr.f90 execution,  -O3 -fomit-frame-pointer 
FAIL: gfortran.fortran-torture/execute/adjustr.f90 execution,  -O3 -fomit-frame-pointer -funroll-loops 
FAIL: gfortran.fortran-torture/execute/adjustr.f90 execution,  -O3 -fomit-frame-pointer -funroll-all-loops -finline-functions 
FAIL: gfortran.fortran-torture/execute/adjustr.f90 execution,  -O3 -g 
FAIL: gfortran.fortran-torture/execute/adjustr.f90 execution,  -Os 
FAIL: gfortran.fortran-torture/execute/der_io.f90 execution,  -O0 
FAIL: gfortran.fortran-torture/execute/der_io.f90 execution,  -O1 
FAIL: gfortran.fortran-torture/execute/der_io.f90 execution,  -O2 
FAIL: gfortran.fortran-torture/execute/der_io.f90 execution,  -O3 -fomit-frame-pointer 
FAIL: gfortran.fortran-torture/execute/der_io.f90 execution,  -O3 -fomit-frame-pointer -funroll-loops 
FAIL: gfortran.fortran-torture/execute/der_io.f90 execution,  -O3 -fomit-frame-pointer -funroll-all-loops -finline-functions 
FAIL: gfortran.fortran-torture/execute/der_io.f90 execution,  -O3 -g 
FAIL: gfortran.fortran-torture/execute/der_io.f90 execution,  -Os 
FAIL: gfortran.fortran-torture/execute/inquire_4.f90 execution,  -O0 
FAIL: gfortran.fortran-torture/execute/inquire_4.f90 execution,  -O1 
FAIL: gfortran.fortran-torture/execute/inquire_4.f90 execution,  -O2 
FAIL: gfortran.fortran-torture/execute/inquire_4.f90 execution,  -O3 -fomit-frame-pointer 
FAIL: gfortran.fortran-torture/execute/inquire_4.f90 execution,  -O3 -fomit-frame-pointer -funroll-loops 
FAIL: gfortran.fortran-torture/execute/inquire_4.f90 execution,  -O3 -fomit-frame-pointer -funroll-all-loops -finline-functions 
FAIL: gfortran.fortran-torture/execute/inquire_4.f90 execution,  -O3 -g 
FAIL: gfortran.fortran-torture/execute/inquire_4.f90 execution,  -Os 
FAIL: gfortran.fortran-torture/execute/intrinsic_count.f90 execution,  -O0 
FAIL: gfortran.fortran-torture/execute/intrinsic_count.f90 execution,  -O1 
FAIL: gfortran.fortran-torture/execute/intrinsic_count.f90 execution,  -O2 
FAIL: gfortran.fortran-torture/execute/intrinsic_count.f90 execution,  -O3 -fomit-frame-pointer 
FAIL: gfortran.fortran-torture/execute/intrinsic_count.f90 execution,  -O3 -fomit-frame-pointer -funroll-loops 
FAIL: gfortran.fortran-torture/execute/intrinsic_count.f90 execution,  -O3 -fomit-frame-pointer -funroll-all-loops -finline-functions 
FAIL: gfortran.fortran-torture/execute/intrinsic_count.f90 execution,  -O3 -g 
FAIL: gfortran.fortran-torture/execute/intrinsic_count.f90 execution,  -Os 
FAIL: gfortran.fortran-torture/execute/intrinsic_mmloc.f90 execution,  -O0 
FAIL: gfortran.fortran-torture/execute/intrinsic_mmloc.f90 execution,  -O1 
FAIL: gfortran.fortran-torture/execute/intrinsic_mmloc.f90 execution,  -O2 
FAIL: gfortran.fortran-torture/execute/intrinsic_mmloc.f90 execution,  -O3 -fomit-frame-pointer 
FAIL: gfortran.fortran-torture/execute/intrinsic_mmloc.f90 execution,  -O3 -fomit-frame-pointer -funroll-loops 
FAIL: gfortran.fortran-torture/execute/intrinsic_mmloc.f90 execution,  -O3 -fomit-frame-pointer -funroll-all-loops -finline-functions 
FAIL: gfortran.fortran-torture/execute/intrinsic_mmloc.f90 execution,  -O3 -g 
FAIL: gfortran.fortran-torture/execute/intrinsic_mmloc.f90 execution,  -Os 
FAIL: gfortran.fortran-torture/execute/intrinsic_mmval.f90 execution,  -O0 
FAIL: gfortran.fortran-torture/execute/intrinsic_mmval.f90 execution,  -O1 
FAIL: gfortran.fortran-torture/execute/intrinsic_mmval.f90 execution,  -O2 
FAIL: gfortran.fortran-torture/execute/intrinsic_mmval.f90 execution,  -O3 -fomit-frame-pointer 
FAIL: gfortran.fortran-torture/execute/intrinsic_mmval.f90 execution,  -O3 -fomit-frame-pointer -funroll-loops 
FAIL: gfortran.fortran-torture/execute/intrinsic_mmval.f90 execution,  -O3 -fomit-frame-pointer -funroll-all-loops -finline-functions 
FAIL: gfortran.fortran-torture/execute/intrinsic_mmval.f90 execution,  -O3 -g 
FAIL: gfortran.fortran-torture/execute/intrinsic_mmval.f90 execution,  -Os 
FAIL: gfortran.fortran-torture/execute/intrinsic_product.f90 execution,  -O0 
FAIL: gfortran.fortran-torture/execute/intrinsic_product.f90 execution,  -O1 
FAIL: gfortran.fortran-torture/execute/intrinsic_product.f90 execution,  -O2 
FAIL: gfortran.fortran-torture/execute/intrinsic_product.f90 execution,  -O3 -fomit-frame-pointer 
FAIL: gfortran.fortran-torture/execute/intrinsic_product.f90 execution,  -O3 -fomit-frame-pointer -funroll-loops 
FAIL: gfortran.fortran-torture/execute/intrinsic_product.f90 execution,  -O3 -fomit-frame-pointer -funroll-all-loops -finline-functions 
FAIL: gfortran.fortran-torture/execute/intrinsic_product.f90 execution,  -O3 -g 
FAIL: gfortran.fortran-torture/execute/intrinsic_product.f90 execution,  -Os 
FAIL: gfortran.fortran-torture/execute/intrinsic_spread.f90 execution,  -O0 
FAIL: gfortran.fortran-torture/execute/intrinsic_spread.f90 execution,  -O1 
FAIL: gfortran.fortran-torture/execute/intrinsic_spread.f90 execution,  -O2 
FAIL: gfortran.fortran-torture/execute/intrinsic_spread.f90 execution,  -O3 -fomit-frame-pointer 
FAIL: gfortran.fortran-torture/execute/intrinsic_spread.f90 execution,  -O3 -fomit-frame-pointer -funroll-loops 
FAIL: gfortran.fortran-torture/execute/intrinsic_spread.f90 execution,  -O3 -fomit-frame-pointer -funroll-all-loops -finline-functions 
FAIL: gfortran.fortran-torture/execute/intrinsic_spread.f90 execution,  -O3 -g 
FAIL: gfortran.fortran-torture/execute/intrinsic_spread.f90 execution,  -Os 
FAIL: gfortran.fortran-torture/execute/intrinsic_sum.f90 execution,  -O0 
FAIL: gfortran.fortran-torture/execute/intrinsic_sum.f90 execution,  -O1 
FAIL: gfortran.fortran-torture/execute/intrinsic_sum.f90 execution,  -O2 
FAIL: gfortran.fortran-torture/execute/intrinsic_sum.f90 execution,  -O3 -fomit-frame-pointer 
FAIL: gfortran.fortran-torture/execute/intrinsic_sum.f90 execution,  -O3 -fomit-frame-pointer -funroll-loops 
FAIL: gfortran.fortran-torture/execute/intrinsic_sum.f90 execution,  -O3 -fomit-frame-pointer -funroll-all-loops -finline-functions 
FAIL: gfortran.fortran-torture/execute/intrinsic_sum.f90 execution,  -O3 -g 
FAIL: gfortran.fortran-torture/execute/intrinsic_sum.f90 execution,  -Os 
FAIL: gfortran.fortran-torture/execute/intrinsic_unpack.f90 execution,  -O0 
FAIL: gfortran.fortran-torture/execute/intrinsic_unpack.f90 execution,  -O1 
FAIL: gfortran.fortran-torture/execute/intrinsic_unpack.f90 execution,  -O2 
FAIL: gfortran.fortran-torture/execute/intrinsic_unpack.f90 execution,  -O3 -fomit-frame-pointer 
FAIL: gfortran.fortran-torture/execute/intrinsic_unpack.f90 execution,  -O3 -fomit-frame-pointer -funroll-loops 
FAIL: gfortran.fortran-torture/execute/intrinsic_unpack.f90 execution,  -O3 -fomit-frame-pointer -funroll-all-loops -finline-functions 
FAIL: gfortran.fortran-torture/execute/intrinsic_unpack.f90 execution,  -O3 -g 
FAIL: gfortran.fortran-torture/execute/intrinsic_unpack.f90 execution,  -Os 
FAIL: gfortran.fortran-torture/execute/list_read_1.f90 execution,  -O0 
FAIL: gfortran.fortran-torture/execute/list_read_1.f90 execution,  -O1 
FAIL: gfortran.fortran-torture/execute/list_read_1.f90 execution,  -O2 
FAIL: gfortran.fortran-torture/execute/list_read_1.f90 execution,  -O3 -fomit-frame-pointer 
FAIL: gfortran.fortran-torture/execute/list_read_1.f90 execution,  -O3 -fomit-frame-pointer -funroll-loops 
FAIL: gfortran.fortran-torture/execute/list_read_1.f90 execution,  -O3 -fomit-frame-pointer -funroll-all-loops -finline-functions 
FAIL: gfortran.fortran-torture/execute/list_read_1.f90 execution,  -O3 -g 
FAIL: gfortran.fortran-torture/execute/list_read_1.f90 execution,  -Os 
FAIL: gfortran.fortran-torture/execute/read_null_string.f90 execution,  -O0 
FAIL: gfortran.fortran-torture/execute/read_null_string.f90 execution,  -O1 
FAIL: gfortran.fortran-torture/execute/read_null_string.f90 execution,  -O2 
FAIL: gfortran.fortran-torture/execute/read_null_string.f90 execution,  -O3 -fomit-frame-pointer 
FAIL: gfortran.fortran-torture/execute/read_null_string.f90 execution,  -O3 -fomit-frame-pointer -funroll-loops 
FAIL: gfortran.fortran-torture/execute/read_null_string.f90 execution,  -O3 -fomit-frame-pointer -funroll-all-loops -finline-functions 
FAIL: gfortran.fortran-torture/execute/read_null_string.f90 execution,  -O3 -g 
FAIL: gfortran.fortran-torture/execute/read_null_string.f90 execution,  -Os 
FAIL: gfortran.fortran-torture/execute/slash_edit.f90 execution,  -O0 
FAIL: gfortran.fortran-torture/execute/slash_edit.f90 execution,  -O1 
FAIL: gfortran.fortran-torture/execute/slash_edit.f90 execution,  -O2 
FAIL: gfortran.fortran-torture/execute/slash_edit.f90 execution,  -O3 -fomit-frame-pointer 
FAIL: gfortran.fortran-torture/execute/slash_edit.f90 execution,  -O3 -fomit-frame-pointer -funroll-loops 
FAIL: gfortran.fortran-torture/execute/slash_edit.f90 execution,  -O3 -fomit-frame-pointer -funroll-all-loops -finline-functions 
FAIL: gfortran.fortran-torture/execute/slash_edit.f90 execution,  -O3 -g 
FAIL: gfortran.fortran-torture/execute/slash_edit.f90 execution,  -Os 
FAIL: gfortran.fortran-torture/execute/unopened_unit_1.f90 execution,  -O0 
FAIL: gfortran.fortran-torture/execute/unopened_unit_1.f90 execution,  -O1 
FAIL: gfortran.fortran-torture/execute/unopened_unit_1.f90 execution,  -O2 
FAIL: gfortran.fortran-torture/execute/unopened_unit_1.f90 execution,  -O3 -fomit-frame-pointer 
FAIL: gfortran.fortran-torture/execute/unopened_unit_1.f90 execution,  -O3 -fomit-frame-pointer -funroll-loops 
FAIL: gfortran.fortran-torture/execute/unopened_unit_1.f90 execution,  -O3 -fomit-frame-pointer -funroll-all-loops -finline-functions 
FAIL: gfortran.fortran-torture/execute/unopened_unit_1.f90 execution,  -O3 -g 
FAIL: gfortran.fortran-torture/execute/unopened_unit_1.f90 execution,  -Os 

		=== gfortran Summary ===

# of expected passes		10744
# of unexpected failures	696
# of expected failures		10
# of unsupported tests		26
/Users/lucier/programs/gcc/4.1/objdir64/gcc/testsuite/../gfortran  version 4.1.0 20060208 (prerelease)

		=== objc tests ===


Running target unix/-mcpu=970/-m64
FAIL: objc.dg/bitfield-1.m (test for excess errors)
WARNING: objc.dg/bitfield-1.m compilation failed to produce executable
FAIL: objc.dg/bitfield-2.m (test for excess errors)
FAIL: objc.dg/bitfield-3.m (test for excess errors)
FAIL: objc.dg/bitfield-5.m (test for excess errors)
FAIL: objc.dg/call-super-1.m (test for excess errors)
WARNING: objc.dg/call-super-1.m compilation failed to produce executable
FAIL: objc.dg/call-super-3.m (test for excess errors)
WARNING: objc.dg/call-super-3.m compilation failed to produce executable
FAIL: objc.dg/category-1.m (test for excess errors)
WARNING: objc.dg/category-1.m compilation failed to produce executable
FAIL: objc.dg/const-str-10.m scan-assembler .long\\t__NSConstantStringClassReference\\n\\t.long\\t.*\\n\\t.long\\t5\\n\\t.data
FAIL: objc.dg/const-str-11.m scan-assembler .long\\t__XStrClassReference\\n\\t.long\\t.*\\n\\t.long\\t5\\n\\t.data
FAIL: objc.dg/const-str-3.m (test for excess errors)
WARNING: objc.dg/const-str-3.m compilation failed to produce executable
FAIL: objc.dg/const-str-4.m (test for excess errors)
FAIL: objc.dg/const-str-7.m (test for excess errors)
FAIL: objc.dg/const-str-8.m (test for excess errors)
FAIL: objc.dg/const-str-9.m scan-assembler .long\\t__NSConstantStringClassReference\\n\\t.long\\t.*\\n\\t.long\\t5\\n\\t.data
FAIL: objc.dg/defs.m (test for excess errors)
WARNING: objc.dg/defs.m compilation failed to produce executable
FAIL: objc.dg/desig-init-1.m (test for excess errors)
WARNING: objc.dg/desig-init-1.m compilation failed to produce executable
FAIL: objc.dg/encode-1.m (test for excess errors)
FAIL: objc.dg/encode-2.m (test for excess errors)
WARNING: objc.dg/encode-2.m compilation failed to produce executable
FAIL: objc.dg/encode-3.m (test for excess errors)
WARNING: objc.dg/encode-3.m compilation failed to produce executable
FAIL: objc.dg/encode-4.m (test for excess errors)
WARNING: objc.dg/encode-4.m compilation failed to produce executable
FAIL: objc.dg/fix-and-continue-1.m (test for excess errors)
WARNING: objc.dg/fix-and-continue-1.m compilation failed to produce executable
FAIL: objc.dg/func-ptr-1.m (test for excess errors)
WARNING: objc.dg/func-ptr-1.m compilation failed to produce executable
FAIL: objc.dg/func-ptr-2.m (test for excess errors)
WARNING: objc.dg/func-ptr-2.m compilation failed to produce executable
FAIL: objc.dg/lookup-1.m (test for excess errors)
WARNING: objc.dg/lookup-1.m compilation failed to produce executable
FAIL: objc.dg/method-10.m (test for excess errors)
WARNING: objc.dg/method-10.m compilation failed to produce executable
FAIL: objc.dg/method-13.m (test for excess errors)
WARNING: objc.dg/method-13.m compilation failed to produce executable
FAIL: objc.dg/method-3.m (test for excess errors)
WARNING: objc.dg/method-3.m compilation failed to produce executable
FAIL: objc.dg/next-runtime-1.m scan-assembler L_OBJC_MODULES:\\n[ \\t]*.long\\t6\\n
FAIL: objc.dg/no-extra-load.m (test for excess errors)
ERROR: objc.dg/no-extra-load.m: error executing dg-final: couldn't open "no-extra-load.s": no such file or directory
UNRESOLVED: objc.dg/no-extra-load.m: error executing dg-final: couldn't open "no-extra-load.s": no such file or directory
FAIL: objc.dg/proto-lossage-3.m (test for excess errors)
WARNING: objc.dg/proto-lossage-3.m compilation failed to produce executable
FAIL: objc.dg/proto-qual-1.m (test for excess errors)
WARNING: objc.dg/proto-qual-1.m compilation failed to produce executable
FAIL: objc.dg/sizeof-1.m (test for excess errors)
FAIL: objc.dg/stret-1.m (test for excess errors)
WARNING: objc.dg/stret-1.m compilation failed to produce executable
FAIL: objc.dg/stret-2.m scan-assembler objc_msgSend_stret
FAIL: objc.dg/stret-2.m scan-assembler objc_msgSendSuper_stret
FAIL: objc.dg/stret-2.m scan-assembler-not objc_msgSend[^_S]
FAIL: objc.dg/stret-2.m scan-assembler-not objc_msgSendSuper[^_]
FAIL: objc.dg/super-class-3.m (test for excess errors)
WARNING: objc.dg/super-class-3.m compilation failed to produce executable
FAIL: objc.dg/symtab-1.m scan-assembler L_OBJC_SYMBOLS.*:\\n\\t.long\\t0\\n\\t.long\\t0\\n\\t.short\\t2\\n\\t.short\\t0\\n\\t.long\\tL_OBJC_CLASS_Derived.*\\n\\t.long\\tL_OBJC_CLASS_Base.*\\n
FAIL: objc.dg/type-size-2.m (test for excess errors)
WARNING: objc.dg/type-size-2.m compilation failed to produce executable
FAIL: objc.dg/va-meth-1.m (test for excess errors)
WARNING: objc.dg/va-meth-1.m compilation failed to produce executable
FAIL: objc.dg/zero-link-3.m (test for excess errors)
WARNING: objc.dg/zero-link-3.m compilation failed to produce executable
FAIL: objc.dg/special/unclaimed-category-1.m unclaimed-category-1a.o (test for excess errors)
WARNING: objc.dg/special/unclaimed-category-1.m unclaimed-category-1a.o compilation failed to produce executable

		=== objc Summary ===

# of expected passes		1665
# of unexpected failures	43
# of unresolved testcases	1
# of unsupported tests		1
/Users/lucier/programs/gcc/4.1/objdir64/gcc/xgcc  version 4.1.0 20060208 (prerelease)

		=== libffi tests ===


Running target unix/-mcpu=970/-m64
FAIL: libffi.call/closure_fn0.c output pattern test, is 2 127 8 0 -2 -25344 524286 0 9 0 0 12 0 0 0 524286 3: 1023387
FAIL: libffi.call/closure_fn1.c output pattern test, is 1 2 3 4 0 5 6 0 9 0 524286 12 0 0 0 0 3: 524331
FAIL: libffi.call/closure_fn2.c output pattern test, is 1 2 3 4 -2 5 6 0 9 0 0 12 0 19 2 524286 3: 524350
FAIL: libffi.call/closure_fn3.c output pattern test, is 1 2 3 4 5 6 7 8 9 0 11 12 524286 19 21 0 3: 524397
FAIL: libffi.call/closure_fn4.c output pattern test, is 2 429 16 -25360 9676 52 10 12 19 1 352256 -25824 0 41136 41136 0 3: 393564
FAIL: libffi.call/closure_fn5.c output pattern test, is 2 429 16 -25360 9592 52 10 12 19 1 0 16 41112 41136 41136 0 3: 108176
FAIL: libffi.call/cls_12byte.c execution test
FAIL: libffi.call/cls_16byte.c execution test
FAIL: libffi.call/cls_18byte.c execution test
FAIL: libffi.call/cls_19byte.c execution test
FAIL: libffi.call/cls_1_1byte.c execution test
FAIL: libffi.call/cls_20byte.c execution test
FAIL: libffi.call/cls_20byte1.c execution test
FAIL: libffi.call/cls_24byte.c execution test
FAIL: libffi.call/cls_2byte.c execution test
FAIL: libffi.call/cls_3_1byte.c execution test
FAIL: libffi.call/cls_3byte1.c execution test
FAIL: libffi.call/cls_3byte2.c execution test
FAIL: libffi.call/cls_4_1byte.c execution test
FAIL: libffi.call/cls_4byte.c execution test
FAIL: libffi.call/cls_5_1_byte.c execution test
FAIL: libffi.call/cls_5byte.c execution test
FAIL: libffi.call/cls_64byte.c execution test
FAIL: libffi.call/cls_6_1_byte.c execution test
FAIL: libffi.call/cls_6byte.c execution test
FAIL: libffi.call/cls_7_1_byte.c execution test
FAIL: libffi.call/cls_7byte.c execution test
FAIL: libffi.call/cls_8byte.c execution test
FAIL: libffi.call/cls_9byte1.c execution test
FAIL: libffi.call/cls_9byte2.c execution test
FAIL: libffi.call/cls_align_double.c execution test
FAIL: libffi.call/cls_align_float.c execution test
FAIL: libffi.call/cls_align_longdouble.c execution test
FAIL: libffi.call/cls_align_pointer.c execution test
FAIL: libffi.call/cls_align_sint16.c execution test
FAIL: libffi.call/cls_align_sint32.c execution test
FAIL: libffi.call/cls_align_sint64.c execution test
FAIL: libffi.call/cls_align_uint16.c execution test
FAIL: libffi.call/cls_align_uint32.c execution test
FAIL: libffi.call/cls_align_uint64.c execution test
FAIL: libffi.call/cls_multi_schar.c execution test
FAIL: libffi.call/cls_multi_sshort.c execution test
FAIL: libffi.call/cls_multi_sshortchar.c execution test
FAIL: libffi.call/cls_multi_uchar.c execution test
FAIL: libffi.call/cls_multi_ushort.c execution test
FAIL: libffi.call/cls_multi_ushortchar.c execution test
FAIL: libffi.call/cls_schar.c output pattern test, is 127: 127
FAIL: libffi.call/cls_sint.c output pattern test, is 65534: 65534
FAIL: libffi.call/cls_sshort.c output pattern test, is 255: 255
FAIL: libffi.call/cls_uchar.c output pattern test, is 127: 127
FAIL: libffi.call/cls_uint.c output pattern test, is 2147483647: 2147483647
FAIL: libffi.call/cls_ulonglong.c output pattern test, is 923417942880: 923417942880
FAIL: libffi.call/cls_ushort.c output pattern test, is 65535: 65535
FAIL: libffi.call/float.c execution test
FAIL: libffi.call/float1.c execution test
FAIL: libffi.call/float2.c execution test
FAIL: libffi.call/float3.c execution test
FAIL: libffi.call/many.c execution test
FAIL: libffi.call/negint.c execution test
FAIL: libffi.call/nested_struct.c execution test
FAIL: libffi.call/nested_struct1.c execution test
FAIL: libffi.call/nested_struct2.c execution test
FAIL: libffi.call/nested_struct3.c execution test
FAIL: libffi.call/problem1.c execution test
FAIL: libffi.call/promotion.c execution test
FAIL: libffi.call/pyobjc-tc.c execution test
FAIL: libffi.call/return_ll.c execution test
FAIL: libffi.call/return_ll1.c execution test
FAIL: libffi.call/return_sc.c execution test
FAIL: libffi.call/return_uc.c execution test
FAIL: libffi.call/strlen.c execution test
FAIL: libffi.call/struct1.c execution test
FAIL: libffi.call/struct2.c execution test
FAIL: libffi.call/struct3.c execution test
FAIL: libffi.call/struct4.c execution test
FAIL: libffi.call/struct5.c execution test
FAIL: libffi.call/struct6.c execution test
FAIL: libffi.call/struct7.c execution test
FAIL: libffi.call/struct8.c execution test
FAIL: libffi.call/struct9.c execution test
FAIL: libffi.special/unwindtest.cc  -shared-libgcc -lstdc++ execution test

		=== libffi Summary ===

# of expected passes		100
# of unexpected failures	81
# of unsupported tests		2
		=== libjava tests ===


Running target unix/-mcpu=970/-m64
FAIL: linking PR9577
FAIL: linking longfield
FAIL: linking shortfield
FAIL: ArrayClass compilation from source
FAIL: ArrayClass -O3 compilation from source
FAIL: AssertBug compilation from source
FAIL: AssertBug -O3 compilation from source
FAIL: Case compilation from source
FAIL: Case -O3 compilation from source
FAIL: G19990210_1 compilation from source
FAIL: G19990210_1 -O3 compilation from source
FAIL: G19990210_2 compilation from source
FAIL: G19990210_2 -O3 compilation from source
FAIL: G19990210_3 compilation from source
FAIL: G19990210_3 -O3 compilation from source
FAIL: G19990217_01 compilation from source
FAIL: G19990217_01 -O3 compilation from source
FAIL: G19990225_01 compilation from source
FAIL: G19990225_01 -O3 compilation from source
FAIL: InnerExcept compilation from source
FAIL: InnerExcept -O3 compilation from source
FAIL: N19990310_01 compilation from source
FAIL: N19990310_01 -O3 compilation from source
FAIL: N19990317 compilation from source
FAIL: N19990317 -O3 compilation from source
FAIL: OperatorBenchmark compilation from source
FAIL: OperatorBenchmark -O3 compilation from source
FAIL: PR12374 compilation from source
FAIL: PR12374 -O3 compilation from source
FAIL: PR12857 compilation from source
FAIL: PR12857 -O3 compilation from source
FAIL: PR13024 compilation from source
FAIL: PR13024 -O3 compilation from source
FAIL: PR13237 compilation from source
FAIL: PR13237 -O3 compilation from source
FAIL: PR1343 compilation from source
FAIL: PR1343 -O3 compilation from source
FAIL: PR15769 compilation from source
FAIL: PR15769 -O3 compilation from source
FAIL: PR16249 compilation from source
FAIL: PR16249 -O3 compilation from source
FAIL: PR16675 compilation from source
FAIL: PR16675 -O3 compilation from source
FAIL: PR16701 compilation from source
FAIL: PR16701 -O3 compilation from source
FAIL: PR19295 compilation from source
FAIL: PR19295 -O3 compilation from source
FAIL: PR19674 compilation from source
FAIL: PR19674 -O3 compilation from source
FAIL: PR206 compilation from source
FAIL: PR206 -O3 compilation from source
FAIL: PR20697 compilation from source
FAIL: PR20697 -O3 compilation from source
FAIL: PR209 compilation from source
FAIL: PR209 -O3 compilation from source
FAIL: PR21045 compilation from source
FAIL: PR21045 -O3 compilation from source
FAIL: PR232 compilation from source
FAIL: PR232 -O3 compilation from source
FAIL: PR232B compilation from source
FAIL: PR232B -O3 compilation from source
FAIL: PR234 compilation from source
FAIL: PR234 -O3 compilation from source
FAIL: PR235 compilation from source
FAIL: PR235 -O3 compilation from source
FAIL: PR295 compilation from source
FAIL: PR295 -O3 compilation from source
FAIL: PR374 compilation from source
FAIL: PR374 -O3 compilation from source
FAIL: PR375 compilation from source
FAIL: PR375 -O3 compilation from source
FAIL: PR4766 compilation from source
FAIL: PR4766 -O3 compilation from source
FAIL: PR5902 compilation from source
FAIL: PR5902 -O3 compilation from source
FAIL: PR5913 compilation from source
FAIL: PR5913 -O3 compilation from source
FAIL: PR6026 compilation from source
FAIL: PR6026 -O3 compilation from source
FAIL: Semi compilation from source
FAIL: Semi -O3 compilation from source
FAIL: Statics compilation from source
FAIL: Statics -O3 compilation from source
FAIL: SuperConstr compilation from source
FAIL: SuperConstr -O3 compilation from source
FAIL: T20020529 compilation from source
FAIL: T20020529 -O3 compilation from source
FAIL: T20020604 compilation from source
FAIL: T20020604 -O3 compilation from source
FAIL: Twice compilation from source
FAIL: Twice -O3 compilation from source
FAIL: XercesBug compilation from source
FAIL: XercesBug -O3 compilation from source
FAIL: assignment compilation from source
FAIL: assignment -O3 compilation from source
FAIL: assignment_2 compilation from source
FAIL: assignment_2 -O3 compilation from source
FAIL: comment compilation from source
FAIL: comment -O3 compilation from source
FAIL: final_initialization_in_ctor compilation from source
FAIL: final_initialization_in_ctor -O3 compilation from source
FAIL: final_local_switch compilation from source
FAIL: final_local_switch -O3 compilation from source
FAIL: iface compilation from source
FAIL: iface -O3 compilation from source
FAIL: inner_data compilation from source
FAIL: inner_data -O3 compilation from source
FAIL: inner_inherit compilation from source
FAIL: inner_inherit -O3 compilation from source
FAIL: inner_priv compilation from source
FAIL: inner_priv -O3 compilation from source
FAIL: inner_pub compilation from source
FAIL: inner_pub -O3 compilation from source
FAIL: narrow_case compilation from source
FAIL: narrow_case -O3 compilation from source
FAIL: perc compilation from source
FAIL: perc -O3 compilation from source
FAIL: plusplus compilation from source
FAIL: plusplus -O3 compilation from source
FAIL: pr10459 compilation from source
FAIL: pr10459 -O3 compilation from source
FAIL: pr13788 compilation from source
FAIL: pr13788 -O3 compilation from source
FAIL: pr172 compilation from source
FAIL: pr172 -O3 compilation from source
FAIL: pr17329 compilation from source
FAIL: pr17329 -O3 compilation from source
FAIL: pr174 compilation from source
FAIL: pr174 -O3 compilation from source
FAIL: pr17500 compilation from source
FAIL: pr17500 -O3 compilation from source
FAIL: pr176 compilation from source
FAIL: pr176 -O3 compilation from source
FAIL: pr21540 compilation from source
FAIL: pr21540 -O3 compilation from source
FAIL: pr25429 compilation from source
FAIL: pr25429 -O3 compilation from source
FAIL: pr7912 compilation from source
FAIL: pr7912 -O3 compilation from source
FAIL: pr8712 compilation from source
FAIL: pr8712 -O3 compilation from source
FAIL: pr8955 compilation from source
FAIL: pr8955 -O3 compilation from source
FAIL: rh174912 compilation from source
FAIL: rh174912 -O3 compilation from source
FAIL: rh175833 compilation from source
FAIL: rh175833 -O3 compilation from source
FAIL: static_init2 compilation from source
FAIL: static_init2 -O3 compilation from source
FAIL: static_inner compilation from source
FAIL: static_inner -O3 compilation from source
FAIL: zeroexp compilation from source
FAIL: zeroexp -O3 compilation from source
FAIL: linking simple
FAIL: /Users/lucier/programs/gcc/4.1/libjava/testsuite/libjava.jar/simple.jar execution - gij test
FAIL: linking PR15133
FAIL: linking PR18116
FAIL: linking bytebuffer
FAIL: linking calls
FAIL: linking cxxtest
FAIL: linking directbuffer
FAIL: linking field
FAIL: linking final_method
FAIL: linking findclass
FAIL: linking iface
FAIL: linking invoke
FAIL: linking jniutf
FAIL: linking martin
FAIL: linking noclass
FAIL: linking overload
FAIL: linking pr11951
FAIL: linking pr18278
FAIL: linking pr23739
FAIL: linking register
FAIL: linking simple_int
FAIL: linking throwit
FAIL: linking virtual
FAIL: PR16923.c compilation
FAIL: ArrayStore compilation from source
FAIL: ArrayStore execution - gij test
FAIL: ArrayStore compilation from bytecode
FAIL: ArrayStore -O3 compilation from source
FAIL: ArrayStore execution - gij test
FAIL: ArrayStore -O3 compilation from bytecode
FAIL: ArrayStore2 compilation from source
FAIL: ArrayStore2 execution - gij test
FAIL: ArrayStore2 compilation from bytecode
FAIL: ArrayStore2 -O3 compilation from source
FAIL: ArrayStore2 execution - gij test
FAIL: ArrayStore2 -O3 compilation from bytecode
FAIL: Array_1 compilation from source
FAIL: Array_1 execution - gij test
FAIL: Array_1 compilation from bytecode
FAIL: Array_1 -O3 compilation from source
FAIL: Array_1 execution - gij test
FAIL: Array_1 -O3 compilation from bytecode
FAIL: Array_2 compilation from source
FAIL: Array_2 execution - gij test
FAIL: Array_2 compilation from bytecode
FAIL: Array_2 -O3 compilation from source
FAIL: Array_2 execution - gij test
FAIL: Array_2 -O3 compilation from bytecode
FAIL: Array_3 compilation from source
FAIL: Array_3 execution - gij test
FAIL: Array_3 compilation from bytecode
FAIL: Array_3 -O3 compilation from source
FAIL: Array_3 execution - gij test
FAIL: Array_3 -O3 compilation from bytecode
FAIL: Class_1 compilation from source
FAIL: Class_1 execution - gij test
FAIL: Class_1 compilation from bytecode
FAIL: Class_1 -O3 compilation from source
FAIL: Class_1 execution - gij test
FAIL: Class_1 -O3 compilation from bytecode
FAIL: CompareNaN compilation from source
FAIL: CompareNaN execution - gij test
FAIL: CompareNaN compilation from bytecode
FAIL: CompareNaN -O3 compilation from source
FAIL: CompareNaN execution - gij test
FAIL: CompareNaN -O3 compilation from bytecode
FAIL: Divide_1 compilation from source
FAIL: Divide_1 execution - gij test
FAIL: Divide_1 compilation from bytecode
FAIL: Divide_1 -O3 compilation from source
FAIL: Divide_1 execution - gij test
FAIL: Divide_1 -O3 compilation from bytecode
FAIL: EvaluationOrder compilation from source
FAIL: EvaluationOrder execution - gij test
FAIL: EvaluationOrder compilation from bytecode
FAIL: EvaluationOrder -O3 compilation from source
FAIL: EvaluationOrder execution - gij test
FAIL: EvaluationOrder -O3 compilation from bytecode
FAIL: ExtraClassLoader compilation from source
FAIL: ExtraClassLoader execution - gij test
FAIL: ExtraClassLoader compilation from bytecode
FAIL: ExtraClassLoader -O3 compilation from source
FAIL: ExtraClassLoader execution - gij test
FAIL: ExtraClassLoader -O3 compilation from bytecode
FAIL: FileHandleGcTest compilation from source
FAIL: FileHandleGcTest execution - gij test
FAIL: FileHandleGcTest compilation from bytecode
FAIL: FileHandleGcTest -O3 compilation from source
FAIL: FileHandleGcTest execution - gij test
FAIL: FileHandleGcTest -O3 compilation from bytecode
FAIL: Final compilation from source
FAIL: Final execution - gij test
FAIL: Final compilation from bytecode
FAIL: Final -O3 compilation from source
FAIL: Final execution - gij test
FAIL: Final -O3 compilation from bytecode
FAIL: Float_1 compilation from source
FAIL: Float_1 execution - gij test
FAIL: Float_1 compilation from bytecode
FAIL: Float_1 -O3 compilation from source
FAIL: Float_1 execution - gij test
FAIL: Float_1 -O3 compilation from bytecode
FAIL: G19990301_01 compilation from source
FAIL: G19990301_01 execution - gij test
FAIL: G19990301_01 compilation from bytecode
FAIL: G19990301_01 -O3 compilation from source
FAIL: G19990301_01 execution - gij test
FAIL: G19990301_01 -O3 compilation from bytecode
FAIL: G19990302_02 compilation from source
FAIL: G19990302_02 execution - gij test
FAIL: G19990302_02 compilation from bytecode
FAIL: G19990302_02 -O3 compilation from source
FAIL: G19990302_02 execution - gij test
FAIL: G19990302_02 -O3 compilation from bytecode
FAIL: G19990303_01 compilation from source
FAIL: G19990303_01 execution - gij test
FAIL: G19990303_01 compilation from bytecode
FAIL: G19990303_01 -O3 compilation from source
FAIL: G19990303_01 execution - gij test
FAIL: G19990303_01 -O3 compilation from bytecode
FAIL: G19990303_02 compilation from source
FAIL: G19990303_02 execution - gij test
FAIL: G19990303_02 compilation from bytecode
FAIL: G19990303_02 -O3 compilation from source
FAIL: G19990303_02 execution - gij test
FAIL: G19990303_02 -O3 compilation from bytecode
FAIL: G19990304_01 compilation from source
FAIL: G19990304_01 execution - gij test
FAIL: G19990304_01 compilation from bytecode
FAIL: G19990304_01 -O3 compilation from source
FAIL: G19990304_01 execution - gij test
FAIL: G19990304_01 -O3 compilation from bytecode
FAIL: G19990310_01 compilation from source
FAIL: G19990310_01 execution - gij test
FAIL: G19990310_01 compilation from bytecode
FAIL: G19990310_01 -O3 compilation from source
FAIL: G19990310_01 execution - gij test
FAIL: G19990310_01 -O3 compilation from bytecode
FAIL: II compilation from source
FAIL: II execution - gij test
FAIL: II compilation from bytecode
FAIL: II -O3 compilation from source
FAIL: II execution - gij test
FAIL: II -O3 compilation from bytecode
FAIL: InterfaceDispatch compilation from source
FAIL: InterfaceDispatch execution - gij test
FAIL: InterfaceDispatch compilation from bytecode
FAIL: InterfaceDispatch -O3 compilation from source
FAIL: InterfaceDispatch execution - gij test
FAIL: InterfaceDispatch -O3 compilation from bytecode
FAIL: InvokeInterface compilation from source
FAIL: InvokeInterface execution - gij test
FAIL: InvokeInterface compilation from bytecode
FAIL: InvokeInterface -O3 compilation from source
FAIL: InvokeInterface execution - gij test
FAIL: InvokeInterface -O3 compilation from bytecode
FAIL: InvokeReturn compilation from source
FAIL: InvokeReturn execution - gij test
FAIL: InvokeReturn compilation from bytecode
FAIL: InvokeReturn -O3 compilation from source
FAIL: InvokeReturn execution - gij test
FAIL: InvokeReturn -O3 compilation from bytecode
FAIL: Invoke_1 compilation from source
FAIL: Invoke_1 execution - gij test
FAIL: Invoke_1 compilation from bytecode
FAIL: Invoke_1 -O3 compilation from source
FAIL: Invoke_1 execution - gij test
FAIL: Invoke_1 -O3 compilation from bytecode
FAIL: Invoke_2 compilation from source
FAIL: Invoke_2 execution - gij test
FAIL: Invoke_2 compilation from bytecode
FAIL: Invoke_2 -O3 compilation from source
FAIL: Invoke_2 execution - gij test
FAIL: Invoke_2 -O3 compilation from bytecode
FAIL: KeepInline compilation from source
FAIL: KeepInline execution - gij test
FAIL: KeepInline compilation from bytecode
FAIL: KeepInline -O3 compilation from source
FAIL: KeepInline execution - gij test
FAIL: KeepInline -O3 compilation from bytecode
FAIL: LargeFile compilation from source
FAIL: LargeFile execution - gij test
FAIL: LargeFile compilation from bytecode
FAIL: LargeFile -O3 compilation from source
FAIL: LargeFile execution - gij test
FAIL: LargeFile -O3 compilation from bytecode
FAIL: MathBuiltin compilation from source
FAIL: MathBuiltin execution - gij test
FAIL: MathBuiltin compilation from bytecode
FAIL: MathBuiltin -O3 compilation from source
FAIL: MathBuiltin execution - gij test
FAIL: MathBuiltin -O3 compilation from bytecode
FAIL: Matrix4f compilation from source
FAIL: Matrix4f execution - gij test
FAIL: Matrix4f compilation from bytecode
FAIL: Matrix4f -O3 compilation from source
FAIL: Matrix4f execution - gij test
FAIL: Matrix4f -O3 compilation from bytecode
FAIL: N19990310_02 compilation from source
FAIL: N19990310_02 execution - gij test
FAIL: N19990310_02 compilation from bytecode
FAIL: N19990310_02 -O3 compilation from source
FAIL: N19990310_02 execution - gij test
FAIL: N19990310_02 -O3 compilation from bytecode
FAIL: N19990310_3 compilation from source
FAIL: N19990310_3 execution - gij test
FAIL: N19990310_3 compilation from bytecode
FAIL: N19990310_3 -O3 compilation from source
FAIL: N19990310_3 execution - gij test
FAIL: N19990310_3 -O3 compilation from bytecode
FAIL: N19990310_4 compilation from source
FAIL: N19990310_4 execution - gij test
FAIL: N19990310_4 compilation from bytecode
FAIL: N19990310_4 -O3 compilation from source
FAIL: N19990310_4 execution - gij test
FAIL: N19990310_4 -O3 compilation from bytecode
FAIL: N19990310_5 compilation from source
FAIL: N19990310_5 execution - gij test
FAIL: N19990310_5 compilation from bytecode
FAIL: N19990310_5 -O3 compilation from source
FAIL: N19990310_5 execution - gij test
FAIL: N19990310_5 -O3 compilation from bytecode
FAIL: Overflow compilation from source
FAIL: Overflow execution - gij test
FAIL: Overflow compilation from bytecode
FAIL: Overflow -O3 compilation from source
FAIL: Overflow execution - gij test
FAIL: Overflow -O3 compilation from bytecode
FAIL: PR12350 compilation from source
FAIL: PR12350 execution - gij test
FAIL: PR12350 compilation from bytecode
FAIL: PR12350 -O3 compilation from source
FAIL: PR12350 execution - gij test
FAIL: PR12350 -O3 compilation from bytecode
FAIL: PR12416 compilation from source
FAIL: PR12416 execution - gij test
FAIL: PR12416 compilation from bytecode
FAIL: PR12416 -O3 compilation from source
FAIL: PR12416 execution - gij test
FAIL: PR12416 -O3 compilation from bytecode
FAIL: PR12656 compilation from source
FAIL: PR12656 execution - gij test
FAIL: PR12656 compilation from bytecode
FAIL: PR12656 -O3 compilation from source
FAIL: PR12656 execution - gij test
FAIL: PR12656 -O3 compilation from bytecode
FAIL: PR12915 compilation from source
FAIL: PR12915 execution - gij test
FAIL: PR12915 compilation from bytecode
FAIL: PR12915 -O3 compilation from source
FAIL: PR12915 execution - gij test
FAIL: PR12915 -O3 compilation from bytecode
FAIL: PR141 compilation from source
FAIL: PR141 execution - gij test
FAIL: PR141 compilation from bytecode
FAIL: PR141 -O3 compilation from source
FAIL: PR141 execution - gij test
FAIL: PR141 -O3 compilation from bytecode
FAIL: PR160 compilation from source
FAIL: PR160 execution - gij test
FAIL: PR160 compilation from bytecode
FAIL: PR160 -O3 compilation from source
FAIL: PR160 execution - gij test
FAIL: PR160 -O3 compilation from bytecode
FAIL: PR162 compilation from source
FAIL: PR162 execution - gij test
FAIL: PR162 compilation from bytecode
FAIL: PR162 -O3 compilation from source
FAIL: PR162 execution - gij test
FAIL: PR162 -O3 compilation from bytecode
FAIL: PR16867 compilation from source
FAIL: PR16867 execution - gij test
FAIL: PR16867 compilation from bytecode
FAIL: PR16867 -O3 compilation from source
FAIL: PR16867 execution - gij test
FAIL: PR16867 -O3 compilation from bytecode
FAIL: PR18699 compilation from source
FAIL: PR18699 execution - gij test
FAIL: PR18699 compilation from bytecode
FAIL: PR18699 -O3 compilation from source
FAIL: PR18699 execution - gij test
FAIL: PR18699 -O3 compilation from bytecode
FAIL: PR19870 compilation from source
FAIL: PR19870 execution - gij test
FAIL: PR19870 compilation from bytecode
FAIL: PR19870 -O3 compilation from source
FAIL: PR19870 execution - gij test
FAIL: PR19870 -O3 compilation from bytecode
FAIL: PR19870_2 compilation from source
FAIL: PR19870_2 execution - gij test
FAIL: PR19870_2 compilation from bytecode
FAIL: PR19870_2 -O3 compilation from source
FAIL: PR19870_2 execution - gij test
FAIL: PR19870_2 -O3 compilation from bytecode
FAIL: PR19921 compilation from source
FAIL: PR19921 execution - gij test
FAIL: PR19921 compilation from bytecode
FAIL: PR19921 -O3 compilation from source
FAIL: PR19921 execution - gij test
FAIL: PR19921 -O3 compilation from bytecode
FAIL: PR20056 compilation from source
FAIL: PR20056 execution - gij test
FAIL: PR20056 compilation from bytecode
FAIL: PR20056 -O3 compilation from source
FAIL: PR20056 execution - gij test
FAIL: PR20056 -O3 compilation from bytecode
FAIL: PR218 compilation from source
FAIL: PR218 execution - gij test
FAIL: PR218 compilation from bytecode
FAIL: PR218 -O3 compilation from source
FAIL: PR218 execution - gij test
FAIL: PR218 -O3 compilation from bytecode
FAIL: PR242 compilation from source
FAIL: PR242 execution - gij test
FAIL: PR242 compilation from bytecode
FAIL: PR242 -O3 compilation from source
FAIL: PR242 execution - gij test
FAIL: PR242 -O3 compilation from bytecode
FAIL: PR260 compilation from source
FAIL: PR260 execution - gij test
FAIL: PR260 compilation from bytecode
FAIL: PR260 -O3 compilation from source
FAIL: PR260 execution - gij test
FAIL: PR260 -O3 compilation from bytecode
FAIL: PR3096 compilation from source
FAIL: PR3096 execution - gij test
FAIL: PR3096 compilation from bytecode
FAIL: PR3096 -O3 compilation from source
FAIL: PR3096 execution - gij test
FAIL: PR3096 -O3 compilation from bytecode
FAIL: PR3731 compilation from source
FAIL: PR3731 execution - gij test
FAIL: PR3731 compilation from bytecode
FAIL: PR3731 -O3 compilation from source
FAIL: PR3731 execution - gij test
FAIL: PR3731 -O3 compilation from bytecode
FAIL: PR5057 compilation from source
FAIL: PR5057 execution - gij test
FAIL: PR5057 compilation from bytecode
FAIL: PR5057 -O3 compilation from source
FAIL: PR5057 execution - gij test
FAIL: PR5057 -O3 compilation from bytecode
FAIL: PR5057_2 compilation from source
FAIL: PR5057_2 execution - gij test
FAIL: PR5057_2 compilation from bytecode
FAIL: PR5057_2 -O3 compilation from source
FAIL: PR5057_2 execution - gij test
FAIL: PR5057_2 -O3 compilation from bytecode
FAIL: PR55 compilation from source
FAIL: PR55 execution - gij test
FAIL: PR55 compilation from bytecode
FAIL: PR55 -O3 compilation from source
FAIL: PR55 execution - gij test
FAIL: PR55 -O3 compilation from bytecode
FAIL: PR56 compilation from source
FAIL: PR56 execution - gij test
FAIL: PR56 compilation from bytecode
FAIL: PR56 -O3 compilation from source
FAIL: PR56 execution - gij test
FAIL: PR56 -O3 compilation from bytecode
FAIL: PR6085 compilation from source
FAIL: PR6085 execution - gij test
FAIL: PR6085 compilation from bytecode
FAIL: PR6085 -O3 compilation from source
FAIL: PR6085 execution - gij test
FAIL: PR6085 -O3 compilation from bytecode
FAIL: PR6204 compilation from source
FAIL: PR6204 execution - gij test
FAIL: PR6204 compilation from bytecode
FAIL: PR6204 -O3 compilation from source
FAIL: PR6204 execution - gij test
FAIL: PR6204 -O3 compilation from bytecode
FAIL: PR6729 compilation from source
FAIL: PR6729 execution - gij test
FAIL: PR6729 compilation from bytecode
FAIL: PR6729 -O3 compilation from source
FAIL: PR6729 execution - gij test
FAIL: PR6729 -O3 compilation from bytecode
FAIL: PR6820 compilation from source
FAIL: PR6820 execution - gij test
FAIL: PR6820 compilation from bytecode
FAIL: PR6820 -O3 compilation from source
FAIL: PR6820 execution - gij test
FAIL: PR6820 -O3 compilation from bytecode
FAIL: PR7482 compilation from source
FAIL: PR7482 execution - gij test
FAIL: PR7482 compilation from bytecode
FAIL: PR7482 -O3 compilation from source
FAIL: PR7482 execution - gij test
FAIL: PR7482 -O3 compilation from bytecode
FAIL: Process_1 compilation from source
FAIL: Process_1 execution - gij test
FAIL: Process_1 compilation from bytecode
FAIL: Process_1 -O3 compilation from source
FAIL: Process_1 execution - gij test
FAIL: Process_1 -O3 compilation from bytecode
FAIL: Process_2 compilation from source
FAIL: Process_2 execution - gij test
FAIL: Process_2 compilation from bytecode
FAIL: Process_2 -O3 compilation from source
FAIL: Process_2 execution - gij test
FAIL: Process_2 -O3 compilation from bytecode
FAIL: Process_3 compilation from source
FAIL: Process_3 execution - gij test
FAIL: Process_3 compilation from bytecode
FAIL: Process_3 -O3 compilation from source
FAIL: Process_3 execution - gij test
FAIL: Process_3 -O3 compilation from bytecode
FAIL: Process_4 compilation from source
FAIL: Process_4 execution - gij test
FAIL: Process_4 compilation from bytecode
FAIL: Process_4 -O3 compilation from source
FAIL: Process_4 execution - gij test
FAIL: Process_4 -O3 compilation from bytecode
FAIL: Process_5 compilation from source
FAIL: Process_5 execution - gij test
FAIL: Process_5 compilation from bytecode
FAIL: Process_5 -O3 compilation from source
FAIL: Process_5 execution - gij test
FAIL: Process_5 -O3 compilation from bytecode
FAIL: Process_6 compilation from source
FAIL: Process_6 execution - gij test
FAIL: Process_6 compilation from bytecode
FAIL: Process_6 -O3 compilation from source
FAIL: Process_6 execution - gij test
FAIL: Process_6 -O3 compilation from bytecode
FAIL: Serialization compilation from source
FAIL: Serialization execution - gij test
FAIL: Serialization compilation from bytecode
FAIL: Serialization -O3 compilation from source
FAIL: Serialization execution - gij test
FAIL: Serialization -O3 compilation from bytecode
FAIL: Shazam compilation from source
FAIL: Shazam execution - gij test
FAIL: Shazam compilation from bytecode
FAIL: Shazam -O3 compilation from source
FAIL: Shazam execution - gij test
FAIL: Shazam -O3 compilation from bytecode
FAIL: StaticConstructor compilation from source
FAIL: StaticConstructor execution - gij test
FAIL: StaticConstructor compilation from bytecode
FAIL: StaticConstructor -O3 compilation from source
FAIL: StaticConstructor execution - gij test
FAIL: StaticConstructor -O3 compilation from bytecode
FAIL: StringBuffer_1 compilation from source
FAIL: StringBuffer_1 execution - gij test
FAIL: StringBuffer_1 compilation from bytecode
FAIL: StringBuffer_1 -O3 compilation from source
FAIL: StringBuffer_1 execution - gij test
FAIL: StringBuffer_1 -O3 compilation from bytecode
FAIL: StringBuffer_overflow compilation from source
FAIL: StringBuffer_overflow execution - gij test
FAIL: StringBuffer_overflow compilation from bytecode
FAIL: StringBuffer_overflow -O3 compilation from source
FAIL: StringBuffer_overflow execution - gij test
FAIL: StringBuffer_overflow -O3 compilation from bytecode
FAIL: String_overflow compilation from source
FAIL: String_overflow execution - gij test
FAIL: String_overflow compilation from bytecode
FAIL: String_overflow -O3 compilation from source
FAIL: String_overflow execution - gij test
FAIL: String_overflow -O3 compilation from bytecode
FAIL: SyncGlobal compilation from source
FAIL: SyncGlobal execution - gij test
FAIL: SyncGlobal compilation from bytecode
FAIL: SyncGlobal -O3 compilation from source
FAIL: SyncGlobal execution - gij test
FAIL: SyncGlobal -O3 compilation from bytecode
FAIL: SyncTest compilation from source
FAIL: SyncTest execution - gij test
FAIL: SyncTest compilation from bytecode
FAIL: SyncTest -O3 compilation from source
FAIL: SyncTest execution - gij test
FAIL: SyncTest -O3 compilation from bytecode
FAIL: Synch compilation from source
FAIL: Synch execution - gij test
FAIL: Synch compilation from bytecode
FAIL: Synch -O3 compilation from source
FAIL: Synch execution - gij test
FAIL: Synch -O3 compilation from bytecode
FAIL: TLtest compilation from source
FAIL: TLtest execution - gij test
FAIL: TLtest compilation from bytecode
FAIL: TLtest -O3 compilation from source
FAIL: TLtest execution - gij test
FAIL: TLtest -O3 compilation from bytecode
FAIL: TestProxy compilation from source
FAIL: TestProxy execution - gij test
FAIL: TestProxy compilation from bytecode
FAIL: TestProxy -O3 compilation from source
FAIL: TestProxy execution - gij test
FAIL: TestProxy -O3 compilation from bytecode
FAIL: Thread_Alive compilation from source
FAIL: Thread_Alive execution - gij test
FAIL: Thread_Alive compilation from bytecode
FAIL: Thread_Alive -O3 compilation from source
FAIL: Thread_Alive execution - gij test
FAIL: Thread_Alive -O3 compilation from bytecode
FAIL: Thread_HoldsLock compilation from source
FAIL: Thread_HoldsLock execution - gij test
FAIL: Thread_HoldsLock compilation from bytecode
FAIL: Thread_HoldsLock -O3 compilation from source
FAIL: Thread_HoldsLock execution - gij test
FAIL: Thread_HoldsLock -O3 compilation from bytecode
FAIL: Thread_Interrupt compilation from source
FAIL: Thread_Interrupt execution - gij test
FAIL: Thread_Interrupt compilation from bytecode
FAIL: Thread_Interrupt -O3 compilation from source
FAIL: Thread_Interrupt execution - gij test
FAIL: Thread_Interrupt -O3 compilation from bytecode
FAIL: Thread_Join compilation from source
FAIL: Thread_Join execution - gij test
FAIL: Thread_Join compilation from bytecode
FAIL: Thread_Join -O3 compilation from source
FAIL: Thread_Join execution - gij test
FAIL: Thread_Join -O3 compilation from bytecode
FAIL: Thread_Monitor compilation from source
FAIL: Thread_Monitor execution - gij test
FAIL: Thread_Monitor compilation from bytecode
FAIL: Thread_Monitor -O3 compilation from source
FAIL: Thread_Monitor execution - gij test
FAIL: Thread_Monitor -O3 compilation from bytecode
FAIL: Thread_Sleep compilation from source
FAIL: Thread_Sleep execution - gij test
FAIL: Thread_Sleep compilation from bytecode
FAIL: Thread_Sleep -O3 compilation from source
FAIL: Thread_Sleep execution - gij test
FAIL: Thread_Sleep -O3 compilation from bytecode
FAIL: Thread_Wait compilation from source
FAIL: Thread_Wait execution - gij test
FAIL: Thread_Wait compilation from bytecode
FAIL: Thread_Wait -O3 compilation from source
FAIL: Thread_Wait execution - gij test
FAIL: Thread_Wait -O3 compilation from bytecode
FAIL: Thread_Wait_2 compilation from source
FAIL: Thread_Wait_2 execution - gij test
FAIL: Thread_Wait_2 compilation from bytecode
FAIL: Thread_Wait_2 -O3 compilation from source
FAIL: Thread_Wait_2 execution - gij test
FAIL: Thread_Wait_2 -O3 compilation from bytecode
FAIL: Thread_Wait_Interrupt compilation from source
FAIL: Thread_Wait_Interrupt execution - gij test
FAIL: Thread_Wait_Interrupt compilation from bytecode
FAIL: Thread_Wait_Interrupt -O3 compilation from source
FAIL: Thread_Wait_Interrupt execution - gij test
FAIL: Thread_Wait_Interrupt -O3 compilation from bytecode
FAIL: Throw_1 compilation from source
FAIL: Throw_1 execution - gij test
FAIL: Throw_1 compilation from bytecode
FAIL: Throw_1 -O3 compilation from source
FAIL: Throw_1 execution - gij test
FAIL: Throw_1 -O3 compilation from bytecode
FAIL: Throw_2 compilation from source
FAIL: Throw_2 execution - gij test
FAIL: Throw_2 compilation from bytecode
FAIL: Throw_2 -O3 compilation from source
FAIL: Throw_2 execution - gij test
FAIL: Throw_2 -O3 compilation from bytecode
FAIL: anfi compilation from source
FAIL: anfi execution - gij test
FAIL: anfi compilation from bytecode
FAIL: anfi -O3 compilation from source
FAIL: anfi execution - gij test
FAIL: anfi -O3 compilation from bytecode
FAIL: anon compilation from source
FAIL: anon execution - gij test
FAIL: anon compilation from bytecode
FAIL: anon -O3 compilation from source
FAIL: anon execution - gij test
FAIL: anon -O3 compilation from bytecode
FAIL: anon2 compilation from source
FAIL: anon2 execution - gij test
FAIL: anon2 compilation from bytecode
FAIL: anon2 -O3 compilation from source
FAIL: anon2 execution - gij test
FAIL: anon2 -O3 compilation from bytecode
FAIL: anon3 compilation from source
FAIL: anon3 execution - gij test
FAIL: anon3 compilation from bytecode
FAIL: anon3 -O3 compilation from source
FAIL: anon3 execution - gij test
FAIL: anon3 -O3 compilation from bytecode
FAIL: anon4 compilation from source
FAIL: anon4 execution - gij test
FAIL: anon4 compilation from bytecode
FAIL: anon4 -O3 compilation from source
FAIL: anon4 execution - gij test
FAIL: anon4 -O3 compilation from bytecode
FAIL: anon_ctor_itf_arg compilation from source
FAIL: anon_ctor_itf_arg execution - gij test
FAIL: anon_ctor_itf_arg compilation from bytecode
FAIL: anon_ctor_itf_arg -O3 compilation from source
FAIL: anon_ctor_itf_arg execution - gij test
FAIL: anon_ctor_itf_arg -O3 compilation from bytecode
FAIL: anonarray compilation from source
FAIL: anonarray execution - gij test
FAIL: anonarray compilation from bytecode
FAIL: anonarray -O3 compilation from source
FAIL: anonarray execution - gij test
FAIL: anonarray -O3 compilation from bytecode
FAIL: anonarray2 compilation from source
FAIL: anonarray2 execution - gij test
FAIL: anonarray2 compilation from bytecode
FAIL: anonarray2 -O3 compilation from source
FAIL: anonarray2 execution - gij test
FAIL: anonarray2 -O3 compilation from bytecode
FAIL: anonarray3 compilation from source
FAIL: anonarray3 execution - gij test
FAIL: anonarray3 compilation from bytecode
FAIL: anonarray3 -O3 compilation from source
FAIL: anonarray3 execution - gij test
FAIL: anonarray3 -O3 compilation from bytecode
FAIL: assign compilation from source
FAIL: assign execution - gij test
FAIL: assign compilation from bytecode
FAIL: assign -O3 compilation from source
FAIL: assign execution - gij test
FAIL: assign -O3 compilation from bytecode
FAIL: assign2 compilation from source
FAIL: assign2 execution - gij test
FAIL: assign2 compilation from bytecode
FAIL: assign2 -O3 compilation from source
FAIL: assign2 execution - gij test
FAIL: assign2 -O3 compilation from bytecode
FAIL: bclink compilation from source
FAIL: bclink execution - gij test
FAIL: bclink compilation from bytecode
FAIL: bclink -O3 compilation from source
FAIL: bclink execution - gij test
FAIL: bclink -O3 compilation from bytecode
FAIL: bytearray compilation from source
FAIL: bytearray execution - gij test
FAIL: bytearray compilation from bytecode
FAIL: bytearray -O3 compilation from source
FAIL: bytearray execution - gij test
FAIL: bytearray -O3 compilation from bytecode
FAIL: direct_read compilation from source
FAIL: direct_read execution - gij test
FAIL: direct_read compilation from bytecode
FAIL: direct_read -O3 compilation from source
FAIL: direct_read execution - gij test
FAIL: direct_read -O3 compilation from bytecode
FAIL: direct_write compilation from source
FAIL: direct_write execution - gij test
FAIL: direct_write compilation from bytecode
FAIL: direct_write -O3 compilation from source
FAIL: direct_write execution - gij test
FAIL: direct_write -O3 compilation from bytecode
FAIL: emptystring compilation from source
FAIL: emptystring execution - gij test
FAIL: emptystring compilation from bytecode
FAIL: emptystring -O3 compilation from source
FAIL: emptystring execution - gij test
FAIL: emptystring -O3 compilation from bytecode
FAIL: err1 compilation from source
FAIL: err1 execution - gij test
FAIL: err1 compilation from bytecode
FAIL: err1 -O3 compilation from source
FAIL: err1 execution - gij test
FAIL: err1 -O3 compilation from bytecode
FAIL: err10 compilation from source
FAIL: err10 execution - gij test
FAIL: err10 compilation from bytecode
FAIL: err10 -O3 compilation from source
FAIL: err10 execution - gij test
FAIL: err10 -O3 compilation from bytecode
FAIL: err11 compilation from source
FAIL: err11 execution - gij test
FAIL: err11 compilation from bytecode
FAIL: err11 -O3 compilation from source
FAIL: err11 execution - gij test
FAIL: err11 -O3 compilation from bytecode
FAIL: err12 compilation from source
FAIL: err12 execution - gij test
FAIL: err12 compilation from bytecode
FAIL: err12 -O3 compilation from source
FAIL: err12 execution - gij test
FAIL: err12 -O3 compilation from bytecode
FAIL: err13 compilation from source
FAIL: err13 execution - gij test
FAIL: err13 compilation from bytecode
FAIL: err13 -O3 compilation from source
FAIL: err13 execution - gij test
FAIL: err13 -O3 compilation from bytecode
FAIL: err14 compilation from source
FAIL: err14 execution - gij test
FAIL: err14 compilation from bytecode
FAIL: err14 -O3 compilation from source
FAIL: err14 execution - gij test
FAIL: err14 -O3 compilation from bytecode
FAIL: err2 compilation from source
FAIL: err2 execution - gij test
FAIL: err2 compilation from bytecode
FAIL: err2 -O3 compilation from source
FAIL: err2 execution - gij test
FAIL: err2 -O3 compilation from bytecode
FAIL: err3 compilation from source
FAIL: err3 execution - gij test
FAIL: err3 compilation from bytecode
FAIL: err3 -O3 compilation from source
FAIL: err3 execution - gij test
FAIL: err3 -O3 compilation from bytecode
FAIL: err4 compilation from source
FAIL: err4 execution - gij test
FAIL: err4 compilation from bytecode
FAIL: err4 -O3 compilation from source
FAIL: err4 execution - gij test
FAIL: err4 -O3 compilation from bytecode
FAIL: err5 compilation from source
FAIL: err5 execution - gij test
FAIL: err5 compilation from bytecode
FAIL: err5 -O3 compilation from source
FAIL: err5 execution - gij test
FAIL: err5 -O3 compilation from bytecode
FAIL: err6 compilation from source
FAIL: err6 execution - gij test
FAIL: err6 compilation from bytecode
FAIL: err6 -O3 compilation from source
FAIL: err6 execution - gij test
FAIL: err6 -O3 compilation from bytecode
FAIL: err7 compilation from source
FAIL: err7 execution - gij test
FAIL: err7 compilation from bytecode
FAIL: err7 -O3 compilation from source
FAIL: err7 execution - gij test
FAIL: err7 -O3 compilation from bytecode
FAIL: err8 compilation from source
FAIL: err8 execution - gij test
FAIL: err8 compilation from bytecode
FAIL: err8 -O3 compilation from source
FAIL: err8 execution - gij test
FAIL: err8 -O3 compilation from bytecode
FAIL: err9 compilation from source
FAIL: err9 execution - gij test
FAIL: err9 compilation from bytecode
FAIL: err9 -O3 compilation from source
FAIL: err9 execution - gij test
FAIL: err9 -O3 compilation from bytecode
FAIL: final_inner compilation from source
FAIL: final_inner execution - gij test
FAIL: final_inner compilation from bytecode
FAIL: final_inner -O3 compilation from source
FAIL: final_inner execution - gij test
FAIL: final_inner -O3 compilation from bytecode
FAIL: final_int compilation from source
FAIL: final_int execution - gij test
FAIL: final_int compilation from bytecode
FAIL: final_int -O3 compilation from source
FAIL: final_int execution - gij test
FAIL: final_int -O3 compilation from bytecode
FAIL: final_static_and_friend compilation from source
FAIL: final_static_and_friend execution - gij test
FAIL: final_static_and_friend compilation from bytecode
FAIL: final_static_and_friend -O3 compilation from source
FAIL: final_static_and_friend execution - gij test
FAIL: final_static_and_friend -O3 compilation from bytecode
FAIL: indirect compilation from source
FAIL: indirect execution - gij test
FAIL: indirect compilation from bytecode
FAIL: indirect -O3 compilation from source
FAIL: indirect execution - gij test
FAIL: indirect -O3 compilation from bytecode
FAIL: indirect_read compilation from source
FAIL: indirect_read execution - gij test
FAIL: indirect_read compilation from bytecode
FAIL: indirect_read -O3 compilation from source
FAIL: indirect_read execution - gij test
FAIL: indirect_read -O3 compilation from bytecode
FAIL: indirect_write compilation from source
FAIL: indirect_write execution - gij test
FAIL: indirect_write compilation from bytecode
FAIL: indirect_write -O3 compilation from source
FAIL: indirect_write execution - gij test
FAIL: indirect_write -O3 compilation from bytecode
FAIL: initexc compilation from source
FAIL: initexc execution - gij test
FAIL: initexc compilation from bytecode
FAIL: initexc -O3 compilation from source
FAIL: initexc execution - gij test
FAIL: initexc -O3 compilation from bytecode
FAIL: initfield compilation from source
FAIL: initfield execution - gij test
FAIL: initfield compilation from bytecode
FAIL: initfield -O3 compilation from source
FAIL: initfield execution - gij test
FAIL: initfield -O3 compilation from bytecode
FAIL: inline compilation from source
FAIL: inline execution - gij test
FAIL: inline compilation from bytecode
FAIL: inline -O3 compilation from source
FAIL: inline execution - gij test
FAIL: inline -O3 compilation from bytecode
FAIL: inner1 compilation from source
FAIL: inner1 execution - gij test
FAIL: inner1 compilation from bytecode
FAIL: inner1 -O3 compilation from source
FAIL: inner1 execution - gij test
FAIL: inner1 -O3 compilation from bytecode
FAIL: inner2 compilation from source
FAIL: inner2 execution - gij test
FAIL: inner2 compilation from bytecode
FAIL: inner2 -O3 compilation from source
FAIL: inner2 execution - gij test
FAIL: inner2 -O3 compilation from bytecode
FAIL: inner3 compilation from source
FAIL: inner3 execution - gij test
FAIL: inner3 compilation from bytecode
FAIL: inner3 -O3 compilation from source
FAIL: inner3 execution - gij test
FAIL: inner3 -O3 compilation from bytecode
FAIL: inner4 compilation from source
FAIL: inner4 execution - gij test
FAIL: inner4 compilation from bytecode
FAIL: inner4 -O3 compilation from source
FAIL: inner4 execution - gij test
FAIL: inner4 -O3 compilation from bytecode
FAIL: inner_array compilation from source
FAIL: inner_array execution - gij test
FAIL: inner_array compilation from bytecode
FAIL: inner_array -O3 compilation from source
FAIL: inner_array execution - gij test
FAIL: inner_array -O3 compilation from bytecode
FAIL: inner_interface compilation from source
FAIL: inner_interface execution - gij test
FAIL: inner_interface compilation from bytecode
FAIL: inner_interface -O3 compilation from source
FAIL: inner_interface execution - gij test
FAIL: inner_interface -O3 compilation from bytecode
FAIL: instance compilation from source
FAIL: instance execution - gij test
FAIL: instance compilation from bytecode
FAIL: instance -O3 compilation from source
FAIL: instance execution - gij test
FAIL: instance -O3 compilation from bytecode
FAIL: instinit compilation from source
FAIL: instinit execution - gij test
FAIL: instinit compilation from bytecode
FAIL: instinit -O3 compilation from source
FAIL: instinit execution - gij test
FAIL: instinit -O3 compilation from bytecode
FAIL: instinit2 compilation from source
FAIL: instinit2 execution - gij test
FAIL: instinit2 compilation from bytecode
FAIL: instinit2 -O3 compilation from source
FAIL: instinit2 execution - gij test
FAIL: instinit2 -O3 compilation from bytecode
FAIL: invoke_from_inner compilation from source
FAIL: invoke_from_inner execution - gij test
FAIL: invoke_from_inner compilation from bytecode
FAIL: invoke_from_inner -O3 compilation from source
FAIL: invoke_from_inner execution - gij test
FAIL: invoke_from_inner -O3 compilation from bytecode
FAIL: invokethrow compilation from source
FAIL: invokethrow execution - gij test
FAIL: invokethrow compilation from bytecode
FAIL: invokethrow -O3 compilation from source
FAIL: invokethrow execution - gij test
FAIL: invokethrow -O3 compilation from bytecode
FAIL: klass compilation from source
FAIL: klass execution - gij test
FAIL: klass compilation from bytecode
FAIL: klass -O3 compilation from source
FAIL: klass execution - gij test
FAIL: klass -O3 compilation from bytecode
FAIL: md5test compilation from source
FAIL: md5test execution - gij test
FAIL: md5test compilation from bytecode
FAIL: md5test -O3 compilation from source
FAIL: md5test execution - gij test
FAIL: md5test -O3 compilation from bytecode
FAIL: multiple_finit compilation from source
FAIL: multiple_finit execution - gij test
FAIL: multiple_finit compilation from bytecode
FAIL: multiple_finit -O3 compilation from source
FAIL: multiple_finit execution - gij test
FAIL: multiple_finit -O3 compilation from bytecode
FAIL: negzero compilation from source
FAIL: negzero execution - gij test
FAIL: negzero compilation from bytecode
FAIL: negzero -O3 compilation from source
FAIL: negzero execution - gij test
FAIL: negzero -O3 compilation from bytecode
FAIL: nested_with_ctor compilation from source
FAIL: nested_with_ctor execution - gij test
FAIL: nested_with_ctor compilation from bytecode
FAIL: nested_with_ctor -O3 compilation from source
FAIL: nested_with_ctor execution - gij test
FAIL: nested_with_ctor -O3 compilation from bytecode
FAIL: newarray_overflow compilation from source
FAIL: newarray_overflow execution - gij test
FAIL: newarray_overflow compilation from bytecode
FAIL: newarray_overflow -O3 compilation from source
FAIL: newarray_overflow execution - gij test
FAIL: newarray_overflow -O3 compilation from bytecode
FAIL: override compilation from source
FAIL: override execution - gij test
FAIL: override compilation from bytecode
FAIL: override -O3 compilation from source
FAIL: override execution - gij test
FAIL: override -O3 compilation from bytecode
FAIL: pr109 compilation from source
FAIL: pr109 execution - gij test
FAIL: pr109 compilation from bytecode
FAIL: pr109 -O3 compilation from source
FAIL: pr109 execution - gij test
FAIL: pr109 -O3 compilation from bytecode
FAIL: pr13107 compilation from source
FAIL: pr13107 execution - gij test
FAIL: pr13107 compilation from bytecode
FAIL: pr13107 -O3 compilation from source
FAIL: pr13107 execution - gij test
FAIL: pr13107 -O3 compilation from bytecode
FAIL: pr13107_2 compilation from source
FAIL: pr13107_2 execution - gij test
FAIL: pr13107_2 compilation from bytecode
FAIL: pr13107_2 -O3 compilation from source
FAIL: pr13107_2 execution - gij test
FAIL: pr13107_2 -O3 compilation from bytecode
FAIL: pr13107_3 compilation from source
FAIL: pr13107_3 execution - gij test
FAIL: pr13107_3 compilation from bytecode
FAIL: pr13107_3 -O3 compilation from source
FAIL: pr13107_3 execution - gij test
FAIL: pr13107_3 -O3 compilation from bytecode
FAIL: pr133 compilation from source
FAIL: pr133 execution - gij test
FAIL: pr133 compilation from bytecode
FAIL: pr133 -O3 compilation from source
FAIL: pr133 execution - gij test
FAIL: pr133 -O3 compilation from bytecode
FAIL: pr16789 compilation from source
FAIL: pr16789 execution - gij test
FAIL: pr16789 compilation from bytecode
FAIL: pr16789 -O3 compilation from source
FAIL: pr16789 execution - gij test
FAIL: pr16789 -O3 compilation from bytecode
FAIL: pr17536 compilation from source
FAIL: pr17536 execution - gij test
FAIL: pr17536 compilation from bytecode
FAIL: pr17536 -O3 compilation from source
FAIL: pr17536 execution - gij test
FAIL: pr17536 -O3 compilation from bytecode
FAIL: pr179 compilation from source
FAIL: pr179 execution - gij test
FAIL: pr179 compilation from bytecode
FAIL: pr179 -O3 compilation from source
FAIL: pr179 execution - gij test
FAIL: pr179 -O3 compilation from bytecode
FAIL: pr184 compilation from source
FAIL: pr184 execution - gij test
FAIL: pr184 compilation from bytecode
FAIL: pr184 -O3 compilation from source
FAIL: pr184 execution - gij test
FAIL: pr184 -O3 compilation from bytecode
FAIL: pr21785 compilation from source
FAIL: pr21785 execution - gij test
FAIL: pr21785 compilation from bytecode
FAIL: pr21785 -O3 compilation from source
FAIL: pr21785 execution - gij test
FAIL: pr21785 -O3 compilation from bytecode
FAIL: pr21844 compilation from source
FAIL: pr21844 execution - gij test
FAIL: pr21844 compilation from bytecode
FAIL: pr21844 -O3 compilation from source
FAIL: pr21844 execution - gij test
FAIL: pr21844 -O3 compilation from bytecode
FAIL: pr6388 compilation from source
FAIL: pr6388 execution - gij test
FAIL: pr6388 compilation from bytecode
FAIL: pr6388 -O3 compilation from source
FAIL: pr6388 execution - gij test
FAIL: pr6388 -O3 compilation from bytecode
FAIL: pr83 compilation from source
FAIL: pr83 execution - gij test
FAIL: pr83 compilation from bytecode
FAIL: pr83 -O3 compilation from source
FAIL: pr83 execution - gij test
FAIL: pr83 -O3 compilation from bytecode
FAIL: pr8415 compilation from source
FAIL: pr8415 execution - gij test
FAIL: pr8415 compilation from bytecode
FAIL: pr8415 -O3 compilation from source
FAIL: pr8415 execution - gij test
FAIL: pr8415 -O3 compilation from bytecode
FAIL: pr8676 compilation from source
FAIL: pr8676 execution - gij test
FAIL: pr8676 compilation from bytecode
FAIL: pr8676 -O3 compilation from source
FAIL: pr8676 execution - gij test
FAIL: pr8676 -O3 compilation from bytecode
FAIL: pr8823 compilation from source
FAIL: pr8823 execution - gij test
FAIL: pr8823 compilation from bytecode
FAIL: pr8823 -O3 compilation from source
FAIL: pr8823 execution - gij test
FAIL: pr8823 -O3 compilation from bytecode
FAIL: pr8945 compilation from source
FAIL: pr8945 execution - gij test
FAIL: pr8945 compilation from bytecode
FAIL: pr8945 -O3 compilation from source
FAIL: pr8945 execution - gij test
FAIL: pr8945 -O3 compilation from bytecode
FAIL: private_direct_read compilation from source
FAIL: private_direct_read execution - gij test
FAIL: private_direct_read compilation from bytecode
FAIL: private_direct_read -O3 compilation from source
FAIL: private_direct_read execution - gij test
FAIL: private_direct_read -O3 compilation from bytecode
FAIL: search_outer compilation from source
FAIL: search_outer execution - gij test
FAIL: search_outer compilation from bytecode
FAIL: search_outer -O3 compilation from source
FAIL: search_outer execution - gij test
FAIL: search_outer -O3 compilation from bytecode
FAIL: shatest compilation from source
FAIL: shatest execution - gij test
FAIL: shatest compilation from bytecode
FAIL: shatest -O3 compilation from source
FAIL: shatest execution - gij test
FAIL: shatest -O3 compilation from bytecode
FAIL: stringconst compilation from source
FAIL: stringconst execution - gij test
FAIL: stringconst compilation from bytecode
FAIL: stringconst -O3 compilation from source
FAIL: stringconst execution - gij test
FAIL: stringconst -O3 compilation from bytecode
FAIL: stringconst2 compilation from source
FAIL: stringconst2 execution - gij test
FAIL: stringconst2 compilation from bytecode
FAIL: stringconst2 -O3 compilation from source
FAIL: stringconst2 execution - gij test
FAIL: stringconst2 -O3 compilation from bytecode
FAIL: stub compilation from source
FAIL: stub execution - gij test
FAIL: stub compilation from bytecode
FAIL: stub -O3 compilation from source
FAIL: stub execution - gij test
FAIL: stub -O3 compilation from bytecode
FAIL: test_long compilation from source
FAIL: test_long execution - gij test
FAIL: test_long compilation from bytecode
FAIL: test_long -O3 compilation from source
FAIL: test_long execution - gij test
FAIL: test_long -O3 compilation from bytecode
FAIL: tmi compilation from source
FAIL: tmi execution - gij test
FAIL: tmi compilation from bytecode
FAIL: tmi -O3 compilation from source
FAIL: tmi execution - gij test
FAIL: tmi -O3 compilation from bytecode
FAIL: tp compilation from source
FAIL: tp execution - gij test
FAIL: tp compilation from bytecode
FAIL: tp -O3 compilation from source
FAIL: tp execution - gij test
FAIL: tp -O3 compilation from bytecode
FAIL: update_outer compilation from source
FAIL: update_outer execution - gij test
FAIL: update_outer compilation from bytecode
FAIL: update_outer -O3 compilation from source
FAIL: update_outer execution - gij test
FAIL: update_outer -O3 compilation from bytecode
FAIL: utf8concat compilation from source
FAIL: utf8concat execution - gij test
FAIL: utf8concat compilation from bytecode
FAIL: utf8concat -O3 compilation from source
FAIL: utf8concat execution - gij test
FAIL: utf8concat -O3 compilation from bytecode
FAIL: utilTest compilation from source
FAIL: utilTest execution - gij test
FAIL: utilTest compilation from bytecode
FAIL: utilTest -O3 compilation from source
FAIL: utilTest execution - gij test
FAIL: utilTest -O3 compilation from bytecode
FAIL: verify compilation from source
FAIL: verify execution - gij test
FAIL: verify compilation from bytecode
FAIL: verify -O3 compilation from source
FAIL: verify execution - gij test
FAIL: verify -O3 compilation from bytecode
FAIL: TestEarlyGC compilation from source
FAIL: TestLeak compilation from source
FAIL: TestMultiple compilation from source
FAIL: TestParent compilation from source
FAIL: linking pr21115
FAIL: compiling/linking pr21115.java

		=== libjava Summary ===

# of expected passes		937
# of unexpected failures	1240
# of expected failures		31
# of untested testcases		1773
		=== libstdc++ tests ===


Running target unix/-mcpu=970/-m64
FAIL: 21_strings/basic_string/cons/char/1.cc execution test
FAIL: 21_strings/basic_string/cons/wchar_t/1.cc execution test
FAIL: 21_strings/basic_string/insert/char/1.cc execution test
FAIL: 21_strings/basic_string/insert/wchar_t/1.cc execution test
FAIL: 23_containers/bitset/input/1.cc (test for excess errors)
FAIL: 23_containers/bitset/to_ulong/1.cc (test for excess errors)
FAIL: 26_numerics/complex/13450.cc execution test
WARNING: program timed out.
FAIL: 27_io/objects/char/6.cc execution test
FAIL: 27_io/objects/wchar_t/6.cc execution test
FAIL: ext/array_allocator/1.cc (test for excess errors)
FAIL: ext/array_allocator/2.cc (test for excess errors)
FAIL: ext/array_allocator/3.cc (test for excess errors)
FAIL: ext/array_allocator/check_allocate_max_size.cc (test for excess errors)
FAIL: ext/array_allocator/check_delete.cc (test for excess errors)
FAIL: ext/array_allocator/check_new.cc (test for excess errors)
FAIL: ext/bitmap_allocator/check_allocate_max_size.cc (test for excess errors)
FAIL: ext/bitmap_allocator/check_deallocate_null.cc (test for excess errors)
FAIL: ext/bitmap_allocator/check_delete.cc (test for excess errors)
FAIL: ext/mt_allocator/check_allocate_big_per_type.cc (test for excess errors)
FAIL: ext/mt_allocator/check_allocate_max_size.cc (test for excess errors)
FAIL: ext/mt_allocator/check_deallocate_null.cc (test for excess errors)
FAIL: ext/mt_allocator/check_deallocate_null_thread.cc (test for excess errors)
FAIL: ext/mt_allocator/check_delete.cc (test for excess errors)
FAIL: ext/mt_allocator/check_new.cc (test for excess errors)
FAIL: ext/mt_allocator/deallocate_global-2.cc (test for excess errors)
FAIL: ext/mt_allocator/deallocate_global-4.cc (test for excess errors)
FAIL: ext/mt_allocator/deallocate_global_thread-1.cc (test for excess errors)
FAIL: ext/mt_allocator/deallocate_global_thread-3.cc (test for excess errors)
FAIL: ext/mt_allocator/deallocate_local-2.cc (test for excess errors)
FAIL: ext/mt_allocator/deallocate_local-4.cc (test for excess errors)
FAIL: ext/mt_allocator/deallocate_local_thread-1.cc (test for excess errors)
FAIL: ext/mt_allocator/deallocate_local_thread-3.cc (test for excess errors)
FAIL: ext/mt_allocator/tune-1.cc (test for excess errors)
FAIL: ext/mt_allocator/tune-2.cc (test for excess errors)
FAIL: ext/mt_allocator/tune-3.cc (test for excess errors)
FAIL: ext/mt_allocator/tune-4.cc (test for excess errors)

		=== libstdc++ Summary ===

# of expected passes		3346
# of unexpected failures	36
# of expected failures		13
# of unsupported tests		323

Compiler version: 4.1.0 20060208 (prerelease) 
Platform: powerpc-apple-darwin8.4.0
configure flags: --prefix=/pkgs/gcc-mainline --with-gmp=/sw/ --with-mpfr=/sw/ --with-as=/usr/local/odcctools-20060123/bin/as --with-ld=/usr/local/odcctools-20060123/bin/ld --enable-languages=c,c++,fortran,java,objc
BOOT_CFLAGS=-g -O2 -mdynamic-no-pic
Counting all warnings,
there are 29 warnings in stage3 of this bootstrap.

Number of warnings per file:
   8 gcc/config/rs6000/altivec.md
   6 gcc/gcc.c
   5 /usr/share/bison.simple
   4 gcc/unwind-dw2-fde-darwin.c
   3 gengtype-lex.c
   2 gcc/objc/lang-specs.h
   1 gcc/java/jvspec.c

Number of warning types:
   9 string length \`???' is greater than the length \`???' ISO C89 compilers are required to support
   6 old-style function definition
   4 passing argument 1 of \`???' from incompatible pointer type
   4 operand 3 missing mode?
   2 operand 1 missing mode?
   2 comparison between signed and unsigned
   1 operand 0 missing mode?
   1 destination missing a mode?


Index Nav: [Date Index] [Subject Index] [Author Index] [Thread Index]
Message Nav: [Date Prev] [Date Next] [Thread Prev] [Thread Next]