This is the mail archive of the
gcc-testresults@gcc.gnu.org
mailing list for the GCC project.
Results for 3.4.6 20060207 (prerelease) testsuite on sparc-sun-solaris2.10
- From: "Kaveh R. Ghazi" <ghazi at caipclassic dot rutgers dot edu>
- To: gcc-testresults at gcc dot gnu dot org
- Date: Tue, 7 Feb 2006 18:43:19 -0500 (EST)
- Subject: Results for 3.4.6 20060207 (prerelease) testsuite on sparc-sun-solaris2.10
LAST_UPDATED:
Native configuration is sparc-sun-solaris2.10
=== g++ tests ===
Running target unix
WARNING: g++.dg/eh/simd-1.C compilation failed to produce executable
WARNING: g++.dg/eh/simd-2.C compilation failed to produce executable
FAIL: g++.old-deja/g++.eh/badalloc1.C execution test
=== g++ Summary ===
# of expected passes 9942
# of unexpected failures 1
# of expected failures 68
# of unsupported tests 77
/caip/u12/kishgcc/gcc-testing/gcc-testing/34/build/gcc/testsuite/../g++ version 3.4.6 20060207 (prerelease)
=== g77 tests ===
Running target unix
=== g77 Summary ===
# of expected passes 1812
# of unsupported tests 6
/caip/u12/kishgcc/gcc-testing/gcc-testing/34/build/gcc/testsuite/../g77 version 3.4.6 20060207 (prerelease)
=== gcc tests ===
Running target unix
UNRESOLVED: gcc.c-torture/execute/simd-4.c execution, -O0
UNRESOLVED: gcc.dg/compat/vector-1 c_compat_x_tst.o-c_compat_y_tst.o link
UNRESOLVED: gcc.dg/compat/vector-1 c_compat_x_tst.o-c_compat_y_tst.o execute
UNRESOLVED: gcc.dg/compat/vector-2 c_compat_x_tst.o-c_compat_y_tst.o link
UNRESOLVED: gcc.dg/compat/vector-2 c_compat_x_tst.o-c_compat_y_tst.o execute
XPASS: gcc.dg/uninit-4.c uninitialized variable warning (test for bogus messages, line 26)
UNRESOLVED: gcc.dg/visibility-1.c
UNRESOLVED: gcc.dg/visibility-2.c
UNRESOLVED: gcc.dg/visibility-3.c
UNRESOLVED: gcc.dg/visibility-4.c
UNRESOLVED: gcc.dg/visibility-5.c
UNRESOLVED: gcc.dg/visibility-6.c
UNRESOLVED: gcc.dg/visibility-7.c
UNRESOLVED: gcc.dg/visibility-8.c
FAIL: largefile.c -O0 -g (test for excess errors)
FAIL: largefile.c -O0 (test for excess errors)
FAIL: largefile.c -O1 (test for excess errors)
FAIL: largefile.c -O2 (test for excess errors)
FAIL: largefile.c -O3 -fomit-frame-pointer (test for excess errors)
FAIL: largefile.c -O3 -g (test for excess errors)
FAIL: largefile.c -Os (test for excess errors)
=== gcc Summary ===
# of expected passes 24909
# of unexpected failures 7
# of unexpected successes 1
# of expected failures 79
# of unresolved testcases 13
# of untested testcases 14
# of unsupported tests 365
/caip/u12/kishgcc/gcc-testing/gcc-testing/34/build/gcc/xgcc version 3.4.6 20060207 (prerelease)
=== objc tests ===
Running target unix
=== objc Summary ===
# of expected passes 1352
# of unsupported tests 8
/caip/u12/kishgcc/gcc-testing/gcc-testing/34/build/gcc/xgcc version 3.4.6 20060207 (prerelease)
=== libffi tests ===
Running target unix
=== libffi Summary ===
# of expected passes 212
# of unsupported tests 2
=== libjava tests ===
Running target unix
FAIL: cxxtest run
FAIL: ArrayStore execution - bytecode->native test
FAIL: Array_2 execution - bytecode->native test
FAIL: Array_3 execution - gij test
FAIL: Array_3 execution - gij test
FAIL: CompareNaN execution - gij test
FAIL: Thread_Alive execution - gij test
FAIL: Thread_Join execution - bytecode->native test
FAIL: Thread_Monitor execution - bytecode->native test
FAIL: Thread_Wait execution - gij test
FAIL: Thread_Wait -O3 execution - bytecode->native test
FAIL: Thread_Wait_2 execution - bytecode->native test
FAIL: Thread_Wait_Interrupt execution - gij test
FAIL: Thread_Wait_Interrupt -O3 execution - source compiled test
FAIL: Thread_Wait_Interrupt execution - gij test
FAIL: Thread_Wait_Interrupt -O3 execution - bytecode->native test
FAIL: anonarray3 -O3 execution - source compiled test
FAIL: initexc -O3 execution - bytecode->native test
FAIL: inner2 execution - gij test
FAIL: instance -O3 execution - source compiled test
FAIL: newarray_overflow -O3 execution - bytecode->native test
FAIL: pr109 execution - gij test
FAIL: pr8676 -O3 execution - bytecode->native test
FAIL: update_outer execution - gij test
=== libjava Summary ===
# of expected passes 3225
# of unexpected failures 24
# of expected failures 9
# of untested testcases 32
=== libstdc++ tests ===
Running target unix
XPASS: 22_locale/locale/cons/12658_thread.cc execution test
WARNING: program timed out.
FAIL: 22_locale/num_get/get/char/wrapped_env.cc (test for excess errors)
WARNING: 22_locale/num_get/get/char/wrapped_env.cc compilation failed to produce executable
WARNING: program timed out.
FAIL: 22_locale/num_get/get/char/wrapped_locale.cc (test for excess errors)
WARNING: 22_locale/num_get/get/char/wrapped_locale.cc compilation failed to produce executable
WARNING: program timed out.
FAIL: 22_locale/num_get/get/wchar_t/wrapped_env.cc (test for excess errors)
WARNING: 22_locale/num_get/get/wchar_t/wrapped_env.cc compilation failed to produce executable
WARNING: program timed out.
FAIL: 22_locale/num_get/get/wchar_t/wrapped_locale.cc (test for excess errors)
WARNING: 22_locale/num_get/get/wchar_t/wrapped_locale.cc compilation failed to produce executable
WARNING: program timed out.
FAIL: 26_numerics/complex_inserters_extractors.cc (test for excess errors)
WARNING: 26_numerics/complex_inserters_extractors.cc compilation failed to produce executable
WARNING: program timed out.
FAIL: 27_io/basic_fstream/2.cc (test for excess errors)
WARNING: program timed out.
FAIL: 27_io/basic_ios/imbue/14072.cc (test for excess errors)
WARNING: 27_io/basic_ios/imbue/14072.cc compilation failed to produce executable
WARNING: program timed out.
FAIL: 27_io/basic_istream/2.cc (test for excess errors)
XPASS: 27_io/basic_istream/extractors_arithmetic/char/12.cc execution test
WARNING: program timed out.
FAIL: 27_io/basic_ostream/2.cc (test for excess errors)
WARNING: program timed out.
FAIL: 27_io/basic_stringstream/2.cc (test for excess errors)
=== libstdc++ Summary ===
# of expected passes 2720
# of unexpected failures 10
# of unexpected successes 2
# of expected failures 5
Compiler version: 3.4.6 20060207 (prerelease)
Platform: sparc-sun-solaris2.10
configure flags: --verbose --enable-checking=misc,tree,rtl,rtlflag,gc,fold --enable-languages=c,c++,objc,f77,java --with-local-prefix=/tmp/local --without-libiconv-prefix