This is the mail archive of the gcc-testresults@gcc.gnu.org mailing list for the GCC project.


Index Nav: [Date Index] [Subject Index] [Author Index] [Thread Index]
Message Nav: [Date Prev] [Date Next] [Thread Prev] [Thread Next]
Other format: [Raw text]

Results for 4.2.0 20060207 (experimental) testsuite on ia64-hp-hpux11.23


LAST_UPDATED: Tue Feb  7 08:14:07 UTC 2006 (revision 110689)

Native configuration is ia64-hp-hpux11.23

		=== g++ tests ===


Running target unix/-milp32
FAIL: g++.dg/init/ctor4.C (test for excess errors)
XPASS: g++.dg/other/packed1.C execution test
FAIL: g++.dg/parse/register1.C (test for excess errors)
FAIL: g++.dg/warn/weak1.C (test for excess errors)
WARNING: g++.dg/warn/weak1.C compilation failed to produce executable
FAIL: g++.old-deja/g++.brendan/warnings4.C (test for excess errors)
FAIL: g++.old-deja/g++.jason/overload34.C (test for excess errors)
FAIL: g++.old-deja/g++.mike/p11110.C (test for excess errors)

		=== g++ Summary for unix/-milp32 ===

# of expected passes		11451
# of unexpected failures	6
# of unexpected successes	1
# of expected failures		71
# of unsupported tests		114

Running target unix/-mlp64
FAIL: g++.dg/init/ctor4.C (test for excess errors)
XPASS: g++.dg/other/packed1.C execution test
FAIL: g++.dg/parse/register1.C (test for excess errors)
FAIL: g++.dg/warn/weak1.C (test for excess errors)
WARNING: g++.dg/warn/weak1.C compilation failed to produce executable
FAIL: g++.old-deja/g++.brendan/warnings4.C (test for excess errors)
FAIL: g++.old-deja/g++.jason/overload34.C (test for excess errors)
FAIL: g++.old-deja/g++.mike/p11110.C (test for excess errors)

		=== g++ Summary for unix/-mlp64 ===

# of expected passes		11419
# of unexpected failures	6
# of unexpected successes	1
# of expected failures		71
# of unsupported tests		116

		=== g++ Summary ===

# of expected passes		22870
# of unexpected failures	12
# of unexpected successes	2
# of expected failures		142
# of unsupported tests		230
/scratch/gcc/nightly-2006-02-07-mainline/ia64-hp-hpux11.23/build_gcc/install/bin/c++  version 4.2.0 20060207 (experimental)

		=== gcc tests ===


Running target unix/-milp32
FAIL: gcc.dg/attr-weakref-1.c (test for excess errors)
WARNING: gcc.dg/attr-weakref-1.c compilation failed to produce executable
FAIL: gcc.dg/builtin-apply4.c execution test
FAIL: gcc.dg/pr23372-1.c scan-assembler-times memcpy 1
XPASS: gcc.dg/vect/pr16105.c scan-tree-dump-times vectorized 1 loops 1
XPASS: gcc.dg/vect/pr20122.c scan-tree-dump-times vectorized 1 loops 2
XPASS: gcc.dg/vect/vect-105.c scan-tree-dump-times vectorized 1 loops 1
XPASS: gcc.dg/vect/vect-30.c scan-tree-dump-times vectorized 1 loops 2
XPASS: gcc.dg/vect/vect-42.c scan-tree-dump-times vectorized 1 loops 1
XPASS: gcc.dg/vect/vect-43.c scan-tree-dump-times vectorized 1 loops 1
XPASS: gcc.dg/vect/vect-74.c scan-tree-dump-times vectorized 1 loops 1
XPASS: gcc.dg/vect/vect-75.c scan-tree-dump-times vectorized 1 loops 1
XPASS: gcc.dg/vect/vect-8.c scan-tree-dump-times vectorized 1 loops 1
FAIL: gcc.dg/vect/vect-reduc-dot-s16.c scan-tree-dump-times vectorized 1 loops 1
XPASS: gcc.dg/vect/vect-reduc-dot-u16.c scan-tree-dump-times vectorized 1 loops 1
FAIL: gcc.dg/vect/vect-reduc-pattern-2.c scan-tree-dump-times vectorized 2 loops 1

		=== gcc Summary for unix/-milp32 ===

# of expected passes		37703
# of unexpected failures	5
# of unexpected successes	10
# of expected failures		145
# of untested testcases		28
# of unsupported tests		352

Running target unix/-mlp64
FAIL: gcc.dg/attr-weakref-1.c (test for excess errors)
WARNING: gcc.dg/attr-weakref-1.c compilation failed to produce executable
FAIL: gcc.dg/builtin-apply4.c execution test
FAIL: gcc.dg/pr23372-1.c scan-assembler-times memcpy 1
XPASS: gcc.dg/torture/fp-int-convert-float128-timode.c  -O0  (test for excess errors)
FAIL: gcc.dg/torture/fp-int-convert-float128-timode.c  -O0  execution test
XPASS: gcc.dg/torture/fp-int-convert-float128-timode.c  -O1  (test for excess errors)
FAIL: gcc.dg/torture/fp-int-convert-float128-timode.c  -O1  execution test
XPASS: gcc.dg/torture/fp-int-convert-float128-timode.c  -O2  (test for excess errors)
FAIL: gcc.dg/torture/fp-int-convert-float128-timode.c  -O2  execution test
XPASS: gcc.dg/torture/fp-int-convert-float128-timode.c  -O3 -fomit-frame-pointer  (test for excess errors)
FAIL: gcc.dg/torture/fp-int-convert-float128-timode.c  -O3 -fomit-frame-pointer  execution test
XPASS: gcc.dg/torture/fp-int-convert-float128-timode.c  -O3 -g  (test for excess errors)
FAIL: gcc.dg/torture/fp-int-convert-float128-timode.c  -O3 -g  execution test
XPASS: gcc.dg/torture/fp-int-convert-float128-timode.c  -Os  (test for excess errors)
FAIL: gcc.dg/torture/fp-int-convert-float128-timode.c  -Os  execution test
XPASS: gcc.dg/vect/pr16105.c scan-tree-dump-times vectorized 1 loops 1
XPASS: gcc.dg/vect/pr20122.c scan-tree-dump-times vectorized 1 loops 2
XPASS: gcc.dg/vect/vect-105.c scan-tree-dump-times vectorized 1 loops 1
XPASS: gcc.dg/vect/vect-30.c scan-tree-dump-times vectorized 1 loops 2
XPASS: gcc.dg/vect/vect-42.c scan-tree-dump-times vectorized 1 loops 1
XPASS: gcc.dg/vect/vect-43.c scan-tree-dump-times vectorized 1 loops 1
XPASS: gcc.dg/vect/vect-74.c scan-tree-dump-times vectorized 1 loops 1
XPASS: gcc.dg/vect/vect-75.c scan-tree-dump-times vectorized 1 loops 1
XPASS: gcc.dg/vect/vect-8.c scan-tree-dump-times vectorized 1 loops 1
FAIL: gcc.dg/vect/vect-reduc-dot-s16.c scan-tree-dump-times vectorized 1 loops 1
XPASS: gcc.dg/vect/vect-reduc-dot-u16.c scan-tree-dump-times vectorized 1 loops 1
FAIL: gcc.dg/vect/vect-reduc-pattern-2.c scan-tree-dump-times vectorized 2 loops 1

		=== gcc Summary for unix/-mlp64 ===

# of expected passes		37685
# of unexpected failures	11
# of unexpected successes	16
# of expected failures		151
# of untested testcases		28
# of unsupported tests		353

		=== gcc Summary ===

# of expected passes		75388
# of unexpected failures	16
# of unexpected successes	26
# of expected failures		296
# of untested testcases		56
# of unsupported tests		705
/scratch/gcc/nightly-2006-02-07-mainline/ia64-hp-hpux11.23/build_gcc/install/bin/gcc  version 4.2.0 20060207 (experimental)

		=== libstdc++ tests ===


Running target unix/-milp32

		=== libstdc++ Summary for unix/-milp32 ===

# of expected passes		2702
# of expected failures		10
# of unsupported tests		159

Running target unix/-mlp64

		=== libstdc++ Summary for unix/-mlp64 ===

# of expected passes		2702
# of expected failures		10
# of unsupported tests		159

		=== libstdc++ Summary ===

# of expected passes		5404
# of expected failures		20
# of unsupported tests		318

Compiler version: 4.2.0 20060207 (experimental) 
Platform: ia64-hp-hpux11.23
configure flags: --disable-nls --build=ia64-hp-hpux11.23 --host=ia64-hp-hpux11.23 --target=ia64-hp-hpux11.23 --enable-shared --enable-threads --disable-libmudflap --disable-libssp --disable-libstdcxx-pch --with-gnu-as --with-as=/scratch/gcc/nightly-2006-02-07-mainline/ia64-hp-hpux11.23/build_gcc/install/bin/as --without-gnu-ld --with-ld=/usr/ccs/bin/ld --prefix=/scratch/gcc/nightly-2006-02-07-mainline/ia64-hp-hpux11.23/build_gcc/install --enable-languages=c,c++


Index Nav: [Date Index] [Subject Index] [Author Index] [Thread Index]
Message Nav: [Date Prev] [Date Next] [Thread Prev] [Thread Next]