This is the mail archive of the gcc-testresults@gcc.gnu.org mailing list for the GCC project.


Index Nav: [Date Index] [Subject Index] [Author Index] [Thread Index]
Message Nav: [Date Prev] [Date Next] [Thread Prev] [Thread Next]
Other format: [Raw text]

Results for 4.1.0 20060205 (prerelease) testsuite on hppa2.0w-hp-hpux11.00


LAST_UPDATED: Sun Feb  5 16:23:53 UTC 2006 (revision 110616M)

		=== acats tests ===
FAIL:	ce3806d
FAIL:	ce3806e
FAIL:	ce3810a
FAIL:	cxaa008
FAIL:	cxaa009
FAIL:	cxg1003
FAIL:	cxg2001
FAIL:	cxg2002
FAIL:	cxg2003
FAIL:	cxg2004
FAIL:	cxg2006
FAIL:	cxg2007
FAIL:	cxg2010
FAIL:	cxg2011
FAIL:	cxg2012
FAIL:	cxg2013
FAIL:	cxg2015
FAIL:	cxg2016
FAIL:	cxg2017
FAIL:	cxg2018
FAIL:	cxg2019
FAIL:	cxg2020
FAIL:	cxg2021
FAIL:	cxg2024

		=== acats Summary ===
# of expected passes		2291
# of unexpected failures	24
Native configuration is hppa2.0w-hp-hpux11.00

		=== g++ tests ===


Running target unix
FAIL: g++.dg/opt/complex5.C (test for excess errors)
XPASS: g++.dg/tree-ssa/pr14814.C scan-tree-dump-times &this 0

		=== g++ Summary ===

# of expected passes		11543
# of unexpected failures	1
# of unexpected successes	1
# of expected failures		68
# of unsupported tests		152
/home/gnu/gcc-3.4/objdir/gcc/testsuite/../g++  version 4.1.0 20060205 (prerelease)

		=== gcc tests ===


Running target unix
WARNING: program timed out.
FAIL: gcc.c-torture/compile/20001226-1.c  -O2  (test for excess errors)
WARNING: program timed out.
FAIL: gcc.c-torture/compile/20001226-1.c  -O3 -fomit-frame-pointer  (test for excess errors)
WARNING: program timed out.
FAIL: gcc.c-torture/compile/20001226-1.c  -O3 -g  (test for excess errors)
WARNING: program timed out.
FAIL: gcc.c-torture/compile/20001226-1.c  -Os  (test for excess errors)

		=== gcc Summary ===

# of expected passes		36331
# of unexpected failures	4
# of expected failures		78
# of untested testcases		28
# of unsupported tests		420
/home/gnu/gcc-3.4/objdir/gcc/xgcc  version 4.1.0 20060205 (prerelease)

		=== gfortran tests ===


Running target unix
FAIL: gfortran.dg/secnds.f  -O0  execution test

		=== gfortran Summary ===

# of expected passes		11398
# of unexpected failures	1
# of expected failures		4
# of unsupported tests		66
/home/gnu/gcc-3.4/objdir/gcc/testsuite/../gfortran  version 4.1.0 20060205 (prerelease)

		=== obj-c++ tests ===


Running target unix
FAIL: obj-c++.dg/cxx-ivars-2.mm execution test
FAIL: obj-c++.dg/encode-8.mm execution test
FAIL: obj-c++.dg/isa-field-1.mm (test for excess errors)
FAIL: obj-c++.dg/lookup-2.mm (test for excess errors)
WARNING: obj-c++.dg/lookup-2.mm compilation failed to produce executable
FAIL: obj-c++.dg/try-catch-2.mm (test for excess errors)
WARNING: obj-c++.dg/try-catch-2.mm compilation failed to produce executable
FAIL: obj-c++.dg/try-catch-9.mm (test for excess errors)
WARNING: obj-c++.dg/try-catch-9.mm compilation failed to produce executable

		=== obj-c++ Summary ===

# of expected passes		423
# of unexpected failures	6
# of unsupported tests		13
/home/gnu/gcc-3.4/objdir/gcc/testsuite/../g++  version 4.1.0 20060205 (prerelease)

		=== objc tests ===


Running target unix

		=== objc Summary ===

# of expected passes		1682
# of unsupported tests		23
/home/gnu/gcc-3.4/objdir/gcc/xgcc  version 4.1.0 20060205 (prerelease)

		=== libstdc++ tests ===


Running target unix

		=== libstdc++ Summary ===

# of expected passes		2608
# of expected failures		10
# of unsupported tests		145

Compiler version: 4.1.0 20060205 (prerelease) 
Platform: hppa2.0w-hp-hpux11.00
configure flags: --with-gnu-as --with-as=/opt/gnu/bin/as --enable-shared --with-local-prefix=/opt/gnu --prefix=/opt/gnu/gcc/gcc-4.1.0 --with-gmp=/opt/gnu/gcc/gcc-4.1.0 --enable-debug=no --disable-nls --enable-languages=c,ada,c++,fortran,java,objc,obj-c++


Index Nav: [Date Index] [Subject Index] [Author Index] [Thread Index]
Message Nav: [Date Prev] [Date Next] [Thread Prev] [Thread Next]