This is the mail archive of the gcc-testresults@gcc.gnu.org mailing list for the GCC project.


Index Nav: [Date Index] [Subject Index] [Author Index] [Thread Index]
Message Nav: [Date Prev] [Date Next] [Thread Prev] [Thread Next]
Other format: [Raw text]

Results for 4.2.0 20060206 (experimental) testsuite on x86_64-suse-linux-gnu


Bootstrap and regtesting on x86_64-suse-linux-gnu.
SVN sources: mainline.
LAST_UPDATED: Mon Feb  6 18:53:21 UTC 2006 (revision 110661)

		=== acats tests ===
FAIL:	cdd2a02

		=== acats Summary ===
# of expected passes		2315
# of unexpected failures	1
Native configuration is x86_64-suse-linux-gnu

		=== gcc tests ===


Running target unix/-m32
XPASS: gcc.dg/cpp/cmdlne-dI-M.c scan-file (^|\\\\n)cmdlne-dI-M.*:[^\\\\n]*cmdlne-dI-M.c
XPASS: gcc.dg/cpp/cmdlne-dM-M.c scan-file (^|\\\\n)cmdlne-dM-M[^\\\\n]*:[^\\\\n]*cmdlne-dM-M.c

		=== gcc Summary for unix/-m32 ===

# of expected passes		38858
# of unexpected successes	2
# of expected failures		112
# of untested testcases		28
# of unsupported tests		280

Running target unix
XPASS: gcc.dg/cpp/cmdlne-dI-M.c scan-file (^|\\\\n)cmdlne-dI-M.*:[^\\\\n]*cmdlne-dI-M.c
XPASS: gcc.dg/cpp/cmdlne-dM-M.c scan-file (^|\\\\n)cmdlne-dM-M[^\\\\n]*:[^\\\\n]*cmdlne-dM-M.c
WARNING: gcc.dg/torture/fp-int-convert-float128-timode.c  -O0  compilation failed to produce executable
WARNING: gcc.dg/torture/fp-int-convert-float128-timode.c  -O1  compilation failed to produce executable
WARNING: gcc.dg/torture/fp-int-convert-float128-timode.c  -O2  compilation failed to produce executable
WARNING: gcc.dg/torture/fp-int-convert-float128-timode.c  -O3 -fomit-frame-pointer  compilation failed to produce executable
WARNING: gcc.dg/torture/fp-int-convert-float128-timode.c  -O3 -g  compilation failed to produce executable
WARNING: gcc.dg/torture/fp-int-convert-float128-timode.c  -Os  compilation failed to produce executable
WARNING: gcc.dg/torture/fp-int-convert-float128.c  -O0  compilation failed to produce executable
WARNING: gcc.dg/torture/fp-int-convert-float128.c  -O1  compilation failed to produce executable
WARNING: gcc.dg/torture/fp-int-convert-float128.c  -O2  compilation failed to produce executable
WARNING: gcc.dg/torture/fp-int-convert-float128.c  -O3 -fomit-frame-pointer  compilation failed to produce executable
WARNING: gcc.dg/torture/fp-int-convert-float128.c  -O3 -g  compilation failed to produce executable
WARNING: gcc.dg/torture/fp-int-convert-float128.c  -Os  compilation failed to produce executable

		=== gcc Summary for unix ===

# of expected passes		38736
# of unexpected successes	2
# of expected failures		123
# of untested testcases		28
# of unsupported tests		378

		=== gcc Summary ===

# of expected passes		77594
# of unexpected successes	4
# of expected failures		235
# of untested testcases		56
# of unsupported tests		658
/builds/gcc/misc/gcc/xgcc  version 4.2.0 20060206 (experimental)

		=== gfortran tests ===


Running target unix/-m32

		=== gfortran Summary for unix/-m32 ===

# of expected passes		11532
# of expected failures		15
# of unsupported tests		16

Running target unix

		=== gfortran Summary for unix ===

# of expected passes		11529
# of expected failures		18
# of unsupported tests		16

		=== gfortran Summary ===

# of expected passes		23061
# of expected failures		33
# of unsupported tests		32
/builds/gcc/misc/gcc/testsuite/gfortran/../../gfortran  version 4.2.0 20060206 (experimental)

		=== g++ tests ===


Running target unix/-m32
FAIL: g++.dg/init/ctor4.C (test for excess errors)
FAIL: g++.dg/opt/complex5.C (test for excess errors)
FAIL: g++.dg/parse/register1.C (test for excess errors)
FAIL: g++.old-deja/g++.brendan/warnings4.C (test for excess errors)
FAIL: g++.old-deja/g++.jason/overload34.C (test for excess errors)
FAIL: g++.old-deja/g++.mike/p11110.C (test for excess errors)
XPASS: g++.old-deja/g++.other/init5.C execution test

		=== g++ Summary for unix/-m32 ===

# of expected passes		12054
# of unexpected failures	6
# of unexpected successes	1
# of expected failures		66
# of unsupported tests		67

Running target unix
FAIL: g++.dg/init/ctor4.C (test for excess errors)
FAIL: g++.dg/parse/register1.C (test for excess errors)
FAIL: g++.old-deja/g++.brendan/warnings4.C (test for excess errors)
FAIL: g++.old-deja/g++.jason/overload34.C (test for excess errors)
FAIL: g++.old-deja/g++.mike/p11110.C (test for excess errors)
XPASS: g++.old-deja/g++.other/init5.C execution test

		=== g++ Summary for unix ===

# of expected passes		11970
# of unexpected failures	5
# of unexpected successes	1
# of expected failures		66
# of unsupported tests		96

		=== g++ Summary ===

# of expected passes		24024
# of unexpected failures	11
# of unexpected successes	2
# of expected failures		132
# of unsupported tests		163
/builds/gcc/misc/gcc/testsuite/g++/../../g++  version 4.2.0 20060206 (experimental)

		=== objc tests ===


Running target unix/-m32

		=== objc Summary for unix/-m32 ===

# of expected passes		1745
# of expected failures		7
# of unsupported tests		23

Running target unix

		=== objc Summary for unix ===

# of expected passes		1745
# of expected failures		7
# of unsupported tests		23

		=== objc Summary ===

# of expected passes		3490
# of expected failures		14
# of unsupported tests		46
/builds/gcc/misc/gcc/xgcc  version 4.2.0 20060206 (experimental)

		=== treelang tests ===


Running target unix/-m32

		=== treelang Summary for unix/-m32 ===

# of expected passes		50

Running target unix

		=== treelang Summary for unix ===

# of expected passes		50

		=== treelang Summary ===

# of expected passes		100
		=== libffi tests ===


Running target unix/-m32

		=== libffi Summary for unix/-m32 ===

# of expected passes		228
# of unsupported tests		2

Running target unix

		=== libffi Summary for unix ===

# of expected passes		228
# of unsupported tests		2

		=== libffi Summary ===

# of expected passes		456
# of unsupported tests		4
		=== libgomp tests ===


Running target unix/-m32
FAIL: libgomp.c/ordered-2.c (test for excess errors)
WARNING: libgomp.c/ordered-2.c compilation failed to produce executable

		=== libgomp Summary for unix/-m32 ===

# of expected passes		129
# of unexpected failures	1

Running target unix

		=== libgomp Summary for unix ===

# of expected passes		131

		=== libgomp Summary ===

# of expected passes		260
# of unexpected failures	1
		=== libjava tests ===


Running target unix/-m32

		=== libjava Summary for unix/-m32 ===

# of expected passes		4047
# of expected failures		10
# of untested testcases		8

Running target unix

		=== libjava Summary for unix ===

# of expected passes		4047
# of expected failures		10
# of untested testcases		8

		=== libjava Summary ===

# of expected passes		8094
# of expected failures		20
# of untested testcases		16
		=== libmudflap tests ===


Running target unix/-m32
FAIL: libmudflap.cth/pass37-frag.c (-static -DSTATIC) execution test
FAIL: libmudflap.cth/pass37-frag.c (-static -DSTATIC) output pattern test
FAIL: libmudflap.cth/pass37-frag.c (-static -DSTATIC) (rerun 1) execution test
FAIL: libmudflap.cth/pass37-frag.c (-static -DSTATIC) (rerun 1) output pattern test
FAIL: libmudflap.cth/pass37-frag.c (-static -DSTATIC) (rerun 2) execution test
FAIL: libmudflap.cth/pass37-frag.c (-static -DSTATIC) (rerun 2) output pattern test
FAIL: libmudflap.cth/pass37-frag.c (-static -DSTATIC) (rerun 3) execution test
FAIL: libmudflap.cth/pass37-frag.c (-static -DSTATIC) (rerun 3) output pattern test
FAIL: libmudflap.cth/pass37-frag.c (-static -DSTATIC) (rerun 4) execution test
FAIL: libmudflap.cth/pass37-frag.c (-static -DSTATIC) (rerun 4) output pattern test
FAIL: libmudflap.cth/pass37-frag.c (-static -DSTATIC) (rerun 5) execution test
FAIL: libmudflap.cth/pass37-frag.c (-static -DSTATIC) (rerun 5) output pattern test
FAIL: libmudflap.cth/pass37-frag.c (-static -DSTATIC) (rerun 6) execution test
FAIL: libmudflap.cth/pass37-frag.c (-static -DSTATIC) (rerun 6) output pattern test
FAIL: libmudflap.cth/pass37-frag.c (-static -DSTATIC) (rerun 7) execution test
FAIL: libmudflap.cth/pass37-frag.c (-static -DSTATIC) (rerun 7) output pattern test
FAIL: libmudflap.cth/pass37-frag.c (-static -DSTATIC) (rerun 8) execution test
FAIL: libmudflap.cth/pass37-frag.c (-static -DSTATIC) (rerun 8) output pattern test
FAIL: libmudflap.cth/pass37-frag.c (-static -DSTATIC) (rerun 9) execution test
FAIL: libmudflap.cth/pass37-frag.c (-static -DSTATIC) (rerun 9) output pattern test
FAIL: libmudflap.cth/pass37-frag.c (-static -DSTATIC) (rerun 10) execution test
FAIL: libmudflap.cth/pass37-frag.c (-static -DSTATIC) (rerun 10) output pattern test
FAIL: libmudflap.cth/pass37-frag.c (-static -DSTATIC) (rerun 11) execution test
FAIL: libmudflap.cth/pass37-frag.c (-static -DSTATIC) (rerun 11) output pattern test
FAIL: libmudflap.cth/pass37-frag.c (-static -DSTATIC) (rerun 12) execution test
FAIL: libmudflap.cth/pass37-frag.c (-static -DSTATIC) (rerun 12) output pattern test
FAIL: libmudflap.cth/pass37-frag.c (-static -DSTATIC) (rerun 13) execution test
FAIL: libmudflap.cth/pass37-frag.c (-static -DSTATIC) (rerun 13) output pattern test
FAIL: libmudflap.cth/pass37-frag.c (-static -DSTATIC) (rerun 14) execution test
FAIL: libmudflap.cth/pass37-frag.c (-static -DSTATIC) (rerun 14) output pattern test
FAIL: libmudflap.cth/pass37-frag.c (-static -DSTATIC) (rerun 15) execution test
FAIL: libmudflap.cth/pass37-frag.c (-static -DSTATIC) (rerun 15) output pattern test
FAIL: libmudflap.cth/pass37-frag.c (-static -DSTATIC) (rerun 16) execution test
FAIL: libmudflap.cth/pass37-frag.c (-static -DSTATIC) (rerun 16) output pattern test
FAIL: libmudflap.cth/pass37-frag.c (-static -DSTATIC) (rerun 17) execution test
FAIL: libmudflap.cth/pass37-frag.c (-static -DSTATIC) (rerun 17) output pattern test
FAIL: libmudflap.cth/pass37-frag.c (-static -DSTATIC) (rerun 18) execution test
FAIL: libmudflap.cth/pass37-frag.c (-static -DSTATIC) (rerun 18) output pattern test
FAIL: libmudflap.cth/pass37-frag.c (-static -DSTATIC) (rerun 19) execution test
FAIL: libmudflap.cth/pass37-frag.c (-static -DSTATIC) (rerun 19) output pattern test
FAIL: libmudflap.cth/pass39-frag.c (-static -DSTATIC) execution test
FAIL: libmudflap.cth/pass39-frag.c (-static -DSTATIC) output pattern test
FAIL: libmudflap.cth/pass39-frag.c (-static -DSTATIC) (rerun 1) execution test
FAIL: libmudflap.cth/pass39-frag.c (-static -DSTATIC) (rerun 1) output pattern test
FAIL: libmudflap.cth/pass39-frag.c (-static -DSTATIC) (rerun 2) execution test
FAIL: libmudflap.cth/pass39-frag.c (-static -DSTATIC) (rerun 2) output pattern test
FAIL: libmudflap.cth/pass39-frag.c (-static -DSTATIC) (rerun 3) execution test
FAIL: libmudflap.cth/pass39-frag.c (-static -DSTATIC) (rerun 3) output pattern test
FAIL: libmudflap.cth/pass39-frag.c (-static -DSTATIC) (rerun 4) execution test
FAIL: libmudflap.cth/pass39-frag.c (-static -DSTATIC) (rerun 4) output pattern test
FAIL: libmudflap.cth/pass39-frag.c (-static -DSTATIC) (rerun 5) execution test
FAIL: libmudflap.cth/pass39-frag.c (-static -DSTATIC) (rerun 5) output pattern test
FAIL: libmudflap.cth/pass39-frag.c (-static -DSTATIC) (rerun 6) execution test
FAIL: libmudflap.cth/pass39-frag.c (-static -DSTATIC) (rerun 6) output pattern test
FAIL: libmudflap.cth/pass39-frag.c (-static -DSTATIC) (rerun 7) execution test
FAIL: libmudflap.cth/pass39-frag.c (-static -DSTATIC) (rerun 7) output pattern test
FAIL: libmudflap.cth/pass39-frag.c (-static -DSTATIC) (rerun 8) execution test
FAIL: libmudflap.cth/pass39-frag.c (-static -DSTATIC) (rerun 8) output pattern test
FAIL: libmudflap.cth/pass39-frag.c (-static -DSTATIC) (rerun 9) execution test
FAIL: libmudflap.cth/pass39-frag.c (-static -DSTATIC) (rerun 9) output pattern test
FAIL: libmudflap.cth/pass39-frag.c (-static -DSTATIC) (rerun 10) execution test
FAIL: libmudflap.cth/pass39-frag.c (-static -DSTATIC) (rerun 10) output pattern test
FAIL: libmudflap.cth/pass39-frag.c (-static -DSTATIC) (rerun 11) execution test
FAIL: libmudflap.cth/pass39-frag.c (-static -DSTATIC) (rerun 11) output pattern test
FAIL: libmudflap.cth/pass39-frag.c (-static -DSTATIC) (rerun 12) execution test
FAIL: libmudflap.cth/pass39-frag.c (-static -DSTATIC) (rerun 12) output pattern test
FAIL: libmudflap.cth/pass39-frag.c (-static -DSTATIC) (rerun 13) execution test
FAIL: libmudflap.cth/pass39-frag.c (-static -DSTATIC) (rerun 13) output pattern test
FAIL: libmudflap.cth/pass39-frag.c (-static -DSTATIC) (rerun 14) execution test
FAIL: libmudflap.cth/pass39-frag.c (-static -DSTATIC) (rerun 14) output pattern test
FAIL: libmudflap.cth/pass39-frag.c (-static -DSTATIC) (rerun 15) execution test
FAIL: libmudflap.cth/pass39-frag.c (-static -DSTATIC) (rerun 15) output pattern test
FAIL: libmudflap.cth/pass39-frag.c (-static -DSTATIC) (rerun 16) execution test
FAIL: libmudflap.cth/pass39-frag.c (-static -DSTATIC) (rerun 16) output pattern test
FAIL: libmudflap.cth/pass39-frag.c (-static -DSTATIC) (rerun 17) execution test
FAIL: libmudflap.cth/pass39-frag.c (-static -DSTATIC) (rerun 17) output pattern test
FAIL: libmudflap.cth/pass39-frag.c (-static -DSTATIC) (rerun 18) execution test
FAIL: libmudflap.cth/pass39-frag.c (-static -DSTATIC) (rerun 18) output pattern test
FAIL: libmudflap.cth/pass39-frag.c (-static -DSTATIC) (rerun 19) execution test
FAIL: libmudflap.cth/pass39-frag.c (-static -DSTATIC) (rerun 19) output pattern test
FAIL: libmudflap.cth/pass40-frag.c (-static -DSTATIC) execution test
FAIL: libmudflap.cth/pass40-frag.c (-static -DSTATIC) output pattern test

		=== libmudflap Summary for unix/-m32 ===

# of expected passes		1707
# of unexpected failures	82

Running target unix

		=== libmudflap Summary for unix ===

# of expected passes		1789

		=== libmudflap Summary ===

# of expected passes		3496
# of unexpected failures	82
		=== libstdc++ tests ===


Running target unix/-m32
FAIL: 22_locale/messages/members/char/1.cc execution test
FAIL: 22_locale/messages/members/char/2.cc execution test
FAIL: 22_locale/messages/members/char/wrapped_env.cc execution test
FAIL: 22_locale/messages/members/char/wrapped_locale.cc execution test
FAIL: 22_locale/messages_byname/named_equivalence.cc execution test
XPASS: 26_numerics/cmath/c99_classification_macros_c.cc (test for excess errors)

		=== libstdc++ Summary for unix/-m32 ===

# of expected passes		4107
# of unexpected failures	5
# of unexpected successes	1
# of expected failures		12

Running target unix
XPASS: 26_numerics/cmath/c99_classification_macros_c.cc (test for excess errors)
XPASS: 27_io/fpos/14320-1.cc execution test

		=== libstdc++ Summary for unix ===

# of expected passes		4112
# of unexpected successes	2
# of expected failures		11

		=== libstdc++ Summary ===

# of expected passes		8219
# of unexpected failures	5
# of unexpected successes	3
# of expected failures		23

Compiler version: 4.2.0 20060206 (experimental) 
Platform: x86_64-suse-linux-gnu
configure flags: --prefix=/opt/gcc/4.2-devel --enable-checking=yes,rtl --enable-threads=posix --enable-clocale=gnu --enable-__cxa_atexit --enable-shared --with-system-zlib x86_64-suse-linux-gnu --enable-languages=c,ada,c++,fortran,java,objc,treelang
Version of binutils: GNU ld version 2.16.91.0.2 20050720 (SuSE Linux)
Version of glibc (/lib/libc.so.6): 2.3.5 (20050802)
Version of glibc (/lib64/libc.so.6): 2.3.5 (20050802)


Index Nav: [Date Index] [Subject Index] [Author Index] [Thread Index]
Message Nav: [Date Prev] [Date Next] [Thread Prev] [Thread Next]