This is the mail archive of the gcc-testresults@gcc.gnu.org mailing list for the GCC project.


Index Nav: [Date Index] [Subject Index] [Author Index] [Thread Index]
Message Nav: [Date Prev] [Date Next] [Thread Prev] [Thread Next]
Other format: [Raw text]

Results for 4.0.3 20060206 (prerelease) testsuite on sparc-sun-solaris2.10


LAST_UPDATED: 
Native configuration is sparc-sun-solaris2.10

		=== g++ tests ===


Running target unix

		=== g++ Summary ===

# of expected passes		11313
# of expected failures		70
# of unsupported tests		120
/caip/u12/kishgcc/gcc-testing/gcc-testing/40/build/gcc/testsuite/../g++  version 4.0.3 20060206 (prerelease)

		=== gcc tests ===


Running target unix
FAIL: gcc.dg/tls/opt-11.c (test for excess errors)
WARNING: gcc.dg/tls/opt-11.c compilation failed to produce executable

		=== gcc Summary ===

# of expected passes		34944
# of unexpected failures	1
# of expected failures		95
# of untested testcases		28
# of unsupported tests		549
/caip/u12/kishgcc/gcc-testing/gcc-testing/40/build/gcc/xgcc  version 4.0.3 20060206 (prerelease)

		=== gfortran tests ===


Running target unix

		=== gfortran Summary ===

# of expected passes		8805
# of expected failures		1
# of unsupported tests		25
/caip/u12/kishgcc/gcc-testing/gcc-testing/40/build/gcc/testsuite/../gfortran  version 4.0.3 20060206 (prerelease)

		=== objc tests ===


Running target unix

		=== objc Summary ===

# of expected passes		1548
# of unsupported tests		10
/caip/u12/kishgcc/gcc-testing/gcc-testing/40/build/gcc/xgcc  version 4.0.3 20060206 (prerelease)

		=== treelang tests ===


Running target unix

		=== treelang Summary ===

# of expected passes		48
		=== libffi tests ===


Running target unix

		=== libffi Summary ===

# of expected passes		219
# of unsupported tests		2
		=== libjava tests ===


Running target unix
FAIL: Array_3 execution - gij test
FAIL: Array_3 execution - gij test
FAIL: FileHandleGcTest execution - source compiled test
FAIL: FileHandleGcTest execution - gij test
FAIL: FileHandleGcTest execution - bytecode->native test
FAIL: FileHandleGcTest -O3 execution - source compiled test
FAIL: FileHandleGcTest execution - gij test
FAIL: FileHandleGcTest -O3 execution - bytecode->native test

		=== libjava Summary ===

# of expected passes		3883
# of unexpected failures	8
# of expected failures		10
# of untested testcases		16
		=== libstdc++ tests ===


Running target unix
XPASS: 27_io/basic_istream/extractors_arithmetic/char/12.cc execution test
XPASS: 27_io/basic_istream/extractors_arithmetic/wchar_t/12.cc execution test

		=== libstdc++ Summary ===

# of expected passes		3694
# of unexpected successes	2
# of expected failures		12
# of unsupported tests		9

Compiler version: 4.0.3 20060206 (prerelease) 
Platform: sparc-sun-solaris2.10
configure flags: --verbose --with-local-prefix=/tmp/local --without-libiconv-prefix --with-mpfr=/caip/u12/kishgcc/gcc-testing/_gmp --enable-languages=c,c++,f95,java,objc,treelang


Index Nav: [Date Index] [Subject Index] [Author Index] [Thread Index]
Message Nav: [Date Prev] [Date Next] [Thread Prev] [Thread Next]