This is the mail archive of the gcc-testresults@gcc.gnu.org mailing list for the GCC project.


Index Nav: [Date Index] [Subject Index] [Author Index] [Thread Index]
Message Nav: [Date Prev] [Date Next] [Thread Prev] [Thread Next]
Other format: [Raw text]

Results for 3.4.6 20060206 (prerelease) testsuite on sparc-sun-solaris2.10


LAST_UPDATED: 
Native configuration is sparc-sun-solaris2.10

		=== g++ tests ===


Running target unix
WARNING: g++.dg/eh/simd-1.C compilation failed to produce executable
WARNING: g++.dg/eh/simd-2.C compilation failed to produce executable
FAIL: g++.old-deja/g++.eh/badalloc1.C execution test

		=== g++ Summary ===

# of expected passes		9942
# of unexpected failures	1
# of expected failures		68
# of unsupported tests		77
/caip/u12/kishgcc/gcc-testing/gcc-testing/34/build/gcc/testsuite/../g++  version 3.4.6 20060206 (prerelease)

		=== g77 tests ===


Running target unix

		=== g77 Summary ===

# of expected passes		1812
# of unsupported tests		6
/caip/u12/kishgcc/gcc-testing/gcc-testing/34/build/gcc/testsuite/../g77  version 3.4.6 20060206 (prerelease)

		=== gcc tests ===


Running target unix
UNRESOLVED: gcc.c-torture/execute/simd-4.c execution,  -O0 
UNRESOLVED: gcc.dg/compat/vector-1 c_compat_x_tst.o-c_compat_y_tst.o link 
UNRESOLVED: gcc.dg/compat/vector-1 c_compat_x_tst.o-c_compat_y_tst.o execute 
UNRESOLVED: gcc.dg/compat/vector-2 c_compat_x_tst.o-c_compat_y_tst.o link 
UNRESOLVED: gcc.dg/compat/vector-2 c_compat_x_tst.o-c_compat_y_tst.o execute 
XPASS: gcc.dg/uninit-4.c uninitialized variable warning (test for bogus messages, line 26)
UNRESOLVED: gcc.dg/visibility-1.c
UNRESOLVED: gcc.dg/visibility-2.c
UNRESOLVED: gcc.dg/visibility-3.c
UNRESOLVED: gcc.dg/visibility-4.c
UNRESOLVED: gcc.dg/visibility-5.c
UNRESOLVED: gcc.dg/visibility-6.c
UNRESOLVED: gcc.dg/visibility-7.c
UNRESOLVED: gcc.dg/visibility-8.c
FAIL: largefile.c -O0 -g (test for excess errors)
FAIL: largefile.c  -O0  (test for excess errors)
FAIL: largefile.c  -O1  (test for excess errors)
FAIL: largefile.c  -O2  (test for excess errors)
FAIL: largefile.c  -O3 -fomit-frame-pointer  (test for excess errors)
FAIL: largefile.c  -O3 -g  (test for excess errors)
FAIL: largefile.c  -Os  (test for excess errors)

		=== gcc Summary ===

# of expected passes		24909
# of unexpected failures	7
# of unexpected successes	1
# of expected failures		79
# of unresolved testcases	13
# of untested testcases		14
# of unsupported tests		365
/caip/u12/kishgcc/gcc-testing/gcc-testing/34/build/gcc/xgcc version 3.4.6 20060206 (prerelease)

		=== objc tests ===


Running target unix

		=== objc Summary ===

# of expected passes		1352
# of unsupported tests		8
/caip/u12/kishgcc/gcc-testing/gcc-testing/34/build/gcc/xgcc  version 3.4.6 20060206 (prerelease)

		=== libffi tests ===


Running target unix

		=== libffi Summary ===

# of expected passes		212
# of unsupported tests		2
		=== libjava tests ===


Running target unix
FAIL: cxxtest run
FAIL: Array_3 execution - gij test
FAIL: Array_3 execution - gij test

		=== libjava Summary ===

# of expected passes		3266
# of unexpected failures	3
# of expected failures		10
# of untested testcases		11
		=== libstdc++ tests ===


Running target unix
XPASS: 22_locale/locale/cons/12658_thread.cc execution test
XPASS: 27_io/basic_istream/extractors_arithmetic/char/12.cc execution test

		=== libstdc++ Summary ===

# of expected passes		2736
# of unexpected successes	2
# of expected failures		5

Compiler version: 3.4.6 20060206 (prerelease) 
Platform: sparc-sun-solaris2.10
configure flags: --verbose --enable-languages=c,c++,objc,f77,java --with-local-prefix=/tmp/local --without-libiconv-prefix


Index Nav: [Date Index] [Subject Index] [Author Index] [Thread Index]
Message Nav: [Date Prev] [Date Next] [Thread Prev] [Thread Next]