This is the mail archive of the gcc-testresults@gcc.gnu.org mailing list for the GCC project.


Index Nav: [Date Index] [Subject Index] [Author Index] [Thread Index]
Message Nav: [Date Prev] [Date Next] [Thread Prev] [Thread Next]
Other format: [Raw text]

Results for 4.2.0 20060204 (experimental) testsuite on i686-pc-cygwin


LAST_UPDATED: Obtained from SVN: trunk revision 110591

Native configuration is i686-pc-cygwin

=== gcc tests ===


Running target unix FAIL: gcc.c-torture/compile/20001226-1.c (test for excess errors) FAIL: gcc.dg/pr17957.c (test for excess errors) FAIL: gcc.dg/pr23372-1.c scan-assembler-times memcpy 1 FAIL: gcc.dg/tree-ssa/loop-1.c scan-assembler-times foo 5 FAIL: compiler driver --coverage option(s) (compiler options) FAIL: gcc.target/i386/pic-1.c (test for errors, line 10) FAIL: gcc.target/i386/sselibm-2.c scan-assembler __libm_sse2_sin FAIL: gcc.target/i386/sselibm-3.c scan-assembler-times __libm_sse2_sin 1 FAIL: gcc.target/i386/sselibm-4.c scan-assembler-times __libm_sse2 20 FAIL: gcc.target/i386/sselibm-5.c scan-assembler-times __libm_sse2 20

=== gcc Summary ===

# of expected passes 40197
# of unexpected failures 10
# of expected failures 109
# of untested testcases 28
# of unsupported tests 321
/cygdrive/c/gnu/gcc-4.2-20060107/xp/gcc/xgcc version 4.2.0 20060204 (experiment
al)


=== gfortran tests ===


Running target unix FAIL: gfortran.dg/edit_real_1.f90 execution test FAIL: gfortran.dg/edit_real_1.f90 execution test FAIL: gfortran.dg/edit_real_1.f90 execution test FAIL: gfortran.dg/edit_real_1.f90 execution test FAIL: gfortran.dg/edit_real_1.f90 execution test FAIL: gfortran.dg/edit_real_1.f90 execution test FAIL: gfortran.dg/edit_real_1.f90 execution test FAIL: gfortran.dg/edit_real_1.f90 execution test FAIL: gfortran.dg/output_exponents_1.f90 execution test FAIL: gfortran.dg/output_exponents_1.f90 execution test FAIL: gfortran.dg/output_exponents_1.f90 execution test FAIL: gfortran.dg/output_exponents_1.f90 execution test FAIL: gfortran.dg/output_exponents_1.f90 execution test FAIL: gfortran.dg/output_exponents_1.f90 execution test FAIL: gfortran.dg/output_exponents_1.f90 execution test FAIL: gfortran.dg/output_exponents_1.f90 execution test

=== gfortran Summary ===

# of expected passes 11435
# of unexpected failures 16
# of expected failures 7
# of unsupported tests 48
/cygdrive/c/gnu/gcc-4.2-20060107/xp/gcc/testsuite/gfortran/../../gfortran versi
on 4.2.0 20060204 (experimental)


=== objc tests ===


Running target unix FAIL: objc/execute/exceptions/foward-1.m execution, -Os -fgnu-runtime FAIL: objc/execute/exceptions/foward-1.m execution, -Os -fgnu-runtime

=== objc Summary ===

# of expected passes 1807
# of unexpected failures 2
# of expected failures 7
# of unsupported tests 23
/cygdrive/c/gnu/gcc-4.2-20060107/xp/gcc/xgcc version 4.2.0 20060204 (experiment
al)


=== treelang tests ===


Running target unix
ERROR: tcl error sourcing /cygdrive/c/gnu/gcc-4.2-20060107/gcc/testsuite/treelan
g/output/output.exp.
ERROR: rm: cannot remove \`treelang/output-1': No such file or directory


=== treelang Summary ===

# of expected passes 50

Compiler version: 4.2.0 20060204 (experimental)
Platform: i686-pc-cygwin
configure flags: '--enable-languages=fortran objc treelang c' --enable-threads=p
osix --enable-sjlj-exceptions --disable-libmudflap --disable-shared --enable-mai
ntainer-mode --prefix=/usr/local/gcc42 --enable-bootstrap --disable-libgomp --en
able-languages=c,fortran,objc,treelang
BOOT_CFLAGS=-O2 -march=pentium-m -pipe


Tim Prince


Index Nav: [Date Index] [Subject Index] [Author Index] [Thread Index]
Message Nav: [Date Prev] [Date Next] [Thread Prev] [Thread Next]