This is the mail archive of the gcc-testresults@gcc.gnu.org mailing list for the GCC project.


Index Nav: [Date Index] [Subject Index] [Author Index] [Thread Index]
Message Nav: [Date Prev] [Date Next] [Thread Prev] [Thread Next]
Other format: [Raw text]

Results for 4.0.0 20050210 (experimental) testsuite on x86_64-unknown-linux-gnu


LAST_UPDATED: 
Native configuration is x86_64-unknown-linux-gnu

		=== g++ tests ===


Running target unix
WARNING: program timed out.
FAIL: g++.dg/debug/debug2.C -gstabs+3 -O3 (test for excess errors)
WARNING: program timed out.
WARNING: program timed out.
FAIL: g++.old-deja/g++.pt/t29.C (test for excess errors)
WARNING: program timed out.

		=== g++ Summary ===

# of expected passes		10593
# of unexpected failures	2
# of expected failures		70
# of unsupported tests		90
/opt/toolchain/build/amd64/obj/tco/gcc-3.4/gcc/testsuite/../g++  version 4.0.0 20050210 (experimental)

		=== gcc tests ===


Running target unix
WARNING: program timed out.
FAIL: gcc.dg/20040625-1.c (test for excess errors)
FAIL: gcc.dg/setjmp-2.c (test for excess errors)
WARNING: gcc.dg/setjmp-2.c compilation failed to produce executable
FAIL: gcc.dg/short-compare-1.c (test for excess errors)
WARNING: gcc.dg/short-compare-1.c compilation failed to produce executable
FAIL: gcc.dg/short-compare-2.c (test for excess errors)
WARNING: gcc.dg/short-compare-2.c compilation failed to produce executable
FAIL: ./import-2.h -O0 -g (test for excess errors)
FAIL: ./import-2.h  -O0  (test for excess errors)
FAIL: ./import-2.h  -O1  (test for excess errors)
FAIL: ./import-2.h  -O2  (test for excess errors)
FAIL: ./import-2.h  -O3 -fomit-frame-pointer  (test for excess errors)
FAIL: ./import-2.h  -O3 -g  (test for excess errors)
FAIL: ./import-2.h  -Os  (test for excess errors)
XPASS: gcc.dg/vect/vect-22.c scan-tree-dump-times vectorized 3 loops 1
WARNING: program timed out.
FAIL: gcc.misc-tests/linkage.c link

		=== gcc Summary ===

# of expected passes		32649
# of unexpected failures	12
# of unexpected successes	1
# of expected failures		93
# of untested testcases		42
# of unsupported tests		418
/opt/toolchain/build/amd64/obj/tco/gcc-3.4/gcc/xgcc  version 4.0.0 20050210 (experimental)

		=== libstdc++ tests ===


Running target unix
XPASS: 22_locale/locale/cons/12658_thread-1.cc execution test
WARNING: program timed out.
FAIL: 22_locale/money_get/get/char/12.cc (test for excess errors)
XPASS: 26_numerics/cmath/c99_classification_macros_c.cc (test for excess errors)
XPASS: 27_io/fpos/14320-1.cc execution test

		=== libstdc++ Summary ===

# of expected passes		3477
# of unexpected failures	1
# of unexpected successes	3
# of expected failures		4

Compiler version: 4.0.0 20050210 (experimental) 
Platform: x86_64-unknown-linux-gnu
configure flags: --prefix=/opt/toolchain/tco-20060205 --program-suffix=-3.4 --with-system-zlib --enable-nls --without-included-gettext --disable-multilib --enable-languages=c,c++
Counting all warnings,
there are 0 warnings in stage3 of this bootstrap.

Number of warnings per file:

Number of warning types:


Index Nav: [Date Index] [Subject Index] [Author Index] [Thread Index]
Message Nav: [Date Prev] [Date Next] [Thread Prev] [Thread Next]