This is the mail archive of the gcc-testresults@gcc.gnu.org mailing list for the GCC project.


Index Nav: [Date Index] [Subject Index] [Author Index] [Thread Index]
Message Nav: [Date Prev] [Date Next] [Thread Prev] [Thread Next]
Other format: [Raw text]

Results for 4.2.0 20060204 (experimental) testsuite on hppa-unknown-linux-gnu


LAST_UPDATED: Sat Feb  4 23:42:44 UTC 2006 (revision 110599)

		=== acats tests ===
FAIL:	c32001e
FAIL:	c37215h
FAIL:	c64105b
FAIL:	c95086b

		=== acats Summary ===
# of expected passes		2312
# of unexpected failures	4
Native configuration is hppa-unknown-linux-gnu

		=== g++ tests ===


Running target unix
FAIL: g++.dg/charset/extern2.cc (test for excess errors)
FAIL: g++.dg/charset/string.c (test for excess errors)
FAIL: g++.dg/ext/builtin1.C (test for excess errors)
FAIL: g++.dg/ext/builtin2.C (test for excess errors)
FAIL: g++.dg/init/ctor4.C (test for excess errors)
FAIL: g++.dg/init/new15.C (test for excess errors)
FAIL: g++.dg/opt/complex5.C (test for excess errors)
FAIL: g++.dg/opt/pr17697-1.C (test for excess errors)
FAIL: g++.dg/opt/pr17697-2.C (test for excess errors)
FAIL: g++.dg/opt/pr17697-3.C (test for excess errors)
FAIL: g++.dg/opt/strength-reduce.C (test for excess errors)
FAIL: g++.dg/parse/register1.C (test for excess errors)
FAIL: g++.dg/template/non-dependent4.C (test for excess errors)
FAIL: g++.old-deja/g++.brendan/crash66.C (test for excess errors)
FAIL: g++.old-deja/g++.brendan/ptolemy1.C (test for excess errors)
FAIL: g++.old-deja/g++.brendan/ptolemy2.C (test for excess errors)
FAIL: g++.old-deja/g++.brendan/warnings4.C (test for excess errors)
FAIL: g++.old-deja/g++.jason/default2.C (test for excess errors)
FAIL: g++.old-deja/g++.jason/opeq.C (test for excess errors)
FAIL: g++.old-deja/g++.jason/overload34.C (test for excess errors)
FAIL: g++.old-deja/g++.jason/ref12.C (test for excess errors)
FAIL: g++.old-deja/g++.jason/report.C (test for excess errors)
FAIL: g++.old-deja/g++.jason/rfg6.C (test for excess errors)
FAIL: g++.old-deja/g++.jason/rvalue1.C (test for excess errors)
FAIL: g++.old-deja/g++.jason/scoping4.C (test for excess errors)
FAIL: g++.old-deja/g++.law/ctors17.C (test for excess errors)
FAIL: g++.old-deja/g++.law/ctors7.C (test for excess errors)
FAIL: g++.old-deja/g++.law/dtors2.C (test for excess errors)
FAIL: g++.old-deja/g++.law/operators3.C (test for excess errors)
FAIL: g++.old-deja/g++.law/refs1.C (test for excess errors)
FAIL: g++.old-deja/g++.law/union1.C (test for excess errors)
FAIL: g++.old-deja/g++.law/visibility1.C (test for excess errors)
FAIL: g++.old-deja/g++.law/visibility2.C (test for excess errors)
FAIL: g++.old-deja/g++.mike/bool2.C (test for excess errors)
FAIL: g++.old-deja/g++.mike/net48.C (test for excess errors)
FAIL: g++.old-deja/g++.mike/p11110.C (test for excess errors)
FAIL: g++.old-deja/g++.mike/p646.C (test for excess errors)
FAIL: g++.old-deja/g++.mike/p6746.C (test for excess errors)
FAIL: g++.old-deja/g++.mike/p700.C (test for excess errors)
FAIL: g++.old-deja/g++.mike/p811.C (test for excess errors)
FAIL: g++.old-deja/g++.other/init15.C (test for excess errors)
XPASS: g++.old-deja/g++.other/init5.C execution test
FAIL: g++.old-deja/g++.other/inline12.C (test for excess errors)
FAIL: g++.old-deja/g++.other/sibcall1.C (test for excess errors)
FAIL: g++.old-deja/g++.pt/explicit8.C (test for excess errors)
FAIL: g++.old-deja/g++.pt/m6.C (test for excess errors)
FAIL: g++.old-deja/g++.pt/m7.C (test for excess errors)
FAIL: g++.old-deja/g++.pt/nontype3.C (test for excess errors)
FAIL: g++.old-deja/g++.pt/t39.C (test for excess errors)
FAIL: g++.old-deja/g++.robertl/eb106.C (test for excess errors)
FAIL: g++.old-deja/g++.robertl/ice990323-2.C (test for excess errors)

		=== g++ Summary ===

# of expected passes		11894
# of unexpected failures	50
# of unexpected successes	1
# of expected failures		66
# of unsupported tests		116
/home/dave/gnu/gcc-4.2/objdir/gcc/testsuite/g++/../../g++  version 4.2.0 20060204 (experimental)

		=== gcc tests ===


Running target unix
WARNING: program timed out.
FAIL: gcc.c-torture/compile/20001226-1.c  -O2  (test for excess errors)
WARNING: program timed out.
FAIL: gcc.c-torture/compile/20001226-1.c  -O3 -fomit-frame-pointer  (test for excess errors)
WARNING: program timed out.
FAIL: gcc.c-torture/compile/20001226-1.c  -O3 -g  (test for excess errors)
WARNING: program timed out.
FAIL: gcc.c-torture/compile/20001226-1.c  -Os  (test for excess errors)
FAIL: gcc.dg/pr23372-1.c scan-assembler-times memcpy 1
XPASS: gcc.dg/tree-ssa/loop-1.c scan-assembler-times foo 5

		=== gcc Summary ===

# of expected passes		37550
# of unexpected failures	5
# of unexpected successes	1
# of expected failures		80
# of untested testcases		28
# of unsupported tests		384
/home/dave/gnu/gcc-4.2/objdir/gcc/xgcc  version 4.2.0 20060204 (experimental)

		=== gfortran tests ===


Running target unix
XPASS: gfortran.dg/csqrt_2.f  -O0  execution test
XPASS: gfortran.dg/csqrt_2.f  -O1  execution test
XPASS: gfortran.dg/csqrt_2.f  -O2  execution test
XPASS: gfortran.dg/csqrt_2.f  -O3 -fomit-frame-pointer  execution test
XPASS: gfortran.dg/csqrt_2.f  -O3 -fomit-frame-pointer -funroll-loops  execution test
XPASS: gfortran.dg/csqrt_2.f  -O3 -fomit-frame-pointer -funroll-all-loops -finline-functions  execution test
XPASS: gfortran.dg/csqrt_2.f  -O3 -g  execution test
XPASS: gfortran.dg/csqrt_2.f  -Os  execution test
FAIL: gfortran.dg/f2c_2.f90  -O0  execution test
FAIL: gfortran.dg/f2c_2.f90  -O1  execution test
FAIL: gfortran.dg/f2c_2.f90  -O2  execution test
FAIL: gfortran.dg/f2c_2.f90  -O3 -fomit-frame-pointer  execution test
FAIL: gfortran.dg/f2c_2.f90  -O3 -fomit-frame-pointer -funroll-loops  execution test
FAIL: gfortran.dg/f2c_2.f90  -O3 -fomit-frame-pointer -funroll-all-loops -finline-functions  execution test
FAIL: gfortran.dg/f2c_2.f90  -O3 -g  execution test
FAIL: gfortran.dg/f2c_2.f90  -Os  execution test
FAIL: gfortran.dg/g77/cabs.f  -O0  execution test
FAIL: gfortran.dg/g77/cabs.f  -O1  execution test
FAIL: gfortran.dg/g77/cabs.f  -O2  execution test
FAIL: gfortran.dg/g77/cabs.f  -O3 -fomit-frame-pointer  execution test
FAIL: gfortran.dg/g77/cabs.f  -O3 -fomit-frame-pointer -funroll-loops  execution test
FAIL: gfortran.dg/g77/cabs.f  -O3 -fomit-frame-pointer -funroll-all-loops -finline-functions  execution test
FAIL: gfortran.dg/g77/cabs.f  -O3 -g  execution test
FAIL: gfortran.dg/g77/cabs.f  -Os  execution test
FAIL: gfortran.dg/g77/erfc.f  -O0  execution test
FAIL: gfortran.dg/g77/erfc.f  -O1  execution test
FAIL: gfortran.dg/g77/erfc.f  -O2  execution test
FAIL: gfortran.dg/g77/erfc.f  -O3 -fomit-frame-pointer  execution test
FAIL: gfortran.dg/g77/erfc.f  -O3 -fomit-frame-pointer -funroll-loops  execution test
FAIL: gfortran.dg/g77/erfc.f  -O3 -fomit-frame-pointer -funroll-all-loops -finline-functions  execution test
FAIL: gfortran.dg/g77/erfc.f  -O3 -g  execution test
FAIL: gfortran.dg/g77/erfc.f  -Os  execution test
FAIL: gfortran.dg/g77/f90-intrinsic-mathematical.f  -O0  execution test
FAIL: gfortran.dg/g77/f90-intrinsic-mathematical.f  -O1  execution test
FAIL: gfortran.dg/g77/f90-intrinsic-mathematical.f  -O2  execution test
FAIL: gfortran.dg/g77/f90-intrinsic-mathematical.f  -O3 -fomit-frame-pointer  execution test
FAIL: gfortran.dg/g77/f90-intrinsic-mathematical.f  -O3 -fomit-frame-pointer -funroll-loops  execution test
FAIL: gfortran.dg/g77/f90-intrinsic-mathematical.f  -O3 -fomit-frame-pointer -funroll-all-loops -finline-functions  execution test
FAIL: gfortran.dg/g77/f90-intrinsic-mathematical.f  -O3 -g  execution test
FAIL: gfortran.dg/g77/f90-intrinsic-mathematical.f  -Os  execution test
FAIL: gfortran.dg/g77/f90-intrinsic-numeric.f  -O3 -fomit-frame-pointer -funroll-loops  execution test
FAIL: gfortran.dg/g77/f90-intrinsic-numeric.f  -O3 -fomit-frame-pointer -funroll-all-loops -finline-functions  execution test
FAIL: gfortran.fortran-torture/execute/csqrt_1.f90 execution,  -O3 -fomit-frame-pointer -funroll-loops 
FAIL: gfortran.fortran-torture/execute/csqrt_1.f90 execution,  -O3 -fomit-frame-pointer -funroll-all-loops -finline-functions 
FAIL: gfortran.fortran-torture/execute/intrinsic_abs.f90 execution,  -O0 
FAIL: gfortran.fortran-torture/execute/intrinsic_abs.f90 execution,  -O1 
FAIL: gfortran.fortran-torture/execute/intrinsic_abs.f90 execution,  -O2 
FAIL: gfortran.fortran-torture/execute/intrinsic_abs.f90 execution,  -O3 -fomit-frame-pointer 
FAIL: gfortran.fortran-torture/execute/intrinsic_abs.f90 execution,  -O3 -fomit-frame-pointer -funroll-loops 
FAIL: gfortran.fortran-torture/execute/intrinsic_abs.f90 execution,  -O3 -fomit-frame-pointer -funroll-all-loops -finline-functions 
FAIL: gfortran.fortran-torture/execute/intrinsic_abs.f90 execution,  -O3 -g 
FAIL: gfortran.fortran-torture/execute/intrinsic_abs.f90 execution,  -Os 
FAIL: gfortran.fortran-torture/execute/intrinsic_dotprod.f90 execution,  -O0 
FAIL: gfortran.fortran-torture/execute/intrinsic_dotprod.f90 execution,  -O1 
FAIL: gfortran.fortran-torture/execute/intrinsic_dotprod.f90 execution,  -O2 
FAIL: gfortran.fortran-torture/execute/intrinsic_dotprod.f90 execution,  -O3 -fomit-frame-pointer 
FAIL: gfortran.fortran-torture/execute/intrinsic_dotprod.f90 execution,  -O3 -fomit-frame-pointer -funroll-loops 
FAIL: gfortran.fortran-torture/execute/intrinsic_dotprod.f90 execution,  -O3 -fomit-frame-pointer -funroll-all-loops -finline-functions 
FAIL: gfortran.fortran-torture/execute/intrinsic_dotprod.f90 execution,  -O3 -g 
FAIL: gfortran.fortran-torture/execute/intrinsic_dotprod.f90 execution,  -Os 
FAIL: gfortran.fortran-torture/execute/math.f90 execution,  -O0 
FAIL: gfortran.fortran-torture/execute/math.f90 execution,  -O1 
FAIL: gfortran.fortran-torture/execute/math.f90 execution,  -O2 
FAIL: gfortran.fortran-torture/execute/math.f90 execution,  -O3 -fomit-frame-pointer 
FAIL: gfortran.fortran-torture/execute/math.f90 execution,  -O3 -fomit-frame-pointer -funroll-loops 
FAIL: gfortran.fortran-torture/execute/math.f90 execution,  -O3 -fomit-frame-pointer -funroll-all-loops -finline-functions 
FAIL: gfortran.fortran-torture/execute/math.f90 execution,  -O3 -g 
FAIL: gfortran.fortran-torture/execute/math.f90 execution,  -Os 
FAIL: gfortran.fortran-torture/execute/power.f90 execution,  -O0 
FAIL: gfortran.fortran-torture/execute/power.f90 execution,  -O1 
FAIL: gfortran.fortran-torture/execute/power.f90 execution,  -O2 
FAIL: gfortran.fortran-torture/execute/power.f90 execution,  -O3 -fomit-frame-pointer 
FAIL: gfortran.fortran-torture/execute/power.f90 execution,  -O3 -fomit-frame-pointer -funroll-loops 
FAIL: gfortran.fortran-torture/execute/power.f90 execution,  -O3 -fomit-frame-pointer -funroll-all-loops -finline-functions 
FAIL: gfortran.fortran-torture/execute/power.f90 execution,  -O3 -g 
FAIL: gfortran.fortran-torture/execute/power.f90 execution,  -Os 
FAIL: gfortran.fortran-torture/execute/specifics.f90 execution,  -O0 

		=== gfortran Summary ===

# of expected passes		11321
# of unexpected failures	69
# of unexpected successes	8
# of expected failures		4
# of unsupported tests		66
/home/dave/gnu/gcc-4.2/objdir/gcc/testsuite/gfortran/../../gfortran  version 4.2.0 20060204 (experimental)

		=== obj-c++ tests ===


Running target unix
FAIL: obj-c++.dg/comp-types-10.mm (test for excess errors)
FAIL: obj-c++.dg/cxx-ivars-2.mm execution test
FAIL: obj-c++.dg/encode-3.mm (test for excess errors)
FAIL: obj-c++.dg/encode-8.mm execution test
FAIL: obj-c++.dg/isa-field-1.mm (test for excess errors)
FAIL: obj-c++.dg/lookup-2.mm (test for excess errors)
WARNING: obj-c++.dg/lookup-2.mm compilation failed to produce executable
WARNING: obj-c++.dg/try-catch-2.mm compilation failed to produce executable
FAIL: obj-c++.dg/try-catch-9.mm (test for excess errors)
WARNING: obj-c++.dg/try-catch-9.mm compilation failed to produce executable

		=== obj-c++ Summary ===

# of expected passes		422
# of unexpected failures	7
# of unsupported tests		13
/home/dave/gnu/gcc-4.2/objdir/gcc/testsuite/obj-c++/../../g++  version 4.2.0 20060204 (experimental)

		=== objc tests ===


Running target unix

		=== objc Summary ===

# of expected passes		1745
# of expected failures		7
# of unsupported tests		23
/home/dave/gnu/gcc-4.2/objdir/gcc/xgcc  version 4.2.0 20060204 (experimental)

		=== libffi tests ===


Running target unix

		=== libffi Summary ===

# of expected passes		228
# of unsupported tests		2
		=== libgomp tests ===


Running target unix
WARNING: libgomp.c/critical-1.c compilation failed to produce executable
WARNING: libgomp.c/loop-1.c compilation failed to produce executable
WARNING: libgomp.c/loop-2.c compilation failed to produce executable
WARNING: libgomp.c/ordered-1.c compilation failed to produce executable
WARNING: libgomp.c/ordered-2.c compilation failed to produce executable
WARNING: libgomp.c/sections-1.c compilation failed to produce executable
WARNING: libgomp.c/single-1.c compilation failed to produce executable

		=== libgomp Summary ===

# of expected passes		115
# of unsupported tests		5
		=== libjava tests ===


Running target unix
FAIL: Serialization output - gij test
FAIL: Serialization output - gij test
FAIL: negzero output - gij test
FAIL: negzero output - gij test
FAIL: pr25676 output - gij test
FAIL: pr25676 output - gij test

		=== libjava Summary ===

# of expected passes		4041
# of unexpected failures	6
# of expected failures		10
# of untested testcases		8
		=== libmudflap tests ===


Running target unix

		=== libmudflap Summary ===

# of expected passes		1789
		=== libstdc++ tests ===


Running target unix
XPASS: 26_numerics/cmath/c99_classification_macros_c.cc (test for excess errors)

		=== libstdc++ Summary ===

# of expected passes		4111
# of unexpected successes	1
# of expected failures		12

Compiler version: 4.2.0 20060204 (experimental) 
Platform: hppa-unknown-linux-gnu
configure flags: --with-gnu-as --with-gnu-ld --enable-shared --prefix=/home/dave/opt/gnu/gcc/gcc-4.2.0 --with-local-prefix=/home/dave/opt/gnu --enable-threads=posix --enable-__cxa_atexit --host=hppa-linux --enable-clocale=gnu --enable-java-gc=boehm --enable-java-awt=xlib --enable-languages=c,ada,c++,fortran,java,objc,obj-c++


Index Nav: [Date Index] [Subject Index] [Author Index] [Thread Index]
Message Nav: [Date Prev] [Date Next] [Thread Prev] [Thread Next]