This is the mail archive of the gcc-testresults@gcc.gnu.org mailing list for the GCC project.


Index Nav: [Date Index] [Subject Index] [Author Index] [Thread Index]
Message Nav: [Date Prev] [Date Next] [Thread Prev] [Thread Next]
Other format: [Raw text]

Results for 4.1.0 20060204 (Red Hat 4.1.0-0.21) [redhat/gcc-4_1-branch revision 110588 clean] testsuite on i386-redhat-linux-gnu


LAST_UPDATED: Sat Feb  4 15:00:15 UTC 2006 (revision 110588)

		=== acats tests ===
FAIL:	c43204c

		=== acats Summary ===
# of expected passes		2315
# of unexpected failures	1
Native configuration is i386-redhat-linux-gnu

		=== gcc tests ===


Running target unix
FAIL: gcc.dg/ipa/ipa-1.c (test for excess errors)
FAIL: gcc.dg/tree-ssa/pr23294.c scan-tree-dump-times a \\* 5 3
FAIL: gcc.dg/tree-ssa/pr23294.c scan-tree-dump \\(a - b \\* 3\\) \\* 2
FAIL: gcc.dg/tree-ssa/pr23294.c scan-tree-dump \\(a \\* 3 - b\\) \\* 2
FAIL: gcc.dg/tree-ssa/vrp22.c scan-tree-dump-times link_error 0

		=== gcc Summary ===

# of expected passes		38418
# of unexpected failures	5
# of expected failures		106
# of untested testcases		28
# of unsupported tests		243
/export/build/gnu/gcc-4.1-redhat/build-i386-redhat-linux/gcc/xgcc  version 4.1.0 20060204 (Red Hat 4.1.0-0.21) [redhat/gcc-4_1-branch revision 110588 clean]

		=== gfortran tests ===


Running target unix
FAIL: gfortran.dg/assumed_charlen_function_3.f90  -O  (test for excess errors)

		=== gfortran Summary ===

# of expected passes		11662
# of unexpected failures	1
# of expected failures		17
# of unsupported tests		24
/export/build/gnu/gcc-4.1-redhat/build-i386-redhat-linux/gcc/testsuite/gfortran/../../gfortran  version 4.1.0 20060204 (Red Hat 4.1.0-0.21) [redhat/gcc-4_1-branch revision 110588 clean]

		=== g++ tests ===


Running target unix
FAIL: g++.dg/opt/complex5.C (test for excess errors)
XPASS: g++.dg/tree-ssa/pr14814.C scan-tree-dump-times &this 0

		=== g++ Summary ===

# of expected passes		12282
# of unexpected failures	1
# of unexpected successes	1
# of expected failures		69
# of unsupported tests		66
/export/build/gnu/gcc-4.1-redhat/build-i386-redhat-linux/gcc/testsuite/g++/../../g++  version 4.1.0 20060204 (Red Hat 4.1.0-0.21) [redhat/gcc-4_1-branch revision 110588 clean]

		=== objc tests ===


Running target unix

		=== objc Summary ===

# of expected passes		1683
# of unsupported tests		23
/export/build/gnu/gcc-4.1-redhat/build-i386-redhat-linux/gcc/xgcc  version 4.1.0 20060204 (Red Hat 4.1.0-0.21) [redhat/gcc-4_1-branch revision 110588 clean]

		=== libffi tests ===


Running target unix

		=== libffi Summary ===

# of expected passes		228
# of unsupported tests		2
		=== libgomp tests ===


Running target unix
FAIL: libgomp.fortran/vla7.f90  -O0  (test for excess errors)
WARNING: libgomp.fortran/vla7.f90  -O0  compilation failed to produce executable
FAIL: libgomp.fortran/vla7.f90  -O1  (test for excess errors)
WARNING: libgomp.fortran/vla7.f90  -O1  compilation failed to produce executable
FAIL: libgomp.fortran/vla7.f90  -O2  (test for excess errors)
WARNING: libgomp.fortran/vla7.f90  -O2  compilation failed to produce executable
FAIL: libgomp.fortran/vla7.f90  -O3 -fomit-frame-pointer  (test for excess errors)
WARNING: libgomp.fortran/vla7.f90  -O3 -fomit-frame-pointer  compilation failed to produce executable
FAIL: libgomp.fortran/vla7.f90  -O3 -fomit-frame-pointer -funroll-loops  (test for excess errors)
WARNING: libgomp.fortran/vla7.f90  -O3 -fomit-frame-pointer -funroll-loops  compilation failed to produce executable
FAIL: libgomp.fortran/vla7.f90  -O3 -fomit-frame-pointer -funroll-all-loops -finline-functions  (test for excess errors)
WARNING: libgomp.fortran/vla7.f90  -O3 -fomit-frame-pointer -funroll-all-loops -finline-functions  compilation failed to produce executable
FAIL: libgomp.fortran/vla7.f90  -O3 -g  (test for excess errors)
WARNING: libgomp.fortran/vla7.f90  -O3 -g  compilation failed to produce executable
FAIL: libgomp.fortran/vla7.f90  -Os  (test for excess errors)
WARNING: libgomp.fortran/vla7.f90  -Os  compilation failed to produce executable

		=== libgomp Summary ===

# of expected passes		1342
# of unexpected failures	8
		=== libjava tests ===


Running target unix

		=== libjava Summary ===

# of expected passes		4011
# of expected failures		10
# of untested testcases		8
		=== libmudflap tests ===


Running target unix
FAIL: libmudflap.cth/pass37-frag.c (-static -DSTATIC) execution test
FAIL: libmudflap.cth/pass37-frag.c (-static -DSTATIC) output pattern test
FAIL: libmudflap.cth/pass37-frag.c (-static -DSTATIC) (rerun 1) execution test
FAIL: libmudflap.cth/pass37-frag.c (-static -DSTATIC) (rerun 1) output pattern test
FAIL: libmudflap.cth/pass37-frag.c (-static -DSTATIC) (rerun 2) execution test
FAIL: libmudflap.cth/pass37-frag.c (-static -DSTATIC) (rerun 2) output pattern test
FAIL: libmudflap.cth/pass37-frag.c (-static -DSTATIC) (rerun 3) execution test
FAIL: libmudflap.cth/pass37-frag.c (-static -DSTATIC) (rerun 3) output pattern test
FAIL: libmudflap.cth/pass37-frag.c (-static -DSTATIC) (rerun 4) execution test
FAIL: libmudflap.cth/pass37-frag.c (-static -DSTATIC) (rerun 4) output pattern test
FAIL: libmudflap.cth/pass37-frag.c (-static -DSTATIC) (rerun 5) execution test
FAIL: libmudflap.cth/pass37-frag.c (-static -DSTATIC) (rerun 5) output pattern test
FAIL: libmudflap.cth/pass37-frag.c (-static -DSTATIC) (rerun 6) execution test
FAIL: libmudflap.cth/pass37-frag.c (-static -DSTATIC) (rerun 6) output pattern test
FAIL: libmudflap.cth/pass37-frag.c (-static -DSTATIC) (rerun 7) execution test
FAIL: libmudflap.cth/pass37-frag.c (-static -DSTATIC) (rerun 7) output pattern test
FAIL: libmudflap.cth/pass37-frag.c (-static -DSTATIC) (rerun 8) execution test
FAIL: libmudflap.cth/pass37-frag.c (-static -DSTATIC) (rerun 8) output pattern test
FAIL: libmudflap.cth/pass37-frag.c (-static -DSTATIC) (rerun 9) execution test
FAIL: libmudflap.cth/pass37-frag.c (-static -DSTATIC) (rerun 9) output pattern test
FAIL: libmudflap.cth/pass37-frag.c (-static -DSTATIC) (rerun 10) execution test
FAIL: libmudflap.cth/pass37-frag.c (-static -DSTATIC) (rerun 10) output pattern test
FAIL: libmudflap.cth/pass37-frag.c (-static -DSTATIC) (rerun 11) execution test
FAIL: libmudflap.cth/pass37-frag.c (-static -DSTATIC) (rerun 11) output pattern test
FAIL: libmudflap.cth/pass37-frag.c (-static -DSTATIC) (rerun 12) execution test
FAIL: libmudflap.cth/pass37-frag.c (-static -DSTATIC) (rerun 12) output pattern test
FAIL: libmudflap.cth/pass37-frag.c (-static -DSTATIC) (rerun 13) execution test
FAIL: libmudflap.cth/pass37-frag.c (-static -DSTATIC) (rerun 13) output pattern test
FAIL: libmudflap.cth/pass37-frag.c (-static -DSTATIC) (rerun 14) execution test
FAIL: libmudflap.cth/pass37-frag.c (-static -DSTATIC) (rerun 14) output pattern test
FAIL: libmudflap.cth/pass37-frag.c (-static -DSTATIC) (rerun 15) execution test
FAIL: libmudflap.cth/pass37-frag.c (-static -DSTATIC) (rerun 15) output pattern test
FAIL: libmudflap.cth/pass37-frag.c (-static -DSTATIC) (rerun 16) execution test
FAIL: libmudflap.cth/pass37-frag.c (-static -DSTATIC) (rerun 16) output pattern test
FAIL: libmudflap.cth/pass37-frag.c (-static -DSTATIC) (rerun 17) execution test
FAIL: libmudflap.cth/pass37-frag.c (-static -DSTATIC) (rerun 17) output pattern test
FAIL: libmudflap.cth/pass37-frag.c (-static -DSTATIC) (rerun 18) execution test
FAIL: libmudflap.cth/pass37-frag.c (-static -DSTATIC) (rerun 18) output pattern test
FAIL: libmudflap.cth/pass37-frag.c (-static -DSTATIC) (rerun 19) execution test
FAIL: libmudflap.cth/pass37-frag.c (-static -DSTATIC) (rerun 19) output pattern test
FAIL: libmudflap.cth/pass39-frag.c (-static -DSTATIC) execution test
FAIL: libmudflap.cth/pass39-frag.c (-static -DSTATIC) output pattern test
FAIL: libmudflap.cth/pass39-frag.c (-static -DSTATIC) (rerun 1) execution test
FAIL: libmudflap.cth/pass39-frag.c (-static -DSTATIC) (rerun 1) output pattern test
FAIL: libmudflap.cth/pass39-frag.c (-static -DSTATIC) (rerun 2) execution test
FAIL: libmudflap.cth/pass39-frag.c (-static -DSTATIC) (rerun 2) output pattern test
FAIL: libmudflap.cth/pass39-frag.c (-static -DSTATIC) (rerun 3) execution test
FAIL: libmudflap.cth/pass39-frag.c (-static -DSTATIC) (rerun 3) output pattern test
FAIL: libmudflap.cth/pass39-frag.c (-static -DSTATIC) (rerun 4) execution test
FAIL: libmudflap.cth/pass39-frag.c (-static -DSTATIC) (rerun 4) output pattern test
FAIL: libmudflap.cth/pass39-frag.c (-static -DSTATIC) (rerun 5) execution test
FAIL: libmudflap.cth/pass39-frag.c (-static -DSTATIC) (rerun 5) output pattern test
FAIL: libmudflap.cth/pass39-frag.c (-static -DSTATIC) (rerun 6) execution test
FAIL: libmudflap.cth/pass39-frag.c (-static -DSTATIC) (rerun 6) output pattern test
FAIL: libmudflap.cth/pass39-frag.c (-static -DSTATIC) (rerun 7) execution test
FAIL: libmudflap.cth/pass39-frag.c (-static -DSTATIC) (rerun 7) output pattern test
FAIL: libmudflap.cth/pass39-frag.c (-static -DSTATIC) (rerun 8) execution test
FAIL: libmudflap.cth/pass39-frag.c (-static -DSTATIC) (rerun 8) output pattern test
FAIL: libmudflap.cth/pass39-frag.c (-static -DSTATIC) (rerun 9) execution test
FAIL: libmudflap.cth/pass39-frag.c (-static -DSTATIC) (rerun 9) output pattern test
FAIL: libmudflap.cth/pass39-frag.c (-static -DSTATIC) (rerun 10) execution test
FAIL: libmudflap.cth/pass39-frag.c (-static -DSTATIC) (rerun 10) output pattern test
FAIL: libmudflap.cth/pass39-frag.c (-static -DSTATIC) (rerun 11) execution test
FAIL: libmudflap.cth/pass39-frag.c (-static -DSTATIC) (rerun 11) output pattern test
FAIL: libmudflap.cth/pass39-frag.c (-static -DSTATIC) (rerun 12) execution test
FAIL: libmudflap.cth/pass39-frag.c (-static -DSTATIC) (rerun 12) output pattern test
FAIL: libmudflap.cth/pass39-frag.c (-static -DSTATIC) (rerun 13) execution test
FAIL: libmudflap.cth/pass39-frag.c (-static -DSTATIC) (rerun 13) output pattern test
FAIL: libmudflap.cth/pass39-frag.c (-static -DSTATIC) (rerun 14) execution test
FAIL: libmudflap.cth/pass39-frag.c (-static -DSTATIC) (rerun 14) output pattern test
FAIL: libmudflap.cth/pass39-frag.c (-static -DSTATIC) (rerun 15) execution test
FAIL: libmudflap.cth/pass39-frag.c (-static -DSTATIC) (rerun 15) output pattern test
FAIL: libmudflap.cth/pass39-frag.c (-static -DSTATIC) (rerun 16) execution test
FAIL: libmudflap.cth/pass39-frag.c (-static -DSTATIC) (rerun 16) output pattern test
FAIL: libmudflap.cth/pass39-frag.c (-static -DSTATIC) (rerun 17) execution test
FAIL: libmudflap.cth/pass39-frag.c (-static -DSTATIC) (rerun 17) output pattern test
FAIL: libmudflap.cth/pass39-frag.c (-static -DSTATIC) (rerun 18) execution test
FAIL: libmudflap.cth/pass39-frag.c (-static -DSTATIC) (rerun 18) output pattern test
FAIL: libmudflap.cth/pass39-frag.c (-static -DSTATIC) (rerun 19) execution test
FAIL: libmudflap.cth/pass39-frag.c (-static -DSTATIC) (rerun 19) output pattern test
FAIL: libmudflap.cth/pass40-frag.c (-static -DSTATIC) execution test
FAIL: libmudflap.cth/pass40-frag.c (-static -DSTATIC) output pattern test

		=== libmudflap Summary ===

# of expected passes		1707
# of unexpected failures	82
		=== libstdc++ tests ===


Running target unix
XPASS: 26_numerics/cmath/c99_classification_macros_c.cc (test for excess errors)

		=== libstdc++ Summary ===

# of expected passes		4020
# of unexpected successes	1
# of expected failures		12
# of unsupported tests		4

Compiler version: 4.1.0 20060204 (Red Hat 4.1.0-0.21) [redhat/gcc-4_1-branch revision 110588 clean] 
Platform: i386-redhat-linux-gnu
configure flags: i386-redhat-linux --enable-clocale=gnu --with-system-zlib --with-cpu=generic --with-demangler-in-ld --enable-shared --enable-threads=posix --enable-haifa --disable-checking --prefix=/usr/gcc-4.1-redhat --with-local-prefix=/usr/local --enable-languages=c,ada,c++,fortran,java,objc


Index Nav: [Date Index] [Subject Index] [Author Index] [Thread Index]
Message Nav: [Date Prev] [Date Next] [Thread Prev] [Thread Next]