This is the mail archive of the
gcc-testresults@gcc.gnu.org
mailing list for the GCC project.
Results for 4.1.0 20060204 (prerelease) testsuite on hppa64-hp-hpux11.11
- From: John David Anglin <dave at hiauly3 dot hia dot nrc dot ca>
- To: dave at hiauly3 dot hia dot nrc dot ca, gcc-testresults at gcc dot gnu dot org
- Date: Sun, 5 Feb 2006 10:13:51 -0500 (EST)
- Subject: Results for 4.1.0 20060204 (prerelease) testsuite on hppa64-hp-hpux11.11
LAST_UPDATED: Sat Feb 4 21:17:53 UTC 2006 (revision 110593M)
Native configuration is hppa64-hp-hpux11.11
=== g++ tests ===
Running target unix
XPASS: g++.dg/tree-ssa/pr14814.C scan-tree-dump-times &this 0
=== g++ Summary ===
# of expected passes 11290
# of unexpected successes 1
# of expected failures 68
# of unsupported tests 130
/test/gnu/gcc-4.1/objdir/gcc/testsuite/../g++ version 4.1.0 20060204 (prerelease)
=== gcc tests ===
Running target unix
WARNING: program timed out.
FAIL: gcc.c-torture/compile/20001226-1.c -O3 -g (test for excess errors)
XPASS: gcc.dg/funcorder.c scan-assembler-not link_error,%r
FAIL: gcc.dg/torture/asm-subreg-1.c -O1 (test for excess errors)
FAIL: gcc.dg/torture/asm-subreg-1.c -O2 (test for excess errors)
FAIL: gcc.dg/torture/asm-subreg-1.c -O3 -fomit-frame-pointer (test for excess errors)
FAIL: gcc.dg/torture/asm-subreg-1.c -O3 -g (test for excess errors)
FAIL: gcc.dg/torture/asm-subreg-1.c -Os (test for excess errors)
=== gcc Summary ===
# of expected passes 36271
# of unexpected failures 6
# of unexpected successes 1
# of expected failures 79
# of untested testcases 28
# of unsupported tests 359
/test/gnu/gcc-4.1/objdir/gcc/xgcc version 4.1.0 20060204 (prerelease)
=== gfortran tests ===
Running target unix
FAIL: gfortran.dg/auto_char_dummy_array_1.f90 -O0 (test for excess errors)
WARNING: gfortran.dg/auto_char_dummy_array_1.f90 -O0 compilation failed to produce executable
FAIL: gfortran.dg/auto_char_dummy_array_1.f90 -O1 (test for excess errors)
WARNING: gfortran.dg/auto_char_dummy_array_1.f90 -O1 compilation failed to produce executable
FAIL: gfortran.dg/auto_char_dummy_array_1.f90 -O2 (test for excess errors)
WARNING: gfortran.dg/auto_char_dummy_array_1.f90 -O2 compilation failed to produce executable
FAIL: gfortran.dg/auto_char_dummy_array_1.f90 -O3 -fomit-frame-pointer (test for excess errors)
WARNING: gfortran.dg/auto_char_dummy_array_1.f90 -O3 -fomit-frame-pointer compilation failed to produce executable
FAIL: gfortran.dg/auto_char_dummy_array_1.f90 -O3 -fomit-frame-pointer -funroll-loops (test for excess errors)
WARNING: gfortran.dg/auto_char_dummy_array_1.f90 -O3 -fomit-frame-pointer -funroll-loops compilation failed to produce executable
FAIL: gfortran.dg/auto_char_dummy_array_1.f90 -O3 -fomit-frame-pointer -funroll-all-loops -finline-functions (test for excess errors)
WARNING: gfortran.dg/auto_char_dummy_array_1.f90 -O3 -fomit-frame-pointer -funroll-all-loops -finline-functions compilation failed to produce executable
FAIL: gfortran.dg/auto_char_dummy_array_1.f90 -O3 -g (test for excess errors)
WARNING: gfortran.dg/auto_char_dummy_array_1.f90 -O3 -g compilation failed to produce executable
FAIL: gfortran.dg/auto_char_dummy_array_1.f90 -Os (test for excess errors)
WARNING: gfortran.dg/auto_char_dummy_array_1.f90 -Os compilation failed to produce executable
FAIL: gfortran.dg/automatic_module_variable.f90 -O (test for excess errors)
FAIL: gfortran.dg/char_array_constructor.f90 -O0 (test for excess errors)
WARNING: gfortran.dg/char_array_constructor.f90 -O0 compilation failed to produce executable
FAIL: gfortran.dg/char_array_constructor.f90 -O1 (test for excess errors)
WARNING: gfortran.dg/char_array_constructor.f90 -O1 compilation failed to produce executable
FAIL: gfortran.dg/char_array_constructor.f90 -O2 (test for excess errors)
WARNING: gfortran.dg/char_array_constructor.f90 -O2 compilation failed to produce executable
FAIL: gfortran.dg/char_array_constructor.f90 -O3 -fomit-frame-pointer (test for excess errors)
WARNING: gfortran.dg/char_array_constructor.f90 -O3 -fomit-frame-pointer compilation failed to produce executable
FAIL: gfortran.dg/char_array_constructor.f90 -O3 -fomit-frame-pointer -funroll-loops (test for excess errors)
WARNING: gfortran.dg/char_array_constructor.f90 -O3 -fomit-frame-pointer -funroll-loops compilation failed to produce executable
FAIL: gfortran.dg/char_array_constructor.f90 -O3 -fomit-frame-pointer -funroll-all-loops -finline-functions (test for excess errors)
WARNING: gfortran.dg/char_array_constructor.f90 -O3 -fomit-frame-pointer -funroll-all-loops -finline-functions compilation failed to produce executable
FAIL: gfortran.dg/char_array_constructor.f90 -O3 -g (test for excess errors)
WARNING: gfortran.dg/char_array_constructor.f90 -O3 -g compilation failed to produce executable
FAIL: gfortran.dg/char_array_constructor.f90 -Os (test for excess errors)
WARNING: gfortran.dg/char_array_constructor.f90 -Os compilation failed to produce executable
FAIL: gfortran.dg/char_result_11.f90 -O (test for excess errors)
FAIL: gfortran.dg/contained_1.f90 -O0 (test for excess errors)
WARNING: gfortran.dg/contained_1.f90 -O0 compilation failed to produce executable
FAIL: gfortran.dg/contained_1.f90 -O1 (test for excess errors)
WARNING: gfortran.dg/contained_1.f90 -O1 compilation failed to produce executable
FAIL: gfortran.dg/contained_1.f90 -O2 (test for excess errors)
WARNING: gfortran.dg/contained_1.f90 -O2 compilation failed to produce executable
FAIL: gfortran.dg/contained_1.f90 -O3 -fomit-frame-pointer (test for excess errors)
WARNING: gfortran.dg/contained_1.f90 -O3 -fomit-frame-pointer compilation failed to produce executable
FAIL: gfortran.dg/contained_1.f90 -O3 -fomit-frame-pointer -funroll-loops (test for excess errors)
WARNING: gfortran.dg/contained_1.f90 -O3 -fomit-frame-pointer -funroll-loops compilation failed to produce executable
FAIL: gfortran.dg/contained_1.f90 -O3 -fomit-frame-pointer -funroll-all-loops -finline-functions (test for excess errors)
WARNING: gfortran.dg/contained_1.f90 -O3 -fomit-frame-pointer -funroll-all-loops -finline-functions compilation failed to produce executable
FAIL: gfortran.dg/contained_1.f90 -O3 -g (test for excess errors)
WARNING: gfortran.dg/contained_1.f90 -O3 -g compilation failed to produce executable
FAIL: gfortran.dg/contained_1.f90 -Os (test for excess errors)
WARNING: gfortran.dg/contained_1.f90 -Os compilation failed to produce executable
FAIL: gfortran.dg/cray_pointers_5.f90 -O0 (test for excess errors)
WARNING: gfortran.dg/cray_pointers_5.f90 -O0 compilation failed to produce executable
FAIL: gfortran.dg/cray_pointers_5.f90 -O1 (test for excess errors)
WARNING: gfortran.dg/cray_pointers_5.f90 -O1 compilation failed to produce executable
FAIL: gfortran.dg/cray_pointers_5.f90 -O2 (test for excess errors)
WARNING: gfortran.dg/cray_pointers_5.f90 -O2 compilation failed to produce executable
FAIL: gfortran.dg/cray_pointers_5.f90 -O3 -fomit-frame-pointer (test for excess errors)
WARNING: gfortran.dg/cray_pointers_5.f90 -O3 -fomit-frame-pointer compilation failed to produce executable
FAIL: gfortran.dg/cray_pointers_5.f90 -O3 -fomit-frame-pointer -funroll-loops (test for excess errors)
WARNING: gfortran.dg/cray_pointers_5.f90 -O3 -fomit-frame-pointer -funroll-loops compilation failed to produce executable
FAIL: gfortran.dg/cray_pointers_5.f90 -O3 -fomit-frame-pointer -funroll-all-loops -finline-functions (test for excess errors)
WARNING: gfortran.dg/cray_pointers_5.f90 -O3 -fomit-frame-pointer -funroll-all-loops -finline-functions compilation failed to produce executable
FAIL: gfortran.dg/cray_pointers_5.f90 -O3 -g (test for excess errors)
WARNING: gfortran.dg/cray_pointers_5.f90 -O3 -g compilation failed to produce executable
FAIL: gfortran.dg/cray_pointers_5.f90 -Os (test for excess errors)
WARNING: gfortran.dg/cray_pointers_5.f90 -Os compilation failed to produce executable
FAIL: gfortran.dg/data_constraints_1.f90 -O (test for errors, line 12)
FAIL: gfortran.dg/data_constraints_1.f90 -O (test for errors, line 20)
FAIL: gfortran.dg/data_constraints_1.f90 -O (test for errors, line 21)
FAIL: gfortran.dg/data_constraints_1.f90 -O (test for errors, line 22)
FAIL: gfortran.dg/data_constraints_1.f90 -O (test for errors, line 23)
FAIL: gfortran.dg/data_constraints_1.f90 -O (test for errors, line 24)
FAIL: gfortran.dg/data_constraints_1.f90 -O (test for errors, line 28)
FAIL: gfortran.dg/data_constraints_1.f90 -O (test for excess errors)
FAIL: gfortran.dg/der_charlen_1.f90 -O (test for excess errors)
FAIL: gfortran.dg/equiv_constraint_3.f90 -O (test for errors, line 10)
FAIL: gfortran.dg/equiv_constraint_3.f90 -O (test for excess errors)
FAIL: gfortran.dg/io_constraints_1.f90 -O (test for warnings, line 35)
FAIL: gfortran.dg/io_constraints_1.f90 -O (test for errors, line 40)
FAIL: gfortran.dg/io_constraints_1.f90 -O (test for errors, line 42)
FAIL: gfortran.dg/io_constraints_1.f90 -O (test for errors, line 47)
FAIL: gfortran.dg/io_constraints_1.f90 -O (test for errors, line 48)
FAIL: gfortran.dg/io_constraints_1.f90 -O (test for warnings, line 56)
FAIL: gfortran.dg/io_constraints_1.f90 -O (test for warnings, line 57)
FAIL: gfortran.dg/io_constraints_1.f90 -O (test for errors, line 61)
FAIL: gfortran.dg/io_constraints_1.f90 -O (test for errors, line 63)
FAIL: gfortran.dg/io_constraints_1.f90 -O (test for errors, line 65)
FAIL: gfortran.dg/io_constraints_1.f90 -O (test for errors, line 68)
FAIL: gfortran.dg/io_constraints_1.f90 -O (test for errors, line 69)
FAIL: gfortran.dg/io_constraints_1.f90 -O (test for errors, line 70)
FAIL: gfortran.dg/io_constraints_1.f90 -O (test for errors, line 73)
FAIL: gfortran.dg/io_constraints_1.f90 -O (test for excess errors)
FAIL: gfortran.dg/io_constraints_2.f90 -O (test for warnings, line 31)
FAIL: gfortran.dg/io_constraints_2.f90 -O (test for errors, line 35)
FAIL: gfortran.dg/io_constraints_2.f90 -O (test for errors, line 37)
FAIL: gfortran.dg/io_constraints_2.f90 -O (test for errors, line 41)
FAIL: gfortran.dg/io_constraints_2.f90 -O (test for errors, line 43)
FAIL: gfortran.dg/io_constraints_2.f90 -O (test for errors, line 44)
FAIL: gfortran.dg/io_constraints_2.f90 -O (test for errors, line 48)
FAIL: gfortran.dg/io_constraints_2.f90 -O (test for errors, line 49)
FAIL: gfortran.dg/io_constraints_2.f90 -O (test for errors, line 52)
FAIL: gfortran.dg/io_constraints_2.f90 -O (test for errors, line 53)
FAIL: gfortran.dg/io_constraints_2.f90 -O (test for errors, line 55)
FAIL: gfortran.dg/io_constraints_2.f90 -O (test for errors, line 56)
FAIL: gfortran.dg/io_constraints_2.f90 -O (test for errors, line 58)
FAIL: gfortran.dg/io_constraints_2.f90 -O (test for errors, line 59)
FAIL: gfortran.dg/io_constraints_2.f90 -O (test for errors, line 61)
FAIL: gfortran.dg/io_constraints_2.f90 -O (test for errors, line 63)
FAIL: gfortran.dg/io_constraints_2.f90 -O (test for errors, line 65)
FAIL: gfortran.dg/io_constraints_2.f90 -O (test for excess errors)
FAIL: gfortran.dg/module_blank_common.f90 -O0 (test for excess errors)
WARNING: gfortran.dg/module_blank_common.f90 -O0 compilation failed to produce executable
FAIL: gfortran.dg/module_blank_common.f90 -O1 (test for excess errors)
WARNING: gfortran.dg/module_blank_common.f90 -O1 compilation failed to produce executable
FAIL: gfortran.dg/module_blank_common.f90 -O2 (test for excess errors)
WARNING: gfortran.dg/module_blank_common.f90 -O2 compilation failed to produce executable
FAIL: gfortran.dg/module_blank_common.f90 -O3 -fomit-frame-pointer (test for excess errors)
WARNING: gfortran.dg/module_blank_common.f90 -O3 -fomit-frame-pointer compilation failed to produce executable
FAIL: gfortran.dg/module_blank_common.f90 -O3 -fomit-frame-pointer -funroll-loops (test for excess errors)
WARNING: gfortran.dg/module_blank_common.f90 -O3 -fomit-frame-pointer -funroll-loops compilation failed to produce executable
FAIL: gfortran.dg/module_blank_common.f90 -O3 -fomit-frame-pointer -funroll-all-loops -finline-functions (test for excess errors)
WARNING: gfortran.dg/module_blank_common.f90 -O3 -fomit-frame-pointer -funroll-all-loops -finline-functions compilation failed to produce executable
FAIL: gfortran.dg/module_blank_common.f90 -O3 -g (test for excess errors)
WARNING: gfortran.dg/module_blank_common.f90 -O3 -g compilation failed to produce executable
FAIL: gfortran.dg/module_blank_common.f90 -Os (test for excess errors)
WARNING: gfortran.dg/module_blank_common.f90 -Os compilation failed to produce executable
FAIL: gfortran.dg/module_commons_1.f90 -O0 (test for excess errors)
WARNING: gfortran.dg/module_commons_1.f90 -O0 compilation failed to produce executable
FAIL: gfortran.dg/module_commons_1.f90 -O1 (test for excess errors)
WARNING: gfortran.dg/module_commons_1.f90 -O1 compilation failed to produce executable
FAIL: gfortran.dg/module_commons_1.f90 -O2 (test for excess errors)
WARNING: gfortran.dg/module_commons_1.f90 -O2 compilation failed to produce executable
FAIL: gfortran.dg/module_commons_1.f90 -O3 -fomit-frame-pointer (test for excess errors)
WARNING: gfortran.dg/module_commons_1.f90 -O3 -fomit-frame-pointer compilation failed to produce executable
FAIL: gfortran.dg/module_commons_1.f90 -O3 -fomit-frame-pointer -funroll-loops (test for excess errors)
WARNING: gfortran.dg/module_commons_1.f90 -O3 -fomit-frame-pointer -funroll-loops compilation failed to produce executable
FAIL: gfortran.dg/module_commons_1.f90 -O3 -fomit-frame-pointer -funroll-all-loops -finline-functions (test for excess errors)
WARNING: gfortran.dg/module_commons_1.f90 -O3 -fomit-frame-pointer -funroll-all-loops -finline-functions compilation failed to produce executable
FAIL: gfortran.dg/module_commons_1.f90 -O3 -g (test for excess errors)
WARNING: gfortran.dg/module_commons_1.f90 -O3 -g compilation failed to produce executable
FAIL: gfortran.dg/module_commons_1.f90 -Os (test for excess errors)
WARNING: gfortran.dg/module_commons_1.f90 -Os compilation failed to produce executable
FAIL: gfortran.dg/module_double_reuse.f90 -O (test for excess errors)
FAIL: gfortran.dg/module_equivalence_1.f90 -O0 (test for excess errors)
WARNING: gfortran.dg/module_equivalence_1.f90 -O0 compilation failed to produce executable
FAIL: gfortran.dg/module_equivalence_1.f90 -O1 (test for excess errors)
WARNING: gfortran.dg/module_equivalence_1.f90 -O1 compilation failed to produce executable
FAIL: gfortran.dg/module_equivalence_1.f90 -O2 (test for excess errors)
WARNING: gfortran.dg/module_equivalence_1.f90 -O2 compilation failed to produce executable
FAIL: gfortran.dg/module_equivalence_1.f90 -O3 -fomit-frame-pointer (test for excess errors)
WARNING: gfortran.dg/module_equivalence_1.f90 -O3 -fomit-frame-pointer compilation failed to produce executable
FAIL: gfortran.dg/module_equivalence_1.f90 -O3 -fomit-frame-pointer -funroll-loops (test for excess errors)
WARNING: gfortran.dg/module_equivalence_1.f90 -O3 -fomit-frame-pointer -funroll-loops compilation failed to produce executable
FAIL: gfortran.dg/module_equivalence_1.f90 -O3 -fomit-frame-pointer -funroll-all-loops -finline-functions (test for excess errors)
WARNING: gfortran.dg/module_equivalence_1.f90 -O3 -fomit-frame-pointer -funroll-all-loops -finline-functions compilation failed to produce executable
FAIL: gfortran.dg/module_equivalence_1.f90 -O3 -g (test for excess errors)
WARNING: gfortran.dg/module_equivalence_1.f90 -O3 -g compilation failed to produce executable
FAIL: gfortran.dg/module_equivalence_1.f90 -Os (test for excess errors)
WARNING: gfortran.dg/module_equivalence_1.f90 -Os compilation failed to produce executable
FAIL: gfortran.dg/namelist_1.f90 -O (test for excess errors)
FAIL: gfortran.dg/namelist_use.f90 -O0 (test for warnings, line 19)
FAIL: gfortran.dg/namelist_use.f90 -O0 (test for excess errors)
WARNING: gfortran.dg/namelist_use.f90 -O0 compilation failed to produce executable
FAIL: gfortran.dg/namelist_use.f90 -O1 (test for warnings, line 19)
FAIL: gfortran.dg/namelist_use.f90 -O1 (test for excess errors)
WARNING: gfortran.dg/namelist_use.f90 -O1 compilation failed to produce executable
FAIL: gfortran.dg/namelist_use.f90 -O2 (test for warnings, line 19)
FAIL: gfortran.dg/namelist_use.f90 -O2 (test for excess errors)
WARNING: gfortran.dg/namelist_use.f90 -O2 compilation failed to produce executable
FAIL: gfortran.dg/namelist_use.f90 -O3 -fomit-frame-pointer (test for warnings, line 19)
FAIL: gfortran.dg/namelist_use.f90 -O3 -fomit-frame-pointer (test for excess errors)
WARNING: gfortran.dg/namelist_use.f90 -O3 -fomit-frame-pointer compilation failed to produce executable
FAIL: gfortran.dg/namelist_use.f90 -O3 -fomit-frame-pointer -funroll-loops (test for warnings, line 19)
FAIL: gfortran.dg/namelist_use.f90 -O3 -fomit-frame-pointer -funroll-loops (test for excess errors)
WARNING: gfortran.dg/namelist_use.f90 -O3 -fomit-frame-pointer -funroll-loops compilation failed to produce executable
FAIL: gfortran.dg/namelist_use.f90 -O3 -fomit-frame-pointer -funroll-all-loops -finline-functions (test for warnings, line 19)
FAIL: gfortran.dg/namelist_use.f90 -O3 -fomit-frame-pointer -funroll-all-loops -finline-functions (test for excess errors)
WARNING: gfortran.dg/namelist_use.f90 -O3 -fomit-frame-pointer -funroll-all-loops -finline-functions compilation failed to produce executable
FAIL: gfortran.dg/namelist_use.f90 -O3 -g (test for warnings, line 19)
FAIL: gfortran.dg/namelist_use.f90 -O3 -g (test for excess errors)
WARNING: gfortran.dg/namelist_use.f90 -O3 -g compilation failed to produce executable
FAIL: gfortran.dg/namelist_use.f90 -Os (test for warnings, line 19)
FAIL: gfortran.dg/namelist_use.f90 -Os (test for excess errors)
WARNING: gfortran.dg/namelist_use.f90 -Os compilation failed to produce executable
FAIL: gfortran.dg/namelist_use_only.f90 -O0 (test for excess errors)
WARNING: gfortran.dg/namelist_use_only.f90 -O0 compilation failed to produce executable
FAIL: gfortran.dg/namelist_use_only.f90 -O1 (test for excess errors)
WARNING: gfortran.dg/namelist_use_only.f90 -O1 compilation failed to produce executable
FAIL: gfortran.dg/namelist_use_only.f90 -O2 (test for excess errors)
WARNING: gfortran.dg/namelist_use_only.f90 -O2 compilation failed to produce executable
FAIL: gfortran.dg/namelist_use_only.f90 -O3 -fomit-frame-pointer (test for excess errors)
WARNING: gfortran.dg/namelist_use_only.f90 -O3 -fomit-frame-pointer compilation failed to produce executable
FAIL: gfortran.dg/namelist_use_only.f90 -O3 -fomit-frame-pointer -funroll-loops (test for excess errors)
WARNING: gfortran.dg/namelist_use_only.f90 -O3 -fomit-frame-pointer -funroll-loops compilation failed to produce executable
FAIL: gfortran.dg/namelist_use_only.f90 -O3 -fomit-frame-pointer -funroll-all-loops -finline-functions (test for excess errors)
WARNING: gfortran.dg/namelist_use_only.f90 -O3 -fomit-frame-pointer -funroll-all-loops -finline-functions compilation failed to produce executable
FAIL: gfortran.dg/namelist_use_only.f90 -O3 -g (test for excess errors)
WARNING: gfortran.dg/namelist_use_only.f90 -O3 -g compilation failed to produce executable
FAIL: gfortran.dg/namelist_use_only.f90 -Os (test for excess errors)
WARNING: gfortran.dg/namelist_use_only.f90 -Os compilation failed to produce executable
FAIL: gfortran.dg/nested_modules_1.f90 -O0 (test for excess errors)
WARNING: gfortran.dg/nested_modules_1.f90 -O0 compilation failed to produce executable
FAIL: gfortran.dg/nested_modules_1.f90 -O1 (test for excess errors)
WARNING: gfortran.dg/nested_modules_1.f90 -O1 compilation failed to produce executable
FAIL: gfortran.dg/nested_modules_1.f90 -O2 (test for excess errors)
WARNING: gfortran.dg/nested_modules_1.f90 -O2 compilation failed to produce executable
FAIL: gfortran.dg/nested_modules_1.f90 -O3 -fomit-frame-pointer (test for excess errors)
WARNING: gfortran.dg/nested_modules_1.f90 -O3 -fomit-frame-pointer compilation failed to produce executable
FAIL: gfortran.dg/nested_modules_1.f90 -O3 -fomit-frame-pointer -funroll-loops (test for excess errors)
WARNING: gfortran.dg/nested_modules_1.f90 -O3 -fomit-frame-pointer -funroll-loops compilation failed to produce executable
FAIL: gfortran.dg/nested_modules_1.f90 -O3 -fomit-frame-pointer -funroll-all-loops -finline-functions (test for excess errors)
WARNING: gfortran.dg/nested_modules_1.f90 -O3 -fomit-frame-pointer -funroll-all-loops -finline-functions compilation failed to produce executable
FAIL: gfortran.dg/nested_modules_1.f90 -O3 -g (test for excess errors)
WARNING: gfortran.dg/nested_modules_1.f90 -O3 -g compilation failed to produce executable
FAIL: gfortran.dg/nested_modules_1.f90 -Os (test for excess errors)
WARNING: gfortran.dg/nested_modules_1.f90 -Os compilation failed to produce executable
FAIL: gfortran.dg/nested_modules_2.f90 -O (test for excess errors)
FAIL: gfortran.dg/nested_modules_5.f90 -O (test for excess errors)
FAIL: gfortran.dg/pr16861.f90 -O0 (test for excess errors)
WARNING: gfortran.dg/pr16861.f90 -O0 compilation failed to produce executable
FAIL: gfortran.dg/pr16861.f90 -O1 (test for excess errors)
WARNING: gfortran.dg/pr16861.f90 -O1 compilation failed to produce executable
FAIL: gfortran.dg/pr16861.f90 -O2 (test for excess errors)
WARNING: gfortran.dg/pr16861.f90 -O2 compilation failed to produce executable
FAIL: gfortran.dg/pr16861.f90 -O3 -fomit-frame-pointer (test for excess errors)
WARNING: gfortran.dg/pr16861.f90 -O3 -fomit-frame-pointer compilation failed to produce executable
FAIL: gfortran.dg/pr16861.f90 -O3 -fomit-frame-pointer -funroll-loops (test for excess errors)
WARNING: gfortran.dg/pr16861.f90 -O3 -fomit-frame-pointer -funroll-loops compilation failed to produce executable
FAIL: gfortran.dg/pr16861.f90 -O3 -fomit-frame-pointer -funroll-all-loops -finline-functions (test for excess errors)
WARNING: gfortran.dg/pr16861.f90 -O3 -fomit-frame-pointer -funroll-all-loops -finline-functions compilation failed to produce executable
FAIL: gfortran.dg/pr16861.f90 -O3 -g (test for excess errors)
WARNING: gfortran.dg/pr16861.f90 -O3 -g compilation failed to produce executable
FAIL: gfortran.dg/pr16861.f90 -Os (test for excess errors)
WARNING: gfortran.dg/pr16861.f90 -Os compilation failed to produce executable
FAIL: gfortran.dg/private_type_3.f90 -O (test for excess errors)
FAIL: gfortran.dg/substring_equivalence.f90 -O (test for excess errors)
FAIL: gfortran.fortran-torture/compile/module_common.f90, "-O"
FAIL: gfortran.fortran-torture/compile/module_expr.f90, "-O"
FAIL: gfortran.fortran-torture/compile/name_clash.f90, "-O"
FAIL: gfortran.fortran-torture/execute/common_2.f90 compilation, -O0
FAIL: gfortran.fortran-torture/execute/common_2.f90 compilation, -O1
FAIL: gfortran.fortran-torture/execute/common_2.f90 compilation, -O2
FAIL: gfortran.fortran-torture/execute/common_2.f90 compilation, -O3 -fomit-frame-pointer
FAIL: gfortran.fortran-torture/execute/common_2.f90 compilation, -O3 -fomit-frame-pointer -funroll-loops
FAIL: gfortran.fortran-torture/execute/common_2.f90 compilation, -O3 -fomit-frame-pointer -funroll-all-loops -finline-functions
FAIL: gfortran.fortran-torture/execute/common_2.f90 compilation, -O3 -g
FAIL: gfortran.fortran-torture/execute/common_2.f90 compilation, -Os
FAIL: gfortran.fortran-torture/execute/function_module_1.f90 compilation, -O0
FAIL: gfortran.fortran-torture/execute/function_module_1.f90 compilation, -O1
FAIL: gfortran.fortran-torture/execute/function_module_1.f90 compilation, -O2
FAIL: gfortran.fortran-torture/execute/function_module_1.f90 compilation, -O3 -fomit-frame-pointer
FAIL: gfortran.fortran-torture/execute/function_module_1.f90 compilation, -O3 -fomit-frame-pointer -funroll-loops
FAIL: gfortran.fortran-torture/execute/function_module_1.f90 compilation, -O3 -fomit-frame-pointer -funroll-all-loops -finline-functions
FAIL: gfortran.fortran-torture/execute/function_module_1.f90 compilation, -O3 -g
FAIL: gfortran.fortran-torture/execute/function_module_1.f90 compilation, -Os
FAIL: gfortran.fortran-torture/execute/module_init_1.f90 compilation, -O0
FAIL: gfortran.fortran-torture/execute/module_init_1.f90 compilation, -O1
FAIL: gfortran.fortran-torture/execute/module_init_1.f90 compilation, -O2
FAIL: gfortran.fortran-torture/execute/module_init_1.f90 compilation, -O3 -fomit-frame-pointer
FAIL: gfortran.fortran-torture/execute/module_init_1.f90 compilation, -O3 -fomit-frame-pointer -funroll-loops
FAIL: gfortran.fortran-torture/execute/module_init_1.f90 compilation, -O3 -fomit-frame-pointer -funroll-all-loops -finline-functions
FAIL: gfortran.fortran-torture/execute/module_init_1.f90 compilation, -O3 -g
FAIL: gfortran.fortran-torture/execute/module_init_1.f90 compilation, -Os
=== gfortran Summary ===
# of expected passes 11087
# of unexpected failures 175
# of expected failures 4
# of untested testcases 24
# of unsupported tests 66
/test/gnu/gcc-4.1/objdir/gcc/testsuite/../gfortran version 4.1.0 20060204 (prerelease)
=== obj-c++ tests ===
Running target unix
FAIL: obj-c++.dg/bitfield-1.mm (test for excess errors)
FAIL: obj-c++.dg/bitfield-4.mm (test for excess errors)
FAIL: obj-c++.dg/cxx-ivars-2.mm execution test
FAIL: obj-c++.dg/encode-3.mm execution test
FAIL: obj-c++.dg/encode-8.mm execution test
FAIL: obj-c++.dg/isa-field-1.mm (test for excess errors)
FAIL: obj-c++.dg/layout-1.mm (test for excess errors)
FAIL: obj-c++.dg/lookup-2.mm (test for excess errors)
WARNING: obj-c++.dg/lookup-2.mm compilation failed to produce executable
FAIL: obj-c++.dg/try-catch-2.mm (test for excess errors)
WARNING: obj-c++.dg/try-catch-2.mm compilation failed to produce executable
FAIL: obj-c++.dg/try-catch-9.mm (test for excess errors)
WARNING: obj-c++.dg/try-catch-9.mm compilation failed to produce executable
=== obj-c++ Summary ===
# of expected passes 419
# of unexpected failures 10
# of unsupported tests 13
/test/gnu/gcc-4.1/objdir/gcc/testsuite/../g++ version 4.1.0 20060204 (prerelease)
=== objc tests ===
Running target unix
=== objc Summary ===
# of expected passes 1682
# of unsupported tests 23
/test/gnu/gcc-4.1/objdir/gcc/xgcc version 4.1.0 20060204 (prerelease)
=== libstdc++ tests ===
Running target unix
=== libstdc++ Summary ===
# of expected passes 2618
# of expected failures 10
# of unsupported tests 159
Compiler version: 4.1.0 20060204 (prerelease)
Platform: hppa64-hp-hpux11.11
configure flags: --with-gnu-as --with-as=/opt/gnu64/bin/as --with-ld=/usr/ccs/bin/ld --enable-shared --disable-nls --with-local-prefix=/opt/gnu64 --prefix=/opt/gnu64/gcc/gcc-4.1.0 --host=hppa64-hp-hpux11.11 --enable-threads=posix --disable-libmudflap --with-gmp=/opt/gnu64/gcc/gcc-4.1.0 --enable-languages=c,c++,fortran,java,objc,obj-c++