This is the mail archive of the gcc-testresults@gcc.gnu.org mailing list for the GCC project.


Index Nav: [Date Index] [Subject Index] [Author Index] [Thread Index]
Message Nav: [Date Prev] [Date Next] [Thread Prev] [Thread Next]
Other format: [Raw text]

Results for 4.2.0 20060205 (experimental) testsuite on i686-pc-linux-gnu


LAST_UPDATED: Sun Feb  5 08:13:17 UTC 2006 (revision 110607)

Native configuration is i686-pc-linux-gnu

		=== g++ tests ===


Running target unix
FAIL: g++.dg/charset/extern2.cc (test for excess errors)
FAIL: g++.dg/charset/string.c (test for excess errors)
FAIL: g++.dg/ext/builtin1.C (test for excess errors)
FAIL: g++.dg/ext/builtin2.C (test for excess errors)
FAIL: g++.dg/init/ctor4.C (test for excess errors)
FAIL: g++.dg/init/new15.C (test for excess errors)
FAIL: g++.dg/opt/complex5.C (test for excess errors)
FAIL: g++.dg/opt/pr17697-1.C (test for excess errors)
FAIL: g++.dg/opt/pr17697-2.C (test for excess errors)
FAIL: g++.dg/opt/pr17697-3.C (test for excess errors)
FAIL: g++.dg/opt/strength-reduce.C (test for excess errors)
FAIL: g++.dg/parse/register1.C (test for excess errors)
FAIL: g++.dg/template/non-dependent4.C (test for excess errors)
FAIL: g++.old-deja/g++.brendan/crash66.C (test for excess errors)
FAIL: g++.old-deja/g++.brendan/ptolemy1.C (test for excess errors)
FAIL: g++.old-deja/g++.brendan/ptolemy2.C (test for excess errors)
FAIL: g++.old-deja/g++.brendan/warnings4.C (test for excess errors)
FAIL: g++.old-deja/g++.jason/default2.C (test for excess errors)
FAIL: g++.old-deja/g++.jason/opeq.C (test for excess errors)
FAIL: g++.old-deja/g++.jason/overload34.C (test for excess errors)
FAIL: g++.old-deja/g++.jason/ref12.C (test for excess errors)
FAIL: g++.old-deja/g++.jason/report.C (test for excess errors)
FAIL: g++.old-deja/g++.jason/rfg6.C (test for excess errors)
FAIL: g++.old-deja/g++.jason/rvalue1.C (test for excess errors)
FAIL: g++.old-deja/g++.jason/scoping4.C (test for excess errors)
FAIL: g++.old-deja/g++.law/ctors17.C (test for excess errors)
FAIL: g++.old-deja/g++.law/ctors7.C (test for excess errors)
FAIL: g++.old-deja/g++.law/dtors2.C (test for excess errors)
FAIL: g++.old-deja/g++.law/operators3.C (test for excess errors)
FAIL: g++.old-deja/g++.law/refs1.C (test for excess errors)
FAIL: g++.old-deja/g++.law/union1.C (test for excess errors)
FAIL: g++.old-deja/g++.law/visibility1.C (test for excess errors)
FAIL: g++.old-deja/g++.law/visibility2.C (test for excess errors)
FAIL: g++.old-deja/g++.mike/bool2.C (test for excess errors)
FAIL: g++.old-deja/g++.mike/net48.C (test for excess errors)
FAIL: g++.old-deja/g++.mike/p11110.C (test for excess errors)
FAIL: g++.old-deja/g++.mike/p646.C (test for excess errors)
FAIL: g++.old-deja/g++.mike/p6746.C (test for excess errors)
FAIL: g++.old-deja/g++.mike/p700.C (test for excess errors)
FAIL: g++.old-deja/g++.mike/p811.C (test for excess errors)
FAIL: g++.old-deja/g++.other/init15.C (test for excess errors)
FAIL: g++.old-deja/g++.other/inline12.C (test for excess errors)
FAIL: g++.old-deja/g++.other/sibcall1.C (test for excess errors)
FAIL: g++.old-deja/g++.pt/explicit8.C (test for excess errors)
FAIL: g++.old-deja/g++.pt/m6.C (test for excess errors)
FAIL: g++.old-deja/g++.pt/m7.C (test for excess errors)
FAIL: g++.old-deja/g++.pt/nontype3.C (test for excess errors)
FAIL: g++.old-deja/g++.pt/t39.C (test for excess errors)
FAIL: g++.old-deja/g++.robertl/eb106.C (test for excess errors)
FAIL: g++.old-deja/g++.robertl/ice990323-2.C (test for excess errors)

		=== g++ Summary ===

# of expected passes		12009
# of unexpected failures	50
# of expected failures		67
# of unsupported tests		67
/scratch/gcc/nightly-2006-02-05-mainline/i686-pc-linux-gnu/build_gcc/install/bin/c++  version 4.2.0 20060205 (experimental)

		=== gcc tests ===


Running target unix
WARNING: program timed out.
FAIL: gcc.c-torture/compile/20001226-1.c  -O0  (test for excess errors)

		=== gcc Summary ===

# of expected passes		38891
# of unexpected failures	1
# of expected failures		115
# of untested testcases		28
# of unsupported tests		269
/scratch/gcc/nightly-2006-02-05-mainline/i686-pc-linux-gnu/build_gcc/install/bin/gcc  version 4.2.0 20060205 (experimental)

		=== libstdc++ tests ===


Running target unix
FAIL: 22_locale/messages/members/char/1.cc execution test
FAIL: 22_locale/messages/members/char/2.cc execution test
FAIL: 22_locale/messages/members/char/wrapped_env.cc execution test
FAIL: 22_locale/messages/members/char/wrapped_locale.cc execution test
FAIL: 22_locale/messages_byname/named_equivalence.cc execution test

		=== libstdc++ Summary ===

# of expected passes		4093
# of unexpected failures	5
# of expected failures		13
# of unsupported tests		6

Compiler version: 4.2.0 20060205 (experimental) 
Platform: i686-pc-linux-gnu
configure flags: --disable-nls --build=i686-pc-linux-gnu --host=i686-pc-linux-gnu --target=i686-pc-linux-gnu --enable-shared --enable-threads --disable-libmudflap --disable-libssp --disable-libstdcxx-pch --with-gnu-as --with-as=/scratch/gcc/nightly-2006-02-05-mainline/i686-pc-linux-gnu/build_gcc/install/bin/as --with-gnu-ld --with-ld=/scratch/gcc/nightly-2006-02-05-mainline/i686-pc-linux-gnu/build_gcc/install/bin/ld --prefix=/scratch/gcc/nightly-2006-02-05-mainline/i686-pc-linux-gnu/build_gcc/install --enable-languages=c,c++


Index Nav: [Date Index] [Subject Index] [Author Index] [Thread Index]
Message Nav: [Date Prev] [Date Next] [Thread Prev] [Thread Next]