This is the mail archive of the
gcc-testresults@gcc.gnu.org
mailing list for the GCC project.
Results for 4.2.0 20060204 (experimental) testsuite on ia64-suse-linux-gnu
- From: Andreas Schwab <schwab at suse dot de>
- To: gcc-testresults at gcc dot gnu dot org
- Date: Sat, 04 Feb 2006 11:49:11 +0100
- Subject: Results for 4.2.0 20060204 (experimental) testsuite on ia64-suse-linux-gnu
LAST_UPDATED: Sat Feb 4 09:01:32 UTC 2006 (revision 110584M)
=== acats tests ===
FAIL: c32001e
FAIL: c64105b
FAIL: c95086b
=== acats Summary ===
# of expected passes 2313
# of unexpected failures 3
Native configuration is ia64-suse-linux-gnu
=== g++ tests ===
Running target unix
FAIL: g++.dg/charset/extern2.cc (test for excess errors)
FAIL: g++.dg/charset/string.c (test for excess errors)
FAIL: g++.dg/ext/builtin1.C (test for excess errors)
FAIL: g++.dg/ext/builtin2.C (test for excess errors)
FAIL: g++.dg/init/ctor4.C (test for excess errors)
FAIL: g++.dg/init/new15.C (test for excess errors)
FAIL: g++.dg/opt/pr17697-1.C (test for excess errors)
FAIL: g++.dg/opt/pr17697-2.C (test for excess errors)
FAIL: g++.dg/opt/pr17697-3.C (test for excess errors)
FAIL: g++.dg/opt/strength-reduce.C (test for excess errors)
FAIL: g++.dg/parse/register1.C (test for excess errors)
FAIL: g++.dg/template/non-dependent4.C (test for excess errors)
FAIL: g++.old-deja/g++.brendan/crash66.C (test for excess errors)
FAIL: g++.old-deja/g++.brendan/ptolemy1.C (test for excess errors)
FAIL: g++.old-deja/g++.brendan/ptolemy2.C (test for excess errors)
FAIL: g++.old-deja/g++.brendan/warnings4.C (test for excess errors)
FAIL: g++.old-deja/g++.jason/default2.C (test for excess errors)
FAIL: g++.old-deja/g++.jason/opeq.C (test for excess errors)
FAIL: g++.old-deja/g++.jason/overload34.C (test for excess errors)
FAIL: g++.old-deja/g++.jason/ref12.C (test for excess errors)
FAIL: g++.old-deja/g++.jason/report.C (test for excess errors)
FAIL: g++.old-deja/g++.jason/rfg6.C (test for excess errors)
FAIL: g++.old-deja/g++.jason/rvalue1.C (test for excess errors)
FAIL: g++.old-deja/g++.jason/scoping4.C (test for excess errors)
FAIL: g++.old-deja/g++.law/ctors17.C (test for excess errors)
FAIL: g++.old-deja/g++.law/ctors7.C (test for excess errors)
FAIL: g++.old-deja/g++.law/dtors2.C (test for excess errors)
FAIL: g++.old-deja/g++.law/operators3.C (test for excess errors)
FAIL: g++.old-deja/g++.law/refs1.C (test for excess errors)
FAIL: g++.old-deja/g++.law/union1.C (test for excess errors)
FAIL: g++.old-deja/g++.law/visibility1.C (test for excess errors)
FAIL: g++.old-deja/g++.law/visibility2.C (test for excess errors)
FAIL: g++.old-deja/g++.mike/bool2.C (test for excess errors)
FAIL: g++.old-deja/g++.mike/net48.C (test for excess errors)
FAIL: g++.old-deja/g++.mike/p11110.C (test for excess errors)
FAIL: g++.old-deja/g++.mike/p646.C (test for excess errors)
FAIL: g++.old-deja/g++.mike/p6746.C (test for excess errors)
FAIL: g++.old-deja/g++.mike/p700.C (test for excess errors)
FAIL: g++.old-deja/g++.mike/p811.C (test for excess errors)
FAIL: g++.old-deja/g++.other/init15.C (test for excess errors)
XPASS: g++.old-deja/g++.other/init5.C execution test
FAIL: g++.old-deja/g++.other/inline12.C (test for excess errors)
FAIL: g++.old-deja/g++.other/sibcall1.C (test for excess errors)
FAIL: g++.old-deja/g++.pt/explicit8.C (test for excess errors)
FAIL: g++.old-deja/g++.pt/m6.C (test for excess errors)
FAIL: g++.old-deja/g++.pt/m7.C (test for excess errors)
FAIL: g++.old-deja/g++.pt/nontype3.C (test for excess errors)
FAIL: g++.old-deja/g++.pt/t39.C (test for excess errors)
FAIL: g++.old-deja/g++.robertl/eb106.C (test for excess errors)
FAIL: g++.old-deja/g++.robertl/ice990323-2.C (test for excess errors)
=== g++ Summary ===
# of expected passes 11415
# of unexpected failures 49
# of unexpected successes 1
# of expected failures 66
# of unsupported tests 104
/tmp/cvs/gcc-20060204/Build/gcc/testsuite/g++/../../g++ version 4.2.0 20060204 (experimental)
=== gcc tests ===
Running target unix
FAIL: gcc.c-torture/compile/20051228-1.c -O1 (test for excess errors)
FAIL: gcc.c-torture/compile/20051228-1.c -O2 (test for excess errors)
FAIL: gcc.c-torture/compile/20051228-1.c -O3 -fomit-frame-pointer (test for excess errors)
FAIL: gcc.c-torture/compile/20051228-1.c -O3 -g (test for excess errors)
FAIL: gcc.c-torture/compile/20051228-1.c -Os (test for excess errors)
FAIL: gcc.dg/builtin-apply4.c execution test
FAIL: gcc.dg/gomp/pr25990.c (test for excess errors)
WARNING: gcc.dg/torture/fp-int-convert-float128-timode.c -O0 compilation failed to produce executable
WARNING: gcc.dg/torture/fp-int-convert-float128-timode.c -O1 compilation failed to produce executable
WARNING: gcc.dg/torture/fp-int-convert-float128-timode.c -O2 compilation failed to produce executable
WARNING: gcc.dg/torture/fp-int-convert-float128-timode.c -O3 -fomit-frame-pointer compilation failed to produce executable
WARNING: gcc.dg/torture/fp-int-convert-float128-timode.c -O3 -g compilation failed to produce executable
WARNING: gcc.dg/torture/fp-int-convert-float128-timode.c -Os compilation failed to produce executable
FAIL: gcc.dg/torture/fp-int-convert-float128.c -O0 (test for excess errors)
WARNING: gcc.dg/torture/fp-int-convert-float128.c -O0 compilation failed to produce executable
FAIL: gcc.dg/torture/fp-int-convert-float128.c -O1 (test for excess errors)
WARNING: gcc.dg/torture/fp-int-convert-float128.c -O1 compilation failed to produce executable
FAIL: gcc.dg/torture/fp-int-convert-float128.c -O2 (test for excess errors)
WARNING: gcc.dg/torture/fp-int-convert-float128.c -O2 compilation failed to produce executable
FAIL: gcc.dg/torture/fp-int-convert-float128.c -O3 -fomit-frame-pointer (test for excess errors)
WARNING: gcc.dg/torture/fp-int-convert-float128.c -O3 -fomit-frame-pointer compilation failed to produce executable
FAIL: gcc.dg/torture/fp-int-convert-float128.c -O3 -g (test for excess errors)
WARNING: gcc.dg/torture/fp-int-convert-float128.c -O3 -g compilation failed to produce executable
FAIL: gcc.dg/torture/fp-int-convert-float128.c -Os (test for excess errors)
WARNING: gcc.dg/torture/fp-int-convert-float128.c -Os compilation failed to produce executable
XPASS: gcc.dg/tree-ssa/loop-1.c scan-assembler-times foo 5
XPASS: gcc.dg/vect/pr16105.c scan-tree-dump-times vectorized 1 loops 1
XPASS: gcc.dg/vect/pr20122.c scan-tree-dump-times vectorized 1 loops 2
XPASS: gcc.dg/vect/vect-105.c scan-tree-dump-times vectorized 1 loops 1
XPASS: gcc.dg/vect/vect-30.c scan-tree-dump-times vectorized 1 loops 2
XPASS: gcc.dg/vect/vect-42.c scan-tree-dump-times vectorized 1 loops 1
XPASS: gcc.dg/vect/vect-43.c scan-tree-dump-times vectorized 1 loops 1
XPASS: gcc.dg/vect/vect-74.c scan-tree-dump-times vectorized 1 loops 1
XPASS: gcc.dg/vect/vect-75.c scan-tree-dump-times vectorized 1 loops 1
XPASS: gcc.dg/vect/vect-8.c scan-tree-dump-times vectorized 1 loops 1
FAIL: gcc.dg/vect/vect-reduc-dot-s16.c scan-tree-dump-times vectorized 1 loops 1
XPASS: gcc.dg/vect/vect-reduc-dot-u16.c scan-tree-dump-times vectorized 1 loops 1
FAIL: gcc.dg/vect/vect-reduc-pattern-2.c scan-tree-dump-times vectorized 2 loops 1
=== gcc Summary ===
# of expected passes 37718
# of unexpected failures 15
# of unexpected successes 11
# of expected failures 151
# of untested testcases 28
# of unsupported tests 329
/tmp/cvs/gcc-20060204/Build/gcc/xgcc version 4.2.0 20060204 (experimental)
=== gfortran tests ===
Running target unix
FAIL: gfortran.dg/automatic_module_variable.f90 -O (test for excess errors)
FAIL: gfortran.dg/char_array_constructor.f90 -O0 (test for excess errors)
WARNING: gfortran.dg/char_array_constructor.f90 -O0 compilation failed to produce executable
FAIL: gfortran.dg/char_array_constructor.f90 -O1 (test for excess errors)
WARNING: gfortran.dg/char_array_constructor.f90 -O1 compilation failed to produce executable
FAIL: gfortran.dg/char_array_constructor.f90 -O2 (test for excess errors)
WARNING: gfortran.dg/char_array_constructor.f90 -O2 compilation failed to produce executable
FAIL: gfortran.dg/char_array_constructor.f90 -O3 -fomit-frame-pointer (test for excess errors)
WARNING: gfortran.dg/char_array_constructor.f90 -O3 -fomit-frame-pointer compilation failed to produce executable
FAIL: gfortran.dg/char_array_constructor.f90 -O3 -fomit-frame-pointer -funroll-loops (test for excess errors)
WARNING: gfortran.dg/char_array_constructor.f90 -O3 -fomit-frame-pointer -funroll-loops compilation failed to produce executable
FAIL: gfortran.dg/char_array_constructor.f90 -O3 -fomit-frame-pointer -funroll-all-loops -finline-functions (test for excess errors)
WARNING: gfortran.dg/char_array_constructor.f90 -O3 -fomit-frame-pointer -funroll-all-loops -finline-functions compilation failed to produce executable
FAIL: gfortran.dg/char_array_constructor.f90 -O3 -g (test for excess errors)
WARNING: gfortran.dg/char_array_constructor.f90 -O3 -g compilation failed to produce executable
FAIL: gfortran.dg/char_array_constructor.f90 -Os (test for excess errors)
WARNING: gfortran.dg/char_array_constructor.f90 -Os compilation failed to produce executable
FAIL: gfortran.dg/char_result_11.f90 -O (test for excess errors)
FAIL: gfortran.dg/io_constraints_1.f90 -O (test for warnings, line 35)
FAIL: gfortran.dg/io_constraints_1.f90 -O (test for errors, line 40)
FAIL: gfortran.dg/io_constraints_1.f90 -O (test for errors, line 42)
FAIL: gfortran.dg/io_constraints_1.f90 -O (test for errors, line 47)
FAIL: gfortran.dg/io_constraints_1.f90 -O (test for errors, line 48)
FAIL: gfortran.dg/io_constraints_1.f90 -O (test for warnings, line 56)
FAIL: gfortran.dg/io_constraints_1.f90 -O (test for warnings, line 57)
FAIL: gfortran.dg/io_constraints_1.f90 -O (test for errors, line 61)
FAIL: gfortran.dg/io_constraints_1.f90 -O (test for errors, line 63)
FAIL: gfortran.dg/io_constraints_1.f90 -O (test for errors, line 65)
FAIL: gfortran.dg/io_constraints_1.f90 -O (test for errors, line 68)
FAIL: gfortran.dg/io_constraints_1.f90 -O (test for errors, line 69)
FAIL: gfortran.dg/io_constraints_1.f90 -O (test for errors, line 70)
FAIL: gfortran.dg/io_constraints_1.f90 -O (test for errors, line 73)
FAIL: gfortran.dg/io_constraints_1.f90 -O (test for excess errors)
FAIL: gfortran.dg/module_commons_1.f90 -O0 (test for excess errors)
WARNING: gfortran.dg/module_commons_1.f90 -O0 compilation failed to produce executable
FAIL: gfortran.dg/module_commons_1.f90 -O1 (test for excess errors)
WARNING: gfortran.dg/module_commons_1.f90 -O1 compilation failed to produce executable
FAIL: gfortran.dg/module_commons_1.f90 -O2 (test for excess errors)
WARNING: gfortran.dg/module_commons_1.f90 -O2 compilation failed to produce executable
FAIL: gfortran.dg/module_commons_1.f90 -O3 -fomit-frame-pointer (test for excess errors)
WARNING: gfortran.dg/module_commons_1.f90 -O3 -fomit-frame-pointer compilation failed to produce executable
FAIL: gfortran.dg/module_commons_1.f90 -O3 -fomit-frame-pointer -funroll-loops (test for excess errors)
WARNING: gfortran.dg/module_commons_1.f90 -O3 -fomit-frame-pointer -funroll-loops compilation failed to produce executable
FAIL: gfortran.dg/module_commons_1.f90 -O3 -fomit-frame-pointer -funroll-all-loops -finline-functions (test for excess errors)
WARNING: gfortran.dg/module_commons_1.f90 -O3 -fomit-frame-pointer -funroll-all-loops -finline-functions compilation failed to produce executable
FAIL: gfortran.dg/module_commons_1.f90 -O3 -g (test for excess errors)
WARNING: gfortran.dg/module_commons_1.f90 -O3 -g compilation failed to produce executable
FAIL: gfortran.dg/module_commons_1.f90 -Os (test for excess errors)
WARNING: gfortran.dg/module_commons_1.f90 -Os compilation failed to produce executable
FAIL: gfortran.dg/module_equivalence_1.f90 -O0 (test for excess errors)
WARNING: gfortran.dg/module_equivalence_1.f90 -O0 compilation failed to produce executable
FAIL: gfortran.dg/module_equivalence_1.f90 -O1 (test for excess errors)
WARNING: gfortran.dg/module_equivalence_1.f90 -O1 compilation failed to produce executable
FAIL: gfortran.dg/module_equivalence_1.f90 -O2 (test for excess errors)
WARNING: gfortran.dg/module_equivalence_1.f90 -O2 compilation failed to produce executable
FAIL: gfortran.dg/module_equivalence_1.f90 -O3 -fomit-frame-pointer (test for excess errors)
WARNING: gfortran.dg/module_equivalence_1.f90 -O3 -fomit-frame-pointer compilation failed to produce executable
FAIL: gfortran.dg/module_equivalence_1.f90 -O3 -fomit-frame-pointer -funroll-loops (test for excess errors)
WARNING: gfortran.dg/module_equivalence_1.f90 -O3 -fomit-frame-pointer -funroll-loops compilation failed to produce executable
FAIL: gfortran.dg/module_equivalence_1.f90 -O3 -fomit-frame-pointer -funroll-all-loops -finline-functions (test for excess errors)
WARNING: gfortran.dg/module_equivalence_1.f90 -O3 -fomit-frame-pointer -funroll-all-loops -finline-functions compilation failed to produce executable
FAIL: gfortran.dg/module_equivalence_1.f90 -O3 -g (test for excess errors)
WARNING: gfortran.dg/module_equivalence_1.f90 -O3 -g compilation failed to produce executable
FAIL: gfortran.dg/module_equivalence_1.f90 -Os (test for excess errors)
WARNING: gfortran.dg/module_equivalence_1.f90 -Os compilation failed to produce executable
FAIL: gfortran.dg/namelist_use.f90 -O0 (test for warnings, line 19)
FAIL: gfortran.dg/namelist_use.f90 -O0 (test for excess errors)
WARNING: gfortran.dg/namelist_use.f90 -O0 compilation failed to produce executable
FAIL: gfortran.dg/namelist_use.f90 -O1 (test for warnings, line 19)
FAIL: gfortran.dg/namelist_use.f90 -O1 (test for excess errors)
WARNING: gfortran.dg/namelist_use.f90 -O1 compilation failed to produce executable
FAIL: gfortran.dg/namelist_use.f90 -O2 (test for warnings, line 19)
FAIL: gfortran.dg/namelist_use.f90 -O2 (test for excess errors)
WARNING: gfortran.dg/namelist_use.f90 -O2 compilation failed to produce executable
FAIL: gfortran.dg/namelist_use.f90 -O3 -fomit-frame-pointer (test for warnings, line 19)
FAIL: gfortran.dg/namelist_use.f90 -O3 -fomit-frame-pointer (test for excess errors)
WARNING: gfortran.dg/namelist_use.f90 -O3 -fomit-frame-pointer compilation failed to produce executable
FAIL: gfortran.dg/namelist_use.f90 -O3 -fomit-frame-pointer -funroll-loops (test for warnings, line 19)
FAIL: gfortran.dg/namelist_use.f90 -O3 -fomit-frame-pointer -funroll-loops (test for excess errors)
WARNING: gfortran.dg/namelist_use.f90 -O3 -fomit-frame-pointer -funroll-loops compilation failed to produce executable
FAIL: gfortran.dg/namelist_use.f90 -O3 -fomit-frame-pointer -funroll-all-loops -finline-functions (test for warnings, line 19)
FAIL: gfortran.dg/namelist_use.f90 -O3 -fomit-frame-pointer -funroll-all-loops -finline-functions (test for excess errors)
WARNING: gfortran.dg/namelist_use.f90 -O3 -fomit-frame-pointer -funroll-all-loops -finline-functions compilation failed to produce executable
FAIL: gfortran.dg/namelist_use.f90 -O3 -g (test for warnings, line 19)
FAIL: gfortran.dg/namelist_use.f90 -O3 -g (test for excess errors)
WARNING: gfortran.dg/namelist_use.f90 -O3 -g compilation failed to produce executable
FAIL: gfortran.dg/namelist_use.f90 -Os (test for warnings, line 19)
FAIL: gfortran.dg/namelist_use.f90 -Os (test for excess errors)
WARNING: gfortran.dg/namelist_use.f90 -Os compilation failed to produce executable
FAIL: gfortran.dg/nested_modules_1.f90 -O0 (test for excess errors)
WARNING: gfortran.dg/nested_modules_1.f90 -O0 compilation failed to produce executable
FAIL: gfortran.dg/nested_modules_1.f90 -O1 (test for excess errors)
WARNING: gfortran.dg/nested_modules_1.f90 -O1 compilation failed to produce executable
FAIL: gfortran.dg/nested_modules_1.f90 -O2 (test for excess errors)
WARNING: gfortran.dg/nested_modules_1.f90 -O2 compilation failed to produce executable
FAIL: gfortran.dg/nested_modules_1.f90 -O3 -fomit-frame-pointer (test for excess errors)
WARNING: gfortran.dg/nested_modules_1.f90 -O3 -fomit-frame-pointer compilation failed to produce executable
FAIL: gfortran.dg/nested_modules_1.f90 -O3 -fomit-frame-pointer -funroll-loops (test for excess errors)
WARNING: gfortran.dg/nested_modules_1.f90 -O3 -fomit-frame-pointer -funroll-loops compilation failed to produce executable
FAIL: gfortran.dg/nested_modules_1.f90 -O3 -fomit-frame-pointer -funroll-all-loops -finline-functions (test for excess errors)
WARNING: gfortran.dg/nested_modules_1.f90 -O3 -fomit-frame-pointer -funroll-all-loops -finline-functions compilation failed to produce executable
FAIL: gfortran.dg/nested_modules_1.f90 -O3 -g (test for excess errors)
WARNING: gfortran.dg/nested_modules_1.f90 -O3 -g compilation failed to produce executable
FAIL: gfortran.dg/nested_modules_1.f90 -Os (test for excess errors)
WARNING: gfortran.dg/nested_modules_1.f90 -Os compilation failed to produce executable
FAIL: gfortran.dg/nested_modules_2.f90 -O (test for excess errors)
FAIL: gfortran.dg/private_type_3.f90 -O (test for excess errors)
FAIL: gfortran.dg/vect/vect-4.f90 -O scan-tree-dump-times Alignment of access forced using peeling 1
FAIL: gfortran.dg/vect/vect-4.f90 -O scan-tree-dump-times Vectorizing an unaligned access 1
FAIL: gfortran.fortran-torture/compile/module_expr.f90, "-O"
=== gfortran Summary ===
# of expected passes 11388
# of unexpected failures 70
# of expected failures 20
# of unsupported tests 18
/tmp/cvs/gcc-20060204/Build/gcc/testsuite/gfortran/../../gfortran version 4.2.0 20060204 (experimental)
=== objc tests ===
Running target unix
=== objc Summary ===
# of expected passes 1743
# of expected failures 7
# of unsupported tests 24
/tmp/cvs/gcc-20060204/Build/gcc/xgcc version 4.2.0 20060204 (experimental)
=== libffi tests ===
Running target unix
=== libffi Summary ===
# of expected passes 228
# of unsupported tests 2
=== libgomp tests ===
Running target unix
=== libgomp Summary ===
# of expected passes 131
=== libjava tests ===
Running target unix
=== libjava Summary ===
# of expected passes 4029
# of expected failures 10
# of untested testcases 8
=== libmudflap tests ===
Running target unix
FAIL: libmudflap.c++/pass41-frag.cxx (test for excess errors)
WARNING: libmudflap.c++/pass41-frag.cxx compilation failed to produce executable
FAIL: libmudflap.c++/pass41-frag.cxx ( -O) (test for excess errors)
WARNING: libmudflap.c++/pass41-frag.cxx ( -O) compilation failed to produce executable
FAIL: libmudflap.c++/pass41-frag.cxx (-O2) (test for excess errors)
WARNING: libmudflap.c++/pass41-frag.cxx (-O2) compilation failed to produce executable
FAIL: libmudflap.c++/pass41-frag.cxx (-O3) (test for excess errors)
WARNING: libmudflap.c++/pass41-frag.cxx (-O3) compilation failed to produce executable
FAIL: ctors-12 linkage
FAIL: ctors-21 linkage
WARNING: program timed out.
FAIL: ctors-12 execution
WARNING: program timed out.
FAIL: ctors-21 execution
FAIL: ctors-12 linkage -static
FAIL: ctors-21 linkage -static
WARNING: program timed out.
FAIL: ctors-12 execution -static
WARNING: program timed out.
FAIL: ctors-21 execution -static
FAIL: ctors-12 linkage -O2
FAIL: ctors-21 linkage -O2
WARNING: program timed out.
FAIL: ctors-12 execution -O2
WARNING: program timed out.
FAIL: ctors-21 execution -O2
FAIL: ctors-12 linkage -O3
FAIL: ctors-21 linkage -O3
WARNING: program timed out.
FAIL: ctors-12 execution -O3
WARNING: program timed out.
FAIL: ctors-21 execution -O3
=== libmudflap Summary ===
# of expected passes 1765
# of unexpected failures 20
=== libstdc++ tests ===
Running target unix
XPASS: 26_numerics/cmath/c99_classification_macros_c.cc (test for excess errors)
FAIL: 27_io/basic_stringbuf/in_avail/char/21955.cc (test for excess errors)
XPASS: 27_io/fpos/14320-1.cc execution test
=== libstdc++ Summary ===
# of expected passes 4110
# of unexpected failures 1
# of unexpected successes 2
# of expected failures 11
Compiler version: 4.2.0 20060204 (experimental)
Platform: ia64-suse-linux-gnu
configure flags: --prefix=/tmp/cvs/gcc-20060204/Build/root --host=ia64-suse-linux --enable-shared --enable-threads --enable-__cxa_atexit --with-system-zlib --with-system-libunwind --enable-languages=c,ada,c++,fortran,java,objc