This is the mail archive of the
gcc-testresults@gcc.gnu.org
mailing list for the GCC project.
Results for 4.1.0 20060204 (prerelease) testsuite on ia64-suse-linux-gnu
- From: Andreas Schwab <schwab at suse dot de>
- To: gcc-testresults at gcc dot gnu dot org
- Date: Sat, 04 Feb 2006 11:12:08 +0100
- Subject: Results for 4.1.0 20060204 (prerelease) testsuite on ia64-suse-linux-gnu
LAST_UPDATED: Sat Feb 4 09:00:54 UTC 2006 (revision 110584M)
=== acats tests ===
FAIL: c36204d
=== acats Summary ===
# of expected passes 2315
# of unexpected failures 1
Native configuration is ia64-suse-linux-gnu
=== g++ tests ===
Running target unix
XPASS: g++.dg/tree-ssa/pr14814.C scan-tree-dump-times &this 0
XPASS: g++.old-deja/g++.other/init5.C execution test
=== g++ Summary ===
# of expected passes 11418
# of unexpected successes 2
# of expected failures 67
# of unsupported tests 103
/tmp/cvs/gcc-20060204/Build/gcc/testsuite/../g++ version 4.1.0 20060204 (prerelease)
=== gcc tests ===
Running target unix
FAIL: gcc.dg/builtin-apply4.c execution test
XPASS: gcc.dg/tree-ssa/loop-1.c scan-assembler-times foo 5
XPASS: gcc.dg/vect/pr16105.c scan-tree-dump-times vectorized 1 loops 1
XPASS: gcc.dg/vect/pr20122.c scan-tree-dump-times vectorized 1 loops 2
XPASS: gcc.dg/vect/vect-105.c scan-tree-dump-times vectorized 1 loops 1
XPASS: gcc.dg/vect/vect-30.c scan-tree-dump-times vectorized 1 loops 2
XPASS: gcc.dg/vect/vect-42.c scan-tree-dump-times vectorized 1 loops 1
XPASS: gcc.dg/vect/vect-43.c scan-tree-dump-times vectorized 1 loops 1
XPASS: gcc.dg/vect/vect-74.c scan-tree-dump-times vectorized 1 loops 1
XPASS: gcc.dg/vect/vect-75.c scan-tree-dump-times vectorized 1 loops 1
XPASS: gcc.dg/vect/vect-8.c scan-tree-dump-times vectorized 1 loops 1
=== gcc Summary ===
# of expected passes 36958
# of unexpected failures 1
# of unexpected successes 10
# of expected failures 132
# of untested testcases 28
# of unsupported tests 316
/tmp/cvs/gcc-20060204/Build/gcc/xgcc version 4.1.0 20060204 (prerelease)
=== gfortran tests ===
Running target unix
FAIL: gfortran.dg/automatic_module_variable.f90 -O (test for excess errors)
FAIL: gfortran.dg/char_array_constructor.f90 -O0 (test for excess errors)
WARNING: gfortran.dg/char_array_constructor.f90 -O0 compilation failed to produce executable
FAIL: gfortran.dg/char_array_constructor.f90 -O1 (test for excess errors)
WARNING: gfortran.dg/char_array_constructor.f90 -O1 compilation failed to produce executable
FAIL: gfortran.dg/char_array_constructor.f90 -O2 (test for excess errors)
WARNING: gfortran.dg/char_array_constructor.f90 -O2 compilation failed to produce executable
FAIL: gfortran.dg/char_array_constructor.f90 -O3 -fomit-frame-pointer (test for excess errors)
WARNING: gfortran.dg/char_array_constructor.f90 -O3 -fomit-frame-pointer compilation failed to produce executable
FAIL: gfortran.dg/char_array_constructor.f90 -O3 -fomit-frame-pointer -funroll-loops (test for excess errors)
WARNING: gfortran.dg/char_array_constructor.f90 -O3 -fomit-frame-pointer -funroll-loops compilation failed to produce executable
FAIL: gfortran.dg/char_array_constructor.f90 -O3 -fomit-frame-pointer -funroll-all-loops -finline-functions (test for excess errors)
WARNING: gfortran.dg/char_array_constructor.f90 -O3 -fomit-frame-pointer -funroll-all-loops -finline-functions compilation failed to produce executable
FAIL: gfortran.dg/char_array_constructor.f90 -O3 -g (test for excess errors)
WARNING: gfortran.dg/char_array_constructor.f90 -O3 -g compilation failed to produce executable
FAIL: gfortran.dg/char_array_constructor.f90 -Os (test for excess errors)
WARNING: gfortran.dg/char_array_constructor.f90 -Os compilation failed to produce executable
FAIL: gfortran.dg/char_result_11.f90 -O (test for excess errors)
FAIL: gfortran.dg/contained_1.f90 -O0 (test for excess errors)
WARNING: gfortran.dg/contained_1.f90 -O0 compilation failed to produce executable
FAIL: gfortran.dg/contained_1.f90 -O1 (test for excess errors)
WARNING: gfortran.dg/contained_1.f90 -O1 compilation failed to produce executable
FAIL: gfortran.dg/contained_1.f90 -O2 (test for excess errors)
WARNING: gfortran.dg/contained_1.f90 -O2 compilation failed to produce executable
FAIL: gfortran.dg/contained_1.f90 -O3 -fomit-frame-pointer (test for excess errors)
WARNING: gfortran.dg/contained_1.f90 -O3 -fomit-frame-pointer compilation failed to produce executable
FAIL: gfortran.dg/contained_1.f90 -O3 -fomit-frame-pointer -funroll-loops (test for excess errors)
WARNING: gfortran.dg/contained_1.f90 -O3 -fomit-frame-pointer -funroll-loops compilation failed to produce executable
FAIL: gfortran.dg/contained_1.f90 -O3 -fomit-frame-pointer -funroll-all-loops -finline-functions (test for excess errors)
WARNING: gfortran.dg/contained_1.f90 -O3 -fomit-frame-pointer -funroll-all-loops -finline-functions compilation failed to produce executable
FAIL: gfortran.dg/contained_1.f90 -O3 -g (test for excess errors)
WARNING: gfortran.dg/contained_1.f90 -O3 -g compilation failed to produce executable
FAIL: gfortran.dg/contained_1.f90 -Os (test for excess errors)
WARNING: gfortran.dg/contained_1.f90 -Os compilation failed to produce executable
FAIL: gfortran.dg/cray_pointers_5.f90 -O0 (test for excess errors)
WARNING: gfortran.dg/cray_pointers_5.f90 -O0 compilation failed to produce executable
FAIL: gfortran.dg/cray_pointers_5.f90 -O1 (test for excess errors)
WARNING: gfortran.dg/cray_pointers_5.f90 -O1 compilation failed to produce executable
FAIL: gfortran.dg/cray_pointers_5.f90 -O2 (test for excess errors)
WARNING: gfortran.dg/cray_pointers_5.f90 -O2 compilation failed to produce executable
FAIL: gfortran.dg/cray_pointers_5.f90 -O3 -fomit-frame-pointer (test for excess errors)
WARNING: gfortran.dg/cray_pointers_5.f90 -O3 -fomit-frame-pointer compilation failed to produce executable
FAIL: gfortran.dg/cray_pointers_5.f90 -O3 -fomit-frame-pointer -funroll-loops (test for excess errors)
WARNING: gfortran.dg/cray_pointers_5.f90 -O3 -fomit-frame-pointer -funroll-loops compilation failed to produce executable
FAIL: gfortran.dg/cray_pointers_5.f90 -O3 -fomit-frame-pointer -funroll-all-loops -finline-functions (test for excess errors)
WARNING: gfortran.dg/cray_pointers_5.f90 -O3 -fomit-frame-pointer -funroll-all-loops -finline-functions compilation failed to produce executable
FAIL: gfortran.dg/cray_pointers_5.f90 -O3 -g (test for excess errors)
WARNING: gfortran.dg/cray_pointers_5.f90 -O3 -g compilation failed to produce executable
FAIL: gfortran.dg/cray_pointers_5.f90 -Os (test for excess errors)
WARNING: gfortran.dg/cray_pointers_5.f90 -Os compilation failed to produce executable
FAIL: gfortran.dg/module_equivalence_1.f90 -O0 (test for excess errors)
WARNING: gfortran.dg/module_equivalence_1.f90 -O0 compilation failed to produce executable
FAIL: gfortran.dg/module_equivalence_1.f90 -O1 (test for excess errors)
WARNING: gfortran.dg/module_equivalence_1.f90 -O1 compilation failed to produce executable
FAIL: gfortran.dg/module_equivalence_1.f90 -O2 (test for excess errors)
WARNING: gfortran.dg/module_equivalence_1.f90 -O2 compilation failed to produce executable
FAIL: gfortran.dg/module_equivalence_1.f90 -O3 -fomit-frame-pointer (test for excess errors)
WARNING: gfortran.dg/module_equivalence_1.f90 -O3 -fomit-frame-pointer compilation failed to produce executable
FAIL: gfortran.dg/module_equivalence_1.f90 -O3 -fomit-frame-pointer -funroll-loops (test for excess errors)
WARNING: gfortran.dg/module_equivalence_1.f90 -O3 -fomit-frame-pointer -funroll-loops compilation failed to produce executable
FAIL: gfortran.dg/module_equivalence_1.f90 -O3 -fomit-frame-pointer -funroll-all-loops -finline-functions (test for excess errors)
WARNING: gfortran.dg/module_equivalence_1.f90 -O3 -fomit-frame-pointer -funroll-all-loops -finline-functions compilation failed to produce executable
FAIL: gfortran.dg/module_equivalence_1.f90 -O3 -g (test for excess errors)
WARNING: gfortran.dg/module_equivalence_1.f90 -O3 -g compilation failed to produce executable
FAIL: gfortran.dg/module_equivalence_1.f90 -Os (test for excess errors)
WARNING: gfortran.dg/module_equivalence_1.f90 -Os compilation failed to produce executable
FAIL: gfortran.dg/namelist_use.f90 -O0 (test for warnings, line 19)
FAIL: gfortran.dg/namelist_use.f90 -O0 (test for excess errors)
WARNING: gfortran.dg/namelist_use.f90 -O0 compilation failed to produce executable
FAIL: gfortran.dg/namelist_use.f90 -O1 (test for warnings, line 19)
FAIL: gfortran.dg/namelist_use.f90 -O1 (test for excess errors)
WARNING: gfortran.dg/namelist_use.f90 -O1 compilation failed to produce executable
FAIL: gfortran.dg/namelist_use.f90 -O2 (test for warnings, line 19)
FAIL: gfortran.dg/namelist_use.f90 -O2 (test for excess errors)
WARNING: gfortran.dg/namelist_use.f90 -O2 compilation failed to produce executable
FAIL: gfortran.dg/namelist_use.f90 -O3 -fomit-frame-pointer (test for warnings, line 19)
FAIL: gfortran.dg/namelist_use.f90 -O3 -fomit-frame-pointer (test for excess errors)
WARNING: gfortran.dg/namelist_use.f90 -O3 -fomit-frame-pointer compilation failed to produce executable
FAIL: gfortran.dg/namelist_use.f90 -O3 -fomit-frame-pointer -funroll-loops (test for warnings, line 19)
FAIL: gfortran.dg/namelist_use.f90 -O3 -fomit-frame-pointer -funroll-loops (test for excess errors)
WARNING: gfortran.dg/namelist_use.f90 -O3 -fomit-frame-pointer -funroll-loops compilation failed to produce executable
FAIL: gfortran.dg/namelist_use.f90 -O3 -fomit-frame-pointer -funroll-all-loops -finline-functions (test for warnings, line 19)
FAIL: gfortran.dg/namelist_use.f90 -O3 -fomit-frame-pointer -funroll-all-loops -finline-functions (test for excess errors)
WARNING: gfortran.dg/namelist_use.f90 -O3 -fomit-frame-pointer -funroll-all-loops -finline-functions compilation failed to produce executable
FAIL: gfortran.dg/namelist_use.f90 -O3 -g (test for warnings, line 19)
FAIL: gfortran.dg/namelist_use.f90 -O3 -g (test for excess errors)
WARNING: gfortran.dg/namelist_use.f90 -O3 -g compilation failed to produce executable
FAIL: gfortran.dg/namelist_use.f90 -Os (test for warnings, line 19)
FAIL: gfortran.dg/namelist_use.f90 -Os (test for excess errors)
WARNING: gfortran.dg/namelist_use.f90 -Os compilation failed to produce executable
FAIL: gfortran.dg/namelist_use_only.f90 -O0 (test for excess errors)
WARNING: gfortran.dg/namelist_use_only.f90 -O0 compilation failed to produce executable
FAIL: gfortran.dg/namelist_use_only.f90 -O1 (test for excess errors)
WARNING: gfortran.dg/namelist_use_only.f90 -O1 compilation failed to produce executable
FAIL: gfortran.dg/namelist_use_only.f90 -O2 (test for excess errors)
WARNING: gfortran.dg/namelist_use_only.f90 -O2 compilation failed to produce executable
FAIL: gfortran.dg/namelist_use_only.f90 -O3 -fomit-frame-pointer (test for excess errors)
WARNING: gfortran.dg/namelist_use_only.f90 -O3 -fomit-frame-pointer compilation failed to produce executable
FAIL: gfortran.dg/namelist_use_only.f90 -O3 -fomit-frame-pointer -funroll-loops (test for excess errors)
WARNING: gfortran.dg/namelist_use_only.f90 -O3 -fomit-frame-pointer -funroll-loops compilation failed to produce executable
FAIL: gfortran.dg/namelist_use_only.f90 -O3 -fomit-frame-pointer -funroll-all-loops -finline-functions (test for excess errors)
WARNING: gfortran.dg/namelist_use_only.f90 -O3 -fomit-frame-pointer -funroll-all-loops -finline-functions compilation failed to produce executable
FAIL: gfortran.dg/namelist_use_only.f90 -O3 -g (test for excess errors)
WARNING: gfortran.dg/namelist_use_only.f90 -O3 -g compilation failed to produce executable
FAIL: gfortran.dg/namelist_use_only.f90 -Os (test for excess errors)
WARNING: gfortran.dg/namelist_use_only.f90 -Os compilation failed to produce executable
FAIL: gfortran.dg/nested_modules_1.f90 -O0 (test for excess errors)
WARNING: gfortran.dg/nested_modules_1.f90 -O0 compilation failed to produce executable
FAIL: gfortran.dg/nested_modules_1.f90 -O1 (test for excess errors)
WARNING: gfortran.dg/nested_modules_1.f90 -O1 compilation failed to produce executable
FAIL: gfortran.dg/nested_modules_1.f90 -O2 (test for excess errors)
WARNING: gfortran.dg/nested_modules_1.f90 -O2 compilation failed to produce executable
FAIL: gfortran.dg/nested_modules_1.f90 -O3 -fomit-frame-pointer (test for excess errors)
WARNING: gfortran.dg/nested_modules_1.f90 -O3 -fomit-frame-pointer compilation failed to produce executable
FAIL: gfortran.dg/nested_modules_1.f90 -O3 -fomit-frame-pointer -funroll-loops (test for excess errors)
WARNING: gfortran.dg/nested_modules_1.f90 -O3 -fomit-frame-pointer -funroll-loops compilation failed to produce executable
FAIL: gfortran.dg/nested_modules_1.f90 -O3 -fomit-frame-pointer -funroll-all-loops -finline-functions (test for excess errors)
WARNING: gfortran.dg/nested_modules_1.f90 -O3 -fomit-frame-pointer -funroll-all-loops -finline-functions compilation failed to produce executable
FAIL: gfortran.dg/nested_modules_1.f90 -O3 -g (test for excess errors)
WARNING: gfortran.dg/nested_modules_1.f90 -O3 -g compilation failed to produce executable
FAIL: gfortran.dg/nested_modules_1.f90 -Os (test for excess errors)
WARNING: gfortran.dg/nested_modules_1.f90 -Os compilation failed to produce executable
FAIL: gfortran.dg/nested_modules_2.f90 -O (test for excess errors)
FAIL: gfortran.dg/nested_modules_5.f90 -O (test for excess errors)
FAIL: gfortran.dg/private_type_3.f90 -O (test for excess errors)
FAIL: gfortran.dg/substring_equivalence.f90 -O (test for excess errors)
FAIL: gfortran.dg/vect/vect-4.f90 -O scan-tree-dump-times Alignment of access forced using peeling 1
FAIL: gfortran.dg/vect/vect-4.f90 -O scan-tree-dump-times Vectorizing an unaligned access 1
=== gfortran Summary ===
# of expected passes 11351
# of unexpected failures 72
# of expected failures 20
# of unsupported tests 18
/tmp/cvs/gcc-20060204/Build/gcc/testsuite/../gfortran version 4.1.0 20060204 (prerelease)
=== objc tests ===
Running target unix
=== objc Summary ===
# of expected passes 1682
# of unsupported tests 23
/tmp/cvs/gcc-20060204/Build/gcc/xgcc version 4.1.0 20060204 (prerelease)
=== libffi tests ===
Running target unix
=== libffi Summary ===
# of expected passes 228
# of unsupported tests 2
=== libjava tests ===
Running target unix
=== libjava Summary ===
# of expected passes 4011
# of expected failures 10
# of untested testcases 8
=== libmudflap tests ===
Running target unix
FAIL: libmudflap.c++/pass41-frag.cxx (test for excess errors)
WARNING: libmudflap.c++/pass41-frag.cxx compilation failed to produce executable
FAIL: libmudflap.c++/pass41-frag.cxx (-O) (test for excess errors)
WARNING: libmudflap.c++/pass41-frag.cxx (-O) compilation failed to produce executable
FAIL: libmudflap.c++/pass41-frag.cxx (-O2) (test for excess errors)
WARNING: libmudflap.c++/pass41-frag.cxx (-O2) compilation failed to produce executable
FAIL: libmudflap.c++/pass41-frag.cxx (-O3) (test for excess errors)
WARNING: libmudflap.c++/pass41-frag.cxx (-O3) compilation failed to produce executable
FAIL: ctors-12 linkage
FAIL: ctors-21 linkage
WARNING: program timed out.
FAIL: ctors-12 execution
WARNING: program timed out.
FAIL: ctors-21 execution
FAIL: ctors-12 linkage -static
FAIL: ctors-21 linkage -static
WARNING: program timed out.
FAIL: ctors-12 execution -static
WARNING: program timed out.
FAIL: ctors-21 execution -static
FAIL: ctors-12 linkage -O2
FAIL: ctors-21 linkage -O2
WARNING: program timed out.
FAIL: ctors-12 execution -O2
WARNING: program timed out.
FAIL: ctors-21 execution -O2
FAIL: ctors-12 linkage -O3
FAIL: ctors-21 linkage -O3
WARNING: program timed out.
FAIL: ctors-12 execution -O3
WARNING: program timed out.
FAIL: ctors-21 execution -O3
=== libmudflap Summary ===
# of expected passes 1765
# of unexpected failures 20
=== libstdc++ tests ===
Running target unix
XPASS: 26_numerics/cmath/c99_classification_macros_c.cc (test for excess errors)
XPASS: 27_io/fpos/14320-1.cc execution test
=== libstdc++ Summary ===
# of expected passes 4028
# of unexpected successes 2
# of expected failures 11
Compiler version: 4.1.0 20060204 (prerelease)
Platform: ia64-suse-linux-gnu
configure flags: --prefix=/tmp/cvs/gcc-20060204/Build/root --host=ia64-suse-linux --enable-shared --enable-threads --enable-__cxa_atexit --with-system-zlib --with-system-libunwind --enable-languages=c,ada,c++,fortran,java,objc