This is the mail archive of the gcc-testresults@gcc.gnu.org mailing list for the GCC project.


Index Nav: [Date Index] [Subject Index] [Author Index] [Thread Index]
Message Nav: [Date Prev] [Date Next] [Thread Prev] [Thread Next]
Other format: [Raw text]

Results for 4.2.0 20060204 (experimental) testsuite on powerpc64-unknown-linux-gnu


Linux 2.4.21-17.EL ppc64
GNU C Library stable release version 2.3.2
GNU ld version 2.16.1
GNU assembler 2.16.1
GNU Make version 3.79.1

DejaGnu:
	Expect version is	5.40.0
	Tcl version is		8.4
	Framework version is	1.4.4

32-bit biarch default32

LAST_UPDATED: Sat Feb  4 02:12:55 UTC 2006 (revision 110582)

Native configuration is powerpc64-unknown-linux-gnu

		=== g++ tests ===


Running target unix/-m32
FAIL: g++.dg/charset/extern2.cc (test for excess errors)
FAIL: g++.dg/charset/string.c (test for excess errors)
FAIL: g++.dg/ext/builtin1.C (test for excess errors)
FAIL: g++.dg/ext/builtin2.C (test for excess errors)
FAIL: g++.dg/init/ctor4.C (test for excess errors)
FAIL: g++.dg/init/new15.C (test for excess errors)
FAIL: g++.dg/opt/pr17697-1.C (test for excess errors)
FAIL: g++.dg/opt/pr17697-2.C (test for excess errors)
FAIL: g++.dg/opt/pr17697-3.C (test for excess errors)
FAIL: g++.dg/opt/strength-reduce.C (test for excess errors)
FAIL: g++.dg/parse/register1.C (test for excess errors)
FAIL: g++.dg/template/non-dependent4.C (test for excess errors)
FAIL: g++.old-deja/g++.brendan/crash66.C (test for excess errors)
FAIL: g++.old-deja/g++.brendan/ptolemy1.C (test for excess errors)
FAIL: g++.old-deja/g++.brendan/ptolemy2.C (test for excess errors)
FAIL: g++.old-deja/g++.brendan/warnings4.C (test for excess errors)
FAIL: g++.old-deja/g++.jason/default2.C (test for excess errors)
FAIL: g++.old-deja/g++.jason/opeq.C (test for excess errors)
FAIL: g++.old-deja/g++.jason/overload34.C (test for excess errors)
FAIL: g++.old-deja/g++.jason/ref12.C (test for excess errors)
FAIL: g++.old-deja/g++.jason/report.C (test for excess errors)
FAIL: g++.old-deja/g++.jason/rfg6.C (test for excess errors)
FAIL: g++.old-deja/g++.jason/rvalue1.C (test for excess errors)
FAIL: g++.old-deja/g++.jason/scoping4.C (test for excess errors)
FAIL: g++.old-deja/g++.law/ctors17.C (test for excess errors)
FAIL: g++.old-deja/g++.law/ctors7.C (test for excess errors)
FAIL: g++.old-deja/g++.law/dtors2.C (test for excess errors)
FAIL: g++.old-deja/g++.law/operators3.C (test for excess errors)
FAIL: g++.old-deja/g++.law/refs1.C (test for excess errors)
FAIL: g++.old-deja/g++.law/union1.C (test for excess errors)
FAIL: g++.old-deja/g++.law/visibility1.C (test for excess errors)
FAIL: g++.old-deja/g++.law/visibility2.C (test for excess errors)
FAIL: g++.old-deja/g++.mike/bool2.C (test for excess errors)
FAIL: g++.old-deja/g++.mike/net48.C (test for excess errors)
FAIL: g++.old-deja/g++.mike/p11110.C (test for excess errors)
FAIL: g++.old-deja/g++.mike/p646.C (test for excess errors)
FAIL: g++.old-deja/g++.mike/p6746.C (test for excess errors)
FAIL: g++.old-deja/g++.mike/p700.C (test for excess errors)
FAIL: g++.old-deja/g++.mike/p811.C (test for excess errors)
FAIL: g++.old-deja/g++.other/comdat5.C (test for excess errors)
FAIL: g++.old-deja/g++.other/init15.C (test for excess errors)
FAIL: g++.old-deja/g++.other/inline12.C (test for excess errors)
FAIL: g++.old-deja/g++.other/sibcall1.C (test for excess errors)
FAIL: g++.old-deja/g++.pt/explicit8.C (test for excess errors)
FAIL: g++.old-deja/g++.pt/m6.C (test for excess errors)
FAIL: g++.old-deja/g++.pt/m7.C (test for excess errors)
FAIL: g++.old-deja/g++.pt/nontype3.C (test for excess errors)
FAIL: g++.old-deja/g++.pt/t39.C (test for excess errors)
FAIL: g++.old-deja/g++.robertl/eb106.C (test for excess errors)
FAIL: g++.old-deja/g++.robertl/ice990323-2.C (test for excess errors)

		=== g++ Summary for unix/-m32 ===

# of expected passes		12816
# of unexpected failures	50
# of expected failures		66
# of unsupported tests		92

Running target unix/-m64
FAIL: g++.dg/charset/extern2.cc (test for excess errors)
FAIL: g++.dg/charset/string.c (test for excess errors)
FAIL: g++.dg/ext/builtin1.C (test for excess errors)
FAIL: g++.dg/ext/builtin2.C (test for excess errors)
FAIL: g++.dg/init/ctor4.C (test for excess errors)
FAIL: g++.dg/init/new15.C (test for excess errors)
FAIL: g++.dg/opt/pr17697-1.C (test for excess errors)
FAIL: g++.dg/opt/pr17697-2.C (test for excess errors)
FAIL: g++.dg/opt/pr17697-3.C (test for excess errors)
FAIL: g++.dg/opt/strength-reduce.C (test for excess errors)
FAIL: g++.dg/parse/register1.C (test for excess errors)
FAIL: g++.dg/template/non-dependent4.C (test for excess errors)
FAIL: g++.old-deja/g++.brendan/crash66.C (test for excess errors)
FAIL: g++.old-deja/g++.brendan/ptolemy1.C (test for excess errors)
FAIL: g++.old-deja/g++.brendan/ptolemy2.C (test for excess errors)
FAIL: g++.old-deja/g++.brendan/warnings4.C (test for excess errors)
FAIL: g++.old-deja/g++.jason/default2.C (test for excess errors)
FAIL: g++.old-deja/g++.jason/opeq.C (test for excess errors)
FAIL: g++.old-deja/g++.jason/overload34.C (test for excess errors)
FAIL: g++.old-deja/g++.jason/ref12.C (test for excess errors)
FAIL: g++.old-deja/g++.jason/report.C (test for excess errors)
FAIL: g++.old-deja/g++.jason/rfg6.C (test for excess errors)
FAIL: g++.old-deja/g++.jason/rvalue1.C (test for excess errors)
FAIL: g++.old-deja/g++.jason/scoping4.C (test for excess errors)
FAIL: g++.old-deja/g++.law/ctors17.C (test for excess errors)
FAIL: g++.old-deja/g++.law/ctors7.C (test for excess errors)
FAIL: g++.old-deja/g++.law/dtors2.C (test for excess errors)
FAIL: g++.old-deja/g++.law/operators3.C (test for excess errors)
FAIL: g++.old-deja/g++.law/refs1.C (test for excess errors)
FAIL: g++.old-deja/g++.law/union1.C (test for excess errors)
FAIL: g++.old-deja/g++.law/visibility1.C (test for excess errors)
FAIL: g++.old-deja/g++.law/visibility2.C (test for excess errors)
FAIL: g++.old-deja/g++.mike/bool2.C (test for excess errors)
FAIL: g++.old-deja/g++.mike/net48.C (test for excess errors)
FAIL: g++.old-deja/g++.mike/p11110.C (test for excess errors)
FAIL: g++.old-deja/g++.mike/p646.C (test for excess errors)
FAIL: g++.old-deja/g++.mike/p6746.C (test for excess errors)
FAIL: g++.old-deja/g++.mike/p700.C (test for excess errors)
FAIL: g++.old-deja/g++.mike/p811.C (test for excess errors)
FAIL: g++.old-deja/g++.other/init15.C (test for excess errors)
FAIL: g++.old-deja/g++.other/inline12.C (test for excess errors)
FAIL: g++.old-deja/g++.other/sibcall1.C (test for excess errors)
FAIL: g++.old-deja/g++.pt/explicit8.C (test for excess errors)
FAIL: g++.old-deja/g++.pt/m6.C (test for excess errors)
FAIL: g++.old-deja/g++.pt/m7.C (test for excess errors)
FAIL: g++.old-deja/g++.pt/nontype3.C (test for excess errors)
FAIL: g++.old-deja/g++.pt/t39.C (test for excess errors)
FAIL: g++.old-deja/g++.robertl/eb106.C (test for excess errors)
FAIL: g++.old-deja/g++.robertl/ice990323-2.C (test for excess errors)

		=== g++ Summary for unix/-m64 ===

# of expected passes		12779
# of unexpected failures	49
# of expected failures		66
# of unsupported tests		95

		=== g++ Summary ===

# of expected passes		25595
# of unexpected failures	99
# of expected failures		132
# of unsupported tests		187
/home/gccbuild/build/nightly/build-gcc-trunk/gcc/testsuite/g++/../../g++  version 4.2.0 20060204 (experimental)

		=== gcc tests ===


Running target unix/-m32
FAIL: gcc.dg/20020103-1.c scan-assembler-not LC[0-9]
FAIL: gcc.dg/typespec-1.c unsigned long int long signed (test for errors, line 925)
FAIL: gcc.dg/typespec-1.c unsigned long int long unsigned (test for errors, line 926)
FAIL: gcc.dg/typespec-1.c unsigned long int long _Bool (test for errors, line 927)
FAIL: gcc.dg/typespec-1.c unsigned long long int void (test for errors, line 928)
FAIL: gcc.dg/typespec-1.c unsigned long long int char (test for errors, line 929)
FAIL: gcc.dg/typespec-1.c unsigned long long int short (test for errors, line 930)
FAIL: gcc.dg/typespec-1.c unsigned long long int int (test for errors, line 931)
FAIL: gcc.dg/typespec-1.c unsigned long long int long (test for errors, line 932)
FAIL: gcc.dg/typespec-1.c unsigned long long int float (test for errors, line 933)
FAIL: gcc.dg/typespec-1.c unsigned long long int double (test for errors, line 934)
FAIL: gcc.dg/typespec-1.c unsigned long long int signed (test for errors, line 935)
FAIL: gcc.dg/typespec-1.c unsigned long long int unsigned (test for errors, line 936)
FAIL: gcc.dg/typespec-1.c unsigned long long int _Bool (test for errors, line 937)
FAIL: gcc.dg/typespec-1.c (test for excess errors)
FAIL: gcc.target/powerpc/pr18096-1.c stack frame too large (test for warnings, line 11)
FAIL: gcc.target/powerpc/pr18096-1.c (test for excess errors)

		=== gcc Summary for unix/-m32 ===

# of expected passes		40769
# of unexpected failures	17
# of expected failures		113
# of untested testcases		28
# of unsupported tests		355

Running target unix/-m64
FAIL: gcc.dg/pr23372-1.c scan-assembler-times memcpy 1
FAIL: gcc.dg/gomp/pr25990.c (test for excess errors)
XPASS: gcc.dg/tree-ssa/sra-2.c scan-tree-dump-times link_error 0

		=== gcc Summary for unix/-m64 ===

# of expected passes		40638
# of unexpected failures	2
# of unexpected successes	1
# of expected failures		114
# of untested testcases		28
# of unsupported tests		420

		=== gcc Summary ===

# of expected passes		81407
# of unexpected failures	19
# of unexpected successes	1
# of expected failures		227
# of untested testcases		56
# of unsupported tests		775
/home/gccbuild/build/nightly/build-gcc-trunk/gcc/xgcc  version 4.2.0 20060204 (experimental)

		=== gfortran tests ===


Running target unix/-m32

		=== gfortran Summary for unix/-m32 ===

# of expected passes		11404
# of expected failures		15
# of unsupported tests		66

Running target unix/-m64
FAIL: gfortran.dg/g77/20010610.f  -O3 -fomit-frame-pointer -funroll-loops  (test for excess errors)
WARNING: gfortran.dg/g77/20010610.f  -O3 -fomit-frame-pointer -funroll-loops  compilation failed to produce executable
FAIL: gfortran.dg/g77/20010610.f  -O3 -fomit-frame-pointer -funroll-all-loops -finline-functions  (test for excess errors)
WARNING: gfortran.dg/g77/20010610.f  -O3 -fomit-frame-pointer -funroll-all-loops -finline-functions  compilation failed to produce executable

		=== gfortran Summary for unix/-m64 ===

# of expected passes		11429
# of unexpected failures	2
# of expected failures		18
# of unsupported tests		50

		=== gfortran Summary ===

# of expected passes		22833
# of unexpected failures	2
# of expected failures		33
# of unsupported tests		116
/home/gccbuild/build/nightly/build-gcc-trunk/gcc/testsuite/gfortran/../../gfortran  version 4.2.0 20060204 (experimental)

		=== objc tests ===


Running target unix/-m32

		=== objc Summary for unix/-m32 ===

# of expected passes		1745
# of expected failures		7
# of unsupported tests		23

Running target unix/-m64

		=== objc Summary for unix/-m64 ===

# of expected passes		1745
# of expected failures		7
# of unsupported tests		23

		=== objc Summary ===

# of expected passes		3490
# of expected failures		14
# of unsupported tests		46
/home/gccbuild/build/nightly/build-gcc-trunk/gcc/xgcc  version 4.2.0 20060204 (experimental)

		=== libffi tests ===


Running target unix/-m32

		=== libffi Summary for unix/-m32 ===

# of expected passes		228
# of unsupported tests		2

Running target unix/-m64

		=== libffi Summary for unix/-m64 ===

# of expected passes		228
# of unsupported tests		2

		=== libffi Summary ===

# of expected passes		456
# of unsupported tests		4
		=== libgomp tests ===


Running target unix/-m32

		=== libgomp Summary for unix/-m32 ===

# of expected passes		131

Running target unix/-m64

		=== libgomp Summary for unix/-m64 ===

# of expected passes		131

		=== libgomp Summary ===

# of expected passes		262
		=== libjava tests ===


Running target unix/-m32
FAIL: /home/gccbuild/gcc_trunk_anonsvn/trunk/libjava/testsuite/libjava.jar/simple.jar execution - gij test
FAIL: PR15133 execution - gij test
FAIL: PR18116 execution - gij test
FAIL: bytebuffer execution - gij test
FAIL: calls execution - gij test
FAIL: cxxtest execution - gij test
FAIL: directbuffer execution - gij test
FAIL: field execution - gij test
FAIL: final_method execution - gij test
FAIL: findclass execution - gij test
FAIL: iface execution - gij test
FAIL: invoke execution - gij test
FAIL: jniutf execution - gij test
FAIL: martin execution - gij test
FAIL: noclass execution - gij test
FAIL: overload execution - gij test
FAIL: pr11951 execution - gij test
FAIL: pr18278 execution - gij test
FAIL: pr23739 execution - gij test
FAIL: register execution - gij test
FAIL: simple_int execution - gij test
FAIL: throwit execution - gij test
FAIL: virtual execution - gij test
FAIL: ArrayStore execution - gij test
FAIL: ArrayStore execution - gij test
FAIL: ArrayStore2 execution - gij test
FAIL: ArrayStore2 execution - gij test
FAIL: Array_1 execution - gij test
FAIL: Array_1 execution - gij test
FAIL: Array_2 execution - gij test
FAIL: Array_2 execution - gij test
FAIL: Array_3 execution - gij test
FAIL: Array_3 execution - gij test
FAIL: Class_1 execution - gij test
FAIL: Class_1 execution - gij test
FAIL: CompareNaN execution - gij test
FAIL: CompareNaN execution - gij test
FAIL: Divide_1 execution - gij test
FAIL: Divide_1 execution - gij test
FAIL: EvaluationOrder execution - gij test
FAIL: EvaluationOrder execution - gij test
FAIL: ExtraClassLoader execution - gij test
FAIL: ExtraClassLoader execution - gij test
FAIL: FileHandleGcTest execution - gij test
FAIL: FileHandleGcTest execution - gij test
FAIL: Final execution - gij test
FAIL: Final execution - gij test
FAIL: Float_1 execution - gij test
FAIL: Float_1 execution - gij test
FAIL: G19990301_01 execution - gij test
FAIL: G19990301_01 execution - gij test
FAIL: G19990302_02 execution - gij test
FAIL: G19990302_02 execution - gij test
FAIL: G19990303_01 execution - gij test
FAIL: G19990303_01 execution - gij test
FAIL: G19990303_02 execution - gij test
FAIL: G19990303_02 execution - gij test
FAIL: G19990304_01 execution - gij test
FAIL: G19990304_01 execution - gij test
FAIL: G19990310_01 execution - gij test
FAIL: G19990310_01 execution - gij test
FAIL: II execution - gij test
FAIL: II execution - gij test
FAIL: InterfaceDispatch execution - gij test
FAIL: InterfaceDispatch execution - gij test
FAIL: InvokeInterface execution - gij test
FAIL: InvokeInterface execution - gij test
FAIL: InvokeReturn execution - gij test
FAIL: InvokeReturn execution - gij test
FAIL: Invoke_1 execution - gij test
FAIL: Invoke_1 execution - gij test
FAIL: Invoke_2 execution - gij test
FAIL: Invoke_2 execution - gij test
FAIL: KeepInline execution - gij test
FAIL: KeepInline execution - gij test
FAIL: LargeFile execution - gij test
FAIL: LargeFile execution - gij test
FAIL: MathBuiltin execution - gij test
FAIL: MathBuiltin execution - gij test
FAIL: Matrix4f execution - gij test
FAIL: Matrix4f execution - gij test
FAIL: N19990310_02 execution - gij test
FAIL: N19990310_02 execution - gij test
FAIL: N19990310_3 execution - gij test
FAIL: N19990310_3 execution - gij test
FAIL: N19990310_4 execution - gij test
FAIL: N19990310_4 execution - gij test
FAIL: N19990310_5 execution - gij test
FAIL: N19990310_5 execution - gij test
FAIL: Overflow execution - gij test
FAIL: Overflow execution - gij test
FAIL: PR12350 execution - gij test
FAIL: PR12350 execution - gij test
FAIL: PR12416 execution - gij test
FAIL: PR12416 execution - gij test
FAIL: PR12656 execution - gij test
FAIL: PR12656 execution - gij test
FAIL: PR12915 execution - gij test
FAIL: PR12915 execution - gij test
FAIL: PR141 execution - gij test
FAIL: PR141 execution - gij test
FAIL: PR160 execution - gij test
FAIL: PR160 execution - gij test
FAIL: PR162 execution - gij test
FAIL: PR162 execution - gij test
FAIL: PR16867 execution - gij test
FAIL: PR16867 execution - gij test
FAIL: PR18699 execution - gij test
FAIL: PR18699 execution - gij test
FAIL: PR19870 execution - gij test
FAIL: PR19870 execution - gij test
FAIL: PR19870_2 execution - gij test
FAIL: PR19870_2 execution - gij test
FAIL: PR19921 execution - gij test
FAIL: PR19921 execution - gij test
FAIL: PR20056 execution - gij test
FAIL: PR20056 execution - gij test
FAIL: PR218 execution - gij test
FAIL: PR218 execution - gij test
FAIL: PR242 execution - gij test
FAIL: PR242 execution - gij test
FAIL: PR25535 execution - gij test
FAIL: PR25535 execution - gij test
FAIL: PR260 execution - gij test
FAIL: PR260 execution - gij test
FAIL: PR3096 execution - gij test
FAIL: PR3096 execution - gij test
FAIL: PR3731 execution - gij test
FAIL: PR3731 execution - gij test
FAIL: PR5057 execution - gij test
FAIL: PR5057 execution - gij test
FAIL: PR5057_2 execution - gij test
FAIL: PR5057_2 execution - gij test
FAIL: PR55 execution - gij test
FAIL: PR55 execution - gij test
FAIL: PR56 execution - gij test
FAIL: PR56 execution - gij test
FAIL: PR6085 execution - gij test
FAIL: PR6085 execution - gij test
FAIL: PR6204 execution - gij test
FAIL: PR6204 execution - gij test
FAIL: PR6729 execution - gij test
FAIL: PR6729 execution - gij test
FAIL: PR6820 execution - gij test
FAIL: PR6820 execution - gij test
FAIL: PR7482 execution - gij test
FAIL: PR7482 execution - gij test
FAIL: Process_1 execution - gij test
FAIL: Process_1 execution - gij test
FAIL: Process_2 execution - gij test
FAIL: Process_2 execution - gij test
FAIL: Process_3 execution - gij test
FAIL: Process_3 execution - gij test
FAIL: Process_4 execution - gij test
FAIL: Process_4 execution - gij test
FAIL: Process_5 execution - gij test
FAIL: Process_5 execution - gij test
FAIL: Process_6 execution - gij test
FAIL: Process_6 execution - gij test
FAIL: Serialization execution - gij test
FAIL: Serialization execution - gij test
FAIL: Shazam execution - gij test
FAIL: Shazam execution - gij test
FAIL: StaticConstructor execution - gij test
FAIL: StaticConstructor execution - gij test
FAIL: StringBuffer_1 execution - gij test
FAIL: StringBuffer_1 execution - gij test
FAIL: StringBuffer_overflow execution - gij test
FAIL: StringBuffer_overflow execution - gij test
FAIL: String_overflow execution - gij test
FAIL: String_overflow execution - gij test
FAIL: SyncGlobal execution - gij test
FAIL: SyncGlobal execution - gij test
FAIL: SyncTest execution - gij test
FAIL: SyncTest execution - gij test
FAIL: Synch execution - gij test
FAIL: Synch execution - gij test
FAIL: TLtest execution - gij test
FAIL: TLtest execution - gij test
FAIL: TestProxy execution - gij test
FAIL: TestProxy execution - gij test
FAIL: Thread_Alive execution - gij test
FAIL: Thread_Alive execution - gij test
FAIL: Thread_HoldsLock execution - gij test
FAIL: Thread_HoldsLock execution - gij test
FAIL: Thread_Interrupt execution - gij test
FAIL: Thread_Interrupt execution - gij test
FAIL: Thread_Join execution - gij test
FAIL: Thread_Join execution - gij test
FAIL: Thread_Monitor execution - gij test
FAIL: Thread_Monitor execution - gij test
FAIL: Thread_Sleep execution - gij test
FAIL: Thread_Sleep execution - gij test
FAIL: Thread_Wait execution - gij test
FAIL: Thread_Wait execution - gij test
FAIL: Thread_Wait_2 execution - gij test
FAIL: Thread_Wait_2 execution - gij test
FAIL: Thread_Wait_Interrupt execution - gij test
FAIL: Thread_Wait_Interrupt execution - gij test
FAIL: Throw_1 execution - gij test
FAIL: Throw_1 execution - gij test
FAIL: Throw_2 execution - gij test
FAIL: Throw_2 execution - gij test
FAIL: anfi execution - gij test
FAIL: anfi execution - gij test
FAIL: anon execution - gij test
FAIL: anon execution - gij test
FAIL: anon2 execution - gij test
FAIL: anon2 execution - gij test
FAIL: anon3 execution - gij test
FAIL: anon3 execution - gij test
FAIL: anon4 execution - gij test
FAIL: anon4 execution - gij test
FAIL: anon_ctor_itf_arg execution - gij test
FAIL: anon_ctor_itf_arg execution - gij test
FAIL: anonarray execution - gij test
FAIL: anonarray execution - gij test
FAIL: anonarray2 execution - gij test
FAIL: anonarray2 execution - gij test
FAIL: anonarray3 execution - gij test
FAIL: anonarray3 execution - gij test
FAIL: assign execution - gij test
FAIL: assign execution - gij test
FAIL: assign2 execution - gij test
FAIL: assign2 execution - gij test
FAIL: bclink execution - gij test
FAIL: bclink execution - gij test
FAIL: bytearray execution - gij test
FAIL: bytearray execution - gij test
FAIL: direct_read execution - gij test
FAIL: direct_read execution - gij test
FAIL: direct_write execution - gij test
FAIL: direct_write execution - gij test
FAIL: emptystring execution - gij test
FAIL: emptystring execution - gij test
FAIL: err1 execution - gij test
FAIL: err1 execution - gij test
FAIL: err10 execution - gij test
FAIL: err10 execution - gij test
FAIL: err11 execution - gij test
FAIL: err11 execution - gij test
FAIL: err12 execution - gij test
FAIL: err12 execution - gij test
FAIL: err13 execution - gij test
FAIL: err13 execution - gij test
FAIL: err14 execution - gij test
FAIL: err14 execution - gij test
FAIL: err2 execution - gij test
FAIL: err2 execution - gij test
FAIL: err3 execution - gij test
FAIL: err3 execution - gij test
FAIL: err4 execution - gij test
FAIL: err4 execution - gij test
FAIL: err5 execution - gij test
FAIL: err5 execution - gij test
FAIL: err6 execution - gij test
FAIL: err6 execution - gij test
FAIL: err7 execution - gij test
FAIL: err7 execution - gij test
FAIL: err8 execution - gij test
FAIL: err8 execution - gij test
FAIL: err9 execution - gij test
FAIL: err9 execution - gij test
FAIL: final_inner execution - gij test
FAIL: final_inner execution - gij test
FAIL: final_int execution - gij test
FAIL: final_int execution - gij test
FAIL: final_static_and_friend execution - gij test
FAIL: final_static_and_friend execution - gij test
FAIL: indirect execution - gij test
FAIL: indirect execution - gij test
FAIL: indirect_read execution - gij test
FAIL: indirect_read execution - gij test
FAIL: indirect_write execution - gij test
FAIL: indirect_write execution - gij test
FAIL: initexc execution - gij test
FAIL: initexc execution - gij test
FAIL: initfield execution - gij test
FAIL: initfield execution - gij test
FAIL: inline execution - gij test
FAIL: inline execution - gij test
FAIL: inner1 execution - gij test
FAIL: inner1 execution - gij test
FAIL: inner2 execution - gij test
FAIL: inner2 execution - gij test
FAIL: inner3 execution - gij test
FAIL: inner3 execution - gij test
FAIL: inner4 execution - gij test
FAIL: inner4 execution - gij test
FAIL: inner_array execution - gij test
FAIL: inner_array execution - gij test
FAIL: inner_interface execution - gij test
FAIL: inner_interface execution - gij test
FAIL: instance execution - gij test
FAIL: instance execution - gij test
FAIL: instinit execution - gij test
FAIL: instinit execution - gij test
FAIL: instinit2 execution - gij test
FAIL: instinit2 execution - gij test
FAIL: invoke_from_inner execution - gij test
FAIL: invoke_from_inner execution - gij test
FAIL: invokethrow execution - gij test
FAIL: invokethrow execution - gij test
FAIL: klass execution - gij test
FAIL: klass execution - gij test
FAIL: md5test execution - gij test
FAIL: md5test execution - gij test
FAIL: multiple_finit execution - gij test
FAIL: multiple_finit execution - gij test
FAIL: negzero execution - gij test
FAIL: negzero execution - gij test
FAIL: nested_with_ctor execution - gij test
FAIL: nested_with_ctor execution - gij test
FAIL: newarray_overflow execution - gij test
FAIL: newarray_overflow execution - gij test
FAIL: override execution - gij test
FAIL: override execution - gij test
FAIL: pr109 execution - gij test
FAIL: pr109 execution - gij test
FAIL: pr13107 execution - gij test
FAIL: pr13107 execution - gij test
FAIL: pr13107_2 execution - gij test
FAIL: pr13107_2 execution - gij test
FAIL: pr13107_3 execution - gij test
FAIL: pr13107_3 execution - gij test
FAIL: pr133 execution - gij test
FAIL: pr133 execution - gij test
FAIL: pr16789 execution - gij test
FAIL: pr16789 execution - gij test
FAIL: pr17536 execution - gij test
FAIL: pr17536 execution - gij test
FAIL: pr179 execution - gij test
FAIL: pr179 execution - gij test
FAIL: pr184 execution - gij test
FAIL: pr184 execution - gij test
FAIL: pr21785 execution - gij test
FAIL: pr21785 execution - gij test
FAIL: pr21844 execution - gij test
FAIL: pr21844 execution - gij test
FAIL: pr6388 execution - gij test
FAIL: pr6388 execution - gij test
FAIL: pr83 execution - gij test
FAIL: pr83 execution - gij test
FAIL: pr8415 execution - gij test
FAIL: pr8415 execution - gij test
FAIL: pr8676 execution - gij test
FAIL: pr8676 execution - gij test
FAIL: pr8823 execution - gij test
FAIL: pr8823 execution - gij test
FAIL: pr8945 execution - gij test
FAIL: pr8945 execution - gij test
FAIL: private_direct_read execution - gij test
FAIL: private_direct_read execution - gij test
FAIL: search_outer execution - gij test
FAIL: search_outer execution - gij test
FAIL: shatest execution - gij test
FAIL: shatest execution - gij test
FAIL: stringconst execution - gij test
FAIL: stringconst execution - gij test
FAIL: stringconst2 execution - gij test
FAIL: stringconst2 execution - gij test
FAIL: stub execution - gij test
FAIL: stub execution - gij test
FAIL: test_long execution - gij test
FAIL: test_long execution - gij test
FAIL: tmi execution - gij test
FAIL: tmi execution - gij test
FAIL: tp execution - gij test
FAIL: tp execution - gij test
FAIL: update_outer execution - gij test
FAIL: update_outer execution - gij test
FAIL: utf8concat execution - gij test
FAIL: utf8concat execution - gij test
FAIL: utilTest execution - gij test
FAIL: utilTest execution - gij test
FAIL: verify execution - gij test
FAIL: verify execution - gij test

		=== libjava Summary for unix/-m32 ===

# of expected passes		3275
# of unexpected failures	377
# of expected failures		10
# of untested testcases		385

Running target unix/-m64
FAIL: /home/gccbuild/gcc_trunk_anonsvn/trunk/libjava/testsuite/libjava.jar/simple.jar execution - gij test
FAIL: PR15133 execution - gij test
FAIL: PR18116 execution - gij test
FAIL: bytebuffer execution - gij test
FAIL: calls execution - gij test
FAIL: cxxtest execution - gij test
FAIL: directbuffer execution - gij test
FAIL: field execution - gij test
FAIL: final_method execution - gij test
FAIL: findclass execution - gij test
FAIL: iface execution - gij test
FAIL: invoke execution - gij test
FAIL: jniutf execution - gij test
FAIL: martin execution - gij test
FAIL: noclass execution - gij test
FAIL: overload execution - gij test
FAIL: pr11951 execution - gij test
FAIL: pr18278 execution - gij test
FAIL: pr23739 execution - gij test
FAIL: register execution - gij test
FAIL: simple_int execution - gij test
FAIL: throwit execution - gij test
FAIL: virtual execution - gij test
FAIL: ArrayStore execution - gij test
FAIL: ArrayStore execution - gij test
FAIL: ArrayStore2 execution - gij test
FAIL: ArrayStore2 execution - gij test
FAIL: Array_1 execution - gij test
FAIL: Array_1 execution - gij test
FAIL: Array_2 execution - gij test
FAIL: Array_2 execution - gij test
FAIL: Array_3 execution - gij test
FAIL: Array_3 execution - gij test
FAIL: Class_1 execution - gij test
FAIL: Class_1 execution - gij test
FAIL: CompareNaN execution - gij test
FAIL: CompareNaN execution - gij test
FAIL: Divide_1 execution - gij test
FAIL: Divide_1 execution - gij test
FAIL: EvaluationOrder execution - gij test
FAIL: EvaluationOrder execution - gij test
FAIL: ExtraClassLoader execution - gij test
FAIL: ExtraClassLoader execution - gij test
FAIL: FileHandleGcTest execution - gij test
FAIL: FileHandleGcTest execution - gij test
FAIL: Final execution - gij test
FAIL: Final execution - gij test
FAIL: Float_1 execution - gij test
FAIL: Float_1 execution - gij test
FAIL: G19990301_01 execution - gij test
FAIL: G19990301_01 execution - gij test
FAIL: G19990302_02 execution - gij test
FAIL: G19990302_02 execution - gij test
FAIL: G19990303_01 execution - gij test
FAIL: G19990303_01 execution - gij test
FAIL: G19990303_02 execution - gij test
FAIL: G19990303_02 execution - gij test
FAIL: G19990304_01 execution - gij test
FAIL: G19990304_01 execution - gij test
FAIL: G19990310_01 execution - gij test
FAIL: G19990310_01 execution - gij test
FAIL: II execution - gij test
FAIL: II execution - gij test
FAIL: InterfaceDispatch execution - gij test
FAIL: InterfaceDispatch execution - gij test
FAIL: InvokeInterface execution - gij test
FAIL: InvokeInterface execution - gij test
FAIL: InvokeReturn execution - gij test
FAIL: InvokeReturn execution - gij test
FAIL: Invoke_1 execution - gij test
FAIL: Invoke_1 execution - gij test
FAIL: Invoke_2 execution - gij test
FAIL: Invoke_2 execution - gij test
FAIL: KeepInline execution - gij test
FAIL: KeepInline execution - gij test
FAIL: LargeFile execution - gij test
FAIL: LargeFile execution - gij test
FAIL: MathBuiltin execution - gij test
FAIL: MathBuiltin execution - gij test
FAIL: Matrix4f execution - gij test
FAIL: Matrix4f execution - gij test
FAIL: N19990310_02 execution - gij test
FAIL: N19990310_02 execution - gij test
FAIL: N19990310_3 execution - gij test
FAIL: N19990310_3 execution - gij test
FAIL: N19990310_4 execution - gij test
FAIL: N19990310_4 execution - gij test
FAIL: N19990310_5 execution - gij test
FAIL: N19990310_5 execution - gij test
FAIL: Overflow execution - gij test
FAIL: Overflow execution - gij test
FAIL: PR12350 execution - gij test
FAIL: PR12350 execution - gij test
FAIL: PR12416 execution - gij test
FAIL: PR12416 execution - gij test
FAIL: PR12656 execution - gij test
FAIL: PR12656 execution - gij test
FAIL: PR12915 execution - gij test
FAIL: PR12915 execution - gij test
FAIL: PR141 execution - gij test
FAIL: PR141 execution - gij test
FAIL: PR160 execution - gij test
FAIL: PR160 execution - gij test
FAIL: PR162 execution - gij test
FAIL: PR162 execution - gij test
FAIL: PR16867 execution - gij test
FAIL: PR16867 execution - gij test
FAIL: PR18699 execution - gij test
FAIL: PR18699 execution - gij test
FAIL: PR19870 execution - gij test
FAIL: PR19870 execution - gij test
FAIL: PR19870_2 execution - gij test
FAIL: PR19870_2 execution - gij test
FAIL: PR19921 execution - gij test
FAIL: PR19921 execution - gij test
FAIL: PR20056 execution - gij test
FAIL: PR20056 execution - gij test
FAIL: PR218 execution - gij test
FAIL: PR218 execution - gij test
FAIL: PR242 execution - gij test
FAIL: PR242 execution - gij test
FAIL: PR25535 execution - source compiled test
FAIL: PR25535 execution - gij test
FAIL: PR25535 execution - bytecode->native test
FAIL: PR25535 -O3 execution - source compiled test
FAIL: PR25535 execution - gij test
FAIL: PR25535 -O3 execution - bytecode->native test
FAIL: PR260 execution - gij test
FAIL: PR260 execution - gij test
FAIL: PR3096 execution - gij test
FAIL: PR3096 execution - gij test
FAIL: PR3731 execution - gij test
FAIL: PR3731 execution - gij test
FAIL: PR5057 execution - gij test
FAIL: PR5057 execution - gij test
FAIL: PR5057_2 execution - gij test
FAIL: PR5057_2 execution - gij test
FAIL: PR55 execution - gij test
FAIL: PR55 execution - gij test
FAIL: PR56 execution - gij test
FAIL: PR56 execution - gij test
FAIL: PR6085 execution - gij test
FAIL: PR6085 execution - gij test
FAIL: PR6204 execution - gij test
FAIL: PR6204 execution - gij test
FAIL: PR6729 execution - gij test
FAIL: PR6729 execution - gij test
FAIL: PR6820 execution - gij test
FAIL: PR6820 execution - gij test
FAIL: PR7482 execution - gij test
FAIL: PR7482 execution - gij test
FAIL: Process_1 execution - gij test
FAIL: Process_1 execution - gij test
FAIL: Process_2 execution - gij test
FAIL: Process_2 execution - gij test
FAIL: Process_3 execution - gij test
FAIL: Process_3 execution - gij test
FAIL: Process_4 execution - gij test
FAIL: Process_4 execution - gij test
FAIL: Process_5 execution - gij test
FAIL: Process_5 execution - gij test
FAIL: Process_6 execution - gij test
FAIL: Process_6 execution - gij test
FAIL: Serialization execution - gij test
FAIL: Serialization execution - gij test
FAIL: Shazam execution - gij test
FAIL: Shazam execution - gij test
FAIL: StaticConstructor execution - gij test
FAIL: StaticConstructor execution - gij test
FAIL: StringBuffer_1 execution - gij test
FAIL: StringBuffer_1 execution - gij test
FAIL: StringBuffer_overflow execution - gij test
FAIL: StringBuffer_overflow execution - gij test
FAIL: String_overflow execution - gij test
FAIL: String_overflow execution - gij test
FAIL: SyncGlobal execution - gij test
FAIL: SyncGlobal execution - gij test
FAIL: SyncTest execution - gij test
FAIL: SyncTest execution - gij test
FAIL: Synch execution - gij test
FAIL: Synch execution - gij test
FAIL: TLtest execution - gij test
FAIL: TLtest execution - gij test
FAIL: TestProxy execution - gij test
FAIL: TestProxy execution - gij test
FAIL: Thread_Alive execution - gij test
FAIL: Thread_Alive execution - gij test
FAIL: Thread_HoldsLock execution - gij test
FAIL: Thread_HoldsLock execution - gij test
FAIL: Thread_Interrupt execution - gij test
FAIL: Thread_Interrupt execution - gij test
FAIL: Thread_Join execution - gij test
FAIL: Thread_Join execution - gij test
FAIL: Thread_Monitor execution - gij test
FAIL: Thread_Monitor execution - gij test
FAIL: Thread_Sleep execution - gij test
FAIL: Thread_Sleep execution - gij test
FAIL: Thread_Wait execution - gij test
FAIL: Thread_Wait execution - gij test
FAIL: Thread_Wait_2 execution - gij test
FAIL: Thread_Wait_2 execution - gij test
FAIL: Thread_Wait_Interrupt execution - gij test
FAIL: Thread_Wait_Interrupt execution - gij test
FAIL: Throw_1 execution - gij test
FAIL: Throw_1 execution - gij test
FAIL: Throw_2 execution - gij test
FAIL: Throw_2 execution - gij test
FAIL: anfi execution - gij test
FAIL: anfi execution - gij test
FAIL: anon execution - gij test
FAIL: anon execution - gij test
FAIL: anon2 execution - gij test
FAIL: anon2 execution - gij test
FAIL: anon3 execution - gij test
FAIL: anon3 execution - gij test
FAIL: anon4 execution - gij test
FAIL: anon4 execution - gij test
FAIL: anon_ctor_itf_arg execution - gij test
FAIL: anon_ctor_itf_arg execution - gij test
FAIL: anonarray execution - gij test
FAIL: anonarray execution - gij test
FAIL: anonarray2 execution - gij test
FAIL: anonarray2 execution - gij test
FAIL: anonarray3 execution - gij test
FAIL: anonarray3 execution - gij test
FAIL: assign execution - gij test
FAIL: assign execution - gij test
FAIL: assign2 execution - gij test
FAIL: assign2 execution - gij test
FAIL: bclink execution - gij test
FAIL: bclink execution - gij test
FAIL: bytearray execution - gij test
FAIL: bytearray execution - gij test
FAIL: direct_read execution - gij test
FAIL: direct_read execution - gij test
FAIL: direct_write execution - gij test
FAIL: direct_write execution - gij test
FAIL: emptystring execution - gij test
FAIL: emptystring execution - gij test
FAIL: err1 execution - gij test
FAIL: err1 execution - gij test
FAIL: err10 execution - gij test
FAIL: err10 execution - gij test
FAIL: err11 execution - gij test
FAIL: err11 execution - gij test
FAIL: err12 execution - gij test
FAIL: err12 execution - gij test
FAIL: err13 execution - gij test
FAIL: err13 execution - gij test
FAIL: err14 execution - gij test
FAIL: err14 execution - gij test
FAIL: err2 execution - gij test
FAIL: err2 execution - gij test
FAIL: err3 execution - gij test
FAIL: err3 execution - gij test
FAIL: err4 execution - gij test
FAIL: err4 execution - gij test
FAIL: err5 execution - gij test
FAIL: err5 execution - gij test
FAIL: err6 execution - gij test
FAIL: err6 execution - gij test
FAIL: err7 execution - gij test
FAIL: err7 execution - gij test
FAIL: err8 execution - gij test
FAIL: err8 execution - gij test
FAIL: err9 execution - gij test
FAIL: err9 execution - gij test
FAIL: final_inner execution - gij test
FAIL: final_inner execution - gij test
FAIL: final_int execution - gij test
FAIL: final_int execution - gij test
FAIL: final_static_and_friend execution - gij test
FAIL: final_static_and_friend execution - gij test
FAIL: indirect execution - gij test
FAIL: indirect execution - gij test
FAIL: indirect_read execution - gij test
FAIL: indirect_read execution - gij test
FAIL: indirect_write execution - gij test
FAIL: indirect_write execution - gij test
FAIL: initexc execution - gij test
FAIL: initexc execution - gij test
FAIL: initfield execution - gij test
FAIL: initfield execution - gij test
FAIL: inline execution - gij test
FAIL: inline execution - gij test
FAIL: inner1 execution - gij test
FAIL: inner1 execution - gij test
FAIL: inner2 execution - gij test
FAIL: inner2 execution - gij test
FAIL: inner3 execution - gij test
FAIL: inner3 execution - gij test
FAIL: inner4 execution - gij test
FAIL: inner4 execution - gij test
FAIL: inner_array execution - gij test
FAIL: inner_array execution - gij test
FAIL: inner_interface execution - gij test
FAIL: inner_interface execution - gij test
FAIL: instance execution - gij test
FAIL: instance execution - gij test
FAIL: instinit execution - gij test
FAIL: instinit execution - gij test
FAIL: instinit2 execution - gij test
FAIL: instinit2 execution - gij test
FAIL: invoke_from_inner execution - gij test
FAIL: invoke_from_inner execution - gij test
FAIL: invokethrow execution - gij test
FAIL: invokethrow execution - gij test
FAIL: klass execution - gij test
FAIL: klass execution - gij test
FAIL: md5test execution - gij test
FAIL: md5test execution - gij test
FAIL: multiple_finit execution - gij test
FAIL: multiple_finit execution - gij test
FAIL: negzero execution - gij test
FAIL: negzero execution - gij test
FAIL: nested_with_ctor execution - gij test
FAIL: nested_with_ctor execution - gij test
FAIL: newarray_overflow execution - gij test
FAIL: newarray_overflow execution - gij test
FAIL: override execution - gij test
FAIL: override execution - gij test
FAIL: pr109 execution - gij test
FAIL: pr109 execution - gij test
FAIL: pr13107 execution - gij test
FAIL: pr13107 execution - gij test
FAIL: pr13107_2 execution - gij test
FAIL: pr13107_2 execution - gij test
FAIL: pr13107_3 execution - gij test
FAIL: pr13107_3 execution - gij test
FAIL: pr133 execution - gij test
FAIL: pr133 execution - gij test
FAIL: pr16789 execution - gij test
FAIL: pr16789 execution - gij test
FAIL: pr17536 execution - gij test
FAIL: pr17536 execution - gij test
FAIL: pr179 execution - gij test
FAIL: pr179 execution - gij test
FAIL: pr184 execution - gij test
FAIL: pr184 execution - gij test
FAIL: pr21785 execution - gij test
FAIL: pr21785 execution - gij test
FAIL: pr21844 execution - gij test
FAIL: pr21844 execution - gij test
FAIL: pr6388 execution - gij test
FAIL: pr6388 execution - gij test
FAIL: pr83 execution - gij test
FAIL: pr83 execution - gij test
FAIL: pr8415 execution - gij test
FAIL: pr8415 execution - gij test
FAIL: pr8676 execution - gij test
FAIL: pr8676 execution - gij test
FAIL: pr8823 execution - gij test
FAIL: pr8823 execution - gij test
FAIL: pr8945 execution - gij test
FAIL: pr8945 execution - gij test
FAIL: private_direct_read execution - gij test
FAIL: private_direct_read execution - gij test
FAIL: search_outer execution - gij test
FAIL: search_outer execution - gij test
FAIL: shatest execution - gij test
FAIL: shatest execution - gij test
FAIL: stringconst execution - gij test
FAIL: stringconst execution - gij test
FAIL: stringconst2 execution - gij test
FAIL: stringconst2 execution - gij test
FAIL: stub execution - gij test
FAIL: stub execution - gij test
FAIL: test_long execution - gij test
FAIL: test_long execution - gij test
FAIL: tmi execution - gij test
FAIL: tmi execution - gij test
FAIL: tp execution - gij test
FAIL: tp execution - gij test
FAIL: update_outer execution - gij test
FAIL: update_outer execution - gij test
FAIL: utf8concat execution - gij test
FAIL: utf8concat execution - gij test
FAIL: utilTest execution - gij test
FAIL: utilTest execution - gij test
FAIL: verify execution - gij test
FAIL: verify execution - gij test

		=== libjava Summary for unix/-m64 ===

# of expected passes		3267
# of unexpected failures	381
# of expected failures		10
# of untested testcases		389

		=== libjava Summary ===

# of expected passes		6542
# of unexpected failures	758
# of expected failures		20
# of untested testcases		774
		=== libmudflap tests ===


Running target unix/-m32

		=== libmudflap Summary for unix/-m32 ===

# of expected passes		1789

Running target unix/-m64
FAIL: libmudflap.c/fail27-frag.c output pattern test
FAIL: libmudflap.c/fail27-frag.c (-O2) output pattern test
FAIL: libmudflap.c/fail27-frag.c (-O3) output pattern test

		=== libmudflap Summary for unix/-m64 ===

# of expected passes		1786
# of unexpected failures	3

		=== libmudflap Summary ===

# of expected passes		3575
# of unexpected failures	3
		=== libstdc++ tests ===


Running target unix/-m32
FAIL: abi_check
XPASS: 26_numerics/cmath/c99_classification_macros_c.cc (test for excess errors)
FAIL: 27_io/basic_stringbuf/in_avail/char/21955.cc (test for excess errors)
FAIL: tr1/8_c_compatibility/cwchar/functions.cc (test for excess errors)

		=== libstdc++ Summary for unix/-m32 ===

# of expected passes		4108
# of unexpected failures	3
# of unexpected successes	1
# of expected failures		12

Running target unix/-m64
FAIL: abi_check
FAIL: 22_locale/messages/members/char/1.cc execution test
FAIL: 22_locale/messages/members/char/2.cc execution test
FAIL: 22_locale/messages/members/char/wrapped_env.cc execution test
FAIL: 22_locale/messages/members/char/wrapped_locale.cc execution test
FAIL: 22_locale/messages_byname/named_equivalence.cc execution test
XPASS: 26_numerics/cmath/c99_classification_macros_c.cc (test for excess errors)
FAIL: 26_numerics/complex/13450.cc execution test
FAIL: 27_io/basic_stringbuf/in_avail/char/21955.cc (test for excess errors)
XPASS: 27_io/fpos/14320-1.cc execution test

		=== libstdc++ Summary for unix/-m64 ===

# of expected passes		4103
# of unexpected failures	8
# of unexpected successes	2
# of expected failures		11

		=== libstdc++ Summary ===

# of expected passes		8211
# of unexpected failures	11
# of unexpected successes	3
# of expected failures		23

Compiler version: 4.2.0 20060204 (experimental) 
Platform: powerpc64-unknown-linux-gnu
configure flags: --prefix=/opt/gcc-nightly/trunk-20060204 --build=powerpc64-linux --host=powerpc64-linux --target=powerpc64-linux --with-cpu=default32 --with-as=/opt/gcc-nightly/trunk-20060204/bin/as --with-ld=/opt/gcc-nightly/trunk-20060204/bin/ld --enable-threads=posix --enable-shared --enable-__cxa_atexit --enable-checking --with-mpfr=/opt/gcc-nightly/trunk-20060204 --enable-languages=c,c++,fortran,java,objc

		=== Test Framework Summary ===

# of expected passes		2492


Index Nav: [Date Index] [Subject Index] [Author Index] [Thread Index]
Message Nav: [Date Prev] [Date Next] [Thread Prev] [Thread Next]