This is the mail archive of the
gcc-testresults@gcc.gnu.org
mailing list for the GCC project.
Results for 4.2.0 20060203 (experimental) testsuite on x86_64-unknown-linux-gnu
- From: Diego Novillo <dnovillo at redhat dot com>
- To: gcc-testresults at gcc dot gnu dot org
- Date: Fri, 3 Feb 2006 02:52:37 -0500
- Subject: Results for 4.2.0 20060203 (experimental) testsuite on x86_64-unknown-linux-gnu
LAST_UPDATED:
Native configuration is x86_64-unknown-linux-gnu
=== g++ tests ===
Running target unix
=== g++ Summary ===
# of expected passes 11969
# of expected failures 66
# of unsupported tests 96
/notnfs/dnovillo/sbox/gcc/bld.ton/gcc/testsuite/g++/../../g++ version 4.2.0 20060203 (experimental)
=== gcc tests ===
Running target unix
WARNING: gcc.dg/torture/fp-int-convert-float128-timode.c -O0 compilation failed to produce executable
WARNING: gcc.dg/torture/fp-int-convert-float128-timode.c -O1 compilation failed to produce executable
WARNING: gcc.dg/torture/fp-int-convert-float128-timode.c -O2 compilation failed to produce executable
WARNING: gcc.dg/torture/fp-int-convert-float128-timode.c -O3 -fomit-frame-pointer compilation failed to produce executable
WARNING: gcc.dg/torture/fp-int-convert-float128-timode.c -O3 -g compilation failed to produce executable
WARNING: gcc.dg/torture/fp-int-convert-float128-timode.c -Os compilation failed to produce executable
WARNING: gcc.dg/torture/fp-int-convert-float128.c -O0 compilation failed to produce executable
WARNING: gcc.dg/torture/fp-int-convert-float128.c -O1 compilation failed to produce executable
WARNING: gcc.dg/torture/fp-int-convert-float128.c -O2 compilation failed to produce executable
WARNING: gcc.dg/torture/fp-int-convert-float128.c -O3 -fomit-frame-pointer compilation failed to produce executable
WARNING: gcc.dg/torture/fp-int-convert-float128.c -O3 -g compilation failed to produce executable
WARNING: gcc.dg/torture/fp-int-convert-float128.c -Os compilation failed to produce executable
=== gcc Summary ===
# of expected passes 38731
# of expected failures 126
# of untested testcases 28
# of unsupported tests 378
/notnfs/dnovillo/sbox/gcc/bld.ton/gcc/xgcc version 4.2.0 20060203 (experimental)
=== gfortran tests ===
Running target unix
=== gfortran Summary ===
# of expected passes 11502
# of expected failures 18
# of unsupported tests 16
/notnfs/dnovillo/sbox/gcc/bld.ton/gcc/testsuite/gfortran/../../gfortran version 4.2.0 20060203 (experimental)
=== objc tests ===
Running target unix
=== objc Summary ===
# of expected passes 1745
# of expected failures 7
# of unsupported tests 23
/notnfs/dnovillo/sbox/gcc/bld.ton/gcc/xgcc version 4.2.0 20060203 (experimental)
=== libffi tests ===
Running target unix
=== libffi Summary ===
# of expected passes 228
# of unsupported tests 2
=== libgomp tests ===
Running target unix
FAIL: libgomp.c/appendix-a/a.18.1.c execution test
FAIL: libgomp.c/appendix-a/a.29.1.c execution test
FAIL: libgomp.c/appendix-a/a.4.1.c execution test
FAIL: libgomp.c/atomic-2.c (test for excess errors)
WARNING: libgomp.c/atomic-2.c compilation failed to produce executable
FAIL: libgomp.c/critical-2.c execution test
FAIL: libgomp.c/omp-parallel-for.c execution test
FAIL: libgomp.c/omp_workshare2.c execution test
FAIL: libgomp.c/parallel-1.c execution test
FAIL: libgomp.c/pr24455.c execution test
FAIL: libgomp.c/reduction-1.c execution test
FAIL: libgomp.c/shared-1.c execution test
FAIL: libgomp.c/vla-1.c execution test
=== libgomp Summary ===
# of expected passes 118
# of unexpected failures 12
=== libjava tests ===
Running target unix
FAIL: longfield run
FAIL: PR15133 run
FAIL: field run
FAIL: final_method run
FAIL: findclass execution - gij test
FAIL: iface run
FAIL: noclass run
FAIL: overload run
FAIL: pr11951 run
FAIL: register execution - gij test
FAIL: virtual execution - gij test
FAIL: Array_1 execution - source compiled test
FAIL: Array_1 execution - gij test
FAIL: Array_1 -O3 execution - bytecode->native test
FAIL: Array_2 execution - source compiled test
FAIL: Array_2 -O3 execution - source compiled test
FAIL: Array_2 execution - gij test
FAIL: Array_3 execution - gij test
FAIL: Array_3 execution - bytecode->native test
FAIL: Class_1 execution - bytecode->native test
FAIL: Class_1 -O3 execution - bytecode->native test
FAIL: CompareNaN execution - source compiled test
FAIL: CompareNaN execution - gij test
FAIL: CompareNaN execution - bytecode->native test
FAIL: Divide_1 execution - bytecode->native test
FAIL: EvaluationOrder -O3 execution - source compiled test
FAIL: ExtraClassLoader output - source compiled test
FAIL: ExtraClassLoader output - gij test
FAIL: ExtraClassLoader output - bytecode->native test
FAIL: ExtraClassLoader -O3 output - source compiled test
FAIL: ExtraClassLoader execution - gij test
FAIL: ExtraClassLoader -O3 output - bytecode->native test
FAIL: FileHandleGcTest execution - source compiled test
FAIL: FileHandleGcTest execution - bytecode->native test
FAIL: FileHandleGcTest execution - gij test
FAIL: Final execution - gij test
FAIL: Final execution - bytecode->native test
FAIL: Float_1 execution - gij test
FAIL: Float_1 -O3 execution - source compiled test
FAIL: G19990301_01 execution - source compiled test
FAIL: G19990302_02 execution - gij test
FAIL: G19990302_02 execution - gij test
FAIL: G19990302_02 -O3 execution - bytecode->native test
FAIL: G19990304_01 -O3 execution - bytecode->native test
FAIL: G19990310_01 execution - gij test
FAIL: G19990310_01 execution - gij test
FAIL: G19990310_01 -O3 execution - bytecode->native test
FAIL: II execution - bytecode->native test
FAIL: InterfaceDispatch execution - bytecode->native test
FAIL: InterfaceDispatch -O3 execution - bytecode->native test
FAIL: InvokeInterface execution - source compiled test
FAIL: InvokeInterface execution - gij test
FAIL: InvokeInterface execution - gij test
FAIL: InvokeReturn execution - gij test
FAIL: Invoke_1 execution - bytecode->native test
FAIL: Invoke_1 -O3 execution - bytecode->native test
FAIL: Invoke_2 execution - source compiled test
FAIL: Invoke_2 execution - gij test
FAIL: Invoke_2 -O3 execution - bytecode->native test
FAIL: LargeFile execution - source compiled test
FAIL: LargeFile execution - gij test
FAIL: LargeFile execution - bytecode->native test
FAIL: LargeFile -O3 execution - source compiled test
FAIL: LargeFile execution - gij test
FAIL: LargeFile -O3 execution - bytecode->native test
FAIL: MathBuiltin -O3 execution - bytecode->native test
FAIL: Matrix4f execution - gij test
FAIL: Matrix4f execution - bytecode->native test
FAIL: Matrix4f -O3 execution - source compiled test
FAIL: Matrix4f -O3 execution - bytecode->native test
FAIL: N19990310_02 execution - gij test
FAIL: N19990310_02 execution - gij test
FAIL: N19990310_4 execution - source compiled test
FAIL: N19990310_4 execution - gij test
FAIL: N19990310_4 -O3 execution - bytecode->native test
FAIL: N19990310_5 execution - gij test
FAIL: N19990310_5 execution - bytecode->native test
FAIL: N19990310_5 -O3 execution - bytecode->native test
FAIL: Overflow -O3 execution - source compiled test
FAIL: PR12350 execution - gij test
FAIL: PR12416 -O3 execution - bytecode->native test
FAIL: PR12656 execution - bytecode->native test
FAIL: PR16867 -O3 execution - bytecode->native test
FAIL: PR18699 execution - source compiled test
FAIL: PR19870_2 -O3 execution - source compiled test
FAIL: PR19921 -O3 execution - source compiled test
FAIL: PR20056 execution - gij test
FAIL: PR20056 -O3 execution - bytecode->native test
FAIL: PR260 -O3 execution - source compiled test
FAIL: PR3096 execution - bytecode->native test
FAIL: PR3731 execution - source compiled test
FAIL: PR3731 execution - gij test
FAIL: PR3731 execution - gij test
FAIL: PR5057_2 execution - source compiled test
FAIL: PR55 -O3 execution - bytecode->native test
FAIL: PR56 -O3 execution - bytecode->native test
FAIL: PR6085 execution - source compiled test
FAIL: PR6729 -O3 execution - bytecode->native test
FAIL: PR6820 -O3 execution - source compiled test
FAIL: PR6820 -O3 execution - bytecode->native test
FAIL: PR7482 execution - source compiled test
FAIL: PR7482 execution - gij test
FAIL: Process_5 execution - source compiled test
FAIL: Serialization execution - gij test
FAIL: StaticConstructor -O3 execution - source compiled test
FAIL: String_overflow execution - bytecode->native test
FAIL: SyncGlobal execution - bytecode->native test
FAIL: Synch execution - bytecode->native test
FAIL: Synch -O3 execution - source compiled test
FAIL: Thread_Alive execution - bytecode->native test
FAIL: Thread_Alive -O3 execution - bytecode->native test
FAIL: Thread_Monitor -O3 execution - source compiled test
FAIL: anfi execution - gij test
FAIL: anon2 execution - source compiled test
FAIL: anon2 execution - gij test
FAIL: anon2 execution - bytecode->native test
FAIL: anon_ctor_itf_arg execution - gij test
FAIL: anonarray -O3 execution - source compiled test
FAIL: anonarray2 -O3 execution - source compiled test
FAIL: anonarray3 execution - bytecode->native test
FAIL: anonarray3 execution - gij test
FAIL: anonarray3 -O3 execution - bytecode->native test
FAIL: assign execution - source compiled test
FAIL: assign execution - gij test
FAIL: assign2 execution - bytecode->native test
FAIL: bclink execution - bytecode->native test
FAIL: bclink -O3 execution - source compiled test
FAIL: bytearray execution - bytecode->native test
FAIL: bytearray -O3 execution - bytecode->native test
FAIL: direct_read -O3 execution - source compiled test
FAIL: err10 execution - source compiled test
FAIL: err10 execution - gij test
FAIL: err11 execution - bytecode->native test
FAIL: err13 execution - source compiled test
FAIL: err13 execution - bytecode->native test
FAIL: err13 execution - gij test
FAIL: err3 execution - source compiled test
FAIL: err3 execution - gij test
FAIL: err5 execution - gij test
FAIL: err6 execution - gij test
FAIL: err6 execution - bytecode->native test
FAIL: err7 -O3 execution - source compiled test
FAIL: err7 execution - gij test
FAIL: err9 execution - gij test
FAIL: final_inner execution - source compiled test
FAIL: final_static_and_friend execution - source compiled test
FAIL: final_static_and_friend -O3 execution - source compiled test
FAIL: indirect execution - source compiled test
FAIL: indirect -O3 execution - bytecode->native test
FAIL: indirect_write -O3 execution - bytecode->native test
FAIL: initfield -O3 execution - bytecode->native test
FAIL: inline -O3 execution - source compiled test
FAIL: inline execution - gij test
FAIL: inner2 -O3 execution - bytecode->native test
FAIL: inner3 execution - gij test
FAIL: inner3 -O3 execution - bytecode->native test
FAIL: inner4 execution - gij test
FAIL: instance execution - source compiled test
FAIL: instinit2 -O3 execution - bytecode->native test
FAIL: invoke_from_inner execution - gij test
FAIL: invoke_from_inner execution - gij test
FAIL: klass -O3 execution - bytecode->native test
FAIL: negzero execution - source compiled test
FAIL: negzero -O3 execution - bytecode->native test
FAIL: nested_with_ctor execution - bytecode->native test
FAIL: newarray_overflow -O3 execution - source compiled test
FAIL: override execution - source compiled test
FAIL: pr109 -O3 execution - bytecode->native test
FAIL: pr13107_3 execution - gij test
FAIL: pr13107_3 execution - bytecode->native test
FAIL: pr13107_3 -O3 execution - source compiled test
FAIL: pr133 execution - bytecode->native test
FAIL: pr16789 -O3 execution - bytecode->native test
FAIL: pr17536 execution - source compiled test
FAIL: pr17536 execution - gij test
FAIL: pr17536 execution - gij test
FAIL: pr17536 -O3 execution - bytecode->native test
FAIL: pr179 execution - source compiled test
FAIL: pr179 -O3 execution - source compiled test
FAIL: pr184 -O3 execution - source compiled test
FAIL: pr21785 execution - gij test
FAIL: pr21785 -O3 execution - bytecode->native test
FAIL: pr6388 execution - source compiled test
FAIL: pr6388 execution - bytecode->native test
FAIL: pr6388 execution - gij test
FAIL: pr83 execution - gij test
FAIL: pr8415 execution - gij test
FAIL: pr8676 -O3 execution - source compiled test
FAIL: pr8676 execution - gij test
FAIL: pr8823 execution - source compiled test
FAIL: pr8823 execution - gij test
FAIL: pr8823 execution - bytecode->native test
FAIL: pr8823 -O3 execution - source compiled test
FAIL: pr8945 execution - gij test
FAIL: private_direct_read execution - source compiled test
FAIL: private_direct_read execution - gij test
FAIL: search_outer execution - gij test
FAIL: shatest execution - bytecode->native test
FAIL: shatest -O3 execution - bytecode->native test
FAIL: stringconst execution - source compiled test
FAIL: stringconst execution - bytecode->native test
FAIL: stringconst -O3 execution - source compiled test
FAIL: stringconst2 execution - source compiled test
FAIL: test_long execution - source compiled test
FAIL: test_long execution - gij test
FAIL: test_long execution - gij test
FAIL: tp execution - bytecode->native test
FAIL: update_outer execution - gij test
FAIL: utf8concat execution - bytecode->native test
FAIL: utf8concat execution - gij test
FAIL: utilTest -O3 execution - source compiled test
FAIL: verify execution - bytecode->native test
=== libjava Summary ===
# of expected passes 3606
# of unexpected failures 212
# of expected failures 8
# of untested testcases 215
=== libmudflap tests ===
Running target unix
=== libmudflap Summary ===
# of expected passes 1789
=== libstdc++ tests ===
Running target unix
XPASS: 26_numerics/cmath/c99_classification_macros_c.cc (test for excess errors)
XPASS: 27_io/fpos/14320-1.cc execution test
=== libstdc++ Summary ===
# of expected passes 4101
# of unexpected successes 2
# of expected failures 11
# of unsupported tests 4
Compiler version: 4.2.0 20060203 (experimental)
Platform: x86_64-unknown-linux-gnu
configure flags: --prefix=/home/cygnus/dnovillo/perf/sbox/gcc/local.x86_64/inst.ton --srcdir=/home/cygnus/dnovillo/perf/sbox/gcc/local.x86_64/src --enable-mpfr --disable-multilib --with-gmp=/home/cygnus/dnovillo/x86_64 --enable-languages=c,c++,fortran,java,objc