This is the mail archive of the gcc-testresults@gcc.gnu.org mailing list for the GCC project.


Index Nav: [Date Index] [Subject Index] [Author Index] [Thread Index]
Message Nav: [Date Prev] [Date Next] [Thread Prev] [Thread Next]
Other format: [Raw text]

Results for 4.1.0 20060131 (prerelease) testsuite on hppa-unknown-linux-gnu


LAST_UPDATED: Tue Jan 31 17:29:22 UTC 2006 (revision 110444)

		=== acats tests ===

		=== acats Summary ===
# of expected passes		2316
# of unexpected failures	0
Native configuration is hppa-unknown-linux-gnu

		=== g++ tests ===


Running target unix
XPASS: g++.dg/tree-ssa/pr14814.C scan-tree-dump-times &this 0
XPASS: g++.old-deja/g++.other/init5.C execution test

		=== g++ Summary ===

# of expected passes		11876
# of unexpected successes	2
# of expected failures		66
# of unsupported tests		115
/home/dave/gnu/gcc-4.1/objdir/gcc/testsuite/../g++  version 4.1.0 20060131 (prerelease)

		=== gcc tests ===


Running target unix
XPASS: gcc.dg/tree-ssa/loop-1.c scan-assembler-times foo 5

		=== gcc Summary ===

# of expected passes		36902
# of unexpected successes	1
# of expected failures		76
# of untested testcases		28
# of unsupported tests		336
/home/dave/gnu/gcc-4.1/objdir/gcc/xgcc  version 4.1.0 20060131 (prerelease)

		=== gfortran tests ===


Running target unix
XPASS: gfortran.dg/csqrt_2.f  -O0  execution test
XPASS: gfortran.dg/csqrt_2.f  -O1  execution test
XPASS: gfortran.dg/csqrt_2.f  -O2  execution test
XPASS: gfortran.dg/csqrt_2.f  -O3 -fomit-frame-pointer  execution test
XPASS: gfortran.dg/csqrt_2.f  -O3 -fomit-frame-pointer -funroll-loops  execution test
XPASS: gfortran.dg/csqrt_2.f  -O3 -fomit-frame-pointer -funroll-all-loops -finline-functions  execution test
XPASS: gfortran.dg/csqrt_2.f  -O3 -g  execution test
XPASS: gfortran.dg/csqrt_2.f  -Os  execution test
FAIL: gfortran.dg/f2c_2.f90  -O0  execution test
FAIL: gfortran.dg/f2c_2.f90  -O1  execution test
FAIL: gfortran.dg/f2c_2.f90  -O2  execution test
FAIL: gfortran.dg/f2c_2.f90  -O3 -fomit-frame-pointer  execution test
FAIL: gfortran.dg/f2c_2.f90  -O3 -fomit-frame-pointer -funroll-loops  execution test
FAIL: gfortran.dg/f2c_2.f90  -O3 -fomit-frame-pointer -funroll-all-loops -finline-functions  execution test
FAIL: gfortran.dg/f2c_2.f90  -O3 -g  execution test
FAIL: gfortran.dg/f2c_2.f90  -Os  execution test
FAIL: gfortran.dg/g77/cabs.f  -O0  execution test
FAIL: gfortran.dg/g77/cabs.f  -O1  execution test
FAIL: gfortran.dg/g77/cabs.f  -O2  execution test
FAIL: gfortran.dg/g77/cabs.f  -O3 -fomit-frame-pointer  execution test
FAIL: gfortran.dg/g77/cabs.f  -O3 -fomit-frame-pointer -funroll-loops  execution test
FAIL: gfortran.dg/g77/cabs.f  -O3 -fomit-frame-pointer -funroll-all-loops -finline-functions  execution test
FAIL: gfortran.dg/g77/cabs.f  -O3 -g  execution test
FAIL: gfortran.dg/g77/cabs.f  -Os  execution test
FAIL: gfortran.dg/g77/erfc.f  -O0  execution test
FAIL: gfortran.dg/g77/f90-intrinsic-mathematical.f  -O0  execution test
FAIL: gfortran.dg/g77/f90-intrinsic-mathematical.f  -O1  execution test
FAIL: gfortran.dg/g77/f90-intrinsic-mathematical.f  -O2  execution test
FAIL: gfortran.dg/g77/f90-intrinsic-mathematical.f  -O3 -fomit-frame-pointer  execution test
FAIL: gfortran.dg/g77/f90-intrinsic-mathematical.f  -O3 -fomit-frame-pointer -funroll-loops  execution test
FAIL: gfortran.dg/g77/f90-intrinsic-mathematical.f  -O3 -fomit-frame-pointer -funroll-all-loops -finline-functions  execution test
FAIL: gfortran.dg/g77/f90-intrinsic-mathematical.f  -O3 -g  execution test
FAIL: gfortran.dg/g77/f90-intrinsic-mathematical.f  -Os  execution test
FAIL: gfortran.dg/g77/f90-intrinsic-numeric.f  -O3 -fomit-frame-pointer -funroll-loops  execution test
FAIL: gfortran.dg/g77/f90-intrinsic-numeric.f  -O3 -fomit-frame-pointer -funroll-all-loops -finline-functions  execution test
FAIL: gfortran.fortran-torture/execute/csqrt_1.f90 execution,  -O3 -fomit-frame-pointer -funroll-loops 
FAIL: gfortran.fortran-torture/execute/csqrt_1.f90 execution,  -O3 -fomit-frame-pointer -funroll-all-loops -finline-functions 
FAIL: gfortran.fortran-torture/execute/intrinsic_abs.f90 execution,  -O0 
FAIL: gfortran.fortran-torture/execute/intrinsic_abs.f90 execution,  -O1 
FAIL: gfortran.fortran-torture/execute/intrinsic_abs.f90 execution,  -O2 
FAIL: gfortran.fortran-torture/execute/intrinsic_abs.f90 execution,  -O3 -fomit-frame-pointer 
FAIL: gfortran.fortran-torture/execute/intrinsic_abs.f90 execution,  -O3 -fomit-frame-pointer -funroll-loops 
FAIL: gfortran.fortran-torture/execute/intrinsic_abs.f90 execution,  -O3 -fomit-frame-pointer -funroll-all-loops -finline-functions 
FAIL: gfortran.fortran-torture/execute/intrinsic_abs.f90 execution,  -O3 -g 
FAIL: gfortran.fortran-torture/execute/intrinsic_abs.f90 execution,  -Os 
FAIL: gfortran.fortran-torture/execute/intrinsic_dotprod.f90 execution,  -O0 
FAIL: gfortran.fortran-torture/execute/intrinsic_dotprod.f90 execution,  -O1 
FAIL: gfortran.fortran-torture/execute/intrinsic_dotprod.f90 execution,  -O2 
FAIL: gfortran.fortran-torture/execute/intrinsic_dotprod.f90 execution,  -O3 -fomit-frame-pointer 
FAIL: gfortran.fortran-torture/execute/intrinsic_dotprod.f90 execution,  -O3 -fomit-frame-pointer -funroll-loops 
FAIL: gfortran.fortran-torture/execute/intrinsic_dotprod.f90 execution,  -O3 -fomit-frame-pointer -funroll-all-loops -finline-functions 
FAIL: gfortran.fortran-torture/execute/intrinsic_dotprod.f90 execution,  -O3 -g 
FAIL: gfortran.fortran-torture/execute/intrinsic_dotprod.f90 execution,  -Os 
FAIL: gfortran.fortran-torture/execute/math.f90 execution,  -O0 
FAIL: gfortran.fortran-torture/execute/math.f90 execution,  -O1 
FAIL: gfortran.fortran-torture/execute/math.f90 execution,  -O2 
FAIL: gfortran.fortran-torture/execute/math.f90 execution,  -O3 -fomit-frame-pointer 
FAIL: gfortran.fortran-torture/execute/math.f90 execution,  -O3 -fomit-frame-pointer -funroll-loops 
FAIL: gfortran.fortran-torture/execute/math.f90 execution,  -O3 -fomit-frame-pointer -funroll-all-loops -finline-functions 
FAIL: gfortran.fortran-torture/execute/math.f90 execution,  -O3 -g 
FAIL: gfortran.fortran-torture/execute/math.f90 execution,  -Os 
FAIL: gfortran.fortran-torture/execute/power.f90 execution,  -O0 
FAIL: gfortran.fortran-torture/execute/power.f90 execution,  -O1 
FAIL: gfortran.fortran-torture/execute/power.f90 execution,  -O2 
FAIL: gfortran.fortran-torture/execute/power.f90 execution,  -O3 -fomit-frame-pointer 
FAIL: gfortran.fortran-torture/execute/power.f90 execution,  -O3 -fomit-frame-pointer -funroll-loops 
FAIL: gfortran.fortran-torture/execute/power.f90 execution,  -O3 -fomit-frame-pointer -funroll-all-loops -finline-functions 
FAIL: gfortran.fortran-torture/execute/power.f90 execution,  -O3 -g 
FAIL: gfortran.fortran-torture/execute/power.f90 execution,  -Os 

		=== gfortran Summary ===

# of expected passes		11283
# of unexpected failures	61
# of unexpected successes	8
# of expected failures		4
# of unsupported tests		66
/home/dave/gnu/gcc-4.1/objdir/gcc/testsuite/../gfortran  version 4.1.0 20060131 (prerelease)

		=== obj-c++ tests ===


Running target unix
FAIL: obj-c++.dg/cxx-ivars-2.mm execution test
FAIL: obj-c++.dg/encode-8.mm execution test
FAIL: obj-c++.dg/isa-field-1.mm (test for excess errors)
FAIL: obj-c++.dg/lookup-2.mm (test for excess errors)
WARNING: obj-c++.dg/lookup-2.mm compilation failed to produce executable
FAIL: obj-c++.dg/try-catch-2.mm (test for excess errors)
WARNING: obj-c++.dg/try-catch-2.mm compilation failed to produce executable
FAIL: obj-c++.dg/try-catch-9.mm (test for excess errors)
WARNING: obj-c++.dg/try-catch-9.mm compilation failed to produce executable

		=== obj-c++ Summary ===

# of expected passes		423
# of unexpected failures	6
# of unsupported tests		13
/home/dave/gnu/gcc-4.1/objdir/gcc/testsuite/../g++  version 4.1.0 20060131 (prerelease)

		=== objc tests ===


Running target unix

		=== objc Summary ===

# of expected passes		1684
# of unsupported tests		22
/home/dave/gnu/gcc-4.1/objdir/gcc/xgcc  version 4.1.0 20060131 (prerelease)

		=== libffi tests ===


Running target unix

		=== libffi Summary ===

# of expected passes		228
# of unsupported tests		2
		=== libjava tests ===


Running target unix
FAIL: Serialization output - gij test
FAIL: Serialization output - gij test
FAIL: negzero output - gij test
FAIL: negzero output - gij test

		=== libjava Summary ===

# of expected passes		4007
# of unexpected failures	4
# of expected failures		10
# of untested testcases		8
		=== libmudflap tests ===


Running target unix

		=== libmudflap Summary ===

# of expected passes		1789
		=== libstdc++ tests ===


Running target unix
XPASS: 26_numerics/cmath/c99_classification_macros_c.cc (test for excess errors)

		=== libstdc++ Summary ===

# of expected passes		4028
# of unexpected successes	1
# of expected failures		12

Compiler version: 4.1.0 20060131 (prerelease) 
Platform: hppa-unknown-linux-gnu
configure flags: --with-gnu-as --with-gnu-ld --enable-shared --prefix=/home/dave/opt/gnu/gcc/gcc-4.1.0 --with-local-prefix=/home/dave/opt/gnu --enable-threads=posix --enable-__cxa_atexit --host=hppa-linux --enable-clocale=gnu --enable-java-gc=boehm --enable-java-awt=xlib --enable-languages=c,ada,c++,fortran,java,objc,obj-c++


Index Nav: [Date Index] [Subject Index] [Author Index] [Thread Index]
Message Nav: [Date Prev] [Date Next] [Thread Prev] [Thread Next]