This is the mail archive of the
gcc-testresults@gcc.gnu.org
mailing list for the GCC project.
Results for 4.0.3 20060128 (prerelease) (Debian 4.0.2-8) testsuite on sparc-unknown-linux-gnu
- From: Matthias Klose <doko at debian dot org>
- To: gcc-testresults at gcc dot gnu dot org
- Cc: debian-gcc at lists dot debian dot org
- Date: Wed, 01 Feb 2006 17:54:09 -0700
- Subject: Results for 4.0.3 20060128 (prerelease) (Debian 4.0.2-8) testsuite on sparc-unknown-linux-gnu
- Reply-to: Matthias Klose <doko at debian dot org>
LAST_UPDATED: Sat Jan 28 22:56:42 UTC 2006 (revision 110341)
=== acats tests ===
FAIL: ce3810b
=== acats Summary ===
# of expected passes 2319
# of unexpected failures 1
Native configuration is sparc-unknown-linux-gnu
=== g++ tests ===
Running target unix
XPASS: g++.old-deja/g++.other/init5.C execution test
=== g++ Summary for unix ===
# of expected passes 11378
# of unexpected successes 1
# of expected failures 69
# of unsupported tests 92
Running target unix/-m64
FAIL: g++.dg/tls/static-1.C execution test
XPASS: g++.old-deja/g++.other/init5.C execution test
=== g++ Summary for unix/-m64 ===
# of expected passes 11323
# of unexpected failures 1
# of unexpected successes 1
# of expected failures 69
# of unsupported tests 105
=== g++ Summary ===
# of expected passes 22701
# of unexpected failures 1
# of unexpected successes 2
# of expected failures 138
# of unsupported tests 197
/build/buildd/gcc-4.0-4.0.2/build/gcc/testsuite/../g++ version 4.0.3 20060128 (prerelease) (Debian 4.0.2-8)
=== gcc tests ===
Running target unix
FAIL: gcc.dg/tls/opt-11.c (test for excess errors)
WARNING: gcc.dg/tls/opt-11.c compilation failed to produce executable
=== gcc Summary for unix ===
# of expected passes 34983
# of unexpected failures 1
# of expected failures 95
# of untested testcases 28
# of unsupported tests 527
Running target unix/-m64
FAIL: gcc.dg/tls/opt-11.c (test for excess errors)
WARNING: gcc.dg/tls/opt-11.c compilation failed to produce executable
FAIL: gcc.dg/tls/pr24428-2.c execution test
FAIL: gcc.dg/tls/pr24428.c execution test
FAIL: gcc.misc-tests/linkage.c link
=== gcc Summary for unix/-m64 ===
# of expected passes 34946
# of unexpected failures 4
# of expected failures 95
# of untested testcases 28
# of unsupported tests 542
=== gcc Summary ===
# of expected passes 69929
# of unexpected failures 5
# of expected failures 190
# of untested testcases 56
# of unsupported tests 1069
/build/buildd/gcc-4.0-4.0.2/build/gcc/xgcc version 4.0.3 20060128 (prerelease) (Debian 4.0.2-8)
=== gfortran tests ===
Running target unix
=== gfortran Summary for unix ===
# of expected passes 8820
# of expected failures 1
# of unsupported tests 17
Running target unix/-m64
=== gfortran Summary for unix/-m64 ===
# of expected passes 8820
# of expected failures 1
# of unsupported tests 17
=== gfortran Summary ===
# of expected passes 17640
# of expected failures 2
# of unsupported tests 34
/build/buildd/gcc-4.0-4.0.2/build/gcc/testsuite/../gfortran version 4.0.3 20060128 (prerelease) (Debian 4.0.2-8)
=== objc tests ===
Running target unix
=== objc Summary for unix ===
# of expected passes 1548
# of unsupported tests 10
Running target unix/-m64
=== objc Summary for unix/-m64 ===
# of expected passes 1548
# of unsupported tests 10
=== objc Summary ===
# of expected passes 3096
# of unsupported tests 20
/build/buildd/gcc-4.0-4.0.2/build/gcc/xgcc version 4.0.3 20060128 (prerelease) (Debian 4.0.2-8)
=== libffi tests ===
Running target unix
=== libffi Summary for unix ===
# of expected passes 219
# of unsupported tests 2
Running target unix/-m64
=== libffi Summary for unix/-m64 ===
# of expected passes 219
# of unsupported tests 2
=== libffi Summary ===
# of expected passes 438
# of unsupported tests 4
=== libmudflap tests ===
Running target unix
FAIL: libmudflap.c/pass54-frag.c execution test
FAIL: libmudflap.c/pass54-frag.c (-static) execution test
WARNING: program timed out.
FAIL: libmudflap.cth/pass40-frag.c execution test
FAIL: libmudflap.cth/pass40-frag.c output pattern test
WARNING: program timed out.
FAIL: libmudflap.cth/pass40-frag.c (-static -DSTATIC) execution test
FAIL: libmudflap.cth/pass40-frag.c (-static -DSTATIC) output pattern test
WARNING: program timed out.
FAIL: libmudflap.cth/pass40-frag.c (-O2) execution test
FAIL: libmudflap.cth/pass40-frag.c (-O2) output pattern test
WARNING: program timed out.
FAIL: libmudflap.cth/pass40-frag.c (-O3) execution test
FAIL: libmudflap.cth/pass40-frag.c (-O3) output pattern test
=== libmudflap Summary for unix ===
# of expected passes 1278
# of unexpected failures 10
Running target unix/-m64
FAIL: libmudflap.c/pass54-frag.c execution test
FAIL: libmudflap.c/pass54-frag.c (-static) execution test
WARNING: program timed out.
FAIL: libmudflap.cth/pass40-frag.c execution test
FAIL: libmudflap.cth/pass40-frag.c output pattern test
FAIL: libmudflap.cth/pass40-frag.c (-static -DSTATIC) execution test
FAIL: libmudflap.cth/pass40-frag.c (-static -DSTATIC) output pattern test
WARNING: program timed out.
FAIL: libmudflap.cth/pass40-frag.c (-O2) execution test
FAIL: libmudflap.cth/pass40-frag.c (-O2) output pattern test
=== libmudflap Summary for unix/-m64 ===
# of expected passes 1280
# of unexpected failures 8
=== libmudflap Summary ===
# of expected passes 2558
# of unexpected failures 18
=== libstdc++ tests ===
Running target unix
XPASS: 22_locale/locale/cons/12658_thread-1.cc execution test
XPASS: 26_numerics/cmath/c99_classification_macros_c.cc (test for excess errors)
=== libstdc++ Summary for unix ===
# of expected passes 3713
# of unexpected successes 2
# of expected failures 12
Running target unix/-m64
FAIL: 22_locale/codecvt/in/wchar_t/2.cc execution test
FAIL: 22_locale/codecvt/in/wchar_t/3.cc execution test
FAIL: 22_locale/codecvt/length/wchar_t/2.cc execution test
FAIL: 22_locale/codecvt/length/wchar_t/3.cc execution test
FAIL: 22_locale/codecvt/out/wchar_t/2.cc execution test
FAIL: 22_locale/codecvt/out/wchar_t/3.cc execution test
FAIL: 22_locale/ctype/widen/wchar_t/2.cc execution test
XPASS: 22_locale/locale/cons/12658_thread-1.cc execution test
FAIL: 22_locale/messages/members/char/1.cc execution test
FAIL: 22_locale/messages/members/char/2.cc execution test
FAIL: 22_locale/messages/members/char/wrapped_env.cc execution test
FAIL: 22_locale/messages_byname/named_equivalence.cc execution test
FAIL: 22_locale/money_get/get/wchar_t/1.cc execution test
FAIL: 22_locale/money_get/get/wchar_t/wrapped_env.cc execution test
FAIL: 22_locale/money_put/put/wchar_t/1.cc execution test
FAIL: 22_locale/money_put/put/wchar_t/3.cc execution test
FAIL: 22_locale/money_put/put/wchar_t/wrapped_env.cc execution test
XPASS: 26_numerics/cmath/c99_classification_macros_c.cc (test for excess errors)
FAIL: 27_io/basic_filebuf/close/char/4879.cc execution test
FAIL: 27_io/basic_filebuf/close/char/9964.cc execution test
FAIL: 27_io/basic_filebuf/imbue/char/13171-2.cc execution test
FAIL: 27_io/basic_filebuf/imbue/wchar_t/14975-2.cc execution test
FAIL: 27_io/basic_filebuf/underflow/char/10097.cc execution test
FAIL: 27_io/basic_filebuf/underflow/wchar_t/9520.cc execution test
XPASS: 27_io/fpos/14320-1.cc execution test
FAIL: 27_io/objects/char/7.cc execution test
FAIL: 27_io/objects/char/9661-1.cc execution test
FAIL: 27_io/objects/wchar_t/7.cc execution test
FAIL: 27_io/objects/wchar_t/9520.cc execution test
FAIL: 27_io/objects/wchar_t/9661-1.cc execution test
FAIL: ext/array_allocator/2.cc execution test
=== libstdc++ Summary for unix/-m64 ===
# of expected passes 3667
# of unexpected failures 28
# of unexpected successes 3
# of expected failures 11
# of unsupported tests 9
=== libstdc++ Summary ===
# of expected passes 7380
# of unexpected failures 28
# of unexpected successes 5
# of expected failures 23
# of unsupported tests 9
Compiler version: 4.0.3 20060128 (prerelease) (Debian 4.0.2-8)
Platform: sparc-unknown-linux-gnu
configure flags: -v --prefix=/usr --enable-shared --with-system-zlib --libexecdir=/usr/lib --without-included-gettext --enable-threads=posix --enable-nls --program-suffix=-4.0 --enable-__cxa_atexit --enable-clocale=gnu --enable-libstdcxx-debug --enable-java-awt=gtk-default --enable-gtk-cairo --with-java-home=/usr/lib/jvm/java-1.4.2-gcj-4.0-1.4.2.0/jre --enable-mpfr --disable-werror --with-cpu=v7 --enable-checking=release sparc-linux-gnu --enable-languages=c,ada,c++,f95,java,objc,treelang
BOOT_CFLAGS=-O2
Build Dependencies:
Desired=Unknown/Install/Remove/Purge/Hold
| Status=Not/Installed/Config-files/Unpacked/Failed-config/Half-installed
|/ Err?=(none)/Hold/Reinst-required/X=both-problems (Status,Err: uppercase=bad)
||/ Name Version Description
+++-==============-===================-==============================================
ii binutils 2.16.1cvs20060117-1 The GNU assembler, linker and binary utilities
Patches that Debian applied in this version:
svn-updates:
CVS updates from the 4.0 branch upto 20060128.
gcc-version:
Add package identification to the gcc version string
gcc-textdomain:
Set gettext's domain and textdomain to the versioned package name.
rename-info-files:
Allow transformations on info file names. Reference the
transformed info file names in the texinfo files.
libstdc++-pic:
Build and install libstdc++_pic.a library.
libstdc++-doclink:
adjust hrefs to point to the local documentation
amd64-specs:
On x86-64 use 64bits mode assembly except with -m32.
gccbug:
Use sensible-editor instead of vi as fallback editor
gccbug-posix:
Make gccbug POSIX compliant (patch by David Weinehall)
http://www.opengroup.org/onlinepubs/009695399/utilities/test.html
boehm-gc-nocheck:
Disable running the boehm-gc testsuite. Hangs the buildd at least on hppa.
acats-expect:
Run the ACATS testsuite using expect
fastjar-version:
Append GCC version to the fastjar version string.
libstdc++-doxygen:
libstdc++ doxygen docs: Set SHORT_NAMES to YES
arm-bigendian:
pr19877:
Proposed patch to fix PR19877 (libgcj configury)
pr25196:
Proposed patch for PR rtl-optimization/25196
323016:
Apply proposed patch for http://bugs.debian.org/323016
classpath-20050618:
- update classpath awt, swing and xml parser for HTML support in swing.
taken from classpath CVS HEAD 2005-06-18.
- updates for gnu.xml and javax.swing.text.html.
classmap-path:
Search classmap.db in /var/lib/gcj-4.0 (omitting the subminor version).
xml-update-20050930:
classpath xml-update from 20050930
gcc-m68k-update:
2005-07-24 Andreas Schwab <schwab@suse.de>
* config/m68k/m68k.md ("extendqidi2"): When source is an address
register use a word move. Correct operand of ext.w in 68000 code.
libjava-awt-name:
2005-05-12 Thomas Fitzsimmons <fitzsim@redhat.com>
* Makefile.am (cond_gtk_gcjawt_ltlibrary): Rename libjawt.la
libgcjawt.la.
libjava-awt-peer-gtk:
Fix a segfault on architectures where the size of a pointer is
greater than the size of an integer, such as ia64.
libjava-dlsearch-path:
Add /usr/lib/gcj-4.0 to the dlsearch path.
libjava-streamserializer:
Fix Ubuntu #12744, bug in StreamSerializer, seen with eclipse-3.1
libjava-saxdriver-fix:
Fix bug lin SAXDriver, needeed for eclipse's AntCompletionProcessor
libjava-xml-transform:
Fix bug in xml transformer, needed to fix eclipse's handling of its configuration files
arm-libffi:
Add closure support to libffi for arm
arm-gij:
Enable gij interpreter on arm
disable-libgcj:
Do not build the java runtime (from this source package)
deb-protoize:
build protoize/unprotoize binaries
ada-link-lib:
- Install the shared Ada libraries as '.so.1', not '.so' to conform
to the Debian policy.
- Don't include a runtime link path (-rpath), when linking binaries.
- Build the shared libraries on hppa-linux.
ada-gcc-name:
use gcc-4.0 instead of gcc as the command name.
link-libs:
reporting:
Add Debian URL for bug reporting isntructions.
cpu-default-i486:
set default 32bit ix86 architecture to i486
libjava-biarch-awt:
biarch-include:
biarch-include.dpatch
Adds biarch include directories
/usr/include/c++/<ver>/<arch>-linux-gnu
/usr/local/include/<arch>-linux-gnu
/usr/include/<arch>-linux-gnu
to the system include paths, depending on 32/64 bit mode.
config-ml:
disable some biarch libraries for biarch builds
sparc-biarch:
Enable biarch support for the 32bit sparc compiler
Counting all warnings,
there are 131 warnings in stage3 of this bootstrap.
Number of warnings per file:
44 ./auto-host.h
22 gcc/tsystem.h
22 gcc/defaults.h
12 gcc/cppdefault.c
11 treelang/lex.c
11 gengtype-lex.c
3 gcc/gcc.c
2 gcc/objc/lang-specs.h
1 gcc/treelang/parse.y
1 gcc/protoize.c
1 gcc/java/jvspec.c
1 gcc/java/jcf-write.c
Number of warning types:
44 this is the location of the previous definition
22 no previous prototype for `???'
22 `HAVE_DECL_GETOPT' redefined
22 `DEFAULT_USE_CXA_ATEXIT' redefined
6 string length `???' is greater than the length `???' ISO C89 compilers are required to support
6 missing initializer
6 (near initialization for `???')
1 unused variable `???'
1 control may reach end of non-void function `???' being inlined
1 argument `???' might be clobbered by `???' or `???'