This is the mail archive of the
gcc-testresults@gcc.gnu.org
mailing list for the GCC project.
Results for 4.2.0 20060131 (experimental) testsuite on x86_64-unknown-linux-gnu
- From: Diego Novillo <dnovillo at redhat dot com>
- To: gcc-testresults at gcc dot gnu dot org
- Date: Tue, 31 Jan 2006 03:02:14 -0500
- Subject: Results for 4.2.0 20060131 (experimental) testsuite on x86_64-unknown-linux-gnu
LAST_UPDATED:
Native configuration is x86_64-unknown-linux-gnu
=== g++ tests ===
Running target unix
=== g++ Summary ===
# of expected passes 11968
# of expected failures 66
# of unsupported tests 96
/notnfs/dnovillo/sbox/gcc/bld.ton/gcc/testsuite/g++/../../g++ version 4.2.0 20060131 (experimental)
=== gcc tests ===
Running target unix
WARNING: gcc.dg/torture/fp-int-convert-float128-timode.c -O0 compilation failed to produce executable
WARNING: gcc.dg/torture/fp-int-convert-float128-timode.c -O1 compilation failed to produce executable
WARNING: gcc.dg/torture/fp-int-convert-float128-timode.c -O2 compilation failed to produce executable
WARNING: gcc.dg/torture/fp-int-convert-float128-timode.c -O3 -fomit-frame-pointer compilation failed to produce executable
WARNING: gcc.dg/torture/fp-int-convert-float128-timode.c -O3 -g compilation failed to produce executable
WARNING: gcc.dg/torture/fp-int-convert-float128-timode.c -Os compilation failed to produce executable
WARNING: gcc.dg/torture/fp-int-convert-float128.c -O0 compilation failed to produce executable
WARNING: gcc.dg/torture/fp-int-convert-float128.c -O1 compilation failed to produce executable
WARNING: gcc.dg/torture/fp-int-convert-float128.c -O2 compilation failed to produce executable
WARNING: gcc.dg/torture/fp-int-convert-float128.c -O3 -fomit-frame-pointer compilation failed to produce executable
WARNING: gcc.dg/torture/fp-int-convert-float128.c -O3 -g compilation failed to produce executable
WARNING: gcc.dg/torture/fp-int-convert-float128.c -Os compilation failed to produce executable
=== gcc Summary ===
# of expected passes 38724
# of expected failures 126
# of untested testcases 28
# of unsupported tests 373
/notnfs/dnovillo/sbox/gcc/bld.ton/gcc/xgcc version 4.2.0 20060131 (experimental)
=== gfortran tests ===
Running target unix
=== gfortran Summary ===
# of expected passes 11458
# of expected failures 18
# of unsupported tests 16
/notnfs/dnovillo/sbox/gcc/bld.ton/gcc/testsuite/gfortran/../../gfortran version 4.2.0 20060131 (experimental)
=== objc tests ===
Running target unix
=== objc Summary ===
# of expected passes 1745
# of expected failures 7
# of unsupported tests 23
/notnfs/dnovillo/sbox/gcc/bld.ton/gcc/xgcc version 4.2.0 20060131 (experimental)
=== libffi tests ===
Running target unix
=== libffi Summary ===
# of expected passes 228
# of unsupported tests 2
=== libgomp tests ===
Running target unix
FAIL: libgomp.c/appendix-a/a.39.1.c execution test
FAIL: libgomp.c/appendix-a/a.4.1.c execution test
FAIL: libgomp.c/atomic-2.c (test for excess errors)
WARNING: libgomp.c/atomic-2.c compilation failed to produce executable
FAIL: libgomp.c/barrier-1.c execution test
FAIL: libgomp.c/critical-1.c execution test
FAIL: libgomp.c/loop-2.c execution test
FAIL: libgomp.c/nestedfn-3.c execution test
FAIL: libgomp.c/omp-parallel-for.c execution test
FAIL: libgomp.c/omp-single-2.c execution test
FAIL: libgomp.c/omp-single-3.c execution test
FAIL: libgomp.c/reduction-1.c execution test
FAIL: libgomp.c/reduction-2.c execution test
FAIL: libgomp.c/shared-3.c execution test
=== libgomp Summary ===
# of expected passes 117
# of unexpected failures 13
=== libjava tests ===
Running target unix
FAIL: longfield run
FAIL: PR18116 run
FAIL: directbuffer execution - gij test
FAIL: final_method run
FAIL: iface run
FAIL: martin execution - gij test
FAIL: noclass run
FAIL: overload run
FAIL: pr18278 run
FAIL: register run
FAIL: throwit run
FAIL: virtual run
FAIL: ArrayStore -O3 execution - bytecode->native test
FAIL: ArrayStore2 execution - source compiled test
FAIL: ArrayStore2 execution - gij test
FAIL: ArrayStore2 -O3 execution - source compiled test
FAIL: Array_1 -O3 execution - source compiled test
FAIL: Array_1 -O3 execution - bytecode->native test
FAIL: Array_2 execution - source compiled test
FAIL: Array_2 execution - bytecode->native test
FAIL: Array_2 execution - gij test
FAIL: Array_3 execution - gij test
FAIL: Array_3 -O3 execution - source compiled test
FAIL: Array_3 execution - gij test
FAIL: Array_3 -O3 execution - bytecode->native test
FAIL: CompareNaN execution - source compiled test
FAIL: CompareNaN execution - gij test
FAIL: CompareNaN execution - bytecode->native test
FAIL: Divide_1 -O3 execution - bytecode->native test
FAIL: EvaluationOrder execution - gij test
FAIL: ExtraClassLoader execution - gij test
FAIL: ExtraClassLoader execution - bytecode->native test
FAIL: FileHandleGcTest execution - gij test
FAIL: FileHandleGcTest execution - bytecode->native test
FAIL: FileHandleGcTest execution - gij test
FAIL: FileHandleGcTest -O3 execution - bytecode->native test
FAIL: Float_1 execution - gij test
FAIL: Float_1 -O3 execution - bytecode->native test
FAIL: G19990301_01 execution - source compiled test
FAIL: G19990301_01 execution - gij test
FAIL: G19990302_02 -O3 execution - source compiled test
FAIL: G19990303_01 execution - source compiled test
FAIL: G19990303_01 execution - gij test
FAIL: G19990303_02 -O3 execution - bytecode->native test
FAIL: G19990304_01 -O3 execution - bytecode->native test
FAIL: II -O3 execution - source compiled test
FAIL: II execution - gij test
FAIL: InterfaceDispatch -O3 execution - bytecode->native test
FAIL: InvokeReturn execution - gij test
FAIL: Invoke_1 execution - gij test
FAIL: Invoke_2 -O3 execution - source compiled test
FAIL: KeepInline execution - source compiled test
FAIL: KeepInline execution - gij test
FAIL: KeepInline -O3 execution - bytecode->native test
FAIL: LargeFile execution - source compiled test
FAIL: LargeFile execution - gij test
FAIL: LargeFile execution - bytecode->native test
FAIL: LargeFile -O3 execution - source compiled test
FAIL: LargeFile execution - gij test
FAIL: LargeFile -O3 execution - bytecode->native test
FAIL: MathBuiltin -O3 execution - bytecode->native test
FAIL: Matrix4f execution - gij test
FAIL: Matrix4f execution - bytecode->native test
FAIL: Matrix4f -O3 execution - source compiled test
FAIL: N19990310_02 execution - gij test
FAIL: N19990310_02 -O3 execution - bytecode->native test
FAIL: N19990310_3 execution - bytecode->native test
FAIL: N19990310_3 execution - gij test
FAIL: N19990310_4 execution - gij test
FAIL: Overflow execution - source compiled test
FAIL: Overflow execution - gij test
FAIL: PR12416 execution - source compiled test
FAIL: PR12416 execution - gij test
FAIL: PR12416 -O3 execution - bytecode->native test
FAIL: PR12656 execution - gij test
FAIL: PR141 execution - source compiled test
FAIL: PR141 -O3 execution - bytecode->native test
FAIL: PR160 execution - gij test
FAIL: PR162 execution - gij test
FAIL: PR16867 -O3 execution - bytecode->native test
FAIL: PR18699 execution - source compiled test
FAIL: PR18699 -O3 execution - source compiled test
FAIL: PR18699 execution - gij test
FAIL: PR19870 execution - bytecode->native test
FAIL: PR19921 execution - gij test
FAIL: PR20056 execution - source compiled test
FAIL: PR20056 execution - gij test
FAIL: PR242 execution - source compiled test
FAIL: PR242 execution - gij test
FAIL: PR242 execution - bytecode->native test
FAIL: PR25535 -O3 execution - bytecode->native test
FAIL: PR5057 -O3 execution - source compiled test
FAIL: PR56 -O3 execution - source compiled test
FAIL: PR56 -O3 execution - bytecode->native test
FAIL: PR6729 execution - source compiled test
FAIL: PR6729 execution - gij test
FAIL: PR6820 execution - bytecode->native test
FAIL: PR7482 execution - bytecode->native test
FAIL: Process_2 execution - gij test
FAIL: Process_2 -O3 execution - source compiled test
FAIL: Process_3 execution - bytecode->native test
FAIL: Process_4 execution - gij test
FAIL: Process_5 -O3 execution - bytecode->native test
FAIL: Process_6 execution - gij test
FAIL: Serialization execution - gij test
FAIL: Serialization execution - bytecode->native test
FAIL: Shazam execution - gij test
FAIL: Shazam -O3 execution - source compiled test
FAIL: StaticConstructor execution - gij test
FAIL: StaticConstructor -O3 execution - source compiled test
FAIL: StringBuffer_1 execution - source compiled test
FAIL: StringBuffer_1 execution - gij test
FAIL: String_overflow execution - bytecode->native test
FAIL: String_overflow -O3 execution - source compiled test
FAIL: String_overflow execution - gij test
FAIL: SyncGlobal execution - source compiled test
FAIL: TLtest execution - bytecode->native test
FAIL: TestProxy -O3 execution - source compiled test
FAIL: Thread_Alive -O3 execution - source compiled test
FAIL: Thread_HoldsLock execution - bytecode->native test
FAIL: Thread_Monitor execution - source compiled test
FAIL: Thread_Monitor -O3 execution - bytecode->native test
FAIL: Thread_Sleep execution - gij test
FAIL: Throw_1 -O3 execution - source compiled test
FAIL: Throw_1 execution - gij test
FAIL: Throw_2 execution - gij test
FAIL: anfi execution - gij test
FAIL: anfi execution - gij test
FAIL: anon2 -O3 execution - bytecode->native test
FAIL: anon3 execution - source compiled test
FAIL: anon4 -O3 execution - bytecode->native test
FAIL: anonarray2 execution - source compiled test
FAIL: anonarray3 execution - source compiled test
FAIL: anonarray3 execution - gij test
FAIL: assign execution - gij test
FAIL: assign -O3 execution - source compiled test
FAIL: assign2 -O3 execution - source compiled test
FAIL: bclink -O3 execution - source compiled test
FAIL: bclink execution - gij test
FAIL: bytearray -O3 execution - source compiled test
FAIL: direct_read execution - gij test
FAIL: direct_read -O3 execution - bytecode->native test
FAIL: direct_write execution - source compiled test
FAIL: emptystring execution - source compiled test
FAIL: emptystring execution - gij test
FAIL: err10 execution - bytecode->native test
FAIL: err12 execution - gij test
FAIL: err13 execution - source compiled test
FAIL: err13 execution - gij test
FAIL: err14 -O3 execution - bytecode->native test
FAIL: err2 execution - source compiled test
FAIL: err2 execution - gij test
FAIL: err2 execution - bytecode->native test
FAIL: err3 execution - gij test
FAIL: err4 execution - source compiled test
FAIL: err5 -O3 execution - bytecode->native test
FAIL: err7 execution - source compiled test
FAIL: err9 execution - gij test
FAIL: final_inner execution - source compiled test
FAIL: final_inner -O3 execution - source compiled test
FAIL: final_int -O3 execution - source compiled test
FAIL: indirect execution - gij test
FAIL: indirect_write execution - gij test
FAIL: initfield execution - bytecode->native test
FAIL: initfield -O3 execution - bytecode->native test
FAIL: inline execution - source compiled test
FAIL: inline -O3 execution - bytecode->native test
FAIL: inner1 execution - source compiled test
FAIL: inner1 execution - gij test
FAIL: inner1 -O3 execution - bytecode->native test
FAIL: inner2 -O3 execution - source compiled test
FAIL: inner2 execution - gij test
FAIL: inner3 execution - source compiled test
FAIL: inner3 -O3 execution - source compiled test
FAIL: inner3 -O3 execution - bytecode->native test
FAIL: inner4 -O3 execution - source compiled test
FAIL: inner_array execution - source compiled test
FAIL: inner_interface execution - source compiled test
FAIL: inner_interface -O3 execution - source compiled test
FAIL: inner_interface -O3 execution - bytecode->native test
FAIL: instance execution - source compiled test
FAIL: invokethrow execution - source compiled test
FAIL: md5test execution - gij test
FAIL: md5test execution - gij test
FAIL: newarray_overflow execution - gij test
FAIL: pr109 execution - source compiled test
FAIL: pr13107 execution - bytecode->native test
FAIL: pr133 execution - source compiled test
FAIL: pr16789 -O3 execution - bytecode->native test
FAIL: pr179 execution - source compiled test
FAIL: pr21785 execution - source compiled test
FAIL: pr21785 execution - bytecode->native test
FAIL: pr21844 execution - source compiled test
FAIL: pr21844 execution - gij test
FAIL: pr21844 -O3 execution - bytecode->native test
FAIL: pr6388 execution - bytecode->native test
FAIL: pr6388 -O3 execution - bytecode->native test
FAIL: pr83 execution - gij test
FAIL: pr8415 execution - source compiled test
FAIL: pr8676 execution - gij test
FAIL: pr8676 -O3 execution - bytecode->native test
FAIL: pr8823 execution - source compiled test
FAIL: pr8823 execution - gij test
FAIL: pr8945 execution - gij test
FAIL: pr8945 execution - bytecode->native test
FAIL: private_direct_read execution - source compiled test
FAIL: private_direct_read -O3 execution - source compiled test
FAIL: search_outer execution - bytecode->native test
FAIL: search_outer execution - gij test
FAIL: shatest execution - gij test
FAIL: shatest execution - gij test
FAIL: stringconst -O3 execution - bytecode->native test
FAIL: stub execution - gij test
FAIL: tp execution - source compiled test
FAIL: update_outer execution - bytecode->native test
FAIL: utilTest execution - gij test
FAIL: utilTest -O3 execution - source compiled test
FAIL: verify execution - bytecode->native test
=== libjava Summary ===
# of expected passes 3588
# of unexpected failures 218
# of expected failures 7
# of untested testcases 226
=== libmudflap tests ===
Running target unix
=== libmudflap Summary ===
# of expected passes 1789
=== libstdc++ tests ===
Running target unix
XPASS: 26_numerics/cmath/c99_classification_macros_c.cc (test for excess errors)
XPASS: 27_io/fpos/14320-1.cc execution test
=== libstdc++ Summary ===
# of expected passes 4100
# of unexpected successes 2
# of expected failures 11
# of unsupported tests 4
Compiler version: 4.2.0 20060131 (experimental)
Platform: x86_64-unknown-linux-gnu
configure flags: --prefix=/home/cygnus/dnovillo/perf/sbox/gcc/local.x86_64/inst.ton --srcdir=/home/cygnus/dnovillo/perf/sbox/gcc/local.x86_64/src --enable-mpfr --disable-multilib --with-gmp=/home/cygnus/dnovillo/x86_64 --enable-languages=c,c++,fortran,java,objc