This is the mail archive of the
gcc-testresults@gcc.gnu.org
mailing list for the GCC project.
Results for 4.2.0 20060128 (experimental) testsuite on sparc-sun-solaris2.10
- From: "Kaveh R. Ghazi" <ghazi at caipclassic dot rutgers dot edu>
- To: gcc-testresults at gcc dot gnu dot org
- Date: Sat, 28 Jan 2006 20:36:29 -0500 (EST)
- Subject: Results for 4.2.0 20060128 (experimental) testsuite on sparc-sun-solaris2.10
LAST_UPDATED:
Native configuration is sparc-sun-solaris2.10
=== g++ tests ===
Running target unix
WARNING: g++.dg/other/ucnid-1.C compilation failed to produce executable
=== g++ Summary ===
# of expected passes 11910
# of expected failures 67
# of unsupported tests 133
/caip/u12/kishgcc/gcc-testing/gcc-testing/42/build/gcc/testsuite/g++/../../g++ version 4.2.0 20060128 (experimental)
=== gcc tests ===
Running target unix
FAIL: gcc.dg/single-precision-constant.c (test for excess errors)
WARNING: gcc.dg/single-precision-constant.c compilation failed to produce executable
WARNING: gcc.dg/ucnid-2.c compilation failed to produce executable
WARNING: gcc.dg/ucnid-3.c compilation failed to produce executable
WARNING: gcc.dg/ucnid-4.c compilation failed to produce executable
XPASS: gcc.dg/vect/pr20122.c scan-tree-dump-times vectorized 1 loops 2
XPASS: gcc.dg/vect/vect-105.c scan-tree-dump-times vectorized 1 loops 1
XPASS: gcc.dg/vect/vect-75.c scan-tree-dump-times vectorized 1 loops 1
=== gcc Summary ===
# of expected passes 37673
# of unexpected failures 1
# of unexpected successes 3
# of expected failures 120
# of untested testcases 28
# of unsupported tests 404
/caip/u12/kishgcc/gcc-testing/gcc-testing/42/build/gcc/xgcc version 4.2.0 20060128 (experimental)
=== gfortran tests ===
Running target unix
=== gfortran Summary ===
# of expected passes 11389
# of expected failures 6
# of unsupported tests 47
/caip/u12/kishgcc/gcc-testing/gcc-testing/42/build/gcc/testsuite/gfortran/../../gfortran version 4.2.0 20060128 (experimental)
=== objc tests ===
Running target unix
=== objc Summary ===
# of expected passes 1745
# of expected failures 7
# of unsupported tests 23
/caip/u12/kishgcc/gcc-testing/gcc-testing/42/build/gcc/xgcc version 4.2.0 20060128 (experimental)
=== treelang tests ===
Running target unix
=== treelang Summary ===
# of expected passes 50
=== libffi tests ===
Running target unix
=== libffi Summary ===
# of expected passes 228
# of unsupported tests 2
=== libgomp tests ===
Running target unix
FAIL: libgomp.c/appendix-a/a.15.1.c (test for excess errors)
FAIL: libgomp.c/appendix-a/a.16.1.c (test for excess errors)
FAIL: libgomp.c/appendix-a/a.18.1.c (test for excess errors)
FAIL: libgomp.c/appendix-a/a.19.1.c (test for excess errors)
FAIL: libgomp.c/appendix-a/a.2.1.c (test for excess errors)
FAIL: libgomp.c/appendix-a/a.21.1.c (test for excess errors)
FAIL: libgomp.c/appendix-a/a.26.1.c (test for excess errors)
FAIL: libgomp.c/appendix-a/a.29.1.c (test for excess errors)
FAIL: libgomp.c/appendix-a/a.3.1.c (test for excess errors)
FAIL: libgomp.c/appendix-a/a.33.3.c (test for excess errors)
FAIL: libgomp.c/appendix-a/a.36.1.c (test for excess errors)
FAIL: libgomp.c/appendix-a/a.39.1.c (test for excess errors)
FAIL: libgomp.c/appendix-a/a.4.1.c (test for excess errors)
FAIL: libgomp.c/appendix-a/a.40.1.c (test for excess errors)
FAIL: libgomp.c/appendix-a/a.5.1.c (test for excess errors)
FAIL: libgomp.c/atomic-1.c (test for excess errors)
FAIL: libgomp.c/atomic-10.c (test for excess errors)
FAIL: libgomp.c/atomic-2.c (test for excess errors)
FAIL: libgomp.c/barrier-1.c (test for excess errors)
FAIL: libgomp.c/copyin-1.c (test for excess errors)
FAIL: libgomp.c/copyin-2.c (test for excess errors)
FAIL: libgomp.c/copyin-3.c (test for excess errors)
FAIL: libgomp.c/critical-1.c (test for excess errors)
FAIL: libgomp.c/critical-2.c (test for excess errors)
FAIL: libgomp.c/lib-1.c (test for excess errors)
FAIL: libgomp.c/loop-1.c (test for excess errors)
FAIL: libgomp.c/loop-2.c (test for excess errors)
FAIL: libgomp.c/loop-3.c (test for excess errors)
FAIL: libgomp.c/nested-1.c (test for excess errors)
FAIL: libgomp.c/nested-2.c (test for excess errors)
FAIL: libgomp.c/nestedfn-1.c (test for excess errors)
FAIL: libgomp.c/nestedfn-2.c (test for excess errors)
FAIL: libgomp.c/nestedfn-3.c (test for excess errors)
FAIL: libgomp.c/omp-loop01.c (test for excess errors)
FAIL: libgomp.c/omp-loop02.c (test for excess errors)
FAIL: libgomp.c/omp-loop03.c (test for excess errors)
FAIL: libgomp.c/omp-nested-1.c (test for excess errors)
FAIL: libgomp.c/omp-parallel-for.c (test for excess errors)
FAIL: libgomp.c/omp-parallel-if.c (test for excess errors)
FAIL: libgomp.c/omp-single-1.c (test for excess errors)
FAIL: libgomp.c/omp-single-2.c (test for excess errors)
FAIL: libgomp.c/omp-single-3.c (test for excess errors)
FAIL: libgomp.c/omp_hello.c (test for excess errors)
FAIL: libgomp.c/omp_matvec.c (test for excess errors)
FAIL: libgomp.c/omp_orphan.c (test for excess errors)
FAIL: libgomp.c/omp_reduction.c (test for excess errors)
FAIL: libgomp.c/omp_workshare1.c (test for excess errors)
FAIL: libgomp.c/omp_workshare2.c (test for excess errors)
FAIL: libgomp.c/omp_workshare3.c (test for excess errors)
FAIL: libgomp.c/omp_workshare4.c (test for excess errors)
FAIL: libgomp.c/ordered-1.c (test for excess errors)
FAIL: libgomp.c/ordered-2.c (test for excess errors)
FAIL: libgomp.c/ordered-3.c (test for excess errors)
FAIL: libgomp.c/parallel-1.c (test for excess errors)
FAIL: libgomp.c/pr24455-1.c (test for excess errors)
FAIL: libgomp.c/pr24455.c (test for excess errors)
FAIL: libgomp.c/reduction-1.c (test for excess errors)
FAIL: libgomp.c/reduction-2.c (test for excess errors)
FAIL: libgomp.c/reduction-3.c (test for excess errors)
FAIL: libgomp.c/reduction-4.c (test for excess errors)
FAIL: libgomp.c/sections-1.c (test for excess errors)
FAIL: libgomp.c/shared-1.c (test for excess errors)
FAIL: libgomp.c/shared-2.c (test for excess errors)
FAIL: libgomp.c/shared-3.c (test for excess errors)
FAIL: libgomp.c/single-1.c (test for excess errors)
FAIL: libgomp.c/single-2.c (test for excess errors)
FAIL: libgomp.c/vla-1.c (test for excess errors)
=== libgomp Summary ===
# of expected passes 64
# of unexpected failures 67
=== libjava tests ===
Running target unix
FAIL: Array_3 execution - gij test
FAIL: Array_3 execution - gij test
FAIL: Class_1 execution - source compiled test
FAIL: Class_1 execution - bytecode->native test
FAIL: Class_1 -O3 execution - source compiled test
FAIL: Class_1 -O3 execution - bytecode->native test
FAIL: ExtraClassLoader output - source compiled test
FAIL: ExtraClassLoader output - gij test
FAIL: ExtraClassLoader output - bytecode->native test
FAIL: ExtraClassLoader -O3 output - source compiled test
FAIL: ExtraClassLoader output - gij test
FAIL: ExtraClassLoader -O3 output - bytecode->native test
FAIL: FileHandleGcTest execution - source compiled test
FAIL: FileHandleGcTest execution - gij test
FAIL: FileHandleGcTest execution - bytecode->native test
FAIL: FileHandleGcTest -O3 execution - source compiled test
FAIL: FileHandleGcTest execution - gij test
FAIL: FileHandleGcTest -O3 execution - bytecode->native test
FAIL: InvokeInterface execution - bytecode->native test
FAIL: InvokeInterface -O3 execution - bytecode->native test
FAIL: PR12416 execution - bytecode->native test
FAIL: PR12416 -O3 execution - bytecode->native test
FAIL: PR260 execution - bytecode->native test
FAIL: PR260 -O3 execution - bytecode->native test
FAIL: SyncTest execution - bytecode->native test
FAIL: SyncTest -O3 execution - bytecode->native test
FAIL: invokethrow execution - bytecode->native test
FAIL: invokethrow -O3 execution - bytecode->native test
FAIL: pr179 execution - bytecode->native test
FAIL: pr179 -O3 execution - bytecode->native test
FAIL: pr8415 execution - bytecode->native test
FAIL: pr8415 -O3 execution - bytecode->native test
FAIL: stringconst2 output - source compiled test
FAIL: stringconst2 output - bytecode->native test
FAIL: stringconst2 -O3 output - source compiled test
FAIL: stringconst2 -O3 output - bytecode->native test
FAIL: pr21115 run
=== libjava Summary ===
# of expected passes 3966
# of unexpected failures 37
# of expected failures 10
# of untested testcases 35
=== libstdc++ tests ===
Running target unix
XPASS: 27_io/basic_istream/extractors_arithmetic/char/12.cc execution test
XPASS: 27_io/basic_istream/extractors_arithmetic/wchar_t/12.cc execution test
=== libstdc++ Summary ===
# of expected passes 3461
# of unexpected successes 2
# of expected failures 12
# of unsupported tests 321
Compiler version: 4.2.0 20060128 (experimental)
Platform: sparc-sun-solaris2.10
configure flags: --verbose --with-local-prefix=/tmp/local --without-libiconv-prefix --with-mpfr=/caip/u12/kishgcc/gcc-testing/_gmp --enable-languages=c,c++,fortran,java,objc,treelang