This is the mail archive of the
gcc-testresults@gcc.gnu.org
mailing list for the GCC project.
Results for 4.2.0 20060127 (experimental) testsuite on x86_64-unknown-linux-gnu
- From: Diego Novillo <dnovillo at redhat dot com>
- To: gcc-testresults at gcc dot gnu dot org
- Date: Fri, 27 Jan 2006 02:57:47 -0500
- Subject: Results for 4.2.0 20060127 (experimental) testsuite on x86_64-unknown-linux-gnu
LAST_UPDATED:
Native configuration is x86_64-unknown-linux-gnu
=== g++ tests ===
Running target unix
=== g++ Summary ===
# of expected passes 11965
# of expected failures 66
# of unsupported tests 95
/notnfs/dnovillo/sbox/gcc/bld.ton/gcc/testsuite/g++/../../g++ version 4.2.0 20060127 (experimental)
=== gcc tests ===
Running target unix
WARNING: gcc.dg/torture/fp-int-convert-float128-timode.c -O0 compilation failed to produce executable
WARNING: gcc.dg/torture/fp-int-convert-float128-timode.c -O1 compilation failed to produce executable
WARNING: gcc.dg/torture/fp-int-convert-float128-timode.c -O2 compilation failed to produce executable
WARNING: gcc.dg/torture/fp-int-convert-float128-timode.c -O3 -fomit-frame-pointer compilation failed to produce executable
WARNING: gcc.dg/torture/fp-int-convert-float128-timode.c -O3 -g compilation failed to produce executable
WARNING: gcc.dg/torture/fp-int-convert-float128-timode.c -Os compilation failed to produce executable
WARNING: gcc.dg/torture/fp-int-convert-float128.c -O0 compilation failed to produce executable
WARNING: gcc.dg/torture/fp-int-convert-float128.c -O1 compilation failed to produce executable
WARNING: gcc.dg/torture/fp-int-convert-float128.c -O2 compilation failed to produce executable
WARNING: gcc.dg/torture/fp-int-convert-float128.c -O3 -fomit-frame-pointer compilation failed to produce executable
WARNING: gcc.dg/torture/fp-int-convert-float128.c -O3 -g compilation failed to produce executable
WARNING: gcc.dg/torture/fp-int-convert-float128.c -Os compilation failed to produce executable
=== gcc Summary ===
# of expected passes 38688
# of expected failures 126
# of untested testcases 28
# of unsupported tests 362
/notnfs/dnovillo/sbox/gcc/bld.ton/gcc/xgcc version 4.2.0 20060127 (experimental)
=== gfortran tests ===
Running target unix
=== gfortran Summary ===
# of expected passes 11447
# of expected failures 18
# of unsupported tests 16
/notnfs/dnovillo/sbox/gcc/bld.ton/gcc/testsuite/gfortran/../../gfortran version 4.2.0 20060127 (experimental)
=== objc tests ===
Running target unix
=== objc Summary ===
# of expected passes 1745
# of expected failures 7
# of unsupported tests 23
/notnfs/dnovillo/sbox/gcc/bld.ton/gcc/xgcc version 4.2.0 20060127 (experimental)
=== libffi tests ===
Running target unix
=== libffi Summary ===
# of expected passes 228
# of unsupported tests 2
=== libgomp tests ===
Running target unix
FAIL: libgomp.c/appendix-a/a.19.1.c execution test
FAIL: libgomp.c/appendix-a/a.4.1.c execution test
FAIL: libgomp.c/atomic-2.c (test for excess errors)
WARNING: libgomp.c/atomic-2.c compilation failed to produce executable
FAIL: libgomp.c/barrier-1.c execution test
FAIL: libgomp.c/critical-1.c execution test
FAIL: libgomp.c/nestedfn-1.c execution test
FAIL: libgomp.c/omp-loop02.c execution test
FAIL: libgomp.c/omp-nested-1.c execution test
FAIL: libgomp.c/omp-parallel-if.c execution test
FAIL: libgomp.c/omp-single-2.c execution test
FAIL: libgomp.c/omp-single-3.c execution test
FAIL: libgomp.c/omp_workshare2.c execution test
FAIL: libgomp.c/reduction-1.c execution test
FAIL: libgomp.c/reduction-2.c execution test
FAIL: libgomp.c/sections-1.c execution test
FAIL: libgomp.c/vla-1.c execution test
=== libgomp Summary ===
# of expected passes 114
# of unexpected failures 16
=== libjava tests ===
Running target unix
FAIL: longfield run
FAIL: shortfield run
FAIL: PR18116 run
FAIL: cxxtest run
FAIL: iface execution - gij test
FAIL: invoke execution - gij test
FAIL: martin execution - gij test
FAIL: noclass run
FAIL: register run
FAIL: simple_int execution - gij test
FAIL: throwit execution - gij test
FAIL: virtual run
FAIL: ArrayStore -O3 execution - bytecode->native test
FAIL: Array_1 -O3 execution - bytecode->native test
FAIL: Array_2 execution - bytecode->native test
FAIL: Array_2 -O3 execution - source compiled test
FAIL: Array_3 execution - bytecode->native test
FAIL: Array_3 -O3 execution - bytecode->native test
FAIL: CompareNaN execution - source compiled test
FAIL: CompareNaN execution - gij test
FAIL: CompareNaN -O3 execution - source compiled test
FAIL: Divide_1 execution - gij test
FAIL: Divide_1 execution - gij test
FAIL: Divide_1 -O3 execution - bytecode->native test
FAIL: EvaluationOrder execution - bytecode->native test
FAIL: EvaluationOrder execution - gij test
FAIL: ExtraClassLoader execution - bytecode->native test
FAIL: FileHandleGcTest execution - bytecode->native test
FAIL: FileHandleGcTest -O3 execution - source compiled test
FAIL: FileHandleGcTest -O3 execution - bytecode->native test
FAIL: Float_1 execution - gij test
FAIL: Float_1 execution - gij test
FAIL: Float_1 -O3 execution - bytecode->native test
FAIL: G19990301_01 execution - source compiled test
FAIL: G19990301_01 execution - bytecode->native test
FAIL: G19990301_01 execution - gij test
FAIL: G19990302_02 -O3 execution - source compiled test
FAIL: G19990303_01 -O3 execution - source compiled test
FAIL: G19990303_02 execution - source compiled test
FAIL: G19990303_02 -O3 execution - source compiled test
FAIL: G19990303_02 execution - gij test
FAIL: G19990304_01 -O3 execution - bytecode->native test
FAIL: G19990310_01 execution - gij test
FAIL: G19990310_01 execution - gij test
FAIL: II execution - gij test
FAIL: InterfaceDispatch -O3 execution - source compiled test
FAIL: InvokeInterface execution - gij test
FAIL: InvokeInterface execution - gij test
FAIL: InvokeReturn execution - gij test
FAIL: Invoke_1 execution - source compiled test
FAIL: Invoke_1 -O3 execution - source compiled test
FAIL: Invoke_2 execution - source compiled test
FAIL: Invoke_2 execution - bytecode->native test
FAIL: KeepInline execution - gij test
FAIL: KeepInline -O3 execution - bytecode->native test
FAIL: LargeFile execution - source compiled test
FAIL: LargeFile execution - gij test
FAIL: LargeFile execution - bytecode->native test
FAIL: LargeFile -O3 execution - source compiled test
FAIL: LargeFile execution - gij test
FAIL: LargeFile -O3 execution - bytecode->native test
FAIL: MathBuiltin execution - source compiled test
FAIL: MathBuiltin execution - gij test
FAIL: N19990310_02 -O3 execution - source compiled test
FAIL: N19990310_02 -O3 execution - bytecode->native test
FAIL: N19990310_4 execution - source compiled test
FAIL: N19990310_4 execution - gij test
FAIL: N19990310_4 execution - gij test
FAIL: N19990310_4 -O3 execution - bytecode->native test
FAIL: N19990310_5 execution - gij test
FAIL: Overflow execution - bytecode->native test
FAIL: Overflow -O3 execution - bytecode->native test
FAIL: PR12416 execution - gij test
FAIL: PR12656 -O3 execution - source compiled test
FAIL: PR12656 execution - gij test
FAIL: PR141 execution - source compiled test
FAIL: PR141 execution - gij test
FAIL: PR162 execution - gij test
FAIL: PR162 -O3 execution - bytecode->native test
FAIL: PR16867 -O3 execution - source compiled test
FAIL: PR16867 execution - gij test
FAIL: PR18699 execution - gij test
FAIL: PR19870 execution - gij test
FAIL: PR19870_2 execution - gij test
FAIL: PR19921 execution - bytecode->native test
FAIL: PR19921 -O3 execution - source compiled test
FAIL: PR19921 -O3 execution - bytecode->native test
FAIL: PR20056 -O3 execution - source compiled test
FAIL: PR20056 execution - gij test
FAIL: PR218 execution - gij test
FAIL: PR218 execution - bytecode->native test
FAIL: PR242 execution - gij test
FAIL: PR242 execution - bytecode->native test
FAIL: PR25535 execution - gij test
FAIL: PR260 execution - source compiled test
FAIL: PR260 -O3 execution - bytecode->native test
FAIL: PR3096 execution - gij test
FAIL: PR3096 execution - bytecode->native test
FAIL: PR3096 -O3 execution - bytecode->native test
FAIL: PR3731 execution - gij test
FAIL: PR3731 -O3 execution - bytecode->native test
FAIL: PR5057 -O3 execution - bytecode->native test
FAIL: PR5057_2 execution - gij test
FAIL: PR56 execution - gij test
FAIL: PR6729 execution - bytecode->native test
FAIL: PR6729 -O3 execution - bytecode->native test
FAIL: PR6820 execution - source compiled test
FAIL: PR7482 execution - source compiled test
FAIL: Process_2 execution - source compiled test
FAIL: Process_4 execution - gij test
FAIL: Process_4 -O3 execution - bytecode->native test
FAIL: Process_6 -O3 execution - source compiled test
FAIL: Shazam execution - gij test
FAIL: Shazam -O3 execution - source compiled test
FAIL: StaticConstructor execution - bytecode->native test
FAIL: StringBuffer_overflow -O3 execution - source compiled test
FAIL: StringBuffer_overflow execution - gij test
FAIL: TestProxy execution - source compiled test
FAIL: TestProxy execution - gij test
FAIL: TestProxy execution - bytecode->native test
FAIL: TestProxy -O3 execution - source compiled test
FAIL: Thread_HoldsLock execution - source compiled test
FAIL: Thread_Join execution - gij test
FAIL: Thread_Monitor execution - source compiled test
FAIL: Thread_Sleep execution - bytecode->native test
FAIL: Throw_1 execution - gij test
FAIL: Throw_2 execution - bytecode->native test
FAIL: Throw_2 -O3 execution - source compiled test
FAIL: anfi -O3 execution - bytecode->native test
FAIL: anon execution - gij test
FAIL: anon2 -O3 execution - source compiled test
FAIL: anon3 -O3 execution - source compiled test
FAIL: anon4 -O3 execution - source compiled test
FAIL: anon_ctor_itf_arg execution - bytecode->native test
FAIL: anon_ctor_itf_arg execution - gij test
FAIL: anonarray3 execution - gij test
FAIL: assign -O3 execution - source compiled test
FAIL: assign2 -O3 execution - bytecode->native test
FAIL: bclink execution - gij test
FAIL: emptystring execution - gij test
FAIL: err10 execution - source compiled test
FAIL: err11 execution - gij test
FAIL: err12 execution - source compiled test
FAIL: err12 -O3 execution - source compiled test
FAIL: err14 -O3 execution - bytecode->native test
FAIL: err2 execution - source compiled test
FAIL: err3 -O3 execution - bytecode->native test
FAIL: err4 execution - gij test
FAIL: err5 execution - gij test
FAIL: err8 execution - bytecode->native test
FAIL: err8 -O3 execution - source compiled test
FAIL: final_inner execution - gij test
FAIL: final_static_and_friend execution - source compiled test
FAIL: indirect_read -O3 execution - source compiled test
FAIL: indirect_read -O3 execution - bytecode->native test
FAIL: indirect_write -O3 execution - source compiled test
FAIL: initexc execution - source compiled test
FAIL: initexc -O3 execution - bytecode->native test
FAIL: initfield -O3 execution - source compiled test
FAIL: inline execution - source compiled test
FAIL: inline execution - bytecode->native test
FAIL: inner1 -O3 execution - source compiled test
FAIL: inner2 execution - gij test
FAIL: inner2 execution - gij test
FAIL: inner3 -O3 execution - source compiled test
FAIL: instance execution - source compiled test
FAIL: instance execution - gij test
FAIL: instinit -O3 execution - source compiled test
FAIL: invoke_from_inner -O3 execution - source compiled test
FAIL: invokethrow -O3 execution - bytecode->native test
FAIL: nested_with_ctor execution - gij test
FAIL: newarray_overflow -O3 execution - bytecode->native test
FAIL: pr109 execution - bytecode->native test
FAIL: pr13107 -O3 execution - bytecode->native test
FAIL: pr13107_3 -O3 execution - source compiled test
FAIL: pr133 -O3 execution - bytecode->native test
FAIL: pr184 execution - source compiled test
FAIL: pr184 execution - gij test
FAIL: pr21785 execution - gij test
FAIL: pr6388 execution - gij test
FAIL: pr6388 execution - gij test
FAIL: pr83 execution - source compiled test
FAIL: pr83 -O3 execution - source compiled test
FAIL: pr8676 execution - gij test
FAIL: pr8823 execution - gij test
FAIL: pr8823 execution - bytecode->native test
FAIL: pr8945 -O3 execution - source compiled test
FAIL: private_direct_read execution - source compiled test
FAIL: search_outer execution - source compiled test
FAIL: search_outer execution - gij test
FAIL: shatest execution - gij test
FAIL: shatest -O3 execution - source compiled test
FAIL: stringconst -O3 execution - source compiled test
FAIL: tp execution - gij test
FAIL: utf8concat execution - gij test
FAIL: verify execution - gij test
=== libjava Summary ===
# of expected passes 3636
# of unexpected failures 196
# of expected failures 8
# of untested testcases 204
=== libmudflap tests ===
Running target unix
=== libmudflap Summary ===
# of expected passes 1789
=== libstdc++ tests ===
Running target unix
XPASS: 26_numerics/cmath/c99_classification_macros_c.cc (test for excess errors)
XPASS: 27_io/fpos/14320-1.cc execution test
=== libstdc++ Summary ===
# of expected passes 4097
# of unexpected successes 2
# of expected failures 11
# of unsupported tests 4
Compiler version: 4.2.0 20060127 (experimental)
Platform: x86_64-unknown-linux-gnu
configure flags: --prefix=/home/cygnus/dnovillo/perf/sbox/gcc/local.x86_64/inst.ton --srcdir=/home/cygnus/dnovillo/perf/sbox/gcc/local.x86_64/src --enable-mpfr --disable-multilib --with-gmp=/home/cygnus/dnovillo/x86_64 --enable-languages=c,c++,fortran,java,objc