This is the mail archive of the
gcc-testresults@gcc.gnu.org
mailing list for the GCC project.
Results for 4.2.0 20060123 (experimental) testsuite on x86_64-unknown-linux-gnu
- From: Diego Novillo <dnovillo at redhat dot com>
- To: gcc-testresults at gcc dot gnu dot org
- Date: Mon, 23 Jan 2006 03:03:21 -0500
- Subject: Results for 4.2.0 20060123 (experimental) testsuite on x86_64-unknown-linux-gnu
LAST_UPDATED:
Native configuration is x86_64-unknown-linux-gnu
=== g++ tests ===
Running target unix
=== g++ Summary ===
# of expected passes 11962
# of expected failures 66
# of unsupported tests 95
/notnfs/dnovillo/sbox/gcc/bld.ton/gcc/testsuite/g++/../../g++ version 4.2.0 20060123 (experimental)
=== gcc tests ===
Running target unix
FAIL: gcc.c-torture/compile/20051228-1.c -O1 (test for excess errors)
FAIL: gcc.c-torture/compile/20051228-1.c -O2 (test for excess errors)
FAIL: gcc.c-torture/compile/20051228-1.c -O3 -fomit-frame-pointer (test for excess errors)
FAIL: gcc.c-torture/compile/20051228-1.c -O3 -g (test for excess errors)
FAIL: gcc.c-torture/compile/20051228-1.c -Os (test for excess errors)
WARNING: gcc.dg/torture/fp-int-convert-float128-timode.c -O0 compilation failed to produce executable
WARNING: gcc.dg/torture/fp-int-convert-float128-timode.c -O1 compilation failed to produce executable
WARNING: gcc.dg/torture/fp-int-convert-float128-timode.c -O2 compilation failed to produce executable
WARNING: gcc.dg/torture/fp-int-convert-float128-timode.c -O3 -fomit-frame-pointer compilation failed to produce executable
WARNING: gcc.dg/torture/fp-int-convert-float128-timode.c -O3 -g compilation failed to produce executable
WARNING: gcc.dg/torture/fp-int-convert-float128-timode.c -Os compilation failed to produce executable
WARNING: gcc.dg/torture/fp-int-convert-float128.c -O0 compilation failed to produce executable
WARNING: gcc.dg/torture/fp-int-convert-float128.c -O1 compilation failed to produce executable
WARNING: gcc.dg/torture/fp-int-convert-float128.c -O2 compilation failed to produce executable
WARNING: gcc.dg/torture/fp-int-convert-float128.c -O3 -fomit-frame-pointer compilation failed to produce executable
WARNING: gcc.dg/torture/fp-int-convert-float128.c -O3 -g compilation failed to produce executable
WARNING: gcc.dg/torture/fp-int-convert-float128.c -Os compilation failed to produce executable
=== gcc Summary ===
# of expected passes 38643
# of unexpected failures 5
# of expected failures 126
# of untested testcases 28
# of unsupported tests 359
/notnfs/dnovillo/sbox/gcc/bld.ton/gcc/xgcc version 4.2.0 20060123 (experimental)
=== gfortran tests ===
Running target unix
FAIL: gfortran.dg/char_result_11.f90 -O (test for excess errors)
=== gfortran Summary ===
# of expected passes 11383
# of unexpected failures 1
# of expected failures 18
# of unsupported tests 16
/notnfs/dnovillo/sbox/gcc/bld.ton/gcc/testsuite/gfortran/../../gfortran version 4.2.0 20060123 (experimental)
=== objc tests ===
Running target unix
=== objc Summary ===
# of expected passes 1745
# of expected failures 7
# of unsupported tests 23
/notnfs/dnovillo/sbox/gcc/bld.ton/gcc/xgcc version 4.2.0 20060123 (experimental)
=== libffi tests ===
Running target unix
=== libffi Summary ===
# of expected passes 228
# of unsupported tests 2
=== libgomp tests ===
Running target unix
FAIL: libgomp.c/atomic-2.c (test for excess errors)
WARNING: libgomp.c/atomic-2.c compilation failed to produce executable
FAIL: libgomp.c/omp-loop02.c execution test
FAIL: libgomp.c/omp_workshare2.c execution test
FAIL: libgomp.c/ordered-1.c execution test
FAIL: libgomp.c/reduction-2.c execution test
FAIL: libgomp.c/reduction-4.c execution test
=== libgomp Summary ===
# of expected passes 124
# of unexpected failures 6
=== libjava tests ===
Running target unix
FAIL: PR9577 run
FAIL: shortfield run
FAIL: bytebuffer run
FAIL: calls run
FAIL: field run
FAIL: final_method run
FAIL: iface execution - gij test
FAIL: invoke execution - gij test
FAIL: jniutf execution - gij test
FAIL: martin run
FAIL: noclass run
FAIL: pr11951 execution - gij test
FAIL: pr23739 execution - gij test
FAIL: register execution - gij test
FAIL: simple_int run
FAIL: virtual run
FAIL: ArrayStore execution - bytecode->native test
FAIL: ArrayStore execution - gij test
FAIL: ArrayStore -O3 execution - bytecode->native test
FAIL: ArrayStore2 execution - bytecode->native test
FAIL: Array_1 execution - source compiled test
FAIL: Array_1 execution - bytecode->native test
FAIL: Array_1 -O3 execution - source compiled test
FAIL: Array_2 execution - source compiled test
FAIL: Array_2 execution - gij test
FAIL: Array_2 execution - bytecode->native test
FAIL: Array_2 -O3 execution - bytecode->native test
FAIL: Array_3 execution - gij test
FAIL: Array_3 execution - bytecode->native test
FAIL: Array_3 execution - gij test
FAIL: Class_1 execution - source compiled test
FAIL: Divide_1 execution - gij test
FAIL: EvaluationOrder execution - source compiled test
FAIL: EvaluationOrder execution - gij test
FAIL: EvaluationOrder -O3 execution - source compiled test
FAIL: EvaluationOrder -O3 execution - bytecode->native test
FAIL: ExtraClassLoader execution - bytecode->native test
FAIL: FileHandleGcTest execution - gij test
FAIL: FileHandleGcTest -O3 execution - bytecode->native test
FAIL: Final execution - source compiled test
FAIL: Final -O3 execution - source compiled test
FAIL: Float_1 execution - source compiled test
FAIL: Float_1 execution - gij test
FAIL: Float_1 execution - gij test
FAIL: G19990301_01 -O3 execution - bytecode->native test
FAIL: G19990302_02 execution - gij test
FAIL: G19990302_02 execution - bytecode->native test
FAIL: G19990303_01 execution - gij test
FAIL: G19990310_01 execution - bytecode->native test
FAIL: II execution - bytecode->native test
FAIL: II -O3 execution - bytecode->native test
FAIL: InterfaceDispatch -O3 execution - source compiled test
FAIL: InvokeInterface execution - bytecode->native test
FAIL: InvokeInterface -O3 execution - bytecode->native test
FAIL: InvokeReturn execution - source compiled test
FAIL: InvokeReturn execution - gij test
FAIL: InvokeReturn -O3 execution - source compiled test
FAIL: Invoke_1 execution - bytecode->native test
FAIL: Invoke_1 -O3 execution - source compiled test
FAIL: Invoke_2 execution - gij test
FAIL: KeepInline execution - source compiled test
FAIL: KeepInline execution - bytecode->native test
FAIL: LargeFile execution - source compiled test
FAIL: LargeFile execution - gij test
FAIL: LargeFile execution - bytecode->native test
FAIL: LargeFile -O3 execution - source compiled test
FAIL: LargeFile execution - gij test
FAIL: LargeFile -O3 execution - bytecode->native test
FAIL: MathBuiltin execution - gij test
FAIL: MathBuiltin -O3 execution - bytecode->native test
FAIL: Matrix4f -O3 execution - source compiled test
FAIL: N19990310_3 execution - gij test
FAIL: N19990310_3 -O3 execution - bytecode->native test
FAIL: N19990310_4 execution - source compiled test
FAIL: N19990310_5 execution - source compiled test
FAIL: N19990310_5 execution - bytecode->native test
FAIL: PR12350 -O3 execution - source compiled test
FAIL: PR12416 -O3 execution - bytecode->native test
FAIL: PR12656 -O3 execution - source compiled test
FAIL: PR12915 execution - gij test
FAIL: PR12915 -O3 execution - source compiled test
FAIL: PR12915 -O3 execution - bytecode->native test
FAIL: PR141 -O3 execution - source compiled test
FAIL: PR16867 execution - bytecode->native test
FAIL: PR18699 execution - gij test
FAIL: PR19870 execution - bytecode->native test
FAIL: PR19870 -O3 execution - source compiled test
FAIL: PR19870_2 execution - bytecode->native test
FAIL: PR20056 execution - source compiled test
FAIL: PR20056 execution - gij test
FAIL: PR20056 execution - bytecode->native test
FAIL: PR218 execution - source compiled test
FAIL: PR218 -O3 execution - bytecode->native test
FAIL: PR242 execution - gij test
FAIL: PR242 -O3 execution - source compiled test
FAIL: PR25535 execution - source compiled test
FAIL: PR260 -O3 execution - source compiled test
FAIL: PR260 execution - gij test
FAIL: PR3096 -O3 execution - bytecode->native test
FAIL: PR3731 execution - source compiled test
FAIL: PR3731 execution - gij test
FAIL: PR3731 execution - gij test
FAIL: PR5057 execution - gij test
FAIL: PR5057_2 execution - gij test
FAIL: PR56 -O3 execution - source compiled test
FAIL: PR6085 execution - gij test
FAIL: PR6729 execution - bytecode->native test
FAIL: PR7482 execution - gij test
FAIL: Process_1 execution - bytecode->native test
FAIL: Process_1 -O3 execution - bytecode->native test
FAIL: Process_2 execution - gij test
FAIL: Process_5 execution - gij test
FAIL: Process_5 -O3 execution - source compiled test
FAIL: Process_5 -O3 execution - bytecode->native test
FAIL: Process_6 -O3 execution - source compiled test
FAIL: Serialization -O3 execution - source compiled test
FAIL: Serialization -O3 execution - bytecode->native test
FAIL: Shazam -O3 execution - source compiled test
FAIL: StaticConstructor execution - source compiled test
FAIL: StaticConstructor execution - gij test
FAIL: StaticConstructor execution - bytecode->native test
FAIL: StaticConstructor execution - gij test
FAIL: StringBuffer_overflow execution - gij test
FAIL: String_overflow -O3 execution - bytecode->native test
FAIL: Synch execution - gij test
FAIL: Synch execution - bytecode->native test
FAIL: Thread_Alive execution - bytecode->native test
FAIL: Thread_HoldsLock execution - bytecode->native test
FAIL: Thread_HoldsLock -O3 execution - source compiled test
FAIL: Thread_Join execution - bytecode->native test
FAIL: Thread_Monitor -O3 execution - source compiled test
FAIL: Thread_Sleep execution - source compiled test
FAIL: Throw_1 -O3 execution - bytecode->native test
FAIL: anfi execution - gij test
FAIL: anon execution - gij test
FAIL: anonarray execution - gij test
FAIL: anonarray3 execution - bytecode->native test
FAIL: assign2 execution - source compiled test
FAIL: assign2 execution - gij test
FAIL: assign2 -O3 execution - source compiled test
FAIL: bclink -O3 execution - bytecode->native test
FAIL: bytearray execution - gij test
FAIL: emptystring execution - source compiled test
FAIL: err1 -O3 execution - bytecode->native test
FAIL: err10 execution - bytecode->native test
FAIL: err11 -O3 execution - bytecode->native test
FAIL: err12 execution - source compiled test
FAIL: err12 execution - gij test
FAIL: err12 execution - gij test
FAIL: err14 execution - gij test
FAIL: err14 execution - bytecode->native test
FAIL: err4 -O3 execution - source compiled test
FAIL: err7 execution - source compiled test
FAIL: err7 execution - gij test
FAIL: final_inner execution - source compiled test
FAIL: final_static_and_friend execution - source compiled test
FAIL: indirect execution - source compiled test
FAIL: indirect -O3 execution - bytecode->native test
FAIL: indirect_read execution - gij test
FAIL: indirect_read execution - bytecode->native test
FAIL: initexc -O3 execution - source compiled test
FAIL: initfield execution - bytecode->native test
FAIL: initfield -O3 execution - source compiled test
FAIL: inline -O3 execution - bytecode->native test
FAIL: inner2 execution - source compiled test
FAIL: negzero execution - source compiled test
FAIL: negzero -O3 execution - source compiled test
FAIL: nested_with_ctor execution - gij test
FAIL: override -O3 execution - source compiled test
FAIL: pr109 -O3 execution - source compiled test
FAIL: pr13107 execution - gij test
FAIL: pr13107 execution - gij test
FAIL: pr13107_2 execution - source compiled test
FAIL: pr13107_2 execution - gij test
FAIL: pr13107_2 -O3 execution - bytecode->native test
FAIL: pr13107_3 execution - gij test
FAIL: pr13107_3 execution - bytecode->native test
FAIL: pr13107_3 execution - gij test
FAIL: pr133 execution - source compiled test
FAIL: pr16789 execution - source compiled test
FAIL: pr17536 execution - gij test
FAIL: pr17536 execution - bytecode->native test
FAIL: pr21785 execution - source compiled test
FAIL: pr21785 execution - gij test
FAIL: pr21844 execution - gij test
FAIL: pr6388 execution - gij test
FAIL: pr83 execution - gij test
FAIL: pr83 execution - gij test
FAIL: pr8415 execution - gij test
FAIL: pr8676 execution - bytecode->native test
FAIL: pr8676 -O3 execution - source compiled test
FAIL: pr8676 execution - gij test
FAIL: pr8676 -O3 execution - bytecode->native test
FAIL: pr8823 execution - gij test
FAIL: pr8823 execution - bytecode->native test
FAIL: pr8823 execution - gij test
FAIL: pr8945 execution - gij test
FAIL: pr8945 -O3 execution - bytecode->native test
FAIL: private_direct_read execution - source compiled test
FAIL: shatest execution - source compiled test
FAIL: shatest execution - gij test
FAIL: stub -O3 execution - source compiled test
FAIL: stub -O3 execution - bytecode->native test
FAIL: test_long -O3 execution - bytecode->native test
FAIL: tmi execution - gij test
FAIL: tp execution - gij test
FAIL: update_outer execution - gij test
FAIL: utf8concat execution - source compiled test
FAIL: verify execution - gij test
FAIL: verify execution - bytecode->native test
FAIL: /home/cygnus/dnovillo/perf/sbox/gcc/local.x86_64/bld.ton/x86_64-unknown-linux-gnu/libjava/testsuite/TestMultiple.exe execution - /home/cygnus/dnovillo/perf/sbox/gcc/local.x86_64/bld.ton/x86_64-unknown-linux-gnu/libjava/testsuite/TestMultiple.exe
=== libjava Summary ===
# of expected passes 3603
# of unexpected failures 211
# of expected failures 8
# of untested testcases 219
=== libmudflap tests ===
Running target unix
=== libmudflap Summary ===
# of expected passes 1789
=== libstdc++ tests ===
Running target unix
XPASS: 26_numerics/cmath/c99_classification_macros_c.cc (test for excess errors)
XPASS: 27_io/fpos/14320-1.cc execution test
=== libstdc++ Summary ===
# of expected passes 4095
# of unexpected successes 2
# of expected failures 11
# of unsupported tests 4
Compiler version: 4.2.0 20060123 (experimental)
Platform: x86_64-unknown-linux-gnu
configure flags: --prefix=/home/cygnus/dnovillo/perf/sbox/gcc/local.x86_64/inst.ton --srcdir=/home/cygnus/dnovillo/perf/sbox/gcc/local.x86_64/src --enable-mpfr --disable-multilib --with-gmp=/home/cygnus/dnovillo/x86_64 --enable-languages=c,c++,fortran,java,objc