This is the mail archive of the
gcc-testresults@gcc.gnu.org
mailing list for the GCC project.
Results for 4.2.0 20060119 (experimental) testsuite on arm-none-eabi
- From: CodeSourcery Automatic Testing System <gcc at codesourcery dot com>
- To: gcc-testresults at gcc dot gnu dot org
- Date: Thu, 19 Jan 2006 09:05:51 -0800
- Subject: Results for 4.2.0 20060119 (experimental) testsuite on arm-none-eabi
LAST_UPDATED: Thu Jan 19 08:11:48 UTC 2006 (revision 109947)
Target is arm-none-eabi
Host is i686-pc-linux-gnu
=== g++ tests ===
Running target arm-sim
FAIL: g++.dg/abi/local1.C execution test
WARNING: program timed out.
FAIL: g++.dg/init/array15.C execution test
WARNING: program timed out.
FAIL: g++.dg/init/array16.C execution test
FAIL: g++.dg/opt/switch4.C (test for excess errors)
XPASS: g++.dg/other/packed1.C execution test
FAIL: g++.old-deja/g++.eh/crash4.C (test for excess errors)
XPASS: g++.old-deja/g++.other/init5.C execution test
=== g++ Summary for arm-sim ===
# of expected passes 11848
# of unexpected failures 5
# of unexpected successes 2
# of expected failures 66
# of unsupported tests 121
Running target arm-sim/-mthumb
FAIL: g++.dg/abi/local1.C execution test
WARNING: program timed out.
FAIL: g++.dg/eh/forced1.C execution test
WARNING: program timed out.
FAIL: g++.dg/init/array15.C execution test
WARNING: program timed out.
FAIL: g++.dg/init/array16.C execution test
FAIL: g++.dg/opt/switch4.C (test for excess errors)
XPASS: g++.dg/other/packed1.C execution test
FAIL: g++.old-deja/g++.eh/crash4.C (test for excess errors)
WARNING: program timed out.
FAIL: g++.old-deja/g++.eh/terminate2.C execution test
XPASS: g++.old-deja/g++.other/init5.C execution test
=== g++ Summary for arm-sim/-mthumb ===
# of expected passes 11846
# of unexpected failures 7
# of unexpected successes 2
# of expected failures 66
# of unsupported tests 121
=== g++ Summary ===
# of expected passes 23694
# of unexpected failures 12
# of unexpected successes 4
# of expected failures 132
# of unsupported tests 242
/scratch/gcc/nightly-2006-01-19-mainline/arm-none-eabi/build_gcc/install/bin/arm-none-eabi-c++ version 4.2.0 20060119 (experimental)
Host is i686-pc-linux-gnu
=== gcc tests ===
Running target arm-sim
FAIL: gcc.c-torture/execute/20030128-1.c execution, -O1
FAIL: gcc.c-torture/execute/20030128-1.c execution, -O2
FAIL: gcc.c-torture/execute/20030128-1.c execution, -O3 -fomit-frame-pointer
FAIL: gcc.c-torture/execute/20030128-1.c execution, -O3 -g
FAIL: gcc.c-torture/execute/20030128-1.c execution, -Os
FAIL: gcc.c-torture/execute/941014-2.c execution, -O1
FAIL: gcc.c-torture/execute/941014-2.c execution, -O2
FAIL: gcc.c-torture/execute/941014-2.c execution, -Os
FAIL: gcc.dg/compat/struct-layout-1 c_compat_x_tst.o compile
FAIL: gcc.dg/compat/struct-layout-1 c_compat_y_tst.o compile
UNRESOLVED: gcc.dg/compat/struct-layout-1 c_compat_x_tst.o-c_compat_y_tst.o link
UNRESOLVED: gcc.dg/compat/struct-layout-1 c_compat_x_tst.o-c_compat_y_tst.o execute
FAIL: tmpdir-gcc.dg-struct-layout-1/t001 c_compat_x_tst.o compile
FAIL: tmpdir-gcc.dg-struct-layout-1/t001 c_compat_y_tst.o compile
UNRESOLVED: tmpdir-gcc.dg-struct-layout-1/t001 c_compat_x_tst.o-c_compat_y_tst.o link
UNRESOLVED: tmpdir-gcc.dg-struct-layout-1/t001 c_compat_x_tst.o-c_compat_y_tst.o execute
FAIL: tmpdir-gcc.dg-struct-layout-1/t002 c_compat_x_tst.o compile
FAIL: tmpdir-gcc.dg-struct-layout-1/t002 c_compat_y_tst.o compile
UNRESOLVED: tmpdir-gcc.dg-struct-layout-1/t002 c_compat_x_tst.o-c_compat_y_tst.o link
UNRESOLVED: tmpdir-gcc.dg-struct-layout-1/t002 c_compat_x_tst.o-c_compat_y_tst.o execute
FAIL: tmpdir-gcc.dg-struct-layout-1/t003 c_compat_x_tst.o compile
FAIL: tmpdir-gcc.dg-struct-layout-1/t003 c_compat_y_tst.o compile
UNRESOLVED: tmpdir-gcc.dg-struct-layout-1/t003 c_compat_x_tst.o-c_compat_y_tst.o link
UNRESOLVED: tmpdir-gcc.dg-struct-layout-1/t003 c_compat_x_tst.o-c_compat_y_tst.o execute
FAIL: tmpdir-gcc.dg-struct-layout-1/t004 c_compat_x_tst.o compile
FAIL: tmpdir-gcc.dg-struct-layout-1/t004 c_compat_y_tst.o compile
UNRESOLVED: tmpdir-gcc.dg-struct-layout-1/t004 c_compat_x_tst.o-c_compat_y_tst.o link
UNRESOLVED: tmpdir-gcc.dg-struct-layout-1/t004 c_compat_x_tst.o-c_compat_y_tst.o execute
FAIL: tmpdir-gcc.dg-struct-layout-1/t005 c_compat_x_tst.o compile
FAIL: tmpdir-gcc.dg-struct-layout-1/t005 c_compat_y_tst.o compile
UNRESOLVED: tmpdir-gcc.dg-struct-layout-1/t005 c_compat_x_tst.o-c_compat_y_tst.o link
UNRESOLVED: tmpdir-gcc.dg-struct-layout-1/t005 c_compat_x_tst.o-c_compat_y_tst.o execute
FAIL: tmpdir-gcc.dg-struct-layout-1/t006 c_compat_x_tst.o compile
FAIL: tmpdir-gcc.dg-struct-layout-1/t006 c_compat_y_tst.o compile
UNRESOLVED: tmpdir-gcc.dg-struct-layout-1/t006 c_compat_x_tst.o-c_compat_y_tst.o link
UNRESOLVED: tmpdir-gcc.dg-struct-layout-1/t006 c_compat_x_tst.o-c_compat_y_tst.o execute
FAIL: tmpdir-gcc.dg-struct-layout-1/t007 c_compat_x_tst.o compile
FAIL: tmpdir-gcc.dg-struct-layout-1/t007 c_compat_y_tst.o compile
UNRESOLVED: tmpdir-gcc.dg-struct-layout-1/t007 c_compat_x_tst.o-c_compat_y_tst.o link
UNRESOLVED: tmpdir-gcc.dg-struct-layout-1/t007 c_compat_x_tst.o-c_compat_y_tst.o execute
FAIL: tmpdir-gcc.dg-struct-layout-1/t008 c_compat_x_tst.o compile
FAIL: tmpdir-gcc.dg-struct-layout-1/t008 c_compat_y_tst.o compile
UNRESOLVED: tmpdir-gcc.dg-struct-layout-1/t008 c_compat_x_tst.o-c_compat_y_tst.o link
UNRESOLVED: tmpdir-gcc.dg-struct-layout-1/t008 c_compat_x_tst.o-c_compat_y_tst.o execute
FAIL: tmpdir-gcc.dg-struct-layout-1/t009 c_compat_x_tst.o compile
FAIL: tmpdir-gcc.dg-struct-layout-1/t009 c_compat_y_tst.o compile
UNRESOLVED: tmpdir-gcc.dg-struct-layout-1/t009 c_compat_x_tst.o-c_compat_y_tst.o link
UNRESOLVED: tmpdir-gcc.dg-struct-layout-1/t009 c_compat_x_tst.o-c_compat_y_tst.o execute
FAIL: tmpdir-gcc.dg-struct-layout-1/t010 c_compat_x_tst.o compile
FAIL: tmpdir-gcc.dg-struct-layout-1/t010 c_compat_y_tst.o compile
UNRESOLVED: tmpdir-gcc.dg-struct-layout-1/t010 c_compat_x_tst.o-c_compat_y_tst.o link
UNRESOLVED: tmpdir-gcc.dg-struct-layout-1/t010 c_compat_x_tst.o-c_compat_y_tst.o execute
FAIL: tmpdir-gcc.dg-struct-layout-1/t011 c_compat_x_tst.o compile
FAIL: tmpdir-gcc.dg-struct-layout-1/t011 c_compat_y_tst.o compile
UNRESOLVED: tmpdir-gcc.dg-struct-layout-1/t011 c_compat_x_tst.o-c_compat_y_tst.o link
UNRESOLVED: tmpdir-gcc.dg-struct-layout-1/t011 c_compat_x_tst.o-c_compat_y_tst.o execute
FAIL: tmpdir-gcc.dg-struct-layout-1/t012 c_compat_x_tst.o compile
FAIL: tmpdir-gcc.dg-struct-layout-1/t012 c_compat_y_tst.o compile
UNRESOLVED: tmpdir-gcc.dg-struct-layout-1/t012 c_compat_x_tst.o-c_compat_y_tst.o link
UNRESOLVED: tmpdir-gcc.dg-struct-layout-1/t012 c_compat_x_tst.o-c_compat_y_tst.o execute
FAIL: tmpdir-gcc.dg-struct-layout-1/t013 c_compat_x_tst.o compile
FAIL: tmpdir-gcc.dg-struct-layout-1/t013 c_compat_y_tst.o compile
UNRESOLVED: tmpdir-gcc.dg-struct-layout-1/t013 c_compat_x_tst.o-c_compat_y_tst.o link
UNRESOLVED: tmpdir-gcc.dg-struct-layout-1/t013 c_compat_x_tst.o-c_compat_y_tst.o execute
FAIL: tmpdir-gcc.dg-struct-layout-1/t014 c_compat_x_tst.o compile
FAIL: tmpdir-gcc.dg-struct-layout-1/t014 c_compat_y_tst.o compile
UNRESOLVED: tmpdir-gcc.dg-struct-layout-1/t014 c_compat_x_tst.o-c_compat_y_tst.o link
UNRESOLVED: tmpdir-gcc.dg-struct-layout-1/t014 c_compat_x_tst.o-c_compat_y_tst.o execute
FAIL: tmpdir-gcc.dg-struct-layout-1/t015 c_compat_x_tst.o compile
FAIL: tmpdir-gcc.dg-struct-layout-1/t015 c_compat_y_tst.o compile
UNRESOLVED: tmpdir-gcc.dg-struct-layout-1/t015 c_compat_x_tst.o-c_compat_y_tst.o link
UNRESOLVED: tmpdir-gcc.dg-struct-layout-1/t015 c_compat_x_tst.o-c_compat_y_tst.o execute
FAIL: tmpdir-gcc.dg-struct-layout-1/t016 c_compat_x_tst.o compile
FAIL: tmpdir-gcc.dg-struct-layout-1/t016 c_compat_y_tst.o compile
UNRESOLVED: tmpdir-gcc.dg-struct-layout-1/t016 c_compat_x_tst.o-c_compat_y_tst.o link
UNRESOLVED: tmpdir-gcc.dg-struct-layout-1/t016 c_compat_x_tst.o-c_compat_y_tst.o execute
FAIL: tmpdir-gcc.dg-struct-layout-1/t017 c_compat_x_tst.o compile
FAIL: tmpdir-gcc.dg-struct-layout-1/t017 c_compat_y_tst.o compile
UNRESOLVED: tmpdir-gcc.dg-struct-layout-1/t017 c_compat_x_tst.o-c_compat_y_tst.o link
UNRESOLVED: tmpdir-gcc.dg-struct-layout-1/t017 c_compat_x_tst.o-c_compat_y_tst.o execute
FAIL: tmpdir-gcc.dg-struct-layout-1/t018 c_compat_x_tst.o compile
FAIL: tmpdir-gcc.dg-struct-layout-1/t018 c_compat_y_tst.o compile
UNRESOLVED: tmpdir-gcc.dg-struct-layout-1/t018 c_compat_x_tst.o-c_compat_y_tst.o link
UNRESOLVED: tmpdir-gcc.dg-struct-layout-1/t018 c_compat_x_tst.o-c_compat_y_tst.o execute
FAIL: tmpdir-gcc.dg-struct-layout-1/t019 c_compat_x_tst.o compile
FAIL: tmpdir-gcc.dg-struct-layout-1/t019 c_compat_y_tst.o compile
UNRESOLVED: tmpdir-gcc.dg-struct-layout-1/t019 c_compat_x_tst.o-c_compat_y_tst.o link
UNRESOLVED: tmpdir-gcc.dg-struct-layout-1/t019 c_compat_x_tst.o-c_compat_y_tst.o execute
FAIL: tmpdir-gcc.dg-struct-layout-1/t020 c_compat_x_tst.o compile
FAIL: tmpdir-gcc.dg-struct-layout-1/t020 c_compat_y_tst.o compile
UNRESOLVED: tmpdir-gcc.dg-struct-layout-1/t020 c_compat_x_tst.o-c_compat_y_tst.o link
UNRESOLVED: tmpdir-gcc.dg-struct-layout-1/t020 c_compat_x_tst.o-c_compat_y_tst.o execute
FAIL: tmpdir-gcc.dg-struct-layout-1/t021 c_compat_x_tst.o compile
FAIL: tmpdir-gcc.dg-struct-layout-1/t021 c_compat_y_tst.o compile
UNRESOLVED: tmpdir-gcc.dg-struct-layout-1/t021 c_compat_x_tst.o-c_compat_y_tst.o link
UNRESOLVED: tmpdir-gcc.dg-struct-layout-1/t021 c_compat_x_tst.o-c_compat_y_tst.o execute
FAIL: tmpdir-gcc.dg-struct-layout-1/t022 c_compat_x_tst.o compile
FAIL: tmpdir-gcc.dg-struct-layout-1/t022 c_compat_y_tst.o compile
UNRESOLVED: tmpdir-gcc.dg-struct-layout-1/t022 c_compat_x_tst.o-c_compat_y_tst.o link
UNRESOLVED: tmpdir-gcc.dg-struct-layout-1/t022 c_compat_x_tst.o-c_compat_y_tst.o execute
FAIL: tmpdir-gcc.dg-struct-layout-1/t023 c_compat_x_tst.o compile
FAIL: tmpdir-gcc.dg-struct-layout-1/t023 c_compat_y_tst.o compile
UNRESOLVED: tmpdir-gcc.dg-struct-layout-1/t023 c_compat_x_tst.o-c_compat_y_tst.o link
UNRESOLVED: tmpdir-gcc.dg-struct-layout-1/t023 c_compat_x_tst.o-c_compat_y_tst.o execute
FAIL: tmpdir-gcc.dg-struct-layout-1/t024 c_compat_x_tst.o compile
FAIL: tmpdir-gcc.dg-struct-layout-1/t024 c_compat_y_tst.o compile
UNRESOLVED: tmpdir-gcc.dg-struct-layout-1/t024 c_compat_x_tst.o-c_compat_y_tst.o link
UNRESOLVED: tmpdir-gcc.dg-struct-layout-1/t024 c_compat_x_tst.o-c_compat_y_tst.o execute
FAIL: tmpdir-gcc.dg-struct-layout-1/t025 c_compat_x_tst.o compile
FAIL: tmpdir-gcc.dg-struct-layout-1/t025 c_compat_y_tst.o compile
UNRESOLVED: tmpdir-gcc.dg-struct-layout-1/t025 c_compat_x_tst.o-c_compat_y_tst.o link
UNRESOLVED: tmpdir-gcc.dg-struct-layout-1/t025 c_compat_x_tst.o-c_compat_y_tst.o execute
FAIL: tmpdir-gcc.dg-struct-layout-1/t026 c_compat_x_tst.o compile
FAIL: tmpdir-gcc.dg-struct-layout-1/t026 c_compat_y_tst.o compile
UNRESOLVED: tmpdir-gcc.dg-struct-layout-1/t026 c_compat_x_tst.o-c_compat_y_tst.o link
UNRESOLVED: tmpdir-gcc.dg-struct-layout-1/t026 c_compat_x_tst.o-c_compat_y_tst.o execute
FAIL: tmpdir-gcc.dg-struct-layout-1/t027 c_compat_x_tst.o compile
FAIL: tmpdir-gcc.dg-struct-layout-1/t027 c_compat_y_tst.o compile
UNRESOLVED: tmpdir-gcc.dg-struct-layout-1/t027 c_compat_x_tst.o-c_compat_y_tst.o link
UNRESOLVED: tmpdir-gcc.dg-struct-layout-1/t027 c_compat_x_tst.o-c_compat_y_tst.o execute
FAIL: tmpdir-gcc.dg-struct-layout-1/t028 c_compat_x_tst.o compile
FAIL: tmpdir-gcc.dg-struct-layout-1/t028 c_compat_y_tst.o compile
UNRESOLVED: tmpdir-gcc.dg-struct-layout-1/t028 c_compat_x_tst.o-c_compat_y_tst.o link
UNRESOLVED: tmpdir-gcc.dg-struct-layout-1/t028 c_compat_x_tst.o-c_compat_y_tst.o execute
WARNING: program timed out.
FAIL: gcc.dg/c99-intconst-1.c (test for excess errors)
FAIL: gcc.dg/pr25805.c (test for excess errors)
WARNING: gcc.dg/pr25805.c compilation failed to produce executable
FAIL: gcc.dg/gomp/appendix-a/a.1.1.c (test for excess errors)
FAIL: gcc.dg/gomp/appendix-a/a.10.1.c (test for excess errors)
FAIL: gcc.dg/gomp/appendix-a/a.12.1.c (test for excess errors)
FAIL: gcc.dg/gomp/appendix-a/a.13.1.c (test for excess errors)
FAIL: gcc.dg/gomp/appendix-a/a.14.1.c (test for excess errors)
FAIL: gcc.dg/gomp/appendix-a/a.17.1.c (test for excess errors)
FAIL: gcc.dg/gomp/appendix-a/a.17.2.c (test for excess errors)
FAIL: gcc.dg/gomp/appendix-a/a.20.1.c (test for excess errors)
FAIL: gcc.dg/gomp/appendix-a/a.20.2.c (test for excess errors)
FAIL: gcc.dg/gomp/appendix-a/a.21.2.c (test for excess errors)
FAIL: gcc.dg/gomp/appendix-a/a.21.3.c (test for excess errors)
FAIL: gcc.dg/gomp/appendix-a/a.22.1.c (test for excess errors)
FAIL: gcc.dg/gomp/appendix-a/a.22.2.c (test for excess errors)
FAIL: gcc.dg/gomp/appendix-a/a.24.1.c (test for excess errors)
FAIL: gcc.dg/gomp/appendix-a/a.26.2.c (test for excess errors)
FAIL: gcc.dg/gomp/appendix-a/a.27.1.c (test for excess errors)
FAIL: gcc.dg/gomp/appendix-a/a.30.1.c (test for excess errors)
FAIL: gcc.dg/gomp/appendix-a/a.31.1.c (test for excess errors)
FAIL: gcc.dg/gomp/appendix-a/a.31.2.c (test for excess errors)
FAIL: gcc.dg/gomp/appendix-a/a.32.1.c (test for excess errors)
FAIL: gcc.dg/gomp/appendix-a/a.33.1.c (test for excess errors)
FAIL: gcc.dg/gomp/appendix-a/a.33.2.c (test for excess errors)
FAIL: gcc.dg/gomp/appendix-a/a.34.1.c (test for excess errors)
FAIL: gcc.dg/gomp/appendix-a/a.34.2.c (test for excess errors)
FAIL: gcc.dg/gomp/appendix-a/a.35.1.c (test for excess errors)
FAIL: gcc.dg/gomp/appendix-a/a.35.2.c (test for excess errors)
FAIL: gcc.dg/gomp/appendix-a/a.35.3.c (test for excess errors)
FAIL: gcc.dg/gomp/appendix-a/a.35.4.c (test for excess errors)
FAIL: gcc.dg/gomp/appendix-a/a.35.5.c (test for excess errors)
FAIL: gcc.dg/gomp/appendix-a/a.35.6.c (test for excess errors)
FAIL: gcc.dg/gomp/appendix-a/a.37.1.c (test for excess errors)
FAIL: gcc.dg/gomp/appendix-a/a.37.2.c (test for excess errors)
FAIL: gcc.dg/gomp/appendix-a/a.8.1.c (test for excess errors)
FAIL: gcc.dg/gomp/appendix-a/a.9.1.c (test for excess errors)
FAIL: gcc.dg/gomp/atomic-1.c (test for excess errors)
FAIL: gcc.dg/gomp/atomic-2.c (test for excess errors)
FAIL: gcc.dg/gomp/atomic-3.c (test for excess errors)
FAIL: gcc.dg/gomp/atomic-4.c (test for excess errors)
FAIL: gcc.dg/gomp/atomic-5.c (test for excess errors)
FAIL: gcc.dg/gomp/atomic-6.c (test for excess errors)
FAIL: gcc.dg/gomp/atomic-7.c (test for excess errors)
FAIL: gcc.dg/gomp/atomic-8.c (test for excess errors)
FAIL: gcc.dg/gomp/atomic-9.c (test for excess errors)
FAIL: gcc.dg/gomp/barrier-1.c (test for excess errors)
FAIL: gcc.dg/gomp/barrier-2.c (test for excess errors)
FAIL: gcc.dg/gomp/block-1.c (test for excess errors)
FAIL: gcc.dg/gomp/block-10.c (test for excess errors)
FAIL: gcc.dg/gomp/block-11.c (test for excess errors)
FAIL: gcc.dg/gomp/block-2.c (test for excess errors)
FAIL: gcc.dg/gomp/block-3.c (test for excess errors)
FAIL: gcc.dg/gomp/block-4.c (test for excess errors)
FAIL: gcc.dg/gomp/block-5.c (test for excess errors)
FAIL: gcc.dg/gomp/block-6.c (test for excess errors)
FAIL: gcc.dg/gomp/block-7.c (test for excess errors)
FAIL: gcc.dg/gomp/block-8.c (test for excess errors)
FAIL: gcc.dg/gomp/block-9.c (test for excess errors)
FAIL: gcc.dg/gomp/clause-1.c (test for excess errors)
FAIL: gcc.dg/gomp/copyin-1.c (test for excess errors)
FAIL: gcc.dg/gomp/critical-1.c (test for excess errors)
FAIL: gcc.dg/gomp/critical-2.c (test for excess errors)
FAIL: gcc.dg/gomp/critical-3.c (test for excess errors)
FAIL: gcc.dg/gomp/empty.c (test for excess errors)
FAIL: gcc.dg/gomp/flush-1.c (test for excess errors)
FAIL: gcc.dg/gomp/flush-2.c (test for excess errors)
FAIL: gcc.dg/gomp/for-1.c (test for excess errors)
FAIL: gcc.dg/gomp/for-10.c (test for excess errors)
FAIL: gcc.dg/gomp/for-11.c (test for excess errors)
FAIL: gcc.dg/gomp/for-12.c (test for excess errors)
FAIL: gcc.dg/gomp/for-13.c (test for excess errors)
FAIL: gcc.dg/gomp/for-14.c (test for excess errors)
FAIL: gcc.dg/gomp/for-15.c (test for excess errors)
FAIL: gcc.dg/gomp/for-16.c (test for excess errors)
FAIL: gcc.dg/gomp/for-17.c (test for excess errors)
FAIL: gcc.dg/gomp/for-18.c (test for excess errors)
FAIL: gcc.dg/gomp/for-19.c (test for excess errors)
FAIL: gcc.dg/gomp/for-2.c (test for excess errors)
FAIL: gcc.dg/gomp/for-3.c (test for excess errors)
FAIL: gcc.dg/gomp/for-4.c (test for excess errors)
FAIL: gcc.dg/gomp/for-5.c (test for excess errors)
FAIL: gcc.dg/gomp/for-6.c (test for excess errors)
FAIL: gcc.dg/gomp/for-7.c (test for excess errors)
FAIL: gcc.dg/gomp/for-8.c (test for excess errors)
FAIL: gcc.dg/gomp/for-9.c (test for excess errors)
FAIL: gcc.dg/gomp/macro-1.c (test for excess errors)
FAIL: gcc.dg/gomp/macro-2.c (test for excess errors)
FAIL: gcc.dg/gomp/master-1.c (test for excess errors)
FAIL: gcc.dg/gomp/master-2.c (test for excess errors)
FAIL: gcc.dg/gomp/master-3.c (test for excess errors)
FAIL: gcc.dg/gomp/num-threads-1.c (test for excess errors)
FAIL: gcc.dg/gomp/omp-parallel-if.c (test for excess errors)
FAIL: gcc.dg/gomp/ordered-1.c (test for excess errors)
FAIL: gcc.dg/gomp/ordered-2.c (test for excess errors)
FAIL: gcc.dg/gomp/parallel-1.c (test for excess errors)
FAIL: gcc.dg/gomp/parallel-2.c (test for excess errors)
FAIL: gcc.dg/gomp/parallel-3.c (test for excess errors)
FAIL: gcc.dg/gomp/parallel-4.c (test for excess errors)
FAIL: gcc.dg/gomp/sections-1.c (test for excess errors)
FAIL: gcc.dg/gomp/sections-2.c (test for excess errors)
FAIL: gcc.dg/gomp/sections-3.c (test for excess errors)
FAIL: gcc.dg/gomp/sections-4.c (test for excess errors)
FAIL: gcc.dg/gomp/sharing-1.c (test for excess errors)
FAIL: gcc.dg/gomp/sharing-2.c (test for excess errors)
FAIL: gcc.dg/gomp/sharing-3.c (test for excess errors)
FAIL: gcc.dg/gomp/static.c (test for excess errors)
FAIL: gcc.dg/gomp/tls-1.c (test for excess errors)
FAIL: gcc.dg/gomp/tls-2.c (test for excess errors)
FAIL: gcc.dg/gomp/uninit-1.c (test for excess errors)
FAIL: gcc.dg/gomp/vla-1.c (test for excess errors)
FAIL: gcc.dg/gomp/vla-2.c (test for excess errors)
FAIL: gcc.dg/gomp/vla-3.c (test for excess errors)
FAIL: gcc.dg/gomp/vla-4.c (test for excess errors)
FAIL: gcc.dg/gomp/vla-5.c (test for excess errors)
=== gcc Summary for arm-sim ===
# of expected passes 37186
# of unexpected failures 180
# of expected failures 81
# of unresolved testcases 58
# of untested testcases 28
# of unsupported tests 369
Running target arm-sim/-mthumb
WARNING: program timed out.
FAIL: gcc.c-torture/compile/20001226-1.c -O0 (test for excess errors)
FAIL: gcc.c-torture/execute/20030128-1.c execution, -O1
FAIL: gcc.c-torture/execute/20030128-1.c execution, -O2
FAIL: gcc.c-torture/execute/20030128-1.c execution, -O3 -fomit-frame-pointer
FAIL: gcc.c-torture/execute/20030128-1.c execution, -O3 -g
FAIL: gcc.c-torture/execute/20030128-1.c execution, -Os
XPASS: gcc.c-torture/execute/941014-1.c execution, -O0
FAIL: gcc.dg/compat/struct-layout-1 c_compat_x_tst.o compile
FAIL: gcc.dg/compat/struct-layout-1 c_compat_y_tst.o compile
UNRESOLVED: gcc.dg/compat/struct-layout-1 c_compat_x_tst.o-c_compat_y_tst.o link
UNRESOLVED: gcc.dg/compat/struct-layout-1 c_compat_x_tst.o-c_compat_y_tst.o execute
FAIL: tmpdir-gcc.dg-struct-layout-1/t001 c_compat_x_tst.o compile
FAIL: tmpdir-gcc.dg-struct-layout-1/t001 c_compat_y_tst.o compile
UNRESOLVED: tmpdir-gcc.dg-struct-layout-1/t001 c_compat_x_tst.o-c_compat_y_tst.o link
UNRESOLVED: tmpdir-gcc.dg-struct-layout-1/t001 c_compat_x_tst.o-c_compat_y_tst.o execute
FAIL: tmpdir-gcc.dg-struct-layout-1/t002 c_compat_x_tst.o compile
FAIL: tmpdir-gcc.dg-struct-layout-1/t002 c_compat_y_tst.o compile
UNRESOLVED: tmpdir-gcc.dg-struct-layout-1/t002 c_compat_x_tst.o-c_compat_y_tst.o link
UNRESOLVED: tmpdir-gcc.dg-struct-layout-1/t002 c_compat_x_tst.o-c_compat_y_tst.o execute
FAIL: tmpdir-gcc.dg-struct-layout-1/t003 c_compat_x_tst.o compile
FAIL: tmpdir-gcc.dg-struct-layout-1/t003 c_compat_y_tst.o compile
UNRESOLVED: tmpdir-gcc.dg-struct-layout-1/t003 c_compat_x_tst.o-c_compat_y_tst.o link
UNRESOLVED: tmpdir-gcc.dg-struct-layout-1/t003 c_compat_x_tst.o-c_compat_y_tst.o execute
FAIL: tmpdir-gcc.dg-struct-layout-1/t004 c_compat_x_tst.o compile
FAIL: tmpdir-gcc.dg-struct-layout-1/t004 c_compat_y_tst.o compile
UNRESOLVED: tmpdir-gcc.dg-struct-layout-1/t004 c_compat_x_tst.o-c_compat_y_tst.o link
UNRESOLVED: tmpdir-gcc.dg-struct-layout-1/t004 c_compat_x_tst.o-c_compat_y_tst.o execute
FAIL: tmpdir-gcc.dg-struct-layout-1/t005 c_compat_x_tst.o compile
FAIL: tmpdir-gcc.dg-struct-layout-1/t005 c_compat_y_tst.o compile
UNRESOLVED: tmpdir-gcc.dg-struct-layout-1/t005 c_compat_x_tst.o-c_compat_y_tst.o link
UNRESOLVED: tmpdir-gcc.dg-struct-layout-1/t005 c_compat_x_tst.o-c_compat_y_tst.o execute
FAIL: tmpdir-gcc.dg-struct-layout-1/t006 c_compat_x_tst.o compile
FAIL: tmpdir-gcc.dg-struct-layout-1/t006 c_compat_y_tst.o compile
UNRESOLVED: tmpdir-gcc.dg-struct-layout-1/t006 c_compat_x_tst.o-c_compat_y_tst.o link
UNRESOLVED: tmpdir-gcc.dg-struct-layout-1/t006 c_compat_x_tst.o-c_compat_y_tst.o execute
FAIL: tmpdir-gcc.dg-struct-layout-1/t007 c_compat_x_tst.o compile
FAIL: tmpdir-gcc.dg-struct-layout-1/t007 c_compat_y_tst.o compile
UNRESOLVED: tmpdir-gcc.dg-struct-layout-1/t007 c_compat_x_tst.o-c_compat_y_tst.o link
UNRESOLVED: tmpdir-gcc.dg-struct-layout-1/t007 c_compat_x_tst.o-c_compat_y_tst.o execute
FAIL: tmpdir-gcc.dg-struct-layout-1/t008 c_compat_x_tst.o compile
FAIL: tmpdir-gcc.dg-struct-layout-1/t008 c_compat_y_tst.o compile
UNRESOLVED: tmpdir-gcc.dg-struct-layout-1/t008 c_compat_x_tst.o-c_compat_y_tst.o link
UNRESOLVED: tmpdir-gcc.dg-struct-layout-1/t008 c_compat_x_tst.o-c_compat_y_tst.o execute
FAIL: tmpdir-gcc.dg-struct-layout-1/t009 c_compat_x_tst.o compile
FAIL: tmpdir-gcc.dg-struct-layout-1/t009 c_compat_y_tst.o compile
UNRESOLVED: tmpdir-gcc.dg-struct-layout-1/t009 c_compat_x_tst.o-c_compat_y_tst.o link
UNRESOLVED: tmpdir-gcc.dg-struct-layout-1/t009 c_compat_x_tst.o-c_compat_y_tst.o execute
FAIL: tmpdir-gcc.dg-struct-layout-1/t010 c_compat_x_tst.o compile
FAIL: tmpdir-gcc.dg-struct-layout-1/t010 c_compat_y_tst.o compile
UNRESOLVED: tmpdir-gcc.dg-struct-layout-1/t010 c_compat_x_tst.o-c_compat_y_tst.o link
UNRESOLVED: tmpdir-gcc.dg-struct-layout-1/t010 c_compat_x_tst.o-c_compat_y_tst.o execute
FAIL: tmpdir-gcc.dg-struct-layout-1/t011 c_compat_x_tst.o compile
FAIL: tmpdir-gcc.dg-struct-layout-1/t011 c_compat_y_tst.o compile
UNRESOLVED: tmpdir-gcc.dg-struct-layout-1/t011 c_compat_x_tst.o-c_compat_y_tst.o link
UNRESOLVED: tmpdir-gcc.dg-struct-layout-1/t011 c_compat_x_tst.o-c_compat_y_tst.o execute
FAIL: tmpdir-gcc.dg-struct-layout-1/t012 c_compat_x_tst.o compile
FAIL: tmpdir-gcc.dg-struct-layout-1/t012 c_compat_y_tst.o compile
UNRESOLVED: tmpdir-gcc.dg-struct-layout-1/t012 c_compat_x_tst.o-c_compat_y_tst.o link
UNRESOLVED: tmpdir-gcc.dg-struct-layout-1/t012 c_compat_x_tst.o-c_compat_y_tst.o execute
FAIL: tmpdir-gcc.dg-struct-layout-1/t013 c_compat_x_tst.o compile
FAIL: tmpdir-gcc.dg-struct-layout-1/t013 c_compat_y_tst.o compile
UNRESOLVED: tmpdir-gcc.dg-struct-layout-1/t013 c_compat_x_tst.o-c_compat_y_tst.o link
UNRESOLVED: tmpdir-gcc.dg-struct-layout-1/t013 c_compat_x_tst.o-c_compat_y_tst.o execute
FAIL: tmpdir-gcc.dg-struct-layout-1/t014 c_compat_x_tst.o compile
FAIL: tmpdir-gcc.dg-struct-layout-1/t014 c_compat_y_tst.o compile
UNRESOLVED: tmpdir-gcc.dg-struct-layout-1/t014 c_compat_x_tst.o-c_compat_y_tst.o link
UNRESOLVED: tmpdir-gcc.dg-struct-layout-1/t014 c_compat_x_tst.o-c_compat_y_tst.o execute
FAIL: tmpdir-gcc.dg-struct-layout-1/t015 c_compat_x_tst.o compile
FAIL: tmpdir-gcc.dg-struct-layout-1/t015 c_compat_y_tst.o compile
UNRESOLVED: tmpdir-gcc.dg-struct-layout-1/t015 c_compat_x_tst.o-c_compat_y_tst.o link
UNRESOLVED: tmpdir-gcc.dg-struct-layout-1/t015 c_compat_x_tst.o-c_compat_y_tst.o execute
FAIL: tmpdir-gcc.dg-struct-layout-1/t016 c_compat_x_tst.o compile
FAIL: tmpdir-gcc.dg-struct-layout-1/t016 c_compat_y_tst.o compile
UNRESOLVED: tmpdir-gcc.dg-struct-layout-1/t016 c_compat_x_tst.o-c_compat_y_tst.o link
UNRESOLVED: tmpdir-gcc.dg-struct-layout-1/t016 c_compat_x_tst.o-c_compat_y_tst.o execute
FAIL: tmpdir-gcc.dg-struct-layout-1/t017 c_compat_x_tst.o compile
FAIL: tmpdir-gcc.dg-struct-layout-1/t017 c_compat_y_tst.o compile
UNRESOLVED: tmpdir-gcc.dg-struct-layout-1/t017 c_compat_x_tst.o-c_compat_y_tst.o link
UNRESOLVED: tmpdir-gcc.dg-struct-layout-1/t017 c_compat_x_tst.o-c_compat_y_tst.o execute
FAIL: tmpdir-gcc.dg-struct-layout-1/t018 c_compat_x_tst.o compile
FAIL: tmpdir-gcc.dg-struct-layout-1/t018 c_compat_y_tst.o compile
UNRESOLVED: tmpdir-gcc.dg-struct-layout-1/t018 c_compat_x_tst.o-c_compat_y_tst.o link
UNRESOLVED: tmpdir-gcc.dg-struct-layout-1/t018 c_compat_x_tst.o-c_compat_y_tst.o execute
FAIL: tmpdir-gcc.dg-struct-layout-1/t019 c_compat_x_tst.o compile
FAIL: tmpdir-gcc.dg-struct-layout-1/t019 c_compat_y_tst.o compile
UNRESOLVED: tmpdir-gcc.dg-struct-layout-1/t019 c_compat_x_tst.o-c_compat_y_tst.o link
UNRESOLVED: tmpdir-gcc.dg-struct-layout-1/t019 c_compat_x_tst.o-c_compat_y_tst.o execute
FAIL: tmpdir-gcc.dg-struct-layout-1/t020 c_compat_x_tst.o compile
FAIL: tmpdir-gcc.dg-struct-layout-1/t020 c_compat_y_tst.o compile
UNRESOLVED: tmpdir-gcc.dg-struct-layout-1/t020 c_compat_x_tst.o-c_compat_y_tst.o link
UNRESOLVED: tmpdir-gcc.dg-struct-layout-1/t020 c_compat_x_tst.o-c_compat_y_tst.o execute
FAIL: tmpdir-gcc.dg-struct-layout-1/t021 c_compat_x_tst.o compile
FAIL: tmpdir-gcc.dg-struct-layout-1/t021 c_compat_y_tst.o compile
UNRESOLVED: tmpdir-gcc.dg-struct-layout-1/t021 c_compat_x_tst.o-c_compat_y_tst.o link
UNRESOLVED: tmpdir-gcc.dg-struct-layout-1/t021 c_compat_x_tst.o-c_compat_y_tst.o execute
FAIL: tmpdir-gcc.dg-struct-layout-1/t022 c_compat_x_tst.o compile
FAIL: tmpdir-gcc.dg-struct-layout-1/t022 c_compat_y_tst.o compile
UNRESOLVED: tmpdir-gcc.dg-struct-layout-1/t022 c_compat_x_tst.o-c_compat_y_tst.o link
UNRESOLVED: tmpdir-gcc.dg-struct-layout-1/t022 c_compat_x_tst.o-c_compat_y_tst.o execute
FAIL: tmpdir-gcc.dg-struct-layout-1/t023 c_compat_x_tst.o compile
FAIL: tmpdir-gcc.dg-struct-layout-1/t023 c_compat_y_tst.o compile
UNRESOLVED: tmpdir-gcc.dg-struct-layout-1/t023 c_compat_x_tst.o-c_compat_y_tst.o link
UNRESOLVED: tmpdir-gcc.dg-struct-layout-1/t023 c_compat_x_tst.o-c_compat_y_tst.o execute
FAIL: tmpdir-gcc.dg-struct-layout-1/t024 c_compat_x_tst.o compile
FAIL: tmpdir-gcc.dg-struct-layout-1/t024 c_compat_y_tst.o compile
UNRESOLVED: tmpdir-gcc.dg-struct-layout-1/t024 c_compat_x_tst.o-c_compat_y_tst.o link
UNRESOLVED: tmpdir-gcc.dg-struct-layout-1/t024 c_compat_x_tst.o-c_compat_y_tst.o execute
FAIL: tmpdir-gcc.dg-struct-layout-1/t025 c_compat_x_tst.o compile
FAIL: tmpdir-gcc.dg-struct-layout-1/t025 c_compat_y_tst.o compile
UNRESOLVED: tmpdir-gcc.dg-struct-layout-1/t025 c_compat_x_tst.o-c_compat_y_tst.o link
UNRESOLVED: tmpdir-gcc.dg-struct-layout-1/t025 c_compat_x_tst.o-c_compat_y_tst.o execute
FAIL: tmpdir-gcc.dg-struct-layout-1/t026 c_compat_x_tst.o compile
FAIL: tmpdir-gcc.dg-struct-layout-1/t026 c_compat_y_tst.o compile
UNRESOLVED: tmpdir-gcc.dg-struct-layout-1/t026 c_compat_x_tst.o-c_compat_y_tst.o link
UNRESOLVED: tmpdir-gcc.dg-struct-layout-1/t026 c_compat_x_tst.o-c_compat_y_tst.o execute
FAIL: tmpdir-gcc.dg-struct-layout-1/t027 c_compat_x_tst.o compile
FAIL: tmpdir-gcc.dg-struct-layout-1/t027 c_compat_y_tst.o compile
UNRESOLVED: tmpdir-gcc.dg-struct-layout-1/t027 c_compat_x_tst.o-c_compat_y_tst.o link
UNRESOLVED: tmpdir-gcc.dg-struct-layout-1/t027 c_compat_x_tst.o-c_compat_y_tst.o execute
FAIL: tmpdir-gcc.dg-struct-layout-1/t028 c_compat_x_tst.o compile
FAIL: tmpdir-gcc.dg-struct-layout-1/t028 c_compat_y_tst.o compile
UNRESOLVED: tmpdir-gcc.dg-struct-layout-1/t028 c_compat_x_tst.o-c_compat_y_tst.o link
UNRESOLVED: tmpdir-gcc.dg-struct-layout-1/t028 c_compat_x_tst.o-c_compat_y_tst.o execute
WARNING: program timed out.
WARNING: program timed out.
FAIL: gcc.dg/c99-intconst-1.c (test for excess errors)
FAIL: gcc.dg/pr25805.c (test for excess errors)
WARNING: gcc.dg/pr25805.c compilation failed to produce executable
FAIL: gcc.dg/sibcall-3.c execution test
FAIL: gcc.dg/sibcall-4.c execution test
FAIL: gcc.dg/gomp/appendix-a/a.1.1.c (test for excess errors)
FAIL: gcc.dg/gomp/appendix-a/a.10.1.c (test for excess errors)
FAIL: gcc.dg/gomp/appendix-a/a.12.1.c (test for excess errors)
FAIL: gcc.dg/gomp/appendix-a/a.13.1.c (test for excess errors)
FAIL: gcc.dg/gomp/appendix-a/a.14.1.c (test for excess errors)
FAIL: gcc.dg/gomp/appendix-a/a.17.1.c (test for excess errors)
FAIL: gcc.dg/gomp/appendix-a/a.17.2.c (test for excess errors)
FAIL: gcc.dg/gomp/appendix-a/a.20.1.c (test for excess errors)
FAIL: gcc.dg/gomp/appendix-a/a.20.2.c (test for excess errors)
FAIL: gcc.dg/gomp/appendix-a/a.21.2.c (test for excess errors)
FAIL: gcc.dg/gomp/appendix-a/a.21.3.c (test for excess errors)
FAIL: gcc.dg/gomp/appendix-a/a.22.1.c (test for excess errors)
FAIL: gcc.dg/gomp/appendix-a/a.22.2.c (test for excess errors)
FAIL: gcc.dg/gomp/appendix-a/a.24.1.c (test for excess errors)
FAIL: gcc.dg/gomp/appendix-a/a.26.2.c (test for excess errors)
FAIL: gcc.dg/gomp/appendix-a/a.27.1.c (test for excess errors)
FAIL: gcc.dg/gomp/appendix-a/a.30.1.c (test for excess errors)
FAIL: gcc.dg/gomp/appendix-a/a.31.1.c (test for excess errors)
FAIL: gcc.dg/gomp/appendix-a/a.31.2.c (test for excess errors)
FAIL: gcc.dg/gomp/appendix-a/a.32.1.c (test for excess errors)
FAIL: gcc.dg/gomp/appendix-a/a.33.1.c (test for excess errors)
FAIL: gcc.dg/gomp/appendix-a/a.33.2.c (test for excess errors)
FAIL: gcc.dg/gomp/appendix-a/a.34.1.c (test for excess errors)
FAIL: gcc.dg/gomp/appendix-a/a.34.2.c (test for excess errors)
FAIL: gcc.dg/gomp/appendix-a/a.35.1.c (test for excess errors)
FAIL: gcc.dg/gomp/appendix-a/a.35.2.c (test for excess errors)
FAIL: gcc.dg/gomp/appendix-a/a.35.3.c (test for excess errors)
FAIL: gcc.dg/gomp/appendix-a/a.35.4.c (test for excess errors)
FAIL: gcc.dg/gomp/appendix-a/a.35.5.c (test for excess errors)
FAIL: gcc.dg/gomp/appendix-a/a.35.6.c (test for excess errors)
FAIL: gcc.dg/gomp/appendix-a/a.37.1.c (test for excess errors)
FAIL: gcc.dg/gomp/appendix-a/a.37.2.c (test for excess errors)
FAIL: gcc.dg/gomp/appendix-a/a.8.1.c (test for excess errors)
FAIL: gcc.dg/gomp/appendix-a/a.9.1.c (test for excess errors)
FAIL: gcc.dg/gomp/atomic-1.c (test for excess errors)
FAIL: gcc.dg/gomp/atomic-2.c (test for excess errors)
FAIL: gcc.dg/gomp/atomic-3.c (test for excess errors)
FAIL: gcc.dg/gomp/atomic-4.c (test for excess errors)
FAIL: gcc.dg/gomp/atomic-5.c (test for excess errors)
FAIL: gcc.dg/gomp/atomic-6.c (test for excess errors)
FAIL: gcc.dg/gomp/atomic-7.c (test for excess errors)
FAIL: gcc.dg/gomp/atomic-8.c (test for excess errors)
FAIL: gcc.dg/gomp/atomic-9.c (test for excess errors)
FAIL: gcc.dg/gomp/barrier-1.c (test for excess errors)
FAIL: gcc.dg/gomp/barrier-2.c (test for excess errors)
FAIL: gcc.dg/gomp/block-1.c (test for excess errors)
FAIL: gcc.dg/gomp/block-10.c (test for excess errors)
FAIL: gcc.dg/gomp/block-11.c (test for excess errors)
FAIL: gcc.dg/gomp/block-2.c (test for excess errors)
FAIL: gcc.dg/gomp/block-3.c (test for excess errors)
FAIL: gcc.dg/gomp/block-4.c (test for excess errors)
FAIL: gcc.dg/gomp/block-5.c (test for excess errors)
FAIL: gcc.dg/gomp/block-6.c (test for excess errors)
FAIL: gcc.dg/gomp/block-7.c (test for excess errors)
FAIL: gcc.dg/gomp/block-8.c (test for excess errors)
FAIL: gcc.dg/gomp/block-9.c (test for excess errors)
FAIL: gcc.dg/gomp/clause-1.c (test for excess errors)
FAIL: gcc.dg/gomp/copyin-1.c (test for excess errors)
FAIL: gcc.dg/gomp/critical-1.c (test for excess errors)
FAIL: gcc.dg/gomp/critical-2.c (test for excess errors)
FAIL: gcc.dg/gomp/critical-3.c (test for excess errors)
FAIL: gcc.dg/gomp/empty.c (test for excess errors)
FAIL: gcc.dg/gomp/flush-1.c (test for excess errors)
FAIL: gcc.dg/gomp/flush-2.c (test for excess errors)
FAIL: gcc.dg/gomp/for-1.c (test for excess errors)
FAIL: gcc.dg/gomp/for-10.c (test for excess errors)
FAIL: gcc.dg/gomp/for-11.c (test for excess errors)
FAIL: gcc.dg/gomp/for-12.c (test for excess errors)
FAIL: gcc.dg/gomp/for-13.c (test for excess errors)
FAIL: gcc.dg/gomp/for-14.c (test for excess errors)
FAIL: gcc.dg/gomp/for-15.c (test for excess errors)
FAIL: gcc.dg/gomp/for-16.c (test for excess errors)
FAIL: gcc.dg/gomp/for-17.c (test for excess errors)
FAIL: gcc.dg/gomp/for-18.c (test for excess errors)
FAIL: gcc.dg/gomp/for-19.c (test for excess errors)
FAIL: gcc.dg/gomp/for-2.c (test for excess errors)
FAIL: gcc.dg/gomp/for-3.c (test for excess errors)
FAIL: gcc.dg/gomp/for-4.c (test for excess errors)
FAIL: gcc.dg/gomp/for-5.c (test for excess errors)
FAIL: gcc.dg/gomp/for-6.c (test for excess errors)
FAIL: gcc.dg/gomp/for-7.c (test for excess errors)
FAIL: gcc.dg/gomp/for-8.c (test for excess errors)
FAIL: gcc.dg/gomp/for-9.c (test for excess errors)
FAIL: gcc.dg/gomp/macro-1.c (test for excess errors)
FAIL: gcc.dg/gomp/macro-2.c (test for excess errors)
FAIL: gcc.dg/gomp/master-1.c (test for excess errors)
FAIL: gcc.dg/gomp/master-2.c (test for excess errors)
FAIL: gcc.dg/gomp/master-3.c (test for excess errors)
FAIL: gcc.dg/gomp/num-threads-1.c (test for excess errors)
FAIL: gcc.dg/gomp/omp-parallel-if.c (test for excess errors)
FAIL: gcc.dg/gomp/ordered-1.c (test for excess errors)
FAIL: gcc.dg/gomp/ordered-2.c (test for excess errors)
FAIL: gcc.dg/gomp/parallel-1.c (test for excess errors)
FAIL: gcc.dg/gomp/parallel-2.c (test for excess errors)
FAIL: gcc.dg/gomp/parallel-3.c (test for excess errors)
FAIL: gcc.dg/gomp/parallel-4.c (test for excess errors)
FAIL: gcc.dg/gomp/sections-1.c (test for excess errors)
FAIL: gcc.dg/gomp/sections-2.c (test for excess errors)
FAIL: gcc.dg/gomp/sections-3.c (test for excess errors)
FAIL: gcc.dg/gomp/sections-4.c (test for excess errors)
FAIL: gcc.dg/gomp/sharing-1.c (test for excess errors)
FAIL: gcc.dg/gomp/sharing-2.c (test for excess errors)
FAIL: gcc.dg/gomp/sharing-3.c (test for excess errors)
FAIL: gcc.dg/gomp/static.c (test for excess errors)
FAIL: gcc.dg/gomp/tls-1.c (test for excess errors)
FAIL: gcc.dg/gomp/tls-2.c (test for excess errors)
FAIL: gcc.dg/gomp/uninit-1.c (test for excess errors)
FAIL: gcc.dg/gomp/vla-1.c (test for excess errors)
FAIL: gcc.dg/gomp/vla-2.c (test for excess errors)
FAIL: gcc.dg/gomp/vla-3.c (test for excess errors)
FAIL: gcc.dg/gomp/vla-4.c (test for excess errors)
FAIL: gcc.dg/gomp/vla-5.c (test for excess errors)
FAIL: gcc.dg/tls/opt-2.c (test for excess errors)
XPASS: gcc.dg/tree-ssa/20040204-1.c scan-tree-dump-times link_error 0
=== gcc Summary for arm-sim/-mthumb ===
# of expected passes 37143
# of unexpected failures 181
# of unexpected successes 2
# of expected failures 80
# of unresolved testcases 58
# of untested testcases 28
# of unsupported tests 373
=== gcc Summary ===
# of expected passes 74329
# of unexpected failures 361
# of unexpected successes 2
# of expected failures 161
# of unresolved testcases 116
# of untested testcases 56
# of unsupported tests 742
/scratch/gcc/nightly-2006-01-19-mainline/arm-none-eabi/build_gcc/install/bin/arm-none-eabi-gcc version 4.2.0 20060119 (experimental)
Host is i686-pc-linux-gnu
=== libstdc++ tests ===
Running target arm-sim
WARNING: program timed out.
FAIL: 21_strings/basic_string/append/char/3.cc execution test
WARNING: program timed out.
FAIL: 21_strings/basic_string/capacity/char/18654.cc execution test
WARNING: program timed out.
FAIL: 21_strings/basic_string/cons/char/6.cc execution test
WARNING: program timed out.
FAIL: 21_strings/basic_string/inserters_extractors/char/10.cc execution test
WARNING: program timed out.
FAIL: 21_strings/basic_string/inserters_extractors/char/11.cc execution test
FAIL: 23_containers/set/modifiers/16728.cc execution test
FAIL: 26_numerics/cmath/c99_classification_macros_c.cc (test for excess errors)
FAIL: 27_io/basic_istream/extractors_arithmetic/char/12.cc execution test
WARNING: program timed out.
FAIL: 27_io/basic_istream/extractors_character/char/4.cc execution test
WARNING: program timed out.
FAIL: 27_io/basic_istream/getline/char/5.cc execution test
WARNING: program timed out.
FAIL: 27_io/basic_istream/ignore/char/2.cc execution test
WARNING: program timed out.
FAIL: 27_io/basic_stringbuf/overflow/char/1.cc execution test
WARNING: program timed out.
FAIL: 27_io/basic_stringbuf/setbuf/char/4.cc execution test
FAIL: 27_io/ios_base/sync_with_stdio/1.cc execution test
FAIL: 27_io/objects/char/10.cc execution test
FAIL: ext/rope/3.cc execution test
XPASS: ext/stdio_filebuf/char/10063-2.cc execution test
XPASS: ext/stdio_filebuf/char/10063-3.cc execution test
WARNING: program timed out.
=== libstdc++ Summary for arm-sim ===
# of expected passes 2648
# of unexpected failures 16
# of unexpected successes 2
# of expected failures 15
# of unsupported tests 150
Running target arm-sim/-mthumb
WARNING: program timed out.
FAIL: 21_strings/basic_string/append/char/3.cc execution test
WARNING: program timed out.
FAIL: 21_strings/basic_string/capacity/char/18654.cc execution test
WARNING: program timed out.
FAIL: 21_strings/basic_string/cons/char/6.cc execution test
WARNING: program timed out.
FAIL: 21_strings/basic_string/inserters_extractors/char/10.cc execution test
WARNING: program timed out.
FAIL: 21_strings/basic_string/inserters_extractors/char/11.cc execution test
FAIL: 22_locale/money_put/put/char/12971.cc execution test
FAIL: 22_locale/money_put/put/char/5.cc execution test
FAIL: 22_locale/money_put/put/char/6.cc execution test
FAIL: 22_locale/num_put/put/char/4.cc execution test
FAIL: 23_containers/set/modifiers/16728.cc execution test
FAIL: 26_numerics/cmath/c99_classification_macros_c.cc (test for excess errors)
FAIL: 27_io/basic_istream/extractors_arithmetic/char/12.cc execution test
WARNING: program timed out.
FAIL: 27_io/basic_istream/extractors_character/char/4.cc execution test
WARNING: program timed out.
FAIL: 27_io/basic_istream/getline/char/5.cc execution test
WARNING: program timed out.
FAIL: 27_io/basic_istream/ignore/char/2.cc execution test
FAIL: 27_io/basic_ostream/inserters_character/char/9555-oc.cc execution test
WARNING: program timed out.
FAIL: 27_io/basic_stringbuf/overflow/char/1.cc execution test
WARNING: program timed out.
FAIL: 27_io/basic_stringbuf/setbuf/char/4.cc execution test
FAIL: 27_io/ios_base/sync_with_stdio/1.cc execution test
FAIL: 27_io/objects/char/10.cc execution test
FAIL: ext/rope/3.cc execution test
XPASS: ext/stdio_filebuf/char/10063-2.cc execution test
XPASS: ext/stdio_filebuf/char/10063-3.cc execution test
WARNING: program timed out.
=== libstdc++ Summary for arm-sim/-mthumb ===
# of expected passes 2643
# of unexpected failures 21
# of unexpected successes 2
# of expected failures 15
# of unsupported tests 150
=== libstdc++ Summary ===
# of expected passes 5291
# of unexpected failures 37
# of unexpected successes 4
# of expected failures 30
# of unsupported tests 300
Compiler version: 4.2.0 20060119 (experimental)
Platform: arm-none-eabi
configure flags: --disable-nls --build=i686-pc-linux-gnu --host=i686-pc-linux-gnu --target=arm-none-eabi --enable-shared --enable-threads --disable-libmudflap --disable-libssp --disable-libstdcxx-pch --with-gnu-as --with-gnu-ld --prefix=/scratch/gcc/nightly-2006-01-19-mainline/arm-none-eabi/build_gcc/install --with-newlib --with-sysroot=/scratch/gcc/nightly-2006-01-19-mainline/arm-none-eabi/build_gcc/install/arm-none-eabi --with-build-sysroot=/scratch/gcc/nightly-2006-01-19-mainline/arm-none-eabi/build_gcc/install/arm-none-eabi --enable-languages=c,c++