This is the mail archive of the
gcc-testresults@gcc.gnu.org
mailing list for the GCC project.
Results for 4.2.0 20060118 (experimental) testsuite on i686-pc-linux-gnu
- From: CodeSourcery Automatic Testing System <gcc at codesourcery dot com>
- To: gcc-testresults at gcc dot gnu dot org
- Date: Wed, 18 Jan 2006 22:16:42 -0800
- Subject: Results for 4.2.0 20060118 (experimental) testsuite on i686-pc-linux-gnu
LAST_UPDATED: Wed Jan 18 08:14:12 UTC 2006 (revision 109876)
Native configuration is i686-pc-linux-gnu
=== g++ tests ===
Running target unix
=== g++ Summary ===
# of expected passes 11986
# of expected failures 66
# of unsupported tests 65
/scratch/gcc/nightly-2006-01-18-mainline/i686-pc-linux-gnu/build_gcc/install/bin/c++ version 4.2.0 20060118 (experimental)
=== gcc tests ===
Running target unix
WARNING: program timed out.
FAIL: gcc.c-torture/compile/20001226-1.c -O0 (test for excess errors)
FAIL: gcc.dg/tree-ssa/gen-vect-11.c scan-tree-dump-times vectorized 1 loops 1
=== gcc Summary ===
# of expected passes 38401
# of unexpected failures 2
# of expected failures 100
# of untested testcases 28
# of unsupported tests 258
/scratch/gcc/nightly-2006-01-18-mainline/i686-pc-linux-gnu/build_gcc/install/bin/gcc version 4.2.0 20060118 (experimental)
=== libstdc++ tests ===
Running target unix
FAIL: 22_locale/locale/cons/12658_thread-1.cc execution test
FAIL: 22_locale/locale/cons/12658_thread-2.cc execution test
FAIL: 22_locale/messages/members/char/1.cc execution test
FAIL: 22_locale/messages/members/char/2.cc execution test
FAIL: 22_locale/messages/members/char/wrapped_env.cc execution test
FAIL: 22_locale/messages/members/char/wrapped_locale.cc execution test
FAIL: 22_locale/messages_byname/named_equivalence.cc execution test
FAIL: thread/pthread3.cc execution test
=== libstdc++ Summary ===
# of expected passes 4080
# of unexpected failures 8
# of expected failures 13
# of unsupported tests 6
Compiler version: 4.2.0 20060118 (experimental)
Platform: i686-pc-linux-gnu
configure flags: --disable-nls --build=i686-pc-linux-gnu --host=i686-pc-linux-gnu --target=i686-pc-linux-gnu --enable-shared --enable-threads --disable-libmudflap --disable-libssp --disable-libstdcxx-pch --with-gnu-as --with-as=/scratch/gcc/nightly-2006-01-18-mainline/i686-pc-linux-gnu/build_gcc/install/bin/as --with-gnu-ld --with-ld=/scratch/gcc/nightly-2006-01-18-mainline/i686-pc-linux-gnu/build_gcc/install/bin/ld --prefix=/scratch/gcc/nightly-2006-01-18-mainline/i686-pc-linux-gnu/build_gcc/install --enable-languages=c,c++