This is the mail archive of the
gcc-testresults@gcc.gnu.org
mailing list for the GCC project.
Results for 4.2.0 20060114 (experimental) testsuite on x86_64-unknown-linux-gnu
- From: Joe Buck <jbuck at localhost dot localdomain>
- To: gcc-testresults at gcc dot gnu dot org
- Date: Sat, 14 Jan 2006 14:14:33 -0800
- Subject: Results for 4.2.0 20060114 (experimental) testsuite on x86_64-unknown-linux-gnu
LAST_UPDATED: Sat Jan 14 06:43:14 UTC 2006 (revision 109698)
=== acats tests ===
FAIL: c52103x
FAIL: c52104x
FAIL: c52104y
FAIL: cdd2a02
=== acats Summary ===
# of expected passes 2315
# of unexpected failures 4
Native configuration is x86_64-unknown-linux-gnu
=== gcc tests ===
Running target unix
WARNING: gcc.dg/torture/fp-int-convert-float128-timode.c -O0 compilation failed to produce executable
WARNING: gcc.dg/torture/fp-int-convert-float128-timode.c -O1 compilation failed to produce executable
WARNING: gcc.dg/torture/fp-int-convert-float128-timode.c -O2 compilation failed to produce executable
WARNING: gcc.dg/torture/fp-int-convert-float128-timode.c -O3 -fomit-frame-pointer compilation failed to produce executable
WARNING: gcc.dg/torture/fp-int-convert-float128-timode.c -O3 -g compilation failed to produce executable
WARNING: gcc.dg/torture/fp-int-convert-float128-timode.c -Os compilation failed to produce executable
WARNING: gcc.dg/torture/fp-int-convert-float128.c -O0 compilation failed to produce executable
WARNING: gcc.dg/torture/fp-int-convert-float128.c -O1 compilation failed to produce executable
WARNING: gcc.dg/torture/fp-int-convert-float128.c -O2 compilation failed to produce executable
WARNING: gcc.dg/torture/fp-int-convert-float128.c -O3 -fomit-frame-pointer compilation failed to produce executable
WARNING: gcc.dg/torture/fp-int-convert-float128.c -O3 -g compilation failed to produce executable
WARNING: gcc.dg/torture/fp-int-convert-float128.c -Os compilation failed to produce executable
=== gcc Summary ===
# of expected passes 38224
# of expected failures 111
# of untested testcases 28
# of unsupported tests 359
/home/jbuck/svn/gcc-build/gcc/xgcc version 4.2.0 20060114 (experimental)
=== gfortran tests ===
Running target unix
FAIL: gfortran.dg/char_result_11.f90 -O (test for excess errors)
=== gfortran Summary ===
# of expected passes 11306
# of unexpected failures 1
# of expected failures 18
# of unsupported tests 16
/home/jbuck/svn/gcc-build/gcc/testsuite/../gfortran version 4.2.0 20060114 (experimental)
=== g++ tests ===
Running target unix
=== g++ Summary ===
# of expected passes 11896
# of expected failures 66
# of unsupported tests 94
/home/jbuck/svn/gcc-build/gcc/testsuite/../g++ version 4.2.0 20060114 (experimental)
=== objc tests ===
Running target unix
FAIL: objc.dg-struct-layout-encoding-1/t025_main.m execution test
FAIL: objc.dg-struct-layout-encoding-1/t026_main.m execution test
FAIL: objc.dg-struct-layout-encoding-1/t027_main.m execution test
FAIL: objc.dg-struct-layout-encoding-1/t028_main.m execution test
FAIL: objc.dg-struct-layout-encoding-1/t029_main.m execution test
FAIL: objc.dg-struct-layout-encoding-1/t030_main.m execution test
FAIL: objc.dg-struct-layout-encoding-1/t031_main.m execution test
=== objc Summary ===
# of expected passes 1745
# of unexpected failures 7
# of unsupported tests 23
/home/jbuck/svn/gcc-build/gcc/xgcc version 4.2.0 20060114 (experimental)
=== libffi tests ===
Running target unix
=== libffi Summary ===
# of expected passes 228
# of unsupported tests 2
=== libjava tests ===
Running target unix
=== libjava Summary ===
# of expected passes 4029
# of expected failures 10
# of untested testcases 8
=== libmudflap tests ===
Running target unix
=== libmudflap Summary ===
# of expected passes 1789
=== libstdc++ tests ===
Running target unix
XPASS: 26_numerics/cmath/c99_classification_macros_c.cc (test for excess errors)
XPASS: 27_io/fpos/14320-1.cc execution test
FAIL: tr1/8_c_compatibility/complex/overloads_int.cc execution test
=== libstdc++ Summary ===
# of expected passes 4092
# of unexpected failures 1
# of unexpected successes 2
# of expected failures 11
# of unsupported tests 4
Compiler version: 4.2.0 20060114 (experimental)
Platform: x86_64-unknown-linux-gnu
configure flags: --prefix=/home/jbuck/svn/trunk --with-gnu-as --with-as=/usr/bin/as --with-gnu-ld --with-ld=/usr/bin/ld --enable-languages=c,ada,c++,fortran,java,objc