This is the mail archive of the
gcc-testresults@gcc.gnu.org
mailing list for the GCC project.
Results for 4.2.0-gomp-20050608-branch 20060104 (experimental) (merged 20051219) testsuite on powerpc64-unknown-linux-gnu
- From: Janis Johnson <janis187 at us dot ibm dot com>
- To: gcc-testresults at gcc dot gnu dot org
- Date: Sat, 14 Jan 2006 10:47:33 -0800
- Subject: Results for 4.2.0-gomp-20050608-branch 20060104 (experimental) (merged 20051219) testsuite on powerpc64-unknown-linux-gnu
Linux 2.4.21-17.EL ppc64
GNU C Library stable release version 2.3.2
GNU ld version 2.16
GNU assembler 2.16
GNU Make version 3.79.1
DejaGnu:
Expect version is 5.40.0
Tcl version is 8.4
Framework version is 1.4.4
32-bit biarch default32
SVN branch: gomp-20050608-branch
This hardware does not support VMX instructions.
LAST_UPDATED: Sat Jan 14 14:50:43 UTC 2006 (revision 109703)
Native configuration is powerpc64-unknown-linux-gnu
=== gcc tests ===
Running target unix/-m32
FAIL: gcc.dg/20020103-1.c scan-assembler-not LC[0-9]
FAIL: gcc.dg/ipa/ipa-1.c (test for excess errors)
FAIL: gcc.dg/ipa/ipa-2.c (test for excess errors)
FAIL: gcc.dg/ipa/ipa-3.c (test for excess errors)
FAIL: gcc.dg/ipa/ipa-4.c (test for excess errors)
FAIL: gcc.dg/ipa/ipa-5.c (test for excess errors)
FAIL: gcc.target/powerpc/pr18096-1.c stack frame too large (test for warnings, line 11)
FAIL: gcc.target/powerpc/pr18096-1.c (test for excess errors)
=== gcc Summary for unix/-m32 ===
# of expected passes 39774
# of unexpected failures 8
# of expected failures 102
# of untested testcases 28
# of unsupported tests 341
Running target unix/-m64
FAIL: gcc.dg/ipa/ipa-1.c (test for excess errors)
FAIL: gcc.dg/ipa/ipa-2.c (test for excess errors)
FAIL: gcc.dg/ipa/ipa-3.c (test for excess errors)
FAIL: gcc.dg/ipa/ipa-4.c (test for excess errors)
FAIL: gcc.dg/ipa/ipa-5.c (test for excess errors)
FAIL: gcc.dg/torture/fp-int-convert-timode.c -O0 execution test
FAIL: gcc.dg/torture/fp-int-convert-timode.c -O1 execution test
FAIL: gcc.dg/torture/fp-int-convert-timode.c -O2 execution test
FAIL: gcc.dg/torture/fp-int-convert-timode.c -O3 -fomit-frame-pointer execution test
FAIL: gcc.dg/torture/fp-int-convert-timode.c -O3 -g execution test
FAIL: gcc.dg/torture/fp-int-convert-timode.c -Os execution test
XPASS: gcc.dg/tree-ssa/sra-2.c scan-tree-dump-times link_error 0
=== gcc Summary for unix/-m64 ===
# of expected passes 39621
# of unexpected failures 11
# of unexpected successes 1
# of expected failures 103
# of untested testcases 28
# of unsupported tests 408
=== gcc Summary ===
# of expected passes 79395
# of unexpected failures 19
# of unexpected successes 1
# of expected failures 205
# of untested testcases 56
# of unsupported tests 749
/home/gccbuild/build/nightly/build-gcc-gomp/gcc/xgcc version 4.2.0-gomp-20050608-branch 20060104 (experimental) (merged 20051219)
=== gfortran tests ===
Running target unix/-m32
=== gfortran Summary for unix/-m32 ===
# of expected passes 11209
# of expected failures 17
# of unsupported tests 66
Running target unix/-m64
XPASS: gfortran.dg/csqrt_2.f -O1 execution test
XPASS: gfortran.dg/csqrt_2.f -O2 execution test
XPASS: gfortran.dg/csqrt_2.f -O3 -fomit-frame-pointer execution test
XPASS: gfortran.dg/csqrt_2.f -O3 -g execution test
XPASS: gfortran.dg/csqrt_2.f -Os execution test
FAIL: gfortran.dg/f2c_2.f90 -O0 execution test
FAIL: gfortran.dg/f2c_2.f90 -O1 execution test
FAIL: gfortran.dg/f2c_2.f90 -O2 execution test
FAIL: gfortran.dg/f2c_2.f90 -O3 -fomit-frame-pointer execution test
FAIL: gfortran.dg/f2c_2.f90 -O3 -fomit-frame-pointer -funroll-loops execution test
FAIL: gfortran.dg/f2c_2.f90 -O3 -fomit-frame-pointer -funroll-all-loops -finline-functions execution test
FAIL: gfortran.dg/f2c_2.f90 -O3 -g execution test
FAIL: gfortran.dg/f2c_2.f90 -Os execution test
FAIL: gfortran.dg/g77/20010610.f -O3 -fomit-frame-pointer -funroll-loops (test for excess errors)
WARNING: gfortran.dg/g77/20010610.f -O3 -fomit-frame-pointer -funroll-loops compilation failed to produce executable
FAIL: gfortran.dg/g77/20010610.f -O3 -fomit-frame-pointer -funroll-all-loops -finline-functions (test for excess errors)
WARNING: gfortran.dg/g77/20010610.f -O3 -fomit-frame-pointer -funroll-all-loops -finline-functions compilation failed to produce executable
FAIL: gfortran.dg/g77/cabs.f -O0 execution test
FAIL: gfortran.dg/g77/cabs.f -O1 execution test
FAIL: gfortran.dg/g77/cabs.f -O2 execution test
FAIL: gfortran.dg/g77/cabs.f -O3 -fomit-frame-pointer execution test
FAIL: gfortran.dg/g77/cabs.f -O3 -fomit-frame-pointer -funroll-loops execution test
FAIL: gfortran.dg/g77/cabs.f -O3 -fomit-frame-pointer -funroll-all-loops -finline-functions execution test
FAIL: gfortran.dg/g77/cabs.f -O3 -g execution test
FAIL: gfortran.dg/g77/cabs.f -Os execution test
FAIL: gfortran.fortran-torture/execute/intrinsic_abs.f90 execution, -O0
FAIL: gfortran.fortran-torture/execute/intrinsic_abs.f90 execution, -O1
FAIL: gfortran.fortran-torture/execute/intrinsic_abs.f90 execution, -O2
FAIL: gfortran.fortran-torture/execute/intrinsic_abs.f90 execution, -O3 -fomit-frame-pointer
FAIL: gfortran.fortran-torture/execute/intrinsic_abs.f90 execution, -O3 -fomit-frame-pointer -funroll-loops
FAIL: gfortran.fortran-torture/execute/intrinsic_abs.f90 execution, -O3 -fomit-frame-pointer -funroll-all-loops -finline-functions
FAIL: gfortran.fortran-torture/execute/intrinsic_abs.f90 execution, -O3 -g
FAIL: gfortran.fortran-torture/execute/intrinsic_abs.f90 execution, -Os
FAIL: gfortran.fortran-torture/execute/power.f90 execution, -O0
FAIL: gfortran.fortran-torture/execute/power.f90 execution, -O1
FAIL: gfortran.fortran-torture/execute/power.f90 execution, -O2
FAIL: gfortran.fortran-torture/execute/power.f90 execution, -O3 -fomit-frame-pointer
FAIL: gfortran.fortran-torture/execute/power.f90 execution, -O3 -fomit-frame-pointer -funroll-loops
FAIL: gfortran.fortran-torture/execute/power.f90 execution, -O3 -fomit-frame-pointer -funroll-all-loops -finline-functions
FAIL: gfortran.fortran-torture/execute/power.f90 execution, -O3 -g
FAIL: gfortran.fortran-torture/execute/power.f90 execution, -Os
=== gfortran Summary for unix/-m64 ===
# of expected passes 11202
# of unexpected failures 34
# of unexpected successes 5
# of expected failures 15
# of unsupported tests 50
=== gfortran Summary ===
# of expected passes 22411
# of unexpected failures 34
# of unexpected successes 5
# of expected failures 32
# of unsupported tests 116
/home/gccbuild/build/nightly/build-gcc-gomp/gcc/testsuite/../gfortran version 4.2.0-gomp-20050608-branch 20060104 (experimental) (merged 20051219)
=== libgomp tests ===
Running target unix/-m32
=== libgomp Summary for unix/-m32 ===
# of expected passes 1069
Running target unix/-m64
FAIL: libgomp.c/appendix-a/a.15.1.c (test for excess errors)
WARNING: libgomp.c/appendix-a/a.15.1.c compilation failed to produce executable
FAIL: libgomp.c/appendix-a/a.16.1.c (test for excess errors)
WARNING: libgomp.c/appendix-a/a.16.1.c compilation failed to produce executable
FAIL: libgomp.c/appendix-a/a.18.1.c (test for excess errors)
WARNING: libgomp.c/appendix-a/a.18.1.c compilation failed to produce executable
FAIL: libgomp.c/appendix-a/a.19.1.c (test for excess errors)
WARNING: libgomp.c/appendix-a/a.19.1.c compilation failed to produce executable
FAIL: libgomp.c/appendix-a/a.2.1.c (test for excess errors)
WARNING: libgomp.c/appendix-a/a.2.1.c compilation failed to produce executable
FAIL: libgomp.c/appendix-a/a.21.1.c (test for excess errors)
WARNING: libgomp.c/appendix-a/a.21.1.c compilation failed to produce executable
FAIL: libgomp.c/appendix-a/a.26.1.c (test for excess errors)
WARNING: libgomp.c/appendix-a/a.26.1.c compilation failed to produce executable
FAIL: libgomp.c/appendix-a/a.29.1.c (test for excess errors)
WARNING: libgomp.c/appendix-a/a.29.1.c compilation failed to produce executable
FAIL: libgomp.c/appendix-a/a.3.1.c (test for excess errors)
WARNING: libgomp.c/appendix-a/a.3.1.c compilation failed to produce executable
FAIL: libgomp.c/appendix-a/a.36.1.c (test for excess errors)
WARNING: libgomp.c/appendix-a/a.36.1.c compilation failed to produce executable
FAIL: libgomp.c/appendix-a/a.39.1.c (test for excess errors)
WARNING: libgomp.c/appendix-a/a.39.1.c compilation failed to produce executable
FAIL: libgomp.c/appendix-a/a.4.1.c (test for excess errors)
WARNING: libgomp.c/appendix-a/a.4.1.c compilation failed to produce executable
FAIL: libgomp.c/appendix-a/a.5.1.c (test for excess errors)
WARNING: libgomp.c/appendix-a/a.5.1.c compilation failed to produce executable
FAIL: libgomp.c/atomic-1.c (test for excess errors)
WARNING: libgomp.c/atomic-1.c compilation failed to produce executable
FAIL: libgomp.c/atomic-10.c (test for excess errors)
WARNING: libgomp.c/atomic-10.c compilation failed to produce executable
FAIL: libgomp.c/atomic-2.c (test for excess errors)
WARNING: libgomp.c/atomic-2.c compilation failed to produce executable
FAIL: libgomp.c/barrier-1.c (test for excess errors)
WARNING: libgomp.c/barrier-1.c compilation failed to produce executable
FAIL: libgomp.c/copyin-1.c (test for excess errors)
WARNING: libgomp.c/copyin-1.c compilation failed to produce executable
FAIL: libgomp.c/copyin-2.c (test for excess errors)
WARNING: libgomp.c/copyin-2.c compilation failed to produce executable
FAIL: libgomp.c/copyin-3.c (test for excess errors)
WARNING: libgomp.c/copyin-3.c compilation failed to produce executable
FAIL: libgomp.c/critical-1.c (test for excess errors)
WARNING: libgomp.c/critical-1.c compilation failed to produce executable
FAIL: libgomp.c/critical-2.c (test for excess errors)
WARNING: libgomp.c/critical-2.c compilation failed to produce executable
FAIL: libgomp.c/lib-1.c (test for excess errors)
WARNING: libgomp.c/lib-1.c compilation failed to produce executable
FAIL: libgomp.c/loop-1.c (test for excess errors)
WARNING: libgomp.c/loop-1.c compilation failed to produce executable
FAIL: libgomp.c/loop-2.c (test for excess errors)
WARNING: libgomp.c/loop-2.c compilation failed to produce executable
FAIL: libgomp.c/loop-3.c (test for excess errors)
WARNING: libgomp.c/loop-3.c compilation failed to produce executable
FAIL: libgomp.c/nested-1.c (test for excess errors)
WARNING: libgomp.c/nested-1.c compilation failed to produce executable
FAIL: libgomp.c/nested-2.c (test for excess errors)
WARNING: libgomp.c/nested-2.c compilation failed to produce executable
FAIL: libgomp.c/nestedfn-1.c (test for excess errors)
WARNING: libgomp.c/nestedfn-1.c compilation failed to produce executable
FAIL: libgomp.c/nestedfn-2.c (test for excess errors)
WARNING: libgomp.c/nestedfn-2.c compilation failed to produce executable
FAIL: libgomp.c/nestedfn-3.c (test for excess errors)
WARNING: libgomp.c/nestedfn-3.c compilation failed to produce executable
FAIL: libgomp.c/omp-loop01.c (test for excess errors)
WARNING: libgomp.c/omp-loop01.c compilation failed to produce executable
FAIL: libgomp.c/omp-loop02.c (test for excess errors)
WARNING: libgomp.c/omp-loop02.c compilation failed to produce executable
FAIL: libgomp.c/omp-loop03.c (test for excess errors)
WARNING: libgomp.c/omp-loop03.c compilation failed to produce executable
FAIL: libgomp.c/omp-nested-1.c (test for excess errors)
WARNING: libgomp.c/omp-nested-1.c compilation failed to produce executable
FAIL: libgomp.c/omp-parallel-for.c (test for excess errors)
WARNING: libgomp.c/omp-parallel-for.c compilation failed to produce executable
FAIL: libgomp.c/omp-parallel-if.c (test for excess errors)
WARNING: libgomp.c/omp-parallel-if.c compilation failed to produce executable
FAIL: libgomp.c/omp-single-1.c (test for excess errors)
WARNING: libgomp.c/omp-single-1.c compilation failed to produce executable
FAIL: libgomp.c/omp-single-2.c (test for excess errors)
WARNING: libgomp.c/omp-single-2.c compilation failed to produce executable
FAIL: libgomp.c/omp-single-3.c (test for excess errors)
WARNING: libgomp.c/omp-single-3.c compilation failed to produce executable
FAIL: libgomp.c/omp_hello.c (test for excess errors)
WARNING: libgomp.c/omp_hello.c compilation failed to produce executable
FAIL: libgomp.c/omp_matvec.c (test for excess errors)
WARNING: libgomp.c/omp_matvec.c compilation failed to produce executable
FAIL: libgomp.c/omp_orphan.c (test for excess errors)
WARNING: libgomp.c/omp_orphan.c compilation failed to produce executable
FAIL: libgomp.c/omp_reduction.c (test for excess errors)
WARNING: libgomp.c/omp_reduction.c compilation failed to produce executable
FAIL: libgomp.c/omp_workshare1.c (test for excess errors)
WARNING: libgomp.c/omp_workshare1.c compilation failed to produce executable
FAIL: libgomp.c/omp_workshare2.c (test for excess errors)
WARNING: libgomp.c/omp_workshare2.c compilation failed to produce executable
FAIL: libgomp.c/omp_workshare4.c (test for excess errors)
WARNING: libgomp.c/omp_workshare4.c compilation failed to produce executable
FAIL: libgomp.c/ordered-1.c (test for excess errors)
WARNING: libgomp.c/ordered-1.c compilation failed to produce executable
FAIL: libgomp.c/ordered-2.c (test for excess errors)
WARNING: libgomp.c/ordered-2.c compilation failed to produce executable
FAIL: libgomp.c/ordered-3.c (test for excess errors)
WARNING: libgomp.c/ordered-3.c compilation failed to produce executable
FAIL: libgomp.c/parallel-1.c (test for excess errors)
WARNING: libgomp.c/parallel-1.c compilation failed to produce executable
FAIL: libgomp.c/pr24455.c (test for excess errors)
WARNING: libgomp.c/pr24455.c compilation failed to produce executable
FAIL: libgomp.c/reduction-1.c (test for excess errors)
WARNING: libgomp.c/reduction-1.c compilation failed to produce executable
FAIL: libgomp.c/reduction-2.c (test for excess errors)
WARNING: libgomp.c/reduction-2.c compilation failed to produce executable
FAIL: libgomp.c/reduction-3.c (test for excess errors)
WARNING: libgomp.c/reduction-3.c compilation failed to produce executable
FAIL: libgomp.c/reduction-4.c (test for excess errors)
WARNING: libgomp.c/reduction-4.c compilation failed to produce executable
FAIL: libgomp.c/sections-1.c (test for excess errors)
WARNING: libgomp.c/sections-1.c compilation failed to produce executable
FAIL: libgomp.c/shared-1.c (test for excess errors)
WARNING: libgomp.c/shared-1.c compilation failed to produce executable
FAIL: libgomp.c/shared-2.c (test for excess errors)
WARNING: libgomp.c/shared-2.c compilation failed to produce executable
FAIL: libgomp.c/shared-3.c (test for excess errors)
WARNING: libgomp.c/shared-3.c compilation failed to produce executable
FAIL: libgomp.c/single-1.c (test for excess errors)
WARNING: libgomp.c/single-1.c compilation failed to produce executable
FAIL: libgomp.c/single-2.c (test for excess errors)
WARNING: libgomp.c/single-2.c compilation failed to produce executable
FAIL: libgomp.c/vla-1.c (test for excess errors)
WARNING: libgomp.c/vla-1.c compilation failed to produce executable
FAIL: libgomp.fortran/appendix-a/a.16.1.f90 -O0 (test for excess errors)
WARNING: libgomp.fortran/appendix-a/a.16.1.f90 -O0 compilation failed to produce executable
FAIL: libgomp.fortran/appendix-a/a.16.1.f90 -O1 (test for excess errors)
WARNING: libgomp.fortran/appendix-a/a.16.1.f90 -O1 compilation failed to produce executable
FAIL: libgomp.fortran/appendix-a/a.16.1.f90 -O2 (test for excess errors)
WARNING: libgomp.fortran/appendix-a/a.16.1.f90 -O2 compilation failed to produce executable
FAIL: libgomp.fortran/appendix-a/a.16.1.f90 -O3 -fomit-frame-pointer (test for excess errors)
WARNING: libgomp.fortran/appendix-a/a.16.1.f90 -O3 -fomit-frame-pointer compilation failed to produce executable
FAIL: libgomp.fortran/appendix-a/a.16.1.f90 -O3 -fomit-frame-pointer -funroll-loops (test for excess errors)
WARNING: libgomp.fortran/appendix-a/a.16.1.f90 -O3 -fomit-frame-pointer -funroll-loops compilation failed to produce executable
FAIL: libgomp.fortran/appendix-a/a.16.1.f90 -O3 -fomit-frame-pointer -funroll-all-loops -finline-functions (test for excess errors)
WARNING: libgomp.fortran/appendix-a/a.16.1.f90 -O3 -fomit-frame-pointer -funroll-all-loops -finline-functions compilation failed to produce executable
FAIL: libgomp.fortran/appendix-a/a.16.1.f90 -O3 -g (test for excess errors)
WARNING: libgomp.fortran/appendix-a/a.16.1.f90 -O3 -g compilation failed to produce executable
FAIL: libgomp.fortran/appendix-a/a.16.1.f90 -Os (test for excess errors)
WARNING: libgomp.fortran/appendix-a/a.16.1.f90 -Os compilation failed to produce executable
FAIL: libgomp.fortran/appendix-a/a.18.1.f90 -O0 (test for excess errors)
WARNING: libgomp.fortran/appendix-a/a.18.1.f90 -O0 compilation failed to produce executable
FAIL: libgomp.fortran/appendix-a/a.18.1.f90 -O1 (test for excess errors)
WARNING: libgomp.fortran/appendix-a/a.18.1.f90 -O1 compilation failed to produce executable
FAIL: libgomp.fortran/appendix-a/a.18.1.f90 -O2 (test for excess errors)
WARNING: libgomp.fortran/appendix-a/a.18.1.f90 -O2 compilation failed to produce executable
FAIL: libgomp.fortran/appendix-a/a.18.1.f90 -O3 -fomit-frame-pointer (test for excess errors)
WARNING: libgomp.fortran/appendix-a/a.18.1.f90 -O3 -fomit-frame-pointer compilation failed to produce executable
FAIL: libgomp.fortran/appendix-a/a.18.1.f90 -O3 -fomit-frame-pointer -funroll-loops (test for excess errors)
WARNING: libgomp.fortran/appendix-a/a.18.1.f90 -O3 -fomit-frame-pointer -funroll-loops compilation failed to produce executable
FAIL: libgomp.fortran/appendix-a/a.18.1.f90 -O3 -fomit-frame-pointer -funroll-all-loops -finline-functions (test for excess errors)
WARNING: libgomp.fortran/appendix-a/a.18.1.f90 -O3 -fomit-frame-pointer -funroll-all-loops -finline-functions compilation failed to produce executable
FAIL: libgomp.fortran/appendix-a/a.18.1.f90 -O3 -g (test for excess errors)
WARNING: libgomp.fortran/appendix-a/a.18.1.f90 -O3 -g compilation failed to produce executable
FAIL: libgomp.fortran/appendix-a/a.18.1.f90 -Os (test for excess errors)
WARNING: libgomp.fortran/appendix-a/a.18.1.f90 -Os compilation failed to produce executable
FAIL: libgomp.fortran/appendix-a/a.19.1.f90 -O0 (test for excess errors)
WARNING: libgomp.fortran/appendix-a/a.19.1.f90 -O0 compilation failed to produce executable
FAIL: libgomp.fortran/appendix-a/a.19.1.f90 -O1 (test for excess errors)
WARNING: libgomp.fortran/appendix-a/a.19.1.f90 -O1 compilation failed to produce executable
FAIL: libgomp.fortran/appendix-a/a.19.1.f90 -O2 (test for excess errors)
WARNING: libgomp.fortran/appendix-a/a.19.1.f90 -O2 compilation failed to produce executable
FAIL: libgomp.fortran/appendix-a/a.19.1.f90 -O3 -fomit-frame-pointer (test for excess errors)
WARNING: libgomp.fortran/appendix-a/a.19.1.f90 -O3 -fomit-frame-pointer compilation failed to produce executable
FAIL: libgomp.fortran/appendix-a/a.19.1.f90 -O3 -fomit-frame-pointer -funroll-loops (test for excess errors)
WARNING: libgomp.fortran/appendix-a/a.19.1.f90 -O3 -fomit-frame-pointer -funroll-loops compilation failed to produce executable
FAIL: libgomp.fortran/appendix-a/a.19.1.f90 -O3 -fomit-frame-pointer -funroll-all-loops -finline-functions (test for excess errors)
WARNING: libgomp.fortran/appendix-a/a.19.1.f90 -O3 -fomit-frame-pointer -funroll-all-loops -finline-functions compilation failed to produce executable
FAIL: libgomp.fortran/appendix-a/a.19.1.f90 -O3 -g (test for excess errors)
WARNING: libgomp.fortran/appendix-a/a.19.1.f90 -O3 -g compilation failed to produce executable
FAIL: libgomp.fortran/appendix-a/a.19.1.f90 -Os (test for excess errors)
WARNING: libgomp.fortran/appendix-a/a.19.1.f90 -Os compilation failed to produce executable
FAIL: libgomp.fortran/appendix-a/a.2.1.f90 -O0 (test for excess errors)
WARNING: libgomp.fortran/appendix-a/a.2.1.f90 -O0 compilation failed to produce executable
FAIL: libgomp.fortran/appendix-a/a.2.1.f90 -O1 (test for excess errors)
WARNING: libgomp.fortran/appendix-a/a.2.1.f90 -O1 compilation failed to produce executable
FAIL: libgomp.fortran/appendix-a/a.2.1.f90 -O2 (test for excess errors)
WARNING: libgomp.fortran/appendix-a/a.2.1.f90 -O2 compilation failed to produce executable
FAIL: libgomp.fortran/appendix-a/a.2.1.f90 -O3 -fomit-frame-pointer (test for excess errors)
WARNING: libgomp.fortran/appendix-a/a.2.1.f90 -O3 -fomit-frame-pointer compilation failed to produce executable
FAIL: libgomp.fortran/appendix-a/a.2.1.f90 -O3 -fomit-frame-pointer -funroll-loops (test for excess errors)
WARNING: libgomp.fortran/appendix-a/a.2.1.f90 -O3 -fomit-frame-pointer -funroll-loops compilation failed to produce executable
FAIL: libgomp.fortran/appendix-a/a.2.1.f90 -O3 -fomit-frame-pointer -funroll-all-loops -finline-functions (test for excess errors)
WARNING: libgomp.fortran/appendix-a/a.2.1.f90 -O3 -fomit-frame-pointer -funroll-all-loops -finline-functions compilation failed to produce executable
FAIL: libgomp.fortran/appendix-a/a.2.1.f90 -O3 -g (test for excess errors)
WARNING: libgomp.fortran/appendix-a/a.2.1.f90 -O3 -g compilation failed to produce executable
FAIL: libgomp.fortran/appendix-a/a.2.1.f90 -Os (test for excess errors)
WARNING: libgomp.fortran/appendix-a/a.2.1.f90 -Os compilation failed to produce executable
FAIL: libgomp.fortran/appendix-a/a.22.7.f90 -O0 (test for excess errors)
WARNING: libgomp.fortran/appendix-a/a.22.7.f90 -O0 compilation failed to produce executable
FAIL: libgomp.fortran/appendix-a/a.22.7.f90 -O1 (test for excess errors)
WARNING: libgomp.fortran/appendix-a/a.22.7.f90 -O1 compilation failed to produce executable
FAIL: libgomp.fortran/appendix-a/a.22.7.f90 -O2 (test for excess errors)
WARNING: libgomp.fortran/appendix-a/a.22.7.f90 -O2 compilation failed to produce executable
FAIL: libgomp.fortran/appendix-a/a.22.7.f90 -O3 -fomit-frame-pointer (test for excess errors)
WARNING: libgomp.fortran/appendix-a/a.22.7.f90 -O3 -fomit-frame-pointer compilation failed to produce executable
FAIL: libgomp.fortran/appendix-a/a.22.7.f90 -O3 -fomit-frame-pointer -funroll-loops (test for excess errors)
WARNING: libgomp.fortran/appendix-a/a.22.7.f90 -O3 -fomit-frame-pointer -funroll-loops compilation failed to produce executable
FAIL: libgomp.fortran/appendix-a/a.22.7.f90 -O3 -fomit-frame-pointer -funroll-all-loops -finline-functions (test for excess errors)
WARNING: libgomp.fortran/appendix-a/a.22.7.f90 -O3 -fomit-frame-pointer -funroll-all-loops -finline-functions compilation failed to produce executable
FAIL: libgomp.fortran/appendix-a/a.22.7.f90 -O3 -g (test for excess errors)
WARNING: libgomp.fortran/appendix-a/a.22.7.f90 -O3 -g compilation failed to produce executable
FAIL: libgomp.fortran/appendix-a/a.22.7.f90 -Os (test for excess errors)
WARNING: libgomp.fortran/appendix-a/a.22.7.f90 -Os compilation failed to produce executable
FAIL: libgomp.fortran/appendix-a/a.22.8.f90 -O0 (test for excess errors)
WARNING: libgomp.fortran/appendix-a/a.22.8.f90 -O0 compilation failed to produce executable
FAIL: libgomp.fortran/appendix-a/a.22.8.f90 -O1 (test for excess errors)
WARNING: libgomp.fortran/appendix-a/a.22.8.f90 -O1 compilation failed to produce executable
FAIL: libgomp.fortran/appendix-a/a.22.8.f90 -O2 (test for excess errors)
WARNING: libgomp.fortran/appendix-a/a.22.8.f90 -O2 compilation failed to produce executable
FAIL: libgomp.fortran/appendix-a/a.22.8.f90 -O3 -fomit-frame-pointer (test for excess errors)
WARNING: libgomp.fortran/appendix-a/a.22.8.f90 -O3 -fomit-frame-pointer compilation failed to produce executable
FAIL: libgomp.fortran/appendix-a/a.22.8.f90 -O3 -fomit-frame-pointer -funroll-loops (test for excess errors)
WARNING: libgomp.fortran/appendix-a/a.22.8.f90 -O3 -fomit-frame-pointer -funroll-loops compilation failed to produce executable
FAIL: libgomp.fortran/appendix-a/a.22.8.f90 -O3 -fomit-frame-pointer -funroll-all-loops -finline-functions (test for excess errors)
WARNING: libgomp.fortran/appendix-a/a.22.8.f90 -O3 -fomit-frame-pointer -funroll-all-loops -finline-functions compilation failed to produce executable
FAIL: libgomp.fortran/appendix-a/a.22.8.f90 -O3 -g (test for excess errors)
WARNING: libgomp.fortran/appendix-a/a.22.8.f90 -O3 -g compilation failed to produce executable
FAIL: libgomp.fortran/appendix-a/a.22.8.f90 -Os (test for excess errors)
WARNING: libgomp.fortran/appendix-a/a.22.8.f90 -Os compilation failed to produce executable
FAIL: libgomp.fortran/appendix-a/a.26.1.f90 -O0 (test for excess errors)
WARNING: libgomp.fortran/appendix-a/a.26.1.f90 -O0 compilation failed to produce executable
FAIL: libgomp.fortran/appendix-a/a.26.1.f90 -O1 (test for excess errors)
WARNING: libgomp.fortran/appendix-a/a.26.1.f90 -O1 compilation failed to produce executable
FAIL: libgomp.fortran/appendix-a/a.26.1.f90 -O2 (test for excess errors)
WARNING: libgomp.fortran/appendix-a/a.26.1.f90 -O2 compilation failed to produce executable
FAIL: libgomp.fortran/appendix-a/a.26.1.f90 -O3 -fomit-frame-pointer (test for excess errors)
WARNING: libgomp.fortran/appendix-a/a.26.1.f90 -O3 -fomit-frame-pointer compilation failed to produce executable
FAIL: libgomp.fortran/appendix-a/a.26.1.f90 -O3 -fomit-frame-pointer -funroll-loops (test for excess errors)
WARNING: libgomp.fortran/appendix-a/a.26.1.f90 -O3 -fomit-frame-pointer -funroll-loops compilation failed to produce executable
FAIL: libgomp.fortran/appendix-a/a.26.1.f90 -O3 -fomit-frame-pointer -funroll-all-loops -finline-functions (test for excess errors)
WARNING: libgomp.fortran/appendix-a/a.26.1.f90 -O3 -fomit-frame-pointer -funroll-all-loops -finline-functions compilation failed to produce executable
FAIL: libgomp.fortran/appendix-a/a.26.1.f90 -O3 -g (test for excess errors)
WARNING: libgomp.fortran/appendix-a/a.26.1.f90 -O3 -g compilation failed to produce executable
FAIL: libgomp.fortran/appendix-a/a.26.1.f90 -Os (test for excess errors)
WARNING: libgomp.fortran/appendix-a/a.26.1.f90 -Os compilation failed to produce executable
FAIL: libgomp.fortran/appendix-a/a.28.1.f90 -O0 (test for excess errors)
WARNING: libgomp.fortran/appendix-a/a.28.1.f90 -O0 compilation failed to produce executable
FAIL: libgomp.fortran/appendix-a/a.28.1.f90 -O1 (test for excess errors)
WARNING: libgomp.fortran/appendix-a/a.28.1.f90 -O1 compilation failed to produce executable
FAIL: libgomp.fortran/appendix-a/a.28.1.f90 -O2 (test for excess errors)
WARNING: libgomp.fortran/appendix-a/a.28.1.f90 -O2 compilation failed to produce executable
FAIL: libgomp.fortran/appendix-a/a.28.1.f90 -O3 -fomit-frame-pointer (test for excess errors)
WARNING: libgomp.fortran/appendix-a/a.28.1.f90 -O3 -fomit-frame-pointer compilation failed to produce executable
FAIL: libgomp.fortran/appendix-a/a.28.1.f90 -O3 -fomit-frame-pointer -funroll-loops (test for excess errors)
WARNING: libgomp.fortran/appendix-a/a.28.1.f90 -O3 -fomit-frame-pointer -funroll-loops compilation failed to produce executable
FAIL: libgomp.fortran/appendix-a/a.28.1.f90 -O3 -fomit-frame-pointer -funroll-all-loops -finline-functions (test for excess errors)
WARNING: libgomp.fortran/appendix-a/a.28.1.f90 -O3 -fomit-frame-pointer -funroll-all-loops -finline-functions compilation failed to produce executable
FAIL: libgomp.fortran/appendix-a/a.28.1.f90 -O3 -g (test for excess errors)
WARNING: libgomp.fortran/appendix-a/a.28.1.f90 -O3 -g compilation failed to produce executable
FAIL: libgomp.fortran/appendix-a/a.28.1.f90 -Os (test for excess errors)
WARNING: libgomp.fortran/appendix-a/a.28.1.f90 -Os compilation failed to produce executable
FAIL: libgomp.fortran/appendix-a/a.28.2.f90 -O0 (test for excess errors)
WARNING: libgomp.fortran/appendix-a/a.28.2.f90 -O0 compilation failed to produce executable
FAIL: libgomp.fortran/appendix-a/a.28.2.f90 -O1 (test for excess errors)
WARNING: libgomp.fortran/appendix-a/a.28.2.f90 -O1 compilation failed to produce executable
FAIL: libgomp.fortran/appendix-a/a.28.2.f90 -O2 (test for excess errors)
WARNING: libgomp.fortran/appendix-a/a.28.2.f90 -O2 compilation failed to produce executable
FAIL: libgomp.fortran/appendix-a/a.28.2.f90 -O3 -fomit-frame-pointer (test for excess errors)
WARNING: libgomp.fortran/appendix-a/a.28.2.f90 -O3 -fomit-frame-pointer compilation failed to produce executable
FAIL: libgomp.fortran/appendix-a/a.28.2.f90 -O3 -fomit-frame-pointer -funroll-loops (test for excess errors)
WARNING: libgomp.fortran/appendix-a/a.28.2.f90 -O3 -fomit-frame-pointer -funroll-loops compilation failed to produce executable
FAIL: libgomp.fortran/appendix-a/a.28.2.f90 -O3 -fomit-frame-pointer -funroll-all-loops -finline-functions (test for excess errors)
WARNING: libgomp.fortran/appendix-a/a.28.2.f90 -O3 -fomit-frame-pointer -funroll-all-loops -finline-functions compilation failed to produce executable
FAIL: libgomp.fortran/appendix-a/a.28.2.f90 -O3 -g (test for excess errors)
WARNING: libgomp.fortran/appendix-a/a.28.2.f90 -O3 -g compilation failed to produce executable
FAIL: libgomp.fortran/appendix-a/a.28.2.f90 -Os (test for excess errors)
WARNING: libgomp.fortran/appendix-a/a.28.2.f90 -Os compilation failed to produce executable
FAIL: libgomp.fortran/appendix-a/a.28.3.f90 -O0 (test for excess errors)
WARNING: libgomp.fortran/appendix-a/a.28.3.f90 -O0 compilation failed to produce executable
FAIL: libgomp.fortran/appendix-a/a.28.3.f90 -O1 (test for excess errors)
WARNING: libgomp.fortran/appendix-a/a.28.3.f90 -O1 compilation failed to produce executable
FAIL: libgomp.fortran/appendix-a/a.28.3.f90 -O2 (test for excess errors)
WARNING: libgomp.fortran/appendix-a/a.28.3.f90 -O2 compilation failed to produce executable
FAIL: libgomp.fortran/appendix-a/a.28.3.f90 -O3 -fomit-frame-pointer (test for excess errors)
WARNING: libgomp.fortran/appendix-a/a.28.3.f90 -O3 -fomit-frame-pointer compilation failed to produce executable
FAIL: libgomp.fortran/appendix-a/a.28.3.f90 -O3 -fomit-frame-pointer -funroll-loops (test for excess errors)
WARNING: libgomp.fortran/appendix-a/a.28.3.f90 -O3 -fomit-frame-pointer -funroll-loops compilation failed to produce executable
FAIL: libgomp.fortran/appendix-a/a.28.3.f90 -O3 -fomit-frame-pointer -funroll-all-loops -finline-functions (test for excess errors)
WARNING: libgomp.fortran/appendix-a/a.28.3.f90 -O3 -fomit-frame-pointer -funroll-all-loops -finline-functions compilation failed to produce executable
FAIL: libgomp.fortran/appendix-a/a.28.3.f90 -O3 -g (test for excess errors)
WARNING: libgomp.fortran/appendix-a/a.28.3.f90 -O3 -g compilation failed to produce executable
FAIL: libgomp.fortran/appendix-a/a.28.3.f90 -Os (test for excess errors)
WARNING: libgomp.fortran/appendix-a/a.28.3.f90 -Os compilation failed to produce executable
FAIL: libgomp.fortran/appendix-a/a.28.4.f90 -O0 (test for excess errors)
WARNING: libgomp.fortran/appendix-a/a.28.4.f90 -O0 compilation failed to produce executable
FAIL: libgomp.fortran/appendix-a/a.28.4.f90 -O1 (test for excess errors)
WARNING: libgomp.fortran/appendix-a/a.28.4.f90 -O1 compilation failed to produce executable
FAIL: libgomp.fortran/appendix-a/a.28.4.f90 -O2 (test for excess errors)
WARNING: libgomp.fortran/appendix-a/a.28.4.f90 -O2 compilation failed to produce executable
FAIL: libgomp.fortran/appendix-a/a.28.4.f90 -O3 -fomit-frame-pointer (test for excess errors)
WARNING: libgomp.fortran/appendix-a/a.28.4.f90 -O3 -fomit-frame-pointer compilation failed to produce executable
FAIL: libgomp.fortran/appendix-a/a.28.4.f90 -O3 -fomit-frame-pointer -funroll-loops (test for excess errors)
WARNING: libgomp.fortran/appendix-a/a.28.4.f90 -O3 -fomit-frame-pointer -funroll-loops compilation failed to produce executable
FAIL: libgomp.fortran/appendix-a/a.28.4.f90 -O3 -fomit-frame-pointer -funroll-all-loops -finline-functions (test for excess errors)
WARNING: libgomp.fortran/appendix-a/a.28.4.f90 -O3 -fomit-frame-pointer -funroll-all-loops -finline-functions compilation failed to produce executable
FAIL: libgomp.fortran/appendix-a/a.28.4.f90 -O3 -g (test for excess errors)
WARNING: libgomp.fortran/appendix-a/a.28.4.f90 -O3 -g compilation failed to produce executable
FAIL: libgomp.fortran/appendix-a/a.28.4.f90 -Os (test for excess errors)
WARNING: libgomp.fortran/appendix-a/a.28.4.f90 -Os compilation failed to produce executable
FAIL: libgomp.fortran/appendix-a/a.3.1.f90 -O0 (test for excess errors)
WARNING: libgomp.fortran/appendix-a/a.3.1.f90 -O0 compilation failed to produce executable
FAIL: libgomp.fortran/appendix-a/a.3.1.f90 -O1 (test for excess errors)
WARNING: libgomp.fortran/appendix-a/a.3.1.f90 -O1 compilation failed to produce executable
FAIL: libgomp.fortran/appendix-a/a.3.1.f90 -O2 (test for excess errors)
WARNING: libgomp.fortran/appendix-a/a.3.1.f90 -O2 compilation failed to produce executable
FAIL: libgomp.fortran/appendix-a/a.3.1.f90 -O3 -fomit-frame-pointer (test for excess errors)
WARNING: libgomp.fortran/appendix-a/a.3.1.f90 -O3 -fomit-frame-pointer compilation failed to produce executable
FAIL: libgomp.fortran/appendix-a/a.3.1.f90 -O3 -fomit-frame-pointer -funroll-loops (test for excess errors)
WARNING: libgomp.fortran/appendix-a/a.3.1.f90 -O3 -fomit-frame-pointer -funroll-loops compilation failed to produce executable
FAIL: libgomp.fortran/appendix-a/a.3.1.f90 -O3 -fomit-frame-pointer -funroll-all-loops -finline-functions (test for excess errors)
WARNING: libgomp.fortran/appendix-a/a.3.1.f90 -O3 -fomit-frame-pointer -funroll-all-loops -finline-functions compilation failed to produce executable
FAIL: libgomp.fortran/appendix-a/a.3.1.f90 -O3 -g (test for excess errors)
WARNING: libgomp.fortran/appendix-a/a.3.1.f90 -O3 -g compilation failed to produce executable
FAIL: libgomp.fortran/appendix-a/a.3.1.f90 -Os (test for excess errors)
WARNING: libgomp.fortran/appendix-a/a.3.1.f90 -Os compilation failed to produce executable
FAIL: libgomp.fortran/appendix-a/a.31.4.f90 -O0 (test for excess errors)
WARNING: libgomp.fortran/appendix-a/a.31.4.f90 -O0 compilation failed to produce executable
FAIL: libgomp.fortran/appendix-a/a.31.4.f90 -O1 (test for excess errors)
WARNING: libgomp.fortran/appendix-a/a.31.4.f90 -O1 compilation failed to produce executable
FAIL: libgomp.fortran/appendix-a/a.31.4.f90 -O2 (test for excess errors)
WARNING: libgomp.fortran/appendix-a/a.31.4.f90 -O2 compilation failed to produce executable
FAIL: libgomp.fortran/appendix-a/a.31.4.f90 -O3 -fomit-frame-pointer (test for excess errors)
WARNING: libgomp.fortran/appendix-a/a.31.4.f90 -O3 -fomit-frame-pointer compilation failed to produce executable
FAIL: libgomp.fortran/appendix-a/a.31.4.f90 -O3 -fomit-frame-pointer -funroll-loops (test for excess errors)
WARNING: libgomp.fortran/appendix-a/a.31.4.f90 -O3 -fomit-frame-pointer -funroll-loops compilation failed to produce executable
FAIL: libgomp.fortran/appendix-a/a.31.4.f90 -O3 -fomit-frame-pointer -funroll-all-loops -finline-functions (test for excess errors)
WARNING: libgomp.fortran/appendix-a/a.31.4.f90 -O3 -fomit-frame-pointer -funroll-all-loops -finline-functions compilation failed to produce executable
FAIL: libgomp.fortran/appendix-a/a.31.4.f90 -O3 -g (test for excess errors)
WARNING: libgomp.fortran/appendix-a/a.31.4.f90 -O3 -g compilation failed to produce executable
FAIL: libgomp.fortran/appendix-a/a.31.4.f90 -Os (test for excess errors)
WARNING: libgomp.fortran/appendix-a/a.31.4.f90 -Os compilation failed to produce executable
FAIL: libgomp.fortran/appendix-a/a.31.5.f90 -O0 (test for excess errors)
WARNING: libgomp.fortran/appendix-a/a.31.5.f90 -O0 compilation failed to produce executable
FAIL: libgomp.fortran/appendix-a/a.31.5.f90 -O1 (test for excess errors)
WARNING: libgomp.fortran/appendix-a/a.31.5.f90 -O1 compilation failed to produce executable
FAIL: libgomp.fortran/appendix-a/a.31.5.f90 -O2 (test for excess errors)
WARNING: libgomp.fortran/appendix-a/a.31.5.f90 -O2 compilation failed to produce executable
FAIL: libgomp.fortran/appendix-a/a.31.5.f90 -O3 -fomit-frame-pointer (test for excess errors)
WARNING: libgomp.fortran/appendix-a/a.31.5.f90 -O3 -fomit-frame-pointer compilation failed to produce executable
FAIL: libgomp.fortran/appendix-a/a.31.5.f90 -O3 -fomit-frame-pointer -funroll-loops (test for excess errors)
WARNING: libgomp.fortran/appendix-a/a.31.5.f90 -O3 -fomit-frame-pointer -funroll-loops compilation failed to produce executable
FAIL: libgomp.fortran/appendix-a/a.31.5.f90 -O3 -fomit-frame-pointer -funroll-all-loops -finline-functions (test for excess errors)
WARNING: libgomp.fortran/appendix-a/a.31.5.f90 -O3 -fomit-frame-pointer -funroll-all-loops -finline-functions compilation failed to produce executable
FAIL: libgomp.fortran/appendix-a/a.31.5.f90 -O3 -g (test for excess errors)
WARNING: libgomp.fortran/appendix-a/a.31.5.f90 -O3 -g compilation failed to produce executable
FAIL: libgomp.fortran/appendix-a/a.31.5.f90 -Os (test for excess errors)
WARNING: libgomp.fortran/appendix-a/a.31.5.f90 -Os compilation failed to produce executable
FAIL: libgomp.fortran/appendix-a/a.39.1.f90 -O0 (test for excess errors)
WARNING: libgomp.fortran/appendix-a/a.39.1.f90 -O0 compilation failed to produce executable
FAIL: libgomp.fortran/appendix-a/a.39.1.f90 -O1 (test for excess errors)
WARNING: libgomp.fortran/appendix-a/a.39.1.f90 -O1 compilation failed to produce executable
FAIL: libgomp.fortran/appendix-a/a.39.1.f90 -O2 (test for excess errors)
WARNING: libgomp.fortran/appendix-a/a.39.1.f90 -O2 compilation failed to produce executable
FAIL: libgomp.fortran/appendix-a/a.39.1.f90 -O3 -fomit-frame-pointer (test for excess errors)
WARNING: libgomp.fortran/appendix-a/a.39.1.f90 -O3 -fomit-frame-pointer compilation failed to produce executable
FAIL: libgomp.fortran/appendix-a/a.39.1.f90 -O3 -fomit-frame-pointer -funroll-loops (test for excess errors)
WARNING: libgomp.fortran/appendix-a/a.39.1.f90 -O3 -fomit-frame-pointer -funroll-loops compilation failed to produce executable
FAIL: libgomp.fortran/appendix-a/a.39.1.f90 -O3 -fomit-frame-pointer -funroll-all-loops -finline-functions (test for excess errors)
WARNING: libgomp.fortran/appendix-a/a.39.1.f90 -O3 -fomit-frame-pointer -funroll-all-loops -finline-functions compilation failed to produce executable
FAIL: libgomp.fortran/appendix-a/a.39.1.f90 -O3 -g (test for excess errors)
WARNING: libgomp.fortran/appendix-a/a.39.1.f90 -O3 -g compilation failed to produce executable
FAIL: libgomp.fortran/appendix-a/a.39.1.f90 -Os (test for excess errors)
WARNING: libgomp.fortran/appendix-a/a.39.1.f90 -Os compilation failed to produce executable
FAIL: libgomp.fortran/appendix-a/a.4.1.f90 -O0 (test for excess errors)
WARNING: libgomp.fortran/appendix-a/a.4.1.f90 -O0 compilation failed to produce executable
FAIL: libgomp.fortran/appendix-a/a.4.1.f90 -O1 (test for excess errors)
WARNING: libgomp.fortran/appendix-a/a.4.1.f90 -O1 compilation failed to produce executable
FAIL: libgomp.fortran/appendix-a/a.4.1.f90 -O2 (test for excess errors)
WARNING: libgomp.fortran/appendix-a/a.4.1.f90 -O2 compilation failed to produce executable
FAIL: libgomp.fortran/appendix-a/a.4.1.f90 -O3 -fomit-frame-pointer (test for excess errors)
WARNING: libgomp.fortran/appendix-a/a.4.1.f90 -O3 -fomit-frame-pointer compilation failed to produce executable
FAIL: libgomp.fortran/appendix-a/a.4.1.f90 -O3 -fomit-frame-pointer -funroll-loops (test for excess errors)
WARNING: libgomp.fortran/appendix-a/a.4.1.f90 -O3 -fomit-frame-pointer -funroll-loops compilation failed to produce executable
FAIL: libgomp.fortran/appendix-a/a.4.1.f90 -O3 -fomit-frame-pointer -funroll-all-loops -finline-functions (test for excess errors)
WARNING: libgomp.fortran/appendix-a/a.4.1.f90 -O3 -fomit-frame-pointer -funroll-all-loops -finline-functions compilation failed to produce executable
FAIL: libgomp.fortran/appendix-a/a.4.1.f90 -O3 -g (test for excess errors)
WARNING: libgomp.fortran/appendix-a/a.4.1.f90 -O3 -g compilation failed to produce executable
FAIL: libgomp.fortran/appendix-a/a.4.1.f90 -Os (test for excess errors)
WARNING: libgomp.fortran/appendix-a/a.4.1.f90 -Os compilation failed to produce executable
FAIL: libgomp.fortran/appendix-a/a.5.1.f90 -O0 (test for excess errors)
WARNING: libgomp.fortran/appendix-a/a.5.1.f90 -O0 compilation failed to produce executable
FAIL: libgomp.fortran/appendix-a/a.5.1.f90 -O1 (test for excess errors)
WARNING: libgomp.fortran/appendix-a/a.5.1.f90 -O1 compilation failed to produce executable
FAIL: libgomp.fortran/appendix-a/a.5.1.f90 -O2 (test for excess errors)
WARNING: libgomp.fortran/appendix-a/a.5.1.f90 -O2 compilation failed to produce executable
FAIL: libgomp.fortran/appendix-a/a.5.1.f90 -O3 -fomit-frame-pointer (test for excess errors)
WARNING: libgomp.fortran/appendix-a/a.5.1.f90 -O3 -fomit-frame-pointer compilation failed to produce executable
FAIL: libgomp.fortran/appendix-a/a.5.1.f90 -O3 -fomit-frame-pointer -funroll-loops (test for excess errors)
WARNING: libgomp.fortran/appendix-a/a.5.1.f90 -O3 -fomit-frame-pointer -funroll-loops compilation failed to produce executable
FAIL: libgomp.fortran/appendix-a/a.5.1.f90 -O3 -fomit-frame-pointer -funroll-all-loops -finline-functions (test for excess errors)
WARNING: libgomp.fortran/appendix-a/a.5.1.f90 -O3 -fomit-frame-pointer -funroll-all-loops -finline-functions compilation failed to produce executable
FAIL: libgomp.fortran/appendix-a/a.5.1.f90 -O3 -g (test for excess errors)
WARNING: libgomp.fortran/appendix-a/a.5.1.f90 -O3 -g compilation failed to produce executable
FAIL: libgomp.fortran/appendix-a/a.5.1.f90 -Os (test for excess errors)
WARNING: libgomp.fortran/appendix-a/a.5.1.f90 -Os compilation failed to produce executable
FAIL: libgomp.fortran/appendix-a/a10.1.f90 -O0 (test for excess errors)
WARNING: libgomp.fortran/appendix-a/a10.1.f90 -O0 compilation failed to produce executable
FAIL: libgomp.fortran/appendix-a/a10.1.f90 -O1 (test for excess errors)
WARNING: libgomp.fortran/appendix-a/a10.1.f90 -O1 compilation failed to produce executable
FAIL: libgomp.fortran/appendix-a/a10.1.f90 -O2 (test for excess errors)
WARNING: libgomp.fortran/appendix-a/a10.1.f90 -O2 compilation failed to produce executable
FAIL: libgomp.fortran/appendix-a/a10.1.f90 -O3 -fomit-frame-pointer (test for excess errors)
WARNING: libgomp.fortran/appendix-a/a10.1.f90 -O3 -fomit-frame-pointer compilation failed to produce executable
FAIL: libgomp.fortran/appendix-a/a10.1.f90 -O3 -fomit-frame-pointer -funroll-loops (test for excess errors)
WARNING: libgomp.fortran/appendix-a/a10.1.f90 -O3 -fomit-frame-pointer -funroll-loops compilation failed to produce executable
FAIL: libgomp.fortran/appendix-a/a10.1.f90 -O3 -fomit-frame-pointer -funroll-all-loops -finline-functions (test for excess errors)
WARNING: libgomp.fortran/appendix-a/a10.1.f90 -O3 -fomit-frame-pointer -funroll-all-loops -finline-functions compilation failed to produce executable
FAIL: libgomp.fortran/appendix-a/a10.1.f90 -O3 -g (test for excess errors)
WARNING: libgomp.fortran/appendix-a/a10.1.f90 -O3 -g compilation failed to produce executable
FAIL: libgomp.fortran/appendix-a/a10.1.f90 -Os (test for excess errors)
WARNING: libgomp.fortran/appendix-a/a10.1.f90 -Os compilation failed to produce executable
FAIL: libgomp.fortran/character1.f90 -O0 (test for excess errors)
WARNING: libgomp.fortran/character1.f90 -O0 compilation failed to produce executable
FAIL: libgomp.fortran/character1.f90 -O1 (test for excess errors)
WARNING: libgomp.fortran/character1.f90 -O1 compilation failed to produce executable
FAIL: libgomp.fortran/character1.f90 -O2 (test for excess errors)
WARNING: libgomp.fortran/character1.f90 -O2 compilation failed to produce executable
FAIL: libgomp.fortran/character1.f90 -O3 -fomit-frame-pointer (test for excess errors)
WARNING: libgomp.fortran/character1.f90 -O3 -fomit-frame-pointer compilation failed to produce executable
FAIL: libgomp.fortran/character1.f90 -O3 -fomit-frame-pointer -funroll-loops (test for excess errors)
WARNING: libgomp.fortran/character1.f90 -O3 -fomit-frame-pointer -funroll-loops compilation failed to produce executable
FAIL: libgomp.fortran/character1.f90 -O3 -fomit-frame-pointer -funroll-all-loops -finline-functions (test for excess errors)
WARNING: libgomp.fortran/character1.f90 -O3 -fomit-frame-pointer -funroll-all-loops -finline-functions compilation failed to produce executable
FAIL: libgomp.fortran/character1.f90 -O3 -g (test for excess errors)
WARNING: libgomp.fortran/character1.f90 -O3 -g compilation failed to produce executable
FAIL: libgomp.fortran/character1.f90 -Os (test for excess errors)
WARNING: libgomp.fortran/character1.f90 -Os compilation failed to produce executable
FAIL: libgomp.fortran/character2.f90 -O0 (test for excess errors)
WARNING: libgomp.fortran/character2.f90 -O0 compilation failed to produce executable
FAIL: libgomp.fortran/character2.f90 -O1 (test for excess errors)
WARNING: libgomp.fortran/character2.f90 -O1 compilation failed to produce executable
FAIL: libgomp.fortran/character2.f90 -O2 (test for excess errors)
WARNING: libgomp.fortran/character2.f90 -O2 compilation failed to produce executable
FAIL: libgomp.fortran/character2.f90 -O3 -fomit-frame-pointer (test for excess errors)
WARNING: libgomp.fortran/character2.f90 -O3 -fomit-frame-pointer compilation failed to produce executable
FAIL: libgomp.fortran/character2.f90 -O3 -fomit-frame-pointer -funroll-loops (test for excess errors)
WARNING: libgomp.fortran/character2.f90 -O3 -fomit-frame-pointer -funroll-loops compilation failed to produce executable
FAIL: libgomp.fortran/character2.f90 -O3 -fomit-frame-pointer -funroll-all-loops -finline-functions (test for excess errors)
WARNING: libgomp.fortran/character2.f90 -O3 -fomit-frame-pointer -funroll-all-loops -finline-functions compilation failed to produce executable
FAIL: libgomp.fortran/character2.f90 -O3 -g (test for excess errors)
WARNING: libgomp.fortran/character2.f90 -O3 -g compilation failed to produce executable
FAIL: libgomp.fortran/character2.f90 -Os (test for excess errors)
WARNING: libgomp.fortran/character2.f90 -Os compilation failed to produce executable
FAIL: libgomp.fortran/crayptr1.f90 -O0 (test for excess errors)
WARNING: libgomp.fortran/crayptr1.f90 -O0 compilation failed to produce executable
FAIL: libgomp.fortran/crayptr1.f90 -O1 (test for excess errors)
WARNING: libgomp.fortran/crayptr1.f90 -O1 compilation failed to produce executable
FAIL: libgomp.fortran/crayptr1.f90 -O2 (test for excess errors)
WARNING: libgomp.fortran/crayptr1.f90 -O2 compilation failed to produce executable
FAIL: libgomp.fortran/crayptr1.f90 -O3 -fomit-frame-pointer (test for excess errors)
WARNING: libgomp.fortran/crayptr1.f90 -O3 -fomit-frame-pointer compilation failed to produce executable
FAIL: libgomp.fortran/crayptr1.f90 -O3 -fomit-frame-pointer -funroll-loops (test for excess errors)
WARNING: libgomp.fortran/crayptr1.f90 -O3 -fomit-frame-pointer -funroll-loops compilation failed to produce executable
FAIL: libgomp.fortran/crayptr1.f90 -O3 -fomit-frame-pointer -funroll-all-loops -finline-functions (test for excess errors)
WARNING: libgomp.fortran/crayptr1.f90 -O3 -fomit-frame-pointer -funroll-all-loops -finline-functions compilation failed to produce executable
FAIL: libgomp.fortran/crayptr1.f90 -O3 -g (test for excess errors)
WARNING: libgomp.fortran/crayptr1.f90 -O3 -g compilation failed to produce executable
FAIL: libgomp.fortran/crayptr1.f90 -Os (test for excess errors)
WARNING: libgomp.fortran/crayptr1.f90 -Os compilation failed to produce executable
FAIL: libgomp.fortran/do1.f90 -O0 (test for excess errors)
WARNING: libgomp.fortran/do1.f90 -O0 compilation failed to produce executable
FAIL: libgomp.fortran/do1.f90 -O1 (test for excess errors)
WARNING: libgomp.fortran/do1.f90 -O1 compilation failed to produce executable
FAIL: libgomp.fortran/do1.f90 -O2 (test for excess errors)
WARNING: libgomp.fortran/do1.f90 -O2 compilation failed to produce executable
FAIL: libgomp.fortran/do1.f90 -O3 -fomit-frame-pointer (test for excess errors)
WARNING: libgomp.fortran/do1.f90 -O3 -fomit-frame-pointer compilation failed to produce executable
FAIL: libgomp.fortran/do1.f90 -O3 -fomit-frame-pointer -funroll-loops (test for excess errors)
WARNING: libgomp.fortran/do1.f90 -O3 -fomit-frame-pointer -funroll-loops compilation failed to produce executable
FAIL: libgomp.fortran/do1.f90 -O3 -fomit-frame-pointer -funroll-all-loops -finline-functions (test for excess errors)
WARNING: libgomp.fortran/do1.f90 -O3 -fomit-frame-pointer -funroll-all-loops -finline-functions compilation failed to produce executable
FAIL: libgomp.fortran/do1.f90 -O3 -g (test for excess errors)
WARNING: libgomp.fortran/do1.f90 -O3 -g compilation failed to produce executable
FAIL: libgomp.fortran/do1.f90 -Os (test for excess errors)
WARNING: libgomp.fortran/do1.f90 -Os compilation failed to produce executable
FAIL: libgomp.fortran/do2.f90 -O0 (test for excess errors)
WARNING: libgomp.fortran/do2.f90 -O0 compilation failed to produce executable
FAIL: libgomp.fortran/do2.f90 -O1 (test for excess errors)
WARNING: libgomp.fortran/do2.f90 -O1 compilation failed to produce executable
FAIL: libgomp.fortran/do2.f90 -O2 (test for excess errors)
WARNING: libgomp.fortran/do2.f90 -O2 compilation failed to produce executable
FAIL: libgomp.fortran/do2.f90 -O3 -fomit-frame-pointer (test for excess errors)
WARNING: libgomp.fortran/do2.f90 -O3 -fomit-frame-pointer compilation failed to produce executable
FAIL: libgomp.fortran/do2.f90 -O3 -fomit-frame-pointer -funroll-loops (test for excess errors)
WARNING: libgomp.fortran/do2.f90 -O3 -fomit-frame-pointer -funroll-loops compilation failed to produce executable
FAIL: libgomp.fortran/do2.f90 -O3 -fomit-frame-pointer -funroll-all-loops -finline-functions (test for excess errors)
WARNING: libgomp.fortran/do2.f90 -O3 -fomit-frame-pointer -funroll-all-loops -finline-functions compilation failed to produce executable
FAIL: libgomp.fortran/do2.f90 -O3 -g (test for excess errors)
WARNING: libgomp.fortran/do2.f90 -O3 -g compilation failed to produce executable
FAIL: libgomp.fortran/do2.f90 -Os (test for excess errors)
WARNING: libgomp.fortran/do2.f90 -Os compilation failed to produce executable
FAIL: libgomp.fortran/jacobi.f -O0 (test for excess errors)
WARNING: libgomp.fortran/jacobi.f -O0 compilation failed to produce executable
FAIL: libgomp.fortran/jacobi.f -O1 (test for excess errors)
WARNING: libgomp.fortran/jacobi.f -O1 compilation failed to produce executable
FAIL: libgomp.fortran/jacobi.f -O2 (test for excess errors)
WARNING: libgomp.fortran/jacobi.f -O2 compilation failed to produce executable
FAIL: libgomp.fortran/jacobi.f -O3 -fomit-frame-pointer (test for excess errors)
WARNING: libgomp.fortran/jacobi.f -O3 -fomit-frame-pointer compilation failed to produce executable
FAIL: libgomp.fortran/jacobi.f -O3 -fomit-frame-pointer -funroll-loops (test for excess errors)
WARNING: libgomp.fortran/jacobi.f -O3 -fomit-frame-pointer -funroll-loops compilation failed to produce executable
FAIL: libgomp.fortran/jacobi.f -O3 -fomit-frame-pointer -funroll-all-loops -finline-functions (test for excess errors)
WARNING: libgomp.fortran/jacobi.f -O3 -fomit-frame-pointer -funroll-all-loops -finline-functions compilation failed to produce executable
FAIL: libgomp.fortran/jacobi.f -O3 -g (test for excess errors)
WARNING: libgomp.fortran/jacobi.f -O3 -g compilation failed to produce executable
FAIL: libgomp.fortran/jacobi.f -Os (test for excess errors)
WARNING: libgomp.fortran/jacobi.f -Os compilation failed to produce executable
FAIL: libgomp.fortran/lib1.f90 -O0 (test for excess errors)
WARNING: libgomp.fortran/lib1.f90 -O0 compilation failed to produce executable
FAIL: libgomp.fortran/lib1.f90 -O1 (test for excess errors)
WARNING: libgomp.fortran/lib1.f90 -O1 compilation failed to produce executable
FAIL: libgomp.fortran/lib1.f90 -O2 (test for excess errors)
WARNING: libgomp.fortran/lib1.f90 -O2 compilation failed to produce executable
FAIL: libgomp.fortran/lib1.f90 -O3 -fomit-frame-pointer (test for excess errors)
WARNING: libgomp.fortran/lib1.f90 -O3 -fomit-frame-pointer compilation failed to produce executable
FAIL: libgomp.fortran/lib1.f90 -O3 -fomit-frame-pointer -funroll-loops (test for excess errors)
WARNING: libgomp.fortran/lib1.f90 -O3 -fomit-frame-pointer -funroll-loops compilation failed to produce executable
FAIL: libgomp.fortran/lib1.f90 -O3 -fomit-frame-pointer -funroll-all-loops -finline-functions (test for excess errors)
WARNING: libgomp.fortran/lib1.f90 -O3 -fomit-frame-pointer -funroll-all-loops -finline-functions compilation failed to produce executable
FAIL: libgomp.fortran/lib1.f90 -O3 -g (test for excess errors)
WARNING: libgomp.fortran/lib1.f90 -O3 -g compilation failed to produce executable
FAIL: libgomp.fortran/lib1.f90 -Os (test for excess errors)
WARNING: libgomp.fortran/lib1.f90 -Os compilation failed to produce executable
FAIL: libgomp.fortran/lib2.f -O0 (test for excess errors)
WARNING: libgomp.fortran/lib2.f -O0 compilation failed to produce executable
FAIL: libgomp.fortran/lib2.f -O1 (test for excess errors)
WARNING: libgomp.fortran/lib2.f -O1 compilation failed to produce executable
FAIL: libgomp.fortran/lib2.f -O2 (test for excess errors)
WARNING: libgomp.fortran/lib2.f -O2 compilation failed to produce executable
FAIL: libgomp.fortran/lib2.f -O3 -fomit-frame-pointer (test for excess errors)
WARNING: libgomp.fortran/lib2.f -O3 -fomit-frame-pointer compilation failed to produce executable
FAIL: libgomp.fortran/lib2.f -O3 -fomit-frame-pointer -funroll-loops (test for excess errors)
WARNING: libgomp.fortran/lib2.f -O3 -fomit-frame-pointer -funroll-loops compilation failed to produce executable
FAIL: libgomp.fortran/lib2.f -O3 -fomit-frame-pointer -funroll-all-loops -finline-functions (test for excess errors)
WARNING: libgomp.fortran/lib2.f -O3 -fomit-frame-pointer -funroll-all-loops -finline-functions compilation failed to produce executable
FAIL: libgomp.fortran/lib2.f -O3 -g (test for excess errors)
WARNING: libgomp.fortran/lib2.f -O3 -g compilation failed to produce executable
FAIL: libgomp.fortran/lib2.f -Os (test for excess errors)
WARNING: libgomp.fortran/lib2.f -Os compilation failed to produce executable
FAIL: libgomp.fortran/lib3.f -O0 (test for excess errors)
WARNING: libgomp.fortran/lib3.f -O0 compilation failed to produce executable
FAIL: libgomp.fortran/lib3.f -O1 (test for excess errors)
WARNING: libgomp.fortran/lib3.f -O1 compilation failed to produce executable
FAIL: libgomp.fortran/lib3.f -O2 (test for excess errors)
WARNING: libgomp.fortran/lib3.f -O2 compilation failed to produce executable
FAIL: libgomp.fortran/lib3.f -O3 -fomit-frame-pointer (test for excess errors)
WARNING: libgomp.fortran/lib3.f -O3 -fomit-frame-pointer compilation failed to produce executable
FAIL: libgomp.fortran/lib3.f -O3 -fomit-frame-pointer -funroll-loops (test for excess errors)
WARNING: libgomp.fortran/lib3.f -O3 -fomit-frame-pointer -funroll-loops compilation failed to produce executable
FAIL: libgomp.fortran/lib3.f -O3 -fomit-frame-pointer -funroll-all-loops -finline-functions (test for excess errors)
WARNING: libgomp.fortran/lib3.f -O3 -fomit-frame-pointer -funroll-all-loops -finline-functions compilation failed to produce executable
FAIL: libgomp.fortran/lib3.f -O3 -g (test for excess errors)
WARNING: libgomp.fortran/lib3.f -O3 -g compilation failed to produce executable
FAIL: libgomp.fortran/lib3.f -Os (test for excess errors)
WARNING: libgomp.fortran/lib3.f -Os compilation failed to produce executable
FAIL: libgomp.fortran/nestedfn1.f90 -O0 (test for excess errors)
WARNING: libgomp.fortran/nestedfn1.f90 -O0 compilation failed to produce executable
FAIL: libgomp.fortran/nestedfn1.f90 -O1 (test for excess errors)
WARNING: libgomp.fortran/nestedfn1.f90 -O1 compilation failed to produce executable
FAIL: libgomp.fortran/nestedfn1.f90 -O2 (test for excess errors)
WARNING: libgomp.fortran/nestedfn1.f90 -O2 compilation failed to produce executable
FAIL: libgomp.fortran/nestedfn1.f90 -O3 -fomit-frame-pointer (test for excess errors)
WARNING: libgomp.fortran/nestedfn1.f90 -O3 -fomit-frame-pointer compilation failed to produce executable
FAIL: libgomp.fortran/nestedfn1.f90 -O3 -fomit-frame-pointer -funroll-loops (test for excess errors)
WARNING: libgomp.fortran/nestedfn1.f90 -O3 -fomit-frame-pointer -funroll-loops compilation failed to produce executable
FAIL: libgomp.fortran/nestedfn1.f90 -O3 -fomit-frame-pointer -funroll-all-loops -finline-functions (test for excess errors)
WARNING: libgomp.fortran/nestedfn1.f90 -O3 -fomit-frame-pointer -funroll-all-loops -finline-functions compilation failed to produce executable
FAIL: libgomp.fortran/nestedfn1.f90 -O3 -g (test for excess errors)
WARNING: libgomp.fortran/nestedfn1.f90 -O3 -g compilation failed to produce executable
FAIL: libgomp.fortran/nestedfn1.f90 -Os (test for excess errors)
WARNING: libgomp.fortran/nestedfn1.f90 -Os compilation failed to produce executable
FAIL: libgomp.fortran/nestedfn2.f90 -O0 (test for excess errors)
WARNING: libgomp.fortran/nestedfn2.f90 -O0 compilation failed to produce executable
FAIL: libgomp.fortran/nestedfn2.f90 -O1 (test for excess errors)
WARNING: libgomp.fortran/nestedfn2.f90 -O1 compilation failed to produce executable
FAIL: libgomp.fortran/nestedfn2.f90 -O2 (test for excess errors)
WARNING: libgomp.fortran/nestedfn2.f90 -O2 compilation failed to produce executable
FAIL: libgomp.fortran/nestedfn2.f90 -O3 -fomit-frame-pointer (test for excess errors)
WARNING: libgomp.fortran/nestedfn2.f90 -O3 -fomit-frame-pointer compilation failed to produce executable
FAIL: libgomp.fortran/nestedfn2.f90 -O3 -fomit-frame-pointer -funroll-loops (test for excess errors)
WARNING: libgomp.fortran/nestedfn2.f90 -O3 -fomit-frame-pointer -funroll-loops compilation failed to produce executable
FAIL: libgomp.fortran/nestedfn2.f90 -O3 -fomit-frame-pointer -funroll-all-loops -finline-functions (test for excess errors)
WARNING: libgomp.fortran/nestedfn2.f90 -O3 -fomit-frame-pointer -funroll-all-loops -finline-functions compilation failed to produce executable
FAIL: libgomp.fortran/nestedfn2.f90 -O3 -g (test for excess errors)
WARNING: libgomp.fortran/nestedfn2.f90 -O3 -g compilation failed to produce executable
FAIL: libgomp.fortran/nestedfn2.f90 -Os (test for excess errors)
WARNING: libgomp.fortran/nestedfn2.f90 -Os compilation failed to produce executable
FAIL: libgomp.fortran/omp_atomic1.f90 -O0 (test for excess errors)
WARNING: libgomp.fortran/omp_atomic1.f90 -O0 compilation failed to produce executable
FAIL: libgomp.fortran/omp_atomic1.f90 -O1 (test for excess errors)
WARNING: libgomp.fortran/omp_atomic1.f90 -O1 compilation failed to produce executable
FAIL: libgomp.fortran/omp_atomic1.f90 -O2 (test for excess errors)
WARNING: libgomp.fortran/omp_atomic1.f90 -O2 compilation failed to produce executable
FAIL: libgomp.fortran/omp_atomic1.f90 -O3 -fomit-frame-pointer (test for excess errors)
WARNING: libgomp.fortran/omp_atomic1.f90 -O3 -fomit-frame-pointer compilation failed to produce executable
FAIL: libgomp.fortran/omp_atomic1.f90 -O3 -fomit-frame-pointer -funroll-loops (test for excess errors)
WARNING: libgomp.fortran/omp_atomic1.f90 -O3 -fomit-frame-pointer -funroll-loops compilation failed to produce executable
FAIL: libgomp.fortran/omp_atomic1.f90 -O3 -fomit-frame-pointer -funroll-all-loops -finline-functions (test for excess errors)
WARNING: libgomp.fortran/omp_atomic1.f90 -O3 -fomit-frame-pointer -funroll-all-loops -finline-functions compilation failed to produce executable
FAIL: libgomp.fortran/omp_atomic1.f90 -O3 -g (test for excess errors)
WARNING: libgomp.fortran/omp_atomic1.f90 -O3 -g compilation failed to produce executable
FAIL: libgomp.fortran/omp_atomic1.f90 -Os (test for excess errors)
WARNING: libgomp.fortran/omp_atomic1.f90 -Os compilation failed to produce executable
FAIL: libgomp.fortran/omp_atomic2.f90 -O0 (test for excess errors)
WARNING: libgomp.fortran/omp_atomic2.f90 -O0 compilation failed to produce executable
FAIL: libgomp.fortran/omp_atomic2.f90 -O1 (test for excess errors)
WARNING: libgomp.fortran/omp_atomic2.f90 -O1 compilation failed to produce executable
FAIL: libgomp.fortran/omp_atomic2.f90 -O2 (test for excess errors)
WARNING: libgomp.fortran/omp_atomic2.f90 -O2 compilation failed to produce executable
FAIL: libgomp.fortran/omp_atomic2.f90 -O3 -fomit-frame-pointer (test for excess errors)
WARNING: libgomp.fortran/omp_atomic2.f90 -O3 -fomit-frame-pointer compilation failed to produce executable
FAIL: libgomp.fortran/omp_atomic2.f90 -O3 -fomit-frame-pointer -funroll-loops (test for excess errors)
WARNING: libgomp.fortran/omp_atomic2.f90 -O3 -fomit-frame-pointer -funroll-loops compilation failed to produce executable
FAIL: libgomp.fortran/omp_atomic2.f90 -O3 -fomit-frame-pointer -funroll-all-loops -finline-functions (test for excess errors)
WARNING: libgomp.fortran/omp_atomic2.f90 -O3 -fomit-frame-pointer -funroll-all-loops -finline-functions compilation failed to produce executable
FAIL: libgomp.fortran/omp_atomic2.f90 -O3 -g (test for excess errors)
WARNING: libgomp.fortran/omp_atomic2.f90 -O3 -g compilation failed to produce executable
FAIL: libgomp.fortran/omp_atomic2.f90 -Os (test for excess errors)
WARNING: libgomp.fortran/omp_atomic2.f90 -Os compilation failed to produce executable
FAIL: libgomp.fortran/omp_cond1.f -O (test for excess errors)
WARNING: libgomp.fortran/omp_cond1.f -O compilation failed to produce executable
FAIL: libgomp.fortran/omp_cond2.f -O (test for excess errors)
WARNING: libgomp.fortran/omp_cond2.f -O compilation failed to produce executable
FAIL: libgomp.fortran/omp_cond3.F90 -O (test for excess errors)
WARNING: libgomp.fortran/omp_cond3.F90 -O compilation failed to produce executable
FAIL: libgomp.fortran/omp_cond4.F90 -O (test for excess errors)
WARNING: libgomp.fortran/omp_cond4.F90 -O compilation failed to produce executable
FAIL: libgomp.fortran/omp_hello.f -O (test for excess errors)
WARNING: libgomp.fortran/omp_hello.f -O compilation failed to produce executable
FAIL: libgomp.fortran/omp_orphan.f -O (test for excess errors)
WARNING: libgomp.fortran/omp_orphan.f -O compilation failed to produce executable
FAIL: libgomp.fortran/omp_parse1.f90 -O0 (test for excess errors)
WARNING: libgomp.fortran/omp_parse1.f90 -O0 compilation failed to produce executable
FAIL: libgomp.fortran/omp_parse1.f90 -O1 (test for excess errors)
WARNING: libgomp.fortran/omp_parse1.f90 -O1 compilation failed to produce executable
FAIL: libgomp.fortran/omp_parse1.f90 -O2 (test for excess errors)
WARNING: libgomp.fortran/omp_parse1.f90 -O2 compilation failed to produce executable
FAIL: libgomp.fortran/omp_parse1.f90 -O3 -fomit-frame-pointer (test for excess errors)
WARNING: libgomp.fortran/omp_parse1.f90 -O3 -fomit-frame-pointer compilation failed to produce executable
FAIL: libgomp.fortran/omp_parse1.f90 -O3 -fomit-frame-pointer -funroll-loops (test for excess errors)
WARNING: libgomp.fortran/omp_parse1.f90 -O3 -fomit-frame-pointer -funroll-loops compilation failed to produce executable
FAIL: libgomp.fortran/omp_parse1.f90 -O3 -fomit-frame-pointer -funroll-all-loops -finline-functions (test for excess errors)
WARNING: libgomp.fortran/omp_parse1.f90 -O3 -fomit-frame-pointer -funroll-all-loops -finline-functions compilation failed to produce executable
FAIL: libgomp.fortran/omp_parse1.f90 -O3 -g (test for excess errors)
WARNING: libgomp.fortran/omp_parse1.f90 -O3 -g compilation failed to produce executable
FAIL: libgomp.fortran/omp_parse1.f90 -Os (test for excess errors)
WARNING: libgomp.fortran/omp_parse1.f90 -Os compilation failed to produce executable
FAIL: libgomp.fortran/omp_parse2.f90 -O0 (test for excess errors)
WARNING: libgomp.fortran/omp_parse2.f90 -O0 compilation failed to produce executable
FAIL: libgomp.fortran/omp_parse2.f90 -O1 (test for excess errors)
WARNING: libgomp.fortran/omp_parse2.f90 -O1 compilation failed to produce executable
FAIL: libgomp.fortran/omp_parse2.f90 -O2 (test for excess errors)
WARNING: libgomp.fortran/omp_parse2.f90 -O2 compilation failed to produce executable
FAIL: libgomp.fortran/omp_parse2.f90 -O3 -fomit-frame-pointer (test for excess errors)
WARNING: libgomp.fortran/omp_parse2.f90 -O3 -fomit-frame-pointer compilation failed to produce executable
FAIL: libgomp.fortran/omp_parse2.f90 -O3 -fomit-frame-pointer -funroll-loops (test for excess errors)
WARNING: libgomp.fortran/omp_parse2.f90 -O3 -fomit-frame-pointer -funroll-loops compilation failed to produce executable
FAIL: libgomp.fortran/omp_parse2.f90 -O3 -fomit-frame-pointer -funroll-all-loops -finline-functions (test for excess errors)
WARNING: libgomp.fortran/omp_parse2.f90 -O3 -fomit-frame-pointer -funroll-all-loops -finline-functions compilation failed to produce executable
FAIL: libgomp.fortran/omp_parse2.f90 -O3 -g (test for excess errors)
WARNING: libgomp.fortran/omp_parse2.f90 -O3 -g compilation failed to produce executable
FAIL: libgomp.fortran/omp_parse2.f90 -Os (test for excess errors)
WARNING: libgomp.fortran/omp_parse2.f90 -Os compilation failed to produce executable
FAIL: libgomp.fortran/omp_parse3.f90 -O0 (test for excess errors)
WARNING: libgomp.fortran/omp_parse3.f90 -O0 compilation failed to produce executable
FAIL: libgomp.fortran/omp_parse3.f90 -O1 (test for excess errors)
WARNING: libgomp.fortran/omp_parse3.f90 -O1 compilation failed to produce executable
FAIL: libgomp.fortran/omp_parse3.f90 -O2 (test for excess errors)
WARNING: libgomp.fortran/omp_parse3.f90 -O2 compilation failed to produce executable
FAIL: libgomp.fortran/omp_parse3.f90 -O3 -fomit-frame-pointer (test for excess errors)
WARNING: libgomp.fortran/omp_parse3.f90 -O3 -fomit-frame-pointer compilation failed to produce executable
FAIL: libgomp.fortran/omp_parse3.f90 -O3 -fomit-frame-pointer -funroll-loops (test for excess errors)
WARNING: libgomp.fortran/omp_parse3.f90 -O3 -fomit-frame-pointer -funroll-loops compilation failed to produce executable
FAIL: libgomp.fortran/omp_parse3.f90 -O3 -fomit-frame-pointer -funroll-all-loops -finline-functions (test for excess errors)
WARNING: libgomp.fortran/omp_parse3.f90 -O3 -fomit-frame-pointer -funroll-all-loops -finline-functions compilation failed to produce executable
FAIL: libgomp.fortran/omp_parse3.f90 -O3 -g (test for excess errors)
WARNING: libgomp.fortran/omp_parse3.f90 -O3 -g compilation failed to produce executable
FAIL: libgomp.fortran/omp_parse3.f90 -Os (test for excess errors)
WARNING: libgomp.fortran/omp_parse3.f90 -Os compilation failed to produce executable
FAIL: libgomp.fortran/omp_parse4.f90 -O0 (test for excess errors)
WARNING: libgomp.fortran/omp_parse4.f90 -O0 compilation failed to produce executable
FAIL: libgomp.fortran/omp_parse4.f90 -O1 (test for excess errors)
WARNING: libgomp.fortran/omp_parse4.f90 -O1 compilation failed to produce executable
FAIL: libgomp.fortran/omp_parse4.f90 -O2 (test for excess errors)
WARNING: libgomp.fortran/omp_parse4.f90 -O2 compilation failed to produce executable
FAIL: libgomp.fortran/omp_parse4.f90 -O3 -fomit-frame-pointer (test for excess errors)
WARNING: libgomp.fortran/omp_parse4.f90 -O3 -fomit-frame-pointer compilation failed to produce executable
FAIL: libgomp.fortran/omp_parse4.f90 -O3 -fomit-frame-pointer -funroll-loops (test for excess errors)
WARNING: libgomp.fortran/omp_parse4.f90 -O3 -fomit-frame-pointer -funroll-loops compilation failed to produce executable
FAIL: libgomp.fortran/omp_parse4.f90 -O3 -fomit-frame-pointer -funroll-all-loops -finline-functions (test for excess errors)
WARNING: libgomp.fortran/omp_parse4.f90 -O3 -fomit-frame-pointer -funroll-all-loops -finline-functions compilation failed to produce executable
FAIL: libgomp.fortran/omp_parse4.f90 -O3 -g (test for excess errors)
WARNING: libgomp.fortran/omp_parse4.f90 -O3 -g compilation failed to produce executable
FAIL: libgomp.fortran/omp_parse4.f90 -Os (test for excess errors)
WARNING: libgomp.fortran/omp_parse4.f90 -Os compilation failed to produce executable
FAIL: libgomp.fortran/omp_reduction.f -O (test for excess errors)
WARNING: libgomp.fortran/omp_reduction.f -O compilation failed to produce executable
FAIL: libgomp.fortran/omp_workshare1.f -O (test for excess errors)
WARNING: libgomp.fortran/omp_workshare1.f -O compilation failed to produce executable
FAIL: libgomp.fortran/omp_workshare2.f -O (test for excess errors)
WARNING: libgomp.fortran/omp_workshare2.f -O compilation failed to produce executable
FAIL: libgomp.fortran/pr25162.f -O0 (test for excess errors)
WARNING: libgomp.fortran/pr25162.f -O0 compilation failed to produce executable
FAIL: libgomp.fortran/pr25162.f -O1 (test for excess errors)
WARNING: libgomp.fortran/pr25162.f -O1 compilation failed to produce executable
FAIL: libgomp.fortran/pr25162.f -O2 (test for excess errors)
WARNING: libgomp.fortran/pr25162.f -O2 compilation failed to produce executable
FAIL: libgomp.fortran/pr25162.f -O3 -fomit-frame-pointer (test for excess errors)
WARNING: libgomp.fortran/pr25162.f -O3 -fomit-frame-pointer compilation failed to produce executable
FAIL: libgomp.fortran/pr25162.f -O3 -fomit-frame-pointer -funroll-loops (test for excess errors)
WARNING: libgomp.fortran/pr25162.f -O3 -fomit-frame-pointer -funroll-loops compilation failed to produce executable
FAIL: libgomp.fortran/pr25162.f -O3 -fomit-frame-pointer -funroll-all-loops -finline-functions (test for excess errors)
WARNING: libgomp.fortran/pr25162.f -O3 -fomit-frame-pointer -funroll-all-loops -finline-functions compilation failed to produce executable
FAIL: libgomp.fortran/pr25162.f -O3 -g (test for excess errors)
WARNING: libgomp.fortran/pr25162.f -O3 -g compilation failed to produce executable
FAIL: libgomp.fortran/pr25162.f -Os (test for excess errors)
WARNING: libgomp.fortran/pr25162.f -Os compilation failed to produce executable
FAIL: libgomp.fortran/reduction1.f90 -O0 (test for excess errors)
WARNING: libgomp.fortran/reduction1.f90 -O0 compilation failed to produce executable
FAIL: libgomp.fortran/reduction1.f90 -O1 (test for excess errors)
WARNING: libgomp.fortran/reduction1.f90 -O1 compilation failed to produce executable
FAIL: libgomp.fortran/reduction1.f90 -O2 (test for excess errors)
WARNING: libgomp.fortran/reduction1.f90 -O2 compilation failed to produce executable
FAIL: libgomp.fortran/reduction1.f90 -O3 -fomit-frame-pointer (test for excess errors)
WARNING: libgomp.fortran/reduction1.f90 -O3 -fomit-frame-pointer compilation failed to produce executable
FAIL: libgomp.fortran/reduction1.f90 -O3 -fomit-frame-pointer -funroll-loops (test for excess errors)
WARNING: libgomp.fortran/reduction1.f90 -O3 -fomit-frame-pointer -funroll-loops compilation failed to produce executable
FAIL: libgomp.fortran/reduction1.f90 -O3 -fomit-frame-pointer -funroll-all-loops -finline-functions (test for excess errors)
WARNING: libgomp.fortran/reduction1.f90 -O3 -fomit-frame-pointer -funroll-all-loops -finline-functions compilation failed to produce executable
FAIL: libgomp.fortran/reduction1.f90 -O3 -g (test for excess errors)
WARNING: libgomp.fortran/reduction1.f90 -O3 -g compilation failed to produce executable
FAIL: libgomp.fortran/reduction1.f90 -Os (test for excess errors)
WARNING: libgomp.fortran/reduction1.f90 -Os compilation failed to produce executable
FAIL: libgomp.fortran/reduction2.f90 -O0 (test for excess errors)
WARNING: libgomp.fortran/reduction2.f90 -O0 compilation failed to produce executable
FAIL: libgomp.fortran/reduction2.f90 -O1 (test for excess errors)
WARNING: libgomp.fortran/reduction2.f90 -O1 compilation failed to produce executable
FAIL: libgomp.fortran/reduction2.f90 -O2 (test for excess errors)
WARNING: libgomp.fortran/reduction2.f90 -O2 compilation failed to produce executable
FAIL: libgomp.fortran/reduction2.f90 -O3 -fomit-frame-pointer (test for excess errors)
WARNING: libgomp.fortran/reduction2.f90 -O3 -fomit-frame-pointer compilation failed to produce executable
FAIL: libgomp.fortran/reduction2.f90 -O3 -fomit-frame-pointer -funroll-loops (test for excess errors)
WARNING: libgomp.fortran/reduction2.f90 -O3 -fomit-frame-pointer -funroll-loops compilation failed to produce executable
FAIL: libgomp.fortran/reduction2.f90 -O3 -fomit-frame-pointer -funroll-all-loops -finline-functions (test for excess errors)
WARNING: libgomp.fortran/reduction2.f90 -O3 -fomit-frame-pointer -funroll-all-loops -finline-functions compilation failed to produce executable
FAIL: libgomp.fortran/reduction2.f90 -O3 -g (test for excess errors)
WARNING: libgomp.fortran/reduction2.f90 -O3 -g compilation failed to produce executable
FAIL: libgomp.fortran/reduction2.f90 -Os (test for excess errors)
WARNING: libgomp.fortran/reduction2.f90 -Os compilation failed to produce executable
FAIL: libgomp.fortran/reduction3.f90 -O0 (test for excess errors)
WARNING: libgomp.fortran/reduction3.f90 -O0 compilation failed to produce executable
FAIL: libgomp.fortran/reduction3.f90 -O1 (test for excess errors)
WARNING: libgomp.fortran/reduction3.f90 -O1 compilation failed to produce executable
FAIL: libgomp.fortran/reduction3.f90 -O2 (test for excess errors)
WARNING: libgomp.fortran/reduction3.f90 -O2 compilation failed to produce executable
FAIL: libgomp.fortran/reduction3.f90 -O3 -fomit-frame-pointer (test for excess errors)
WARNING: libgomp.fortran/reduction3.f90 -O3 -fomit-frame-pointer compilation failed to produce executable
FAIL: libgomp.fortran/reduction3.f90 -O3 -fomit-frame-pointer -funroll-loops (test for excess errors)
WARNING: libgomp.fortran/reduction3.f90 -O3 -fomit-frame-pointer -funroll-loops compilation failed to produce executable
FAIL: libgomp.fortran/reduction3.f90 -O3 -fomit-frame-pointer -funroll-all-loops -finline-functions (test for excess errors)
WARNING: libgomp.fortran/reduction3.f90 -O3 -fomit-frame-pointer -funroll-all-loops -finline-functions compilation failed to produce executable
FAIL: libgomp.fortran/reduction3.f90 -O3 -g (test for excess errors)
WARNING: libgomp.fortran/reduction3.f90 -O3 -g compilation failed to produce executable
FAIL: libgomp.fortran/reduction3.f90 -Os (test for excess errors)
WARNING: libgomp.fortran/reduction3.f90 -Os compilation failed to produce executable
FAIL: libgomp.fortran/reduction4.f90 -O0 (test for excess errors)
WARNING: libgomp.fortran/reduction4.f90 -O0 compilation failed to produce executable
FAIL: libgomp.fortran/reduction4.f90 -O1 (test for excess errors)
WARNING: libgomp.fortran/reduction4.f90 -O1 compilation failed to produce executable
FAIL: libgomp.fortran/reduction4.f90 -O2 (test for excess errors)
WARNING: libgomp.fortran/reduction4.f90 -O2 compilation failed to produce executable
FAIL: libgomp.fortran/reduction4.f90 -O3 -fomit-frame-pointer (test for excess errors)
WARNING: libgomp.fortran/reduction4.f90 -O3 -fomit-frame-pointer compilation failed to produce executable
FAIL: libgomp.fortran/reduction4.f90 -O3 -fomit-frame-pointer -funroll-loops (test for excess errors)
WARNING: libgomp.fortran/reduction4.f90 -O3 -fomit-frame-pointer -funroll-loops compilation failed to produce executable
FAIL: libgomp.fortran/reduction4.f90 -O3 -fomit-frame-pointer -funroll-all-loops -finline-functions (test for excess errors)
WARNING: libgomp.fortran/reduction4.f90 -O3 -fomit-frame-pointer -funroll-all-loops -finline-functions compilation failed to produce executable
FAIL: libgomp.fortran/reduction4.f90 -O3 -g (test for excess errors)
WARNING: libgomp.fortran/reduction4.f90 -O3 -g compilation failed to produce executable
FAIL: libgomp.fortran/reduction4.f90 -Os (test for excess errors)
WARNING: libgomp.fortran/reduction4.f90 -Os compilation failed to produce executable
FAIL: libgomp.fortran/reduction5.f90 -O0 (test for excess errors)
WARNING: libgomp.fortran/reduction5.f90 -O0 compilation failed to produce executable
FAIL: libgomp.fortran/reduction5.f90 -O1 (test for excess errors)
WARNING: libgomp.fortran/reduction5.f90 -O1 compilation failed to produce executable
FAIL: libgomp.fortran/reduction5.f90 -O2 (test for excess errors)
WARNING: libgomp.fortran/reduction5.f90 -O2 compilation failed to produce executable
FAIL: libgomp.fortran/reduction5.f90 -O3 -fomit-frame-pointer (test for excess errors)
WARNING: libgomp.fortran/reduction5.f90 -O3 -fomit-frame-pointer compilation failed to produce executable
FAIL: libgomp.fortran/reduction5.f90 -O3 -fomit-frame-pointer -funroll-loops (test for excess errors)
WARNING: libgomp.fortran/reduction5.f90 -O3 -fomit-frame-pointer -funroll-loops compilation failed to produce executable
FAIL: libgomp.fortran/reduction5.f90 -O3 -fomit-frame-pointer -funroll-all-loops -finline-functions (test for excess errors)
WARNING: libgomp.fortran/reduction5.f90 -O3 -fomit-frame-pointer -funroll-all-loops -finline-functions compilation failed to produce executable
FAIL: libgomp.fortran/reduction5.f90 -O3 -g (test for excess errors)
WARNING: libgomp.fortran/reduction5.f90 -O3 -g compilation failed to produce executable
FAIL: libgomp.fortran/reduction5.f90 -Os (test for excess errors)
WARNING: libgomp.fortran/reduction5.f90 -Os compilation failed to produce executable
FAIL: libgomp.fortran/reduction6.f90 -O0 (test for excess errors)
WARNING: libgomp.fortran/reduction6.f90 -O0 compilation failed to produce executable
FAIL: libgomp.fortran/reduction6.f90 -O1 (test for excess errors)
WARNING: libgomp.fortran/reduction6.f90 -O1 compilation failed to produce executable
FAIL: libgomp.fortran/reduction6.f90 -O2 (test for excess errors)
WARNING: libgomp.fortran/reduction6.f90 -O2 compilation failed to produce executable
FAIL: libgomp.fortran/reduction6.f90 -O3 -fomit-frame-pointer (test for excess errors)
WARNING: libgomp.fortran/reduction6.f90 -O3 -fomit-frame-pointer compilation failed to produce executable
FAIL: libgomp.fortran/reduction6.f90 -O3 -fomit-frame-pointer -funroll-loops (test for excess errors)
WARNING: libgomp.fortran/reduction6.f90 -O3 -fomit-frame-pointer -funroll-loops compilation failed to produce executable
FAIL: libgomp.fortran/reduction6.f90 -O3 -fomit-frame-pointer -funroll-all-loops -finline-functions (test for excess errors)
WARNING: libgomp.fortran/reduction6.f90 -O3 -fomit-frame-pointer -funroll-all-loops -finline-functions compilation failed to produce executable
FAIL: libgomp.fortran/reduction6.f90 -O3 -g (test for excess errors)
WARNING: libgomp.fortran/reduction6.f90 -O3 -g compilation failed to produce executable
FAIL: libgomp.fortran/reduction6.f90 -Os (test for excess errors)
WARNING: libgomp.fortran/reduction6.f90 -Os compilation failed to produce executable
FAIL: libgomp.fortran/reference1.f90 -O0 (test for excess errors)
WARNING: libgomp.fortran/reference1.f90 -O0 compilation failed to produce executable
FAIL: libgomp.fortran/reference1.f90 -O1 (test for excess errors)
WARNING: libgomp.fortran/reference1.f90 -O1 compilation failed to produce executable
FAIL: libgomp.fortran/reference1.f90 -O2 (test for excess errors)
WARNING: libgomp.fortran/reference1.f90 -O2 compilation failed to produce executable
FAIL: libgomp.fortran/reference1.f90 -O3 -fomit-frame-pointer (test for excess errors)
WARNING: libgomp.fortran/reference1.f90 -O3 -fomit-frame-pointer compilation failed to produce executable
FAIL: libgomp.fortran/reference1.f90 -O3 -fomit-frame-pointer -funroll-loops (test for excess errors)
WARNING: libgomp.fortran/reference1.f90 -O3 -fomit-frame-pointer -funroll-loops compilation failed to produce executable
FAIL: libgomp.fortran/reference1.f90 -O3 -fomit-frame-pointer -funroll-all-loops -finline-functions (test for excess errors)
WARNING: libgomp.fortran/reference1.f90 -O3 -fomit-frame-pointer -funroll-all-loops -finline-functions compilation failed to produce executable
FAIL: libgomp.fortran/reference1.f90 -O3 -g (test for excess errors)
WARNING: libgomp.fortran/reference1.f90 -O3 -g compilation failed to produce executable
FAIL: libgomp.fortran/reference1.f90 -Os (test for excess errors)
WARNING: libgomp.fortran/reference1.f90 -Os compilation failed to produce executable
FAIL: libgomp.fortran/reference2.f90 -O0 (test for excess errors)
WARNING: libgomp.fortran/reference2.f90 -O0 compilation failed to produce executable
FAIL: libgomp.fortran/reference2.f90 -O1 (test for excess errors)
WARNING: libgomp.fortran/reference2.f90 -O1 compilation failed to produce executable
FAIL: libgomp.fortran/reference2.f90 -O2 (test for excess errors)
WARNING: libgomp.fortran/reference2.f90 -O2 compilation failed to produce executable
FAIL: libgomp.fortran/reference2.f90 -O3 -fomit-frame-pointer (test for excess errors)
WARNING: libgomp.fortran/reference2.f90 -O3 -fomit-frame-pointer compilation failed to produce executable
FAIL: libgomp.fortran/reference2.f90 -O3 -fomit-frame-pointer -funroll-loops (test for excess errors)
WARNING: libgomp.fortran/reference2.f90 -O3 -fomit-frame-pointer -funroll-loops compilation failed to produce executable
FAIL: libgomp.fortran/reference2.f90 -O3 -fomit-frame-pointer -funroll-all-loops -finline-functions (test for excess errors)
WARNING: libgomp.fortran/reference2.f90 -O3 -fomit-frame-pointer -funroll-all-loops -finline-functions compilation failed to produce executable
FAIL: libgomp.fortran/reference2.f90 -O3 -g (test for excess errors)
WARNING: libgomp.fortran/reference2.f90 -O3 -g compilation failed to produce executable
FAIL: libgomp.fortran/reference2.f90 -Os (test for excess errors)
WARNING: libgomp.fortran/reference2.f90 -Os compilation failed to produce executable
FAIL: libgomp.fortran/retval1.f90 -O0 (test for excess errors)
WARNING: libgomp.fortran/retval1.f90 -O0 compilation failed to produce executable
FAIL: libgomp.fortran/retval1.f90 -O1 (test for excess errors)
WARNING: libgomp.fortran/retval1.f90 -O1 compilation failed to produce executable
FAIL: libgomp.fortran/retval1.f90 -O2 (test for excess errors)
WARNING: libgomp.fortran/retval1.f90 -O2 compilation failed to produce executable
FAIL: libgomp.fortran/retval1.f90 -O3 -fomit-frame-pointer (test for excess errors)
WARNING: libgomp.fortran/retval1.f90 -O3 -fomit-frame-pointer compilation failed to produce executable
FAIL: libgomp.fortran/retval1.f90 -O3 -fomit-frame-pointer -funroll-loops (test for excess errors)
WARNING: libgomp.fortran/retval1.f90 -O3 -fomit-frame-pointer -funroll-loops compilation failed to produce executable
FAIL: libgomp.fortran/retval1.f90 -O3 -fomit-frame-pointer -funroll-all-loops -finline-functions (test for excess errors)
WARNING: libgomp.fortran/retval1.f90 -O3 -fomit-frame-pointer -funroll-all-loops -finline-functions compilation failed to produce executable
FAIL: libgomp.fortran/retval1.f90 -O3 -g (test for excess errors)
WARNING: libgomp.fortran/retval1.f90 -O3 -g compilation failed to produce executable
FAIL: libgomp.fortran/retval1.f90 -Os (test for excess errors)
WARNING: libgomp.fortran/retval1.f90 -Os compilation failed to produce executable
FAIL: libgomp.fortran/sharing1.f90 -O0 (test for excess errors)
WARNING: libgomp.fortran/sharing1.f90 -O0 compilation failed to produce executable
FAIL: libgomp.fortran/sharing1.f90 -O1 (test for excess errors)
WARNING: libgomp.fortran/sharing1.f90 -O1 compilation failed to produce executable
FAIL: libgomp.fortran/sharing1.f90 -O2 (test for excess errors)
WARNING: libgomp.fortran/sharing1.f90 -O2 compilation failed to produce executable
FAIL: libgomp.fortran/sharing1.f90 -O3 -fomit-frame-pointer (test for excess errors)
WARNING: libgomp.fortran/sharing1.f90 -O3 -fomit-frame-pointer compilation failed to produce executable
FAIL: libgomp.fortran/sharing1.f90 -O3 -fomit-frame-pointer -funroll-loops (test for excess errors)
WARNING: libgomp.fortran/sharing1.f90 -O3 -fomit-frame-pointer -funroll-loops compilation failed to produce executable
FAIL: libgomp.fortran/sharing1.f90 -O3 -fomit-frame-pointer -funroll-all-loops -finline-functions (test for excess errors)
WARNING: libgomp.fortran/sharing1.f90 -O3 -fomit-frame-pointer -funroll-all-loops -finline-functions compilation failed to produce executable
FAIL: libgomp.fortran/sharing1.f90 -O3 -g (test for excess errors)
WARNING: libgomp.fortran/sharing1.f90 -O3 -g compilation failed to produce executable
FAIL: libgomp.fortran/sharing1.f90 -Os (test for excess errors)
WARNING: libgomp.fortran/sharing1.f90 -Os compilation failed to produce executable
FAIL: libgomp.fortran/sharing2.f90 -O0 (test for excess errors)
WARNING: libgomp.fortran/sharing2.f90 -O0 compilation failed to produce executable
FAIL: libgomp.fortran/sharing2.f90 -O1 (test for excess errors)
WARNING: libgomp.fortran/sharing2.f90 -O1 compilation failed to produce executable
FAIL: libgomp.fortran/sharing2.f90 -O2 (test for excess errors)
WARNING: libgomp.fortran/sharing2.f90 -O2 compilation failed to produce executable
FAIL: libgomp.fortran/sharing2.f90 -O3 -fomit-frame-pointer (test for excess errors)
WARNING: libgomp.fortran/sharing2.f90 -O3 -fomit-frame-pointer compilation failed to produce executable
FAIL: libgomp.fortran/sharing2.f90 -O3 -fomit-frame-pointer -funroll-loops (test for excess errors)
WARNING: libgomp.fortran/sharing2.f90 -O3 -fomit-frame-pointer -funroll-loops compilation failed to produce executable
FAIL: libgomp.fortran/sharing2.f90 -O3 -fomit-frame-pointer -funroll-all-loops -finline-functions (test for excess errors)
WARNING: libgomp.fortran/sharing2.f90 -O3 -fomit-frame-pointer -funroll-all-loops -finline-functions compilation failed to produce executable
FAIL: libgomp.fortran/sharing2.f90 -O3 -g (test for excess errors)
WARNING: libgomp.fortran/sharing2.f90 -O3 -g compilation failed to produce executable
FAIL: libgomp.fortran/sharing2.f90 -Os (test for excess errors)
WARNING: libgomp.fortran/sharing2.f90 -Os compilation failed to produce executable
FAIL: libgomp.fortran/threadprivate1.f90 -O0 (test for excess errors)
WARNING: libgomp.fortran/threadprivate1.f90 -O0 compilation failed to produce executable
FAIL: libgomp.fortran/threadprivate1.f90 -O1 (test for excess errors)
WARNING: libgomp.fortran/threadprivate1.f90 -O1 compilation failed to produce executable
FAIL: libgomp.fortran/threadprivate1.f90 -O2 (test for excess errors)
WARNING: libgomp.fortran/threadprivate1.f90 -O2 compilation failed to produce executable
FAIL: libgomp.fortran/threadprivate1.f90 -O3 -fomit-frame-pointer (test for excess errors)
WARNING: libgomp.fortran/threadprivate1.f90 -O3 -fomit-frame-pointer compilation failed to produce executable
FAIL: libgomp.fortran/threadprivate1.f90 -O3 -fomit-frame-pointer -funroll-loops (test for excess errors)
WARNING: libgomp.fortran/threadprivate1.f90 -O3 -fomit-frame-pointer -funroll-loops compilation failed to produce executable
FAIL: libgomp.fortran/threadprivate1.f90 -O3 -fomit-frame-pointer -funroll-all-loops -finline-functions (test for excess errors)
WARNING: libgomp.fortran/threadprivate1.f90 -O3 -fomit-frame-pointer -funroll-all-loops -finline-functions compilation failed to produce executable
FAIL: libgomp.fortran/threadprivate1.f90 -O3 -g (test for excess errors)
WARNING: libgomp.fortran/threadprivate1.f90 -O3 -g compilation failed to produce executable
FAIL: libgomp.fortran/threadprivate1.f90 -Os (test for excess errors)
WARNING: libgomp.fortran/threadprivate1.f90 -Os compilation failed to produce executable
FAIL: libgomp.fortran/threadprivate2.f90 -O0 (test for excess errors)
WARNING: libgomp.fortran/threadprivate2.f90 -O0 compilation failed to produce executable
FAIL: libgomp.fortran/threadprivate2.f90 -O1 (test for excess errors)
WARNING: libgomp.fortran/threadprivate2.f90 -O1 compilation failed to produce executable
FAIL: libgomp.fortran/threadprivate2.f90 -O2 (test for excess errors)
WARNING: libgomp.fortran/threadprivate2.f90 -O2 compilation failed to produce executable
FAIL: libgomp.fortran/threadprivate2.f90 -O3 -fomit-frame-pointer (test for excess errors)
WARNING: libgomp.fortran/threadprivate2.f90 -O3 -fomit-frame-pointer compilation failed to produce executable
FAIL: libgomp.fortran/threadprivate2.f90 -O3 -fomit-frame-pointer -funroll-loops (test for excess errors)
WARNING: libgomp.fortran/threadprivate2.f90 -O3 -fomit-frame-pointer -funroll-loops compilation failed to produce executable
FAIL: libgomp.fortran/threadprivate2.f90 -O3 -fomit-frame-pointer -funroll-all-loops -finline-functions (test for excess errors)
WARNING: libgomp.fortran/threadprivate2.f90 -O3 -fomit-frame-pointer -funroll-all-loops -finline-functions compilation failed to produce executable
FAIL: libgomp.fortran/threadprivate2.f90 -O3 -g (test for excess errors)
WARNING: libgomp.fortran/threadprivate2.f90 -O3 -g compilation failed to produce executable
FAIL: libgomp.fortran/threadprivate2.f90 -Os (test for excess errors)
WARNING: libgomp.fortran/threadprivate2.f90 -Os compilation failed to produce executable
FAIL: libgomp.fortran/threadprivate3.f90 -O0 (test for excess errors)
WARNING: libgomp.fortran/threadprivate3.f90 -O0 compilation failed to produce executable
FAIL: libgomp.fortran/threadprivate3.f90 -O1 (test for excess errors)
WARNING: libgomp.fortran/threadprivate3.f90 -O1 compilation failed to produce executable
FAIL: libgomp.fortran/threadprivate3.f90 -O2 (test for excess errors)
WARNING: libgomp.fortran/threadprivate3.f90 -O2 compilation failed to produce executable
FAIL: libgomp.fortran/threadprivate3.f90 -O3 -fomit-frame-pointer (test for excess errors)
WARNING: libgomp.fortran/threadprivate3.f90 -O3 -fomit-frame-pointer compilation failed to produce executable
FAIL: libgomp.fortran/threadprivate3.f90 -O3 -fomit-frame-pointer -funroll-loops (test for excess errors)
WARNING: libgomp.fortran/threadprivate3.f90 -O3 -fomit-frame-pointer -funroll-loops compilation failed to produce executable
FAIL: libgomp.fortran/threadprivate3.f90 -O3 -fomit-frame-pointer -funroll-all-loops -finline-functions (test for excess errors)
WARNING: libgomp.fortran/threadprivate3.f90 -O3 -fomit-frame-pointer -funroll-all-loops -finline-functions compilation failed to produce executable
FAIL: libgomp.fortran/threadprivate3.f90 -O3 -g (test for excess errors)
WARNING: libgomp.fortran/threadprivate3.f90 -O3 -g compilation failed to produce executable
FAIL: libgomp.fortran/threadprivate3.f90 -Os (test for excess errors)
WARNING: libgomp.fortran/threadprivate3.f90 -Os compilation failed to produce executable
FAIL: libgomp.fortran/vla1.f90 -O0 (test for excess errors)
WARNING: libgomp.fortran/vla1.f90 -O0 compilation failed to produce executable
FAIL: libgomp.fortran/vla1.f90 -O1 (test for excess errors)
WARNING: libgomp.fortran/vla1.f90 -O1 compilation failed to produce executable
FAIL: libgomp.fortran/vla1.f90 -O2 (test for excess errors)
WARNING: libgomp.fortran/vla1.f90 -O2 compilation failed to produce executable
FAIL: libgomp.fortran/vla1.f90 -O3 -fomit-frame-pointer (test for excess errors)
WARNING: libgomp.fortran/vla1.f90 -O3 -fomit-frame-pointer compilation failed to produce executable
FAIL: libgomp.fortran/vla1.f90 -O3 -fomit-frame-pointer -funroll-loops (test for excess errors)
WARNING: libgomp.fortran/vla1.f90 -O3 -fomit-frame-pointer -funroll-loops compilation failed to produce executable
FAIL: libgomp.fortran/vla1.f90 -O3 -fomit-frame-pointer -funroll-all-loops -finline-functions (test for excess errors)
WARNING: libgomp.fortran/vla1.f90 -O3 -fomit-frame-pointer -funroll-all-loops -finline-functions compilation failed to produce executable
FAIL: libgomp.fortran/vla1.f90 -O3 -g (test for excess errors)
WARNING: libgomp.fortran/vla1.f90 -O3 -g compilation failed to produce executable
FAIL: libgomp.fortran/vla1.f90 -Os (test for excess errors)
WARNING: libgomp.fortran/vla1.f90 -Os compilation failed to produce executable
FAIL: libgomp.fortran/vla2.f90 -O0 (test for excess errors)
WARNING: libgomp.fortran/vla2.f90 -O0 compilation failed to produce executable
FAIL: libgomp.fortran/vla2.f90 -O1 (test for excess errors)
WARNING: libgomp.fortran/vla2.f90 -O1 compilation failed to produce executable
FAIL: libgomp.fortran/vla2.f90 -O2 (test for excess errors)
WARNING: libgomp.fortran/vla2.f90 -O2 compilation failed to produce executable
FAIL: libgomp.fortran/vla2.f90 -O3 -fomit-frame-pointer (test for excess errors)
WARNING: libgomp.fortran/vla2.f90 -O3 -fomit-frame-pointer compilation failed to produce executable
FAIL: libgomp.fortran/vla2.f90 -O3 -fomit-frame-pointer -funroll-loops (test for excess errors)
WARNING: libgomp.fortran/vla2.f90 -O3 -fomit-frame-pointer -funroll-loops compilation failed to produce executable
FAIL: libgomp.fortran/vla2.f90 -O3 -fomit-frame-pointer -funroll-all-loops -finline-functions (test for excess errors)
WARNING: libgomp.fortran/vla2.f90 -O3 -fomit-frame-pointer -funroll-all-loops -finline-functions compilation failed to produce executable
FAIL: libgomp.fortran/vla2.f90 -O3 -g (test for excess errors)
WARNING: libgomp.fortran/vla2.f90 -O3 -g compilation failed to produce executable
FAIL: libgomp.fortran/vla2.f90 -Os (test for excess errors)
WARNING: libgomp.fortran/vla2.f90 -Os compilation failed to produce executable
FAIL: libgomp.fortran/vla3.f90 -O0 (test for excess errors)
WARNING: libgomp.fortran/vla3.f90 -O0 compilation failed to produce executable
FAIL: libgomp.fortran/vla3.f90 -O1 (test for excess errors)
WARNING: libgomp.fortran/vla3.f90 -O1 compilation failed to produce executable
FAIL: libgomp.fortran/vla3.f90 -O2 (test for excess errors)
WARNING: libgomp.fortran/vla3.f90 -O2 compilation failed to produce executable
FAIL: libgomp.fortran/vla3.f90 -O3 -fomit-frame-pointer (test for excess errors)
WARNING: libgomp.fortran/vla3.f90 -O3 -fomit-frame-pointer compilation failed to produce executable
FAIL: libgomp.fortran/vla3.f90 -O3 -fomit-frame-pointer -funroll-loops (test for excess errors)
WARNING: libgomp.fortran/vla3.f90 -O3 -fomit-frame-pointer -funroll-loops compilation failed to produce executable
FAIL: libgomp.fortran/vla3.f90 -O3 -fomit-frame-pointer -funroll-all-loops -finline-functions (test for excess errors)
WARNING: libgomp.fortran/vla3.f90 -O3 -fomit-frame-pointer -funroll-all-loops -finline-functions compilation failed to produce executable
FAIL: libgomp.fortran/vla3.f90 -O3 -g (test for excess errors)
WARNING: libgomp.fortran/vla3.f90 -O3 -g compilation failed to produce executable
FAIL: libgomp.fortran/vla3.f90 -Os (test for excess errors)
WARNING: libgomp.fortran/vla3.f90 -Os compilation failed to produce executable
FAIL: libgomp.fortran/vla4.f90 -O0 (test for excess errors)
WARNING: libgomp.fortran/vla4.f90 -O0 compilation failed to produce executable
FAIL: libgomp.fortran/vla4.f90 -O1 (test for excess errors)
WARNING: libgomp.fortran/vla4.f90 -O1 compilation failed to produce executable
FAIL: libgomp.fortran/vla4.f90 -O2 (test for excess errors)
WARNING: libgomp.fortran/vla4.f90 -O2 compilation failed to produce executable
FAIL: libgomp.fortran/vla4.f90 -O3 -fomit-frame-pointer (test for excess errors)
WARNING: libgomp.fortran/vla4.f90 -O3 -fomit-frame-pointer compilation failed to produce executable
FAIL: libgomp.fortran/vla4.f90 -O3 -fomit-frame-pointer -funroll-loops (test for excess errors)
WARNING: libgomp.fortran/vla4.f90 -O3 -fomit-frame-pointer -funroll-loops compilation failed to produce executable
FAIL: libgomp.fortran/vla4.f90 -O3 -fomit-frame-pointer -funroll-all-loops -finline-functions (test for excess errors)
WARNING: libgomp.fortran/vla4.f90 -O3 -fomit-frame-pointer -funroll-all-loops -finline-functions compilation failed to produce executable
FAIL: libgomp.fortran/vla4.f90 -O3 -g (test for excess errors)
WARNING: libgomp.fortran/vla4.f90 -O3 -g compilation failed to produce executable
FAIL: libgomp.fortran/vla4.f90 -Os (test for excess errors)
WARNING: libgomp.fortran/vla4.f90 -Os compilation failed to produce executable
FAIL: libgomp.fortran/vla5.f90 -O0 (test for excess errors)
WARNING: libgomp.fortran/vla5.f90 -O0 compilation failed to produce executable
FAIL: libgomp.fortran/vla5.f90 -O1 (test for excess errors)
WARNING: libgomp.fortran/vla5.f90 -O1 compilation failed to produce executable
FAIL: libgomp.fortran/vla5.f90 -O2 (test for excess errors)
WARNING: libgomp.fortran/vla5.f90 -O2 compilation failed to produce executable
FAIL: libgomp.fortran/vla5.f90 -O3 -fomit-frame-pointer (test for excess errors)
WARNING: libgomp.fortran/vla5.f90 -O3 -fomit-frame-pointer compilation failed to produce executable
FAIL: libgomp.fortran/vla5.f90 -O3 -fomit-frame-pointer -funroll-loops (test for excess errors)
WARNING: libgomp.fortran/vla5.f90 -O3 -fomit-frame-pointer -funroll-loops compilation failed to produce executable
FAIL: libgomp.fortran/vla5.f90 -O3 -fomit-frame-pointer -funroll-all-loops -finline-functions (test for excess errors)
WARNING: libgomp.fortran/vla5.f90 -O3 -fomit-frame-pointer -funroll-all-loops -finline-functions compilation failed to produce executable
FAIL: libgomp.fortran/vla5.f90 -O3 -g (test for excess errors)
WARNING: libgomp.fortran/vla5.f90 -O3 -g compilation failed to produce executable
FAIL: libgomp.fortran/vla5.f90 -Os (test for excess errors)
WARNING: libgomp.fortran/vla5.f90 -Os compilation failed to produce executable
FAIL: libgomp.fortran/vla6.f90 -O0 (test for excess errors)
WARNING: libgomp.fortran/vla6.f90 -O0 compilation failed to produce executable
FAIL: libgomp.fortran/vla6.f90 -O1 (test for excess errors)
WARNING: libgomp.fortran/vla6.f90 -O1 compilation failed to produce executable
FAIL: libgomp.fortran/vla6.f90 -O2 (test for excess errors)
WARNING: libgomp.fortran/vla6.f90 -O2 compilation failed to produce executable
FAIL: libgomp.fortran/vla6.f90 -O3 -fomit-frame-pointer (test for excess errors)
WARNING: libgomp.fortran/vla6.f90 -O3 -fomit-frame-pointer compilation failed to produce executable
FAIL: libgomp.fortran/vla6.f90 -O3 -fomit-frame-pointer -funroll-loops (test for excess errors)
WARNING: libgomp.fortran/vla6.f90 -O3 -fomit-frame-pointer -funroll-loops compilation failed to produce executable
FAIL: libgomp.fortran/vla6.f90 -O3 -fomit-frame-pointer -funroll-all-loops -finline-functions (test for excess errors)
WARNING: libgomp.fortran/vla6.f90 -O3 -fomit-frame-pointer -funroll-all-loops -finline-functions compilation failed to produce executable
FAIL: libgomp.fortran/vla6.f90 -O3 -g (test for excess errors)
WARNING: libgomp.fortran/vla6.f90 -O3 -g compilation failed to produce executable
FAIL: libgomp.fortran/vla6.f90 -Os (test for excess errors)
WARNING: libgomp.fortran/vla6.f90 -Os compilation failed to produce executable
FAIL: libgomp.fortran/vla7.f90 -O0 (test for excess errors)
WARNING: libgomp.fortran/vla7.f90 -O0 compilation failed to produce executable
FAIL: libgomp.fortran/vla7.f90 -O1 (test for excess errors)
WARNING: libgomp.fortran/vla7.f90 -O1 compilation failed to produce executable
FAIL: libgomp.fortran/vla7.f90 -O2 (test for excess errors)
WARNING: libgomp.fortran/vla7.f90 -O2 compilation failed to produce executable
FAIL: libgomp.fortran/vla7.f90 -O3 -fomit-frame-pointer (test for excess errors)
WARNING: libgomp.fortran/vla7.f90 -O3 -fomit-frame-pointer compilation failed to produce executable
FAIL: libgomp.fortran/vla7.f90 -O3 -fomit-frame-pointer -funroll-loops (test for excess errors)
WARNING: libgomp.fortran/vla7.f90 -O3 -fomit-frame-pointer -funroll-loops compilation failed to produce executable
FAIL: libgomp.fortran/vla7.f90 -O3 -fomit-frame-pointer -funroll-all-loops -finline-functions (test for excess errors)
WARNING: libgomp.fortran/vla7.f90 -O3 -fomit-frame-pointer -funroll-all-loops -finline-functions compilation failed to produce executable
FAIL: libgomp.fortran/vla7.f90 -O3 -g (test for excess errors)
WARNING: libgomp.fortran/vla7.f90 -O3 -g compilation failed to produce executable
FAIL: libgomp.fortran/vla7.f90 -Os (test for excess errors)
WARNING: libgomp.fortran/vla7.f90 -Os compilation failed to produce executable
FAIL: libgomp.fortran/workshare1.f90 -O (test for excess errors)
WARNING: libgomp.fortran/workshare1.f90 -O compilation failed to produce executable
=== libgomp Summary for unix/-m64 ===
# of expected passes 11
# of unexpected failures 529
=== libgomp Summary ===
# of expected passes 1080
# of unexpected failures 529
=== libmudflap tests ===
Running target unix/-m32
=== libmudflap Summary for unix/-m32 ===
# of expected passes 1680
# of unsupported tests 2
Running target unix/-m64
FAIL: libmudflap.c/fail27-frag.c output pattern test
FAIL: libmudflap.c/fail27-frag.c (-O2) output pattern test
FAIL: libmudflap.c/fail27-frag.c (-O3) output pattern test
=== libmudflap Summary for unix/-m64 ===
# of expected passes 1677
# of unexpected failures 3
# of unsupported tests 2
=== libmudflap Summary ===
# of expected passes 3357
# of unexpected failures 3
# of unsupported tests 4
Compiler version: 4.2.0-gomp-20050608-branch 20060104 (experimental) (merged 20051219)
Platform: powerpc64-unknown-linux-gnu
configure flags: --prefix=/opt/gcc-nightly/gomp-20060114 --build=powerpc64-linux --host=powerpc64-linux --target=powerpc64-linux --with-cpu=default32 --with-as=/opt/gcc-nightly/gomp-20060114/bin/as --with-ld=/opt/gcc-nightly/gomp-20060114/bin/ld --enable-threads=posix --enable-shared --enable-__cxa_atexit --enable-checking --with-mpfr=/opt/gcc-nightly/gomp-20060114 --enable-languages=c,fortran