This is the mail archive of the
gcc-testresults@gcc.gnu.org
mailing list for the GCC project.
Results for 4.1.0 20060111 (prerelease) testsuite on hppa64-hp-hpux11.11
- From: John David Anglin <dave at hiauly3 dot hia dot nrc dot ca>
- To: dave at hiauly3 dot hia dot nrc dot ca, gcc-testresults at gcc dot gnu dot org
- Date: Thu, 12 Jan 2006 11:36:44 -0500 (EST)
- Subject: Results for 4.1.0 20060111 (prerelease) testsuite on hppa64-hp-hpux11.11
LAST_UPDATED: Wed Jan 11 17:15:21 UTC 2006 (revision 109593M)
Native configuration is hppa64-hp-hpux11.11
=== g++ tests ===
Running target unix
XPASS: g++.dg/tree-ssa/pr14814.C scan-tree-dump-times &this 0
=== g++ Summary ===
# of expected passes 11214
# of unexpected successes 1
# of expected failures 66
# of unsupported tests 129
/test/gnu/gcc-4.1/objdir/gcc/testsuite/../g++ version 4.1.0 20060111 (prerelease)
=== gcc tests ===
Running target unix
WARNING: program timed out.
FAIL: gcc.c-torture/compile/20001226-1.c -O3 -g (test for excess errors)
XPASS: gcc.dg/funcorder.c scan-assembler-not link_error,%r
FAIL: gcc.dg/torture/asm-subreg-1.c -O1 (test for excess errors)
FAIL: gcc.dg/torture/asm-subreg-1.c -O2 (test for excess errors)
FAIL: gcc.dg/torture/asm-subreg-1.c -O3 -fomit-frame-pointer (test for excess errors)
FAIL: gcc.dg/torture/asm-subreg-1.c -O3 -g (test for excess errors)
FAIL: gcc.dg/torture/asm-subreg-1.c -Os (test for excess errors)
FAIL: gcc.dg/tree-ssa/gen-vect-11.c scan-tree-dump-times vectorized 1 loops 1
=== gcc Summary ===
# of expected passes 36190
# of unexpected failures 7
# of unexpected successes 1
# of expected failures 79
# of untested testcases 28
# of unsupported tests 349
/test/gnu/gcc-4.1/objdir/gcc/xgcc version 4.1.0 20060111 (prerelease)
=== gfortran tests ===
Running target unix
FAIL: gfortran.dg/char_result_11.f90 -O (test for excess errors)
=== gfortran Summary ===
# of expected passes 11157
# of unexpected failures 1
# of expected failures 4
# of unsupported tests 66
/test/gnu/gcc-4.1/objdir/gcc/testsuite/../gfortran version 4.1.0 20060111 (prerelease)
=== objc tests ===
Running target unix
FAIL: objc.dg/bitfield-1.m (test for excess errors)
FAIL: objc.dg/bitfield-1.m execution test
FAIL: objc.dg/bitfield-3.m (test for excess errors)
FAIL: objc.dg/bitfield-3.m execution test
FAIL: objc.dg/bitfield-5.m (test for excess errors)
FAIL: objc.dg/bitfield-5.m execution test
FAIL: objc.dg/call-super-1.m (test for excess errors)
FAIL: objc.dg/call-super-1.m execution test
FAIL: objc.dg/call-super-3.m (test for excess errors)
FAIL: objc.dg/call-super-3.m execution test
FAIL: objc.dg/category-1.m (test for excess errors)
FAIL: objc.dg/category-1.m execution test
FAIL: objc.dg/defs.m (test for excess errors)
FAIL: objc.dg/defs.m execution test
FAIL: objc.dg/desig-init-1.m (test for excess errors)
FAIL: objc.dg/desig-init-1.m execution test
FAIL: objc.dg/encode-1.m (test for excess errors)
FAIL: objc.dg/encode-1.m execution test
FAIL: objc.dg/encode-2.m (test for excess errors)
FAIL: objc.dg/encode-2.m execution test
FAIL: objc.dg/encode-3.m (test for excess errors)
FAIL: objc.dg/encode-3.m execution test
FAIL: objc.dg/encode-4.m (test for excess errors)
FAIL: objc.dg/encode-4.m execution test
FAIL: objc.dg/func-ptr-1.m (test for excess errors)
FAIL: objc.dg/func-ptr-1.m execution test
FAIL: objc.dg/func-ptr-2.m (test for excess errors)
FAIL: objc.dg/func-ptr-2.m execution test
FAIL: objc.dg/method-10.m (test for excess errors)
FAIL: objc.dg/method-10.m execution test
FAIL: objc.dg/method-13.m (test for excess errors)
FAIL: objc.dg/method-13.m execution test
FAIL: objc.dg/method-3.m (test for excess errors)
FAIL: objc.dg/method-3.m execution test
FAIL: objc.dg/proto-lossage-3.m (test for excess errors)
FAIL: objc.dg/proto-lossage-3.m execution test
FAIL: objc.dg/proto-qual-1.m (test for excess errors)
FAIL: objc.dg/proto-qual-1.m execution test
FAIL: objc.dg/sizeof-1.m (test for excess errors)
FAIL: objc.dg/sizeof-1.m execution test
FAIL: objc.dg/stret-1.m (test for excess errors)
FAIL: objc.dg/stret-1.m execution test
FAIL: objc.dg/super-class-3.m (test for excess errors)
FAIL: objc.dg/super-class-3.m execution test
FAIL: objc.dg/type-size-2.m (test for excess errors)
FAIL: objc.dg/type-size-2.m execution test
FAIL: objc.dg/type-stream-1.m (test for excess errors)
FAIL: objc.dg/type-stream-1.m execution test
FAIL: objc.dg/va-meth-1.m (test for excess errors)
FAIL: objc.dg/va-meth-1.m execution test
FAIL: objc.dg/special/unclaimed-category-1.m unclaimed-category-1a.o (test for excess errors)
FAIL: objc.dg/special/unclaimed-category-1.m unclaimed-category-1a.o execution test
=== objc Summary ===
# of expected passes 460
# of unexpected failures 52
# of unsupported tests 23
/test/gnu/gcc-4.1/objdir/gcc/xgcc version 4.1.0 20060111 (prerelease)
=== libstdc++ tests ===
Running target unix
=== libstdc++ Summary ===
# of expected passes 2618
# of expected failures 10
# of unsupported tests 159
Compiler version: 4.1.0 20060111 (prerelease)
Platform: hppa64-hp-hpux11.11
configure flags: --with-gnu-as --with-as=/opt/gnu64/bin/as --with-ld=/usr/ccs/bin/ld --enable-shared --disable-nls --with-local-prefix=/opt/gnu64 --prefix=/opt/gnu64/gcc/gcc-4.1.0 --host=hppa64-hp-hpux11.11 --enable-threads=posix --disable-libmudflap --with-gmp=/opt/gnu64/gcc/gcc-4.1.0 --enable-languages=c,c++,fortran,java,objc