This is the mail archive of the gcc-testresults@gcc.gnu.org mailing list for the GCC project.
Index Nav: | [Date Index] [Subject Index] [Author Index] [Thread Index] | |
---|---|---|
Message Nav: | [Date Prev] [Date Next] | [Thread Prev] [Thread Next] |
Other format: | [Raw text] |
LAST_UPDATED: Fri Jan 6 05:48:25 UTC 2006 (revision 109407) Native configuration is x86_64-unknown-linux-gnu === gcc tests === Running target unix/-m32 XPASS: gcc.dg/vect/vect-22.c scan-tree-dump-times vectorized 3 loops 1 === gcc Summary for unix/-m32 === # of expected passes 35510 # of unexpected successes 1 # of expected failures 94 # of untested testcases 28 # of unsupported tests 326 Running target unix XPASS: gcc.dg/vect/vect-22.c scan-tree-dump-times vectorized 3 loops 1 === gcc Summary for unix === # of expected passes 35248 # of unexpected successes 1 # of expected failures 98 # of untested testcases 28 # of unsupported tests 411 === gcc Summary === # of expected passes 70758 # of unexpected successes 2 # of expected failures 192 # of untested testcases 56 # of unsupported tests 737 /export/build/gnu/gcc-4.0/build-x86_64-linux/gcc/xgcc version 4.0.3 20060106 (prerelease) === gfortran tests === Running target unix/-m32 === gfortran Summary for unix/-m32 === # of expected passes 8858 # of expected failures 1 Running target unix === gfortran Summary for unix === # of expected passes 8826 # of expected failures 1 # of unsupported tests 16 === gfortran Summary === # of expected passes 17684 # of expected failures 2 # of unsupported tests 16 /export/build/gnu/gcc-4.0/build-x86_64-linux/gcc/testsuite/../gfortran version 4.0.3 20060106 (prerelease) === g++ tests === Running target unix/-m32 === g++ Summary for unix/-m32 === # of expected passes 11389 # of expected failures 69 # of unsupported tests 56 Running target unix === g++ Summary for unix === # of expected passes 11304 # of expected failures 69 # of unsupported tests 85 === g++ Summary === # of expected passes 22693 # of expected failures 138 # of unsupported tests 141 /export/build/gnu/gcc-4.0/build-x86_64-linux/gcc/testsuite/../g++ version 4.0.3 20060106 (prerelease) === objc tests === Running target unix/-m32 === objc Summary for unix/-m32 === # of expected passes 1548 # of unsupported tests 10 Running target unix === objc Summary for unix === # of expected passes 1548 # of unsupported tests 10 === objc Summary === # of expected passes 3096 # of unsupported tests 20 /export/build/gnu/gcc-4.0/build-x86_64-linux/gcc/xgcc version 4.0.3 20060106 (prerelease) === libffi tests === Running target unix/-m32 === libffi Summary for unix/-m32 === # of expected passes 219 # of unsupported tests 2 Running target unix === libffi Summary for unix === # of expected passes 219 # of unsupported tests 2 === libffi Summary === # of expected passes 438 # of unsupported tests 4 === libjava tests === Running target unix/-m32 === libjava Summary for unix/-m32 === # of expected passes 3899 # of expected failures 10 # of untested testcases 8 Running target unix === libjava Summary for unix === # of expected passes 3899 # of expected failures 10 # of untested testcases 8 === libjava Summary === # of expected passes 7798 # of expected failures 20 # of untested testcases 16 === libmudflap tests === Running target unix/-m32 === libmudflap Summary for unix/-m32 === # of expected passes 1288 Running target unix === libmudflap Summary for unix === # of expected passes 1288 === libmudflap Summary === # of expected passes 2576 === libstdc++ tests === Running target unix/-m32 XPASS: 22_locale/locale/cons/12658_thread-1.cc execution test FAIL: 22_locale/messages/members/char/1.cc execution test FAIL: 22_locale/messages/members/char/2.cc execution test FAIL: 22_locale/messages/members/char/wrapped_env.cc execution test FAIL: 22_locale/messages/members/char/wrapped_locale.cc execution test FAIL: 22_locale/messages_byname/named_equivalence.cc execution test XPASS: 26_numerics/cmath/c99_classification_macros_c.cc (test for excess errors) === libstdc++ Summary for unix/-m32 === # of expected passes 3708 # of unexpected failures 5 # of unexpected successes 2 # of expected failures 12 Running target unix XPASS: 22_locale/locale/cons/12658_thread-1.cc execution test XPASS: 26_numerics/cmath/c99_classification_macros_c.cc (test for excess errors) XPASS: 27_io/fpos/14320-1.cc execution test === libstdc++ Summary for unix === # of expected passes 3713 # of unexpected successes 3 # of expected failures 11 === libstdc++ Summary === # of expected passes 7421 # of unexpected failures 5 # of unexpected successes 5 # of expected failures 23 Compiler version: 4.0.3 20060106 (prerelease) Platform: x86_64-unknown-linux-gnu configure flags: --enable-clocale=gnu --with-system-zlib --with-demangler-in-ld --enable-shared --enable-threads=posix --enable-haifa --disable-checking --prefix=/usr/gcc-4.0 --with-local-prefix=/usr/local --enable-languages=c,c++,f95,java,objc
Index Nav: | [Date Index] [Subject Index] [Author Index] [Thread Index] | |
---|---|---|
Message Nav: | [Date Prev] [Date Next] | [Thread Prev] [Thread Next] |