This is the mail archive of the
gcc-testresults@gcc.gnu.org
mailing list for the GCC project.
Results for 4.2.0 20060102 (experimental) testsuite on powerpc64-suse-linux-gnu
- From: aj at suse dot de (Andreas Jaeger)
- To: gcc-testresults at gcc dot gnu dot org
- Date: Mon, 2 Jan 2006 18:47:09 UT
- Subject: Results for 4.2.0 20060102 (experimental) testsuite on powerpc64-suse-linux-gnu
Bootstrap and regtesting on powerpc64-suse-linux-gnu.
SVN sources: mainline.
LAST_UPDATED: Mon Jan 2 07:49:48 UTC 2006 (revision 109234)
Native configuration is powerpc64-suse-linux-gnu
=== libffi tests ===
Running target unix/-m64
=== libffi Summary for unix/-m64 ===
# of expected passes 228
# of unsupported tests 2
Running target unix
=== libffi Summary for unix ===
# of expected passes 228
# of unsupported tests 2
=== libffi Summary ===
# of expected passes 456
# of unsupported tests 4
=== libjava tests ===
Running target unix/-m64
FAIL: PR25535 execution - source compiled test
FAIL: PR25535 execution - gij test
FAIL: PR25535 execution - bytecode->native test
FAIL: PR25535 -O3 execution - source compiled test
FAIL: PR25535 execution - gij test
FAIL: PR25535 -O3 execution - bytecode->native test
=== libjava Summary for unix/-m64 ===
# of expected passes 4017
# of unexpected failures 6
# of expected failures 10
# of untested testcases 14
Running target unix
=== libjava Summary for unix ===
# of expected passes 4029
# of expected failures 10
# of untested testcases 8
=== libjava Summary ===
# of expected passes 8046
# of unexpected failures 6
# of expected failures 20
# of untested testcases 22
=== libmudflap tests ===
Running target unix/-m64
FAIL: libmudflap.c/fail27-frag.c output pattern test
FAIL: libmudflap.c/fail27-frag.c (-O2) output pattern test
FAIL: libmudflap.c/fail27-frag.c (-O3) output pattern test
=== libmudflap Summary for unix/-m64 ===
# of expected passes 1786
# of unexpected failures 3
Running target unix
=== libmudflap Summary for unix ===
# of expected passes 1789
=== libmudflap Summary ===
# of expected passes 3575
# of unexpected failures 3
=== libstdc++ tests ===
Running target unix/-m64
FAIL: abi_check
FAIL: 22_locale/messages/members/char/1.cc execution test
FAIL: 22_locale/messages/members/char/2.cc execution test
FAIL: 22_locale/messages/members/char/wrapped_env.cc execution test
FAIL: 22_locale/messages/members/char/wrapped_locale.cc execution test
FAIL: 22_locale/messages_byname/named_equivalence.cc execution test
XPASS: 26_numerics/cmath/c99_classification_macros_c.cc (test for excess errors)
FAIL: 27_io/basic_ostream/inserters_character/char/9555-oc.cc execution test
FAIL: 27_io/basic_ostream/inserters_character/wchar_t/9555-oc.cc execution test
XPASS: 27_io/fpos/14320-1.cc execution test
XPASS: ext/array_allocator/2.cc execution test
=== libstdc++ Summary for unix/-m64 ===
# of expected passes 4032
# of unexpected failures 8
# of unexpected successes 3
# of expected failures 11
Running target unix
FAIL: abi_check
XPASS: 26_numerics/cmath/c99_classification_macros_c.cc (test for excess errors)
FAIL: 27_io/basic_ostream/inserters_character/char/9555-oc.cc execution test
FAIL: 27_io/basic_ostream/inserters_character/wchar_t/9555-oc.cc execution test
XPASS: ext/array_allocator/2.cc execution test
=== libstdc++ Summary for unix ===
# of expected passes 4037
# of unexpected failures 3
# of unexpected successes 2
# of expected failures 12
=== libstdc++ Summary ===
# of expected passes 8069
# of unexpected failures 11
# of unexpected successes 5
# of expected failures 23
=== gcc tests ===
Running target unix/-m64
FAIL: gcc.dg/cleanup-10.c execution test
FAIL: gcc.dg/cleanup-11.c execution test
FAIL: gcc.dg/cleanup-8.c execution test
FAIL: gcc.dg/cleanup-9.c execution test
FAIL: gcc.dg/torture/fp-int-convert-timode.c -O0 execution test
FAIL: gcc.dg/torture/fp-int-convert-timode.c -O1 execution test
FAIL: gcc.dg/torture/fp-int-convert-timode.c -O2 execution test
FAIL: gcc.dg/torture/fp-int-convert-timode.c -O3 -fomit-frame-pointer execution test
FAIL: gcc.dg/torture/fp-int-convert-timode.c -O3 -g execution test
FAIL: gcc.dg/torture/fp-int-convert-timode.c -Os execution test
XPASS: gcc.dg/tree-ssa/sra-2.c scan-tree-dump-times link_error 0
FAIL: gcc.dg/vect/pr20122.c scan-tree-dump-times vectorized 1 loops 2
FAIL: gcc.dg/vmx/3c-01a.c -O1 (test for excess errors)
=== gcc Summary for unix/-m64 ===
# of expected passes 38923
# of unexpected failures 12
# of unexpected successes 1
# of expected failures 98
# of untested testcases 28
# of unsupported tests 408
Running target unix
FAIL: gcc.dg/20020103-1.c scan-assembler-not LC[0-9]
FAIL: gcc.dg/cleanup-10.c execution test
FAIL: gcc.dg/cleanup-11.c execution test
FAIL: gcc.dg/cleanup-8.c execution test
FAIL: gcc.dg/cleanup-9.c execution test
FAIL: gcc.dg/vect/pr20122.c scan-tree-dump-times vectorized 1 loops 2
FAIL: gcc.dg/vmx/3c-01a.c -O1 (test for excess errors)
FAIL: gcc.target/powerpc/980827-1.c execution test
FAIL: gcc.target/powerpc/pr18096-1.c stack frame too large (test for warnings, line 11)
FAIL: gcc.target/powerpc/pr18096-1.c (test for excess errors)
=== gcc Summary for unix ===
# of expected passes 39075
# of unexpected failures 10
# of expected failures 97
# of untested testcases 28
# of unsupported tests 341
=== gcc Summary ===
# of expected passes 77998
# of unexpected failures 22
# of unexpected successes 1
# of expected failures 195
# of untested testcases 56
# of unsupported tests 749
/abuild/aj/gcc/gcc/xgcc version 4.2.0 20060102 (experimental)
=== gfortran tests ===
Running target unix/-m64
FAIL: gfortran.dg/complex_intrinsic_1.f90 -O0 execution test
FAIL: gfortran.dg/complex_intrinsic_1.f90 -O1 execution test
FAIL: gfortran.dg/complex_intrinsic_1.f90 -O2 execution test
FAIL: gfortran.dg/complex_intrinsic_1.f90 -O3 -fomit-frame-pointer execution test
FAIL: gfortran.dg/complex_intrinsic_1.f90 -O3 -fomit-frame-pointer -funroll-loops execution test
FAIL: gfortran.dg/complex_intrinsic_1.f90 -O3 -fomit-frame-pointer -funroll-all-loops -finline-functions execution test
FAIL: gfortran.dg/complex_intrinsic_1.f90 -O3 -g execution test
FAIL: gfortran.dg/complex_intrinsic_1.f90 -Os execution test
XPASS: gfortran.dg/csqrt_2.f -O0 execution test
XPASS: gfortran.dg/csqrt_2.f -O1 execution test
XPASS: gfortran.dg/csqrt_2.f -O2 execution test
XPASS: gfortran.dg/csqrt_2.f -O3 -fomit-frame-pointer execution test
XPASS: gfortran.dg/csqrt_2.f -O3 -fomit-frame-pointer -funroll-loops execution test
XPASS: gfortran.dg/csqrt_2.f -O3 -fomit-frame-pointer -funroll-all-loops -finline-functions execution test
XPASS: gfortran.dg/csqrt_2.f -O3 -g execution test
XPASS: gfortran.dg/csqrt_2.f -Os execution test
FAIL: gfortran.dg/f2c_2.f90 -O0 execution test
FAIL: gfortran.dg/f2c_2.f90 -O1 execution test
FAIL: gfortran.dg/f2c_2.f90 -O2 execution test
FAIL: gfortran.dg/f2c_2.f90 -O3 -fomit-frame-pointer execution test
FAIL: gfortran.dg/f2c_2.f90 -O3 -fomit-frame-pointer -funroll-loops execution test
FAIL: gfortran.dg/f2c_2.f90 -O3 -fomit-frame-pointer -funroll-all-loops -finline-functions execution test
FAIL: gfortran.dg/f2c_2.f90 -O3 -g execution test
FAIL: gfortran.dg/f2c_2.f90 -Os execution test
FAIL: gfortran.dg/int_1.f90 -O0 execution test
FAIL: gfortran.dg/int_1.f90 -O1 execution test
FAIL: gfortran.dg/int_1.f90 -O2 execution test
FAIL: gfortran.dg/int_1.f90 -O3 -fomit-frame-pointer execution test
FAIL: gfortran.dg/int_1.f90 -O3 -fomit-frame-pointer -funroll-loops execution test
FAIL: gfortran.dg/int_1.f90 -O3 -fomit-frame-pointer -funroll-all-loops -finline-functions execution test
FAIL: gfortran.dg/int_1.f90 -O3 -g execution test
FAIL: gfortran.dg/int_1.f90 -Os execution test
FAIL: gfortran.dg/list_read_4.f90 -O0 execution test
FAIL: gfortran.dg/list_read_4.f90 -O1 execution test
FAIL: gfortran.dg/list_read_4.f90 -O2 execution test
FAIL: gfortran.dg/list_read_4.f90 -O3 -fomit-frame-pointer execution test
FAIL: gfortran.dg/list_read_4.f90 -O3 -fomit-frame-pointer -funroll-loops execution test
FAIL: gfortran.dg/list_read_4.f90 -O3 -fomit-frame-pointer -funroll-all-loops -finline-functions execution test
FAIL: gfortran.dg/list_read_4.f90 -O3 -g execution test
FAIL: gfortran.dg/list_read_4.f90 -Os execution test
FAIL: gfortran.dg/nested_modules_1.f90 -O0 execution test
FAIL: gfortran.dg/nested_modules_1.f90 -O1 execution test
FAIL: gfortran.dg/nested_modules_1.f90 -O2 execution test
FAIL: gfortran.dg/nested_modules_1.f90 -O3 -fomit-frame-pointer execution test
FAIL: gfortran.dg/nested_modules_1.f90 -O3 -fomit-frame-pointer -funroll-loops execution test
FAIL: gfortran.dg/nested_modules_1.f90 -O3 -fomit-frame-pointer -funroll-all-loops -finline-functions execution test
FAIL: gfortran.dg/nested_modules_1.f90 -O3 -g execution test
FAIL: gfortran.dg/nested_modules_1.f90 -Os execution test
FAIL: gfortran.dg/real_const_1.f -O0 execution test
FAIL: gfortran.dg/real_const_1.f -O1 execution test
FAIL: gfortran.dg/real_const_1.f -O2 execution test
FAIL: gfortran.dg/real_const_1.f -O3 -fomit-frame-pointer execution test
FAIL: gfortran.dg/real_const_1.f -O3 -fomit-frame-pointer -funroll-loops execution test
FAIL: gfortran.dg/real_const_1.f -O3 -fomit-frame-pointer -funroll-all-loops -finline-functions execution test
FAIL: gfortran.dg/real_const_1.f -O3 -g execution test
FAIL: gfortran.dg/real_const_1.f -Os execution test
FAIL: gfortran.dg/real_const_2.f90 -O0 execution test
FAIL: gfortran.dg/real_const_2.f90 -O1 execution test
FAIL: gfortran.dg/real_const_2.f90 -O2 execution test
FAIL: gfortran.dg/real_const_2.f90 -O3 -fomit-frame-pointer execution test
FAIL: gfortran.dg/real_const_2.f90 -O3 -fomit-frame-pointer -funroll-loops execution test
FAIL: gfortran.dg/real_const_2.f90 -O3 -fomit-frame-pointer -funroll-all-loops -finline-functions execution test
FAIL: gfortran.dg/real_const_2.f90 -O3 -g execution test
FAIL: gfortran.dg/real_const_2.f90 -Os execution test
FAIL: gfortran.dg/g77/20010610.f -O3 -fomit-frame-pointer -funroll-loops (test for excess errors)
WARNING: gfortran.dg/g77/20010610.f -O3 -fomit-frame-pointer -funroll-loops compilation failed to produce executable
FAIL: gfortran.dg/g77/20010610.f -O3 -fomit-frame-pointer -funroll-all-loops -finline-functions (test for excess errors)
WARNING: gfortran.dg/g77/20010610.f -O3 -fomit-frame-pointer -funroll-all-loops -finline-functions compilation failed to produce executable
FAIL: gfortran.dg/g77/947.f -O0 execution test
FAIL: gfortran.dg/g77/947.f -O1 execution test
FAIL: gfortran.dg/g77/947.f -O2 execution test
FAIL: gfortran.dg/g77/947.f -O3 -fomit-frame-pointer execution test
FAIL: gfortran.dg/g77/947.f -O3 -fomit-frame-pointer -funroll-loops execution test
FAIL: gfortran.dg/g77/947.f -O3 -fomit-frame-pointer -funroll-all-loops -finline-functions execution test
FAIL: gfortran.dg/g77/947.f -O3 -g execution test
FAIL: gfortran.dg/g77/947.f -Os execution test
FAIL: gfortran.dg/g77/complex_1.f -O0 execution test
FAIL: gfortran.dg/g77/complex_1.f -O1 execution test
FAIL: gfortran.dg/g77/complex_1.f -O2 execution test
FAIL: gfortran.dg/g77/complex_1.f -O3 -fomit-frame-pointer execution test
FAIL: gfortran.dg/g77/complex_1.f -O3 -fomit-frame-pointer -funroll-loops execution test
FAIL: gfortran.dg/g77/complex_1.f -O3 -fomit-frame-pointer -funroll-all-loops -finline-functions execution test
FAIL: gfortran.dg/g77/complex_1.f -O3 -g execution test
FAIL: gfortran.dg/g77/complex_1.f -Os execution test
FAIL: gfortran.dg/g77/dcomplex.f -O0 execution test
FAIL: gfortran.dg/g77/dcomplex.f -O1 execution test
FAIL: gfortran.dg/g77/dcomplex.f -O2 execution test
FAIL: gfortran.dg/g77/dcomplex.f -O3 -fomit-frame-pointer execution test
FAIL: gfortran.dg/g77/dcomplex.f -O3 -fomit-frame-pointer -funroll-loops execution test
FAIL: gfortran.dg/g77/dcomplex.f -O3 -fomit-frame-pointer -funroll-all-loops -finline-functions execution test
FAIL: gfortran.dg/g77/dcomplex.f -O3 -g execution test
FAIL: gfortran.dg/g77/dcomplex.f -Os execution test
FAIL: gfortran.dg/g77/f90-intrinsic-numeric.f -O0 execution test
FAIL: gfortran.dg/g77/f90-intrinsic-numeric.f -O1 execution test
FAIL: gfortran.dg/g77/f90-intrinsic-numeric.f -O2 execution test
FAIL: gfortran.dg/g77/f90-intrinsic-numeric.f -O3 -fomit-frame-pointer execution test
FAIL: gfortran.dg/g77/f90-intrinsic-numeric.f -O3 -fomit-frame-pointer -funroll-loops execution test
FAIL: gfortran.dg/g77/f90-intrinsic-numeric.f -O3 -fomit-frame-pointer -funroll-all-loops -finline-functions execution test
FAIL: gfortran.dg/g77/f90-intrinsic-numeric.f -O3 -g execution test
FAIL: gfortran.dg/g77/f90-intrinsic-numeric.f -Os execution test
FAIL: gfortran.fortran-torture/execute/cmplx.f90 execution, -O0
FAIL: gfortran.fortran-torture/execute/cmplx.f90 execution, -O1
FAIL: gfortran.fortran-torture/execute/cmplx.f90 execution, -O2
FAIL: gfortran.fortran-torture/execute/cmplx.f90 execution, -O3 -fomit-frame-pointer
FAIL: gfortran.fortran-torture/execute/cmplx.f90 execution, -O3 -fomit-frame-pointer -funroll-loops
FAIL: gfortran.fortran-torture/execute/cmplx.f90 execution, -O3 -fomit-frame-pointer -funroll-all-loops -finline-functions
FAIL: gfortran.fortran-torture/execute/cmplx.f90 execution, -O3 -g
FAIL: gfortran.fortran-torture/execute/cmplx.f90 execution, -Os
FAIL: gfortran.fortran-torture/execute/intrinsic_dotprod.f90 execution, -O0
FAIL: gfortran.fortran-torture/execute/intrinsic_dotprod.f90 execution, -O1
FAIL: gfortran.fortran-torture/execute/intrinsic_dotprod.f90 execution, -O2
FAIL: gfortran.fortran-torture/execute/intrinsic_dotprod.f90 execution, -O3 -fomit-frame-pointer
FAIL: gfortran.fortran-torture/execute/intrinsic_dotprod.f90 execution, -O3 -fomit-frame-pointer -funroll-loops
FAIL: gfortran.fortran-torture/execute/intrinsic_dotprod.f90 execution, -O3 -fomit-frame-pointer -funroll-all-loops -finline-functions
FAIL: gfortran.fortran-torture/execute/intrinsic_dotprod.f90 execution, -O3 -g
FAIL: gfortran.fortran-torture/execute/intrinsic_dotprod.f90 execution, -Os
FAIL: gfortran.fortran-torture/execute/intrinsic_minmax.f90 execution, -O0
FAIL: gfortran.fortran-torture/execute/intrinsic_minmax.f90 execution, -O1
FAIL: gfortran.fortran-torture/execute/intrinsic_minmax.f90 execution, -O2
FAIL: gfortran.fortran-torture/execute/intrinsic_minmax.f90 execution, -O3 -fomit-frame-pointer
FAIL: gfortran.fortran-torture/execute/intrinsic_minmax.f90 execution, -O3 -fomit-frame-pointer -funroll-loops
FAIL: gfortran.fortran-torture/execute/intrinsic_minmax.f90 execution, -O3 -fomit-frame-pointer -funroll-all-loops -finline-functions
FAIL: gfortran.fortran-torture/execute/intrinsic_minmax.f90 execution, -O3 -g
FAIL: gfortran.fortran-torture/execute/intrinsic_minmax.f90 execution, -Os
FAIL: gfortran.fortran-torture/execute/intrinsic_mod_ulo.f90 execution, -O0
FAIL: gfortran.fortran-torture/execute/intrinsic_mod_ulo.f90 execution, -O1
FAIL: gfortran.fortran-torture/execute/intrinsic_mod_ulo.f90 execution, -O2
FAIL: gfortran.fortran-torture/execute/intrinsic_mod_ulo.f90 execution, -O3 -fomit-frame-pointer
FAIL: gfortran.fortran-torture/execute/intrinsic_mod_ulo.f90 execution, -O3 -fomit-frame-pointer -funroll-loops
FAIL: gfortran.fortran-torture/execute/intrinsic_mod_ulo.f90 execution, -O3 -fomit-frame-pointer -funroll-all-loops -finline-functions
FAIL: gfortran.fortran-torture/execute/intrinsic_mod_ulo.f90 execution, -O3 -g
FAIL: gfortran.fortran-torture/execute/intrinsic_mod_ulo.f90 execution, -Os
FAIL: gfortran.fortran-torture/execute/math.f90 execution, -O0
FAIL: gfortran.fortran-torture/execute/math.f90 execution, -O1
FAIL: gfortran.fortran-torture/execute/math.f90 execution, -O2
FAIL: gfortran.fortran-torture/execute/math.f90 execution, -O3 -fomit-frame-pointer
FAIL: gfortran.fortran-torture/execute/math.f90 execution, -O3 -fomit-frame-pointer -funroll-loops
FAIL: gfortran.fortran-torture/execute/math.f90 execution, -O3 -fomit-frame-pointer -funroll-all-loops -finline-functions
FAIL: gfortran.fortran-torture/execute/math.f90 execution, -O3 -g
FAIL: gfortran.fortran-torture/execute/math.f90 execution, -Os
FAIL: gfortran.fortran-torture/execute/parameter_2.f90 execution, -O0
FAIL: gfortran.fortran-torture/execute/parameter_2.f90 execution, -O1
FAIL: gfortran.fortran-torture/execute/parameter_2.f90 execution, -O2
FAIL: gfortran.fortran-torture/execute/parameter_2.f90 execution, -O3 -fomit-frame-pointer
FAIL: gfortran.fortran-torture/execute/parameter_2.f90 execution, -O3 -fomit-frame-pointer -funroll-loops
FAIL: gfortran.fortran-torture/execute/parameter_2.f90 execution, -O3 -fomit-frame-pointer -funroll-all-loops -finline-functions
FAIL: gfortran.fortran-torture/execute/parameter_2.f90 execution, -O3 -g
FAIL: gfortran.fortran-torture/execute/parameter_2.f90 execution, -Os
FAIL: gfortran.fortran-torture/execute/power.f90 execution, -O0
FAIL: gfortran.fortran-torture/execute/power.f90 execution, -O1
FAIL: gfortran.fortran-torture/execute/power.f90 execution, -O2
FAIL: gfortran.fortran-torture/execute/power.f90 execution, -O3 -fomit-frame-pointer
FAIL: gfortran.fortran-torture/execute/power.f90 execution, -O3 -fomit-frame-pointer -funroll-loops
FAIL: gfortran.fortran-torture/execute/power.f90 execution, -O3 -fomit-frame-pointer -funroll-all-loops -finline-functions
FAIL: gfortran.fortran-torture/execute/power.f90 execution, -O3 -g
FAIL: gfortran.fortran-torture/execute/power.f90 execution, -Os
=== gfortran Summary for unix/-m64 ===
# of expected passes 10899
# of unexpected failures 146
# of unexpected successes 8
# of expected failures 10
# of unsupported tests 50
Running target unix
FAIL: gfortran.dg/complex_intrinsic_1.f90 -O0 execution test
FAIL: gfortran.dg/complex_intrinsic_1.f90 -O1 execution test
FAIL: gfortran.dg/complex_intrinsic_1.f90 -O2 execution test
FAIL: gfortran.dg/complex_intrinsic_1.f90 -O3 -fomit-frame-pointer execution test
FAIL: gfortran.dg/complex_intrinsic_1.f90 -O3 -fomit-frame-pointer -funroll-loops execution test
FAIL: gfortran.dg/complex_intrinsic_1.f90 -O3 -fomit-frame-pointer -funroll-all-loops -finline-functions execution test
FAIL: gfortran.dg/complex_intrinsic_1.f90 -O3 -g execution test
FAIL: gfortran.dg/complex_intrinsic_1.f90 -Os execution test
XPASS: gfortran.dg/csqrt_2.f -O0 execution test
XPASS: gfortran.dg/csqrt_2.f -O1 execution test
XPASS: gfortran.dg/csqrt_2.f -O2 execution test
XPASS: gfortran.dg/csqrt_2.f -O3 -fomit-frame-pointer execution test
XPASS: gfortran.dg/csqrt_2.f -O3 -fomit-frame-pointer -funroll-loops execution test
XPASS: gfortran.dg/csqrt_2.f -O3 -fomit-frame-pointer -funroll-all-loops -finline-functions execution test
XPASS: gfortran.dg/csqrt_2.f -O3 -g execution test
XPASS: gfortran.dg/csqrt_2.f -Os execution test
FAIL: gfortran.dg/f2c_2.f90 -O0 execution test
FAIL: gfortran.dg/f2c_2.f90 -O1 execution test
FAIL: gfortran.dg/f2c_2.f90 -O2 execution test
FAIL: gfortran.dg/f2c_2.f90 -O3 -fomit-frame-pointer execution test
FAIL: gfortran.dg/f2c_2.f90 -O3 -fomit-frame-pointer -funroll-loops execution test
FAIL: gfortran.dg/f2c_2.f90 -O3 -fomit-frame-pointer -funroll-all-loops -finline-functions execution test
FAIL: gfortran.dg/f2c_2.f90 -O3 -g execution test
FAIL: gfortran.dg/f2c_2.f90 -Os execution test
FAIL: gfortran.dg/int_1.f90 -O0 execution test
FAIL: gfortran.dg/int_1.f90 -O1 execution test
FAIL: gfortran.dg/int_1.f90 -O2 execution test
FAIL: gfortran.dg/int_1.f90 -O3 -fomit-frame-pointer execution test
FAIL: gfortran.dg/int_1.f90 -O3 -fomit-frame-pointer -funroll-loops execution test
FAIL: gfortran.dg/int_1.f90 -O3 -fomit-frame-pointer -funroll-all-loops -finline-functions execution test
FAIL: gfortran.dg/int_1.f90 -O3 -g execution test
FAIL: gfortran.dg/int_1.f90 -Os execution test
FAIL: gfortran.dg/list_read_4.f90 -O0 execution test
FAIL: gfortran.dg/list_read_4.f90 -O1 execution test
FAIL: gfortran.dg/list_read_4.f90 -O2 execution test
FAIL: gfortran.dg/list_read_4.f90 -O3 -fomit-frame-pointer execution test
FAIL: gfortran.dg/list_read_4.f90 -O3 -fomit-frame-pointer -funroll-loops execution test
FAIL: gfortran.dg/list_read_4.f90 -O3 -fomit-frame-pointer -funroll-all-loops -finline-functions execution test
FAIL: gfortran.dg/list_read_4.f90 -O3 -g execution test
FAIL: gfortran.dg/list_read_4.f90 -Os execution test
FAIL: gfortran.dg/nested_modules_1.f90 -O0 execution test
FAIL: gfortran.dg/nested_modules_1.f90 -O1 execution test
FAIL: gfortran.dg/nested_modules_1.f90 -O2 execution test
FAIL: gfortran.dg/nested_modules_1.f90 -O3 -fomit-frame-pointer execution test
FAIL: gfortran.dg/nested_modules_1.f90 -O3 -fomit-frame-pointer -funroll-loops execution test
FAIL: gfortran.dg/nested_modules_1.f90 -O3 -fomit-frame-pointer -funroll-all-loops -finline-functions execution test
FAIL: gfortran.dg/nested_modules_1.f90 -O3 -g execution test
FAIL: gfortran.dg/nested_modules_1.f90 -Os execution test
FAIL: gfortran.dg/real_const_1.f -O0 execution test
FAIL: gfortran.dg/real_const_1.f -O1 execution test
FAIL: gfortran.dg/real_const_1.f -O2 execution test
FAIL: gfortran.dg/real_const_1.f -O3 -fomit-frame-pointer execution test
FAIL: gfortran.dg/real_const_1.f -O3 -fomit-frame-pointer -funroll-loops execution test
FAIL: gfortran.dg/real_const_1.f -O3 -fomit-frame-pointer -funroll-all-loops -finline-functions execution test
FAIL: gfortran.dg/real_const_1.f -O3 -g execution test
FAIL: gfortran.dg/real_const_1.f -Os execution test
FAIL: gfortran.dg/real_const_2.f90 -O0 execution test
FAIL: gfortran.dg/real_const_2.f90 -O1 execution test
FAIL: gfortran.dg/real_const_2.f90 -O2 execution test
FAIL: gfortran.dg/real_const_2.f90 -O3 -fomit-frame-pointer execution test
FAIL: gfortran.dg/real_const_2.f90 -O3 -fomit-frame-pointer -funroll-loops execution test
FAIL: gfortran.dg/real_const_2.f90 -O3 -fomit-frame-pointer -funroll-all-loops -finline-functions execution test
FAIL: gfortran.dg/real_const_2.f90 -O3 -g execution test
FAIL: gfortran.dg/real_const_2.f90 -Os execution test
FAIL: gfortran.dg/g77/947.f -O0 execution test
FAIL: gfortran.dg/g77/947.f -O1 execution test
FAIL: gfortran.dg/g77/947.f -O2 execution test
FAIL: gfortran.dg/g77/947.f -O3 -fomit-frame-pointer execution test
FAIL: gfortran.dg/g77/947.f -O3 -fomit-frame-pointer -funroll-loops execution test
FAIL: gfortran.dg/g77/947.f -O3 -fomit-frame-pointer -funroll-all-loops -finline-functions execution test
FAIL: gfortran.dg/g77/947.f -O3 -g execution test
FAIL: gfortran.dg/g77/947.f -Os execution test
FAIL: gfortran.dg/g77/complex_1.f -O0 execution test
FAIL: gfortran.dg/g77/complex_1.f -O1 execution test
FAIL: gfortran.dg/g77/complex_1.f -O2 execution test
FAIL: gfortran.dg/g77/complex_1.f -O3 -fomit-frame-pointer execution test
FAIL: gfortran.dg/g77/complex_1.f -O3 -fomit-frame-pointer -funroll-loops execution test
FAIL: gfortran.dg/g77/complex_1.f -O3 -fomit-frame-pointer -funroll-all-loops -finline-functions execution test
FAIL: gfortran.dg/g77/complex_1.f -O3 -g execution test
FAIL: gfortran.dg/g77/complex_1.f -Os execution test
FAIL: gfortran.dg/g77/dcomplex.f -O0 execution test
FAIL: gfortran.dg/g77/dcomplex.f -O1 execution test
FAIL: gfortran.dg/g77/dcomplex.f -O2 execution test
FAIL: gfortran.dg/g77/dcomplex.f -O3 -fomit-frame-pointer execution test
FAIL: gfortran.dg/g77/dcomplex.f -O3 -fomit-frame-pointer -funroll-loops execution test
FAIL: gfortran.dg/g77/dcomplex.f -O3 -fomit-frame-pointer -funroll-all-loops -finline-functions execution test
FAIL: gfortran.dg/g77/dcomplex.f -O3 -g execution test
FAIL: gfortran.dg/g77/dcomplex.f -Os execution test
FAIL: gfortran.dg/g77/f90-intrinsic-numeric.f -O0 execution test
FAIL: gfortran.dg/g77/f90-intrinsic-numeric.f -O1 execution test
FAIL: gfortran.dg/g77/f90-intrinsic-numeric.f -O2 execution test
FAIL: gfortran.dg/g77/f90-intrinsic-numeric.f -O3 -fomit-frame-pointer execution test
FAIL: gfortran.dg/g77/f90-intrinsic-numeric.f -O3 -fomit-frame-pointer -funroll-loops execution test
FAIL: gfortran.dg/g77/f90-intrinsic-numeric.f -O3 -fomit-frame-pointer -funroll-all-loops -finline-functions execution test
FAIL: gfortran.dg/g77/f90-intrinsic-numeric.f -O3 -g execution test
FAIL: gfortran.dg/g77/f90-intrinsic-numeric.f -Os execution test
FAIL: gfortran.fortran-torture/execute/cmplx.f90 execution, -O0
FAIL: gfortran.fortran-torture/execute/cmplx.f90 execution, -O1
FAIL: gfortran.fortran-torture/execute/cmplx.f90 execution, -O2
FAIL: gfortran.fortran-torture/execute/cmplx.f90 execution, -O3 -fomit-frame-pointer
FAIL: gfortran.fortran-torture/execute/cmplx.f90 execution, -O3 -fomit-frame-pointer -funroll-loops
FAIL: gfortran.fortran-torture/execute/cmplx.f90 execution, -O3 -fomit-frame-pointer -funroll-all-loops -finline-functions
FAIL: gfortran.fortran-torture/execute/cmplx.f90 execution, -O3 -g
FAIL: gfortran.fortran-torture/execute/cmplx.f90 execution, -Os
FAIL: gfortran.fortran-torture/execute/intrinsic_dotprod.f90 execution, -O0
FAIL: gfortran.fortran-torture/execute/intrinsic_dotprod.f90 execution, -O1
FAIL: gfortran.fortran-torture/execute/intrinsic_dotprod.f90 execution, -O2
FAIL: gfortran.fortran-torture/execute/intrinsic_dotprod.f90 execution, -O3 -fomit-frame-pointer
FAIL: gfortran.fortran-torture/execute/intrinsic_dotprod.f90 execution, -O3 -fomit-frame-pointer -funroll-loops
FAIL: gfortran.fortran-torture/execute/intrinsic_dotprod.f90 execution, -O3 -fomit-frame-pointer -funroll-all-loops -finline-functions
FAIL: gfortran.fortran-torture/execute/intrinsic_dotprod.f90 execution, -O3 -g
FAIL: gfortran.fortran-torture/execute/intrinsic_dotprod.f90 execution, -Os
FAIL: gfortran.fortran-torture/execute/intrinsic_minmax.f90 execution, -O0
FAIL: gfortran.fortran-torture/execute/intrinsic_minmax.f90 execution, -O1
FAIL: gfortran.fortran-torture/execute/intrinsic_minmax.f90 execution, -O2
FAIL: gfortran.fortran-torture/execute/intrinsic_minmax.f90 execution, -O3 -fomit-frame-pointer
FAIL: gfortran.fortran-torture/execute/intrinsic_minmax.f90 execution, -O3 -fomit-frame-pointer -funroll-loops
FAIL: gfortran.fortran-torture/execute/intrinsic_minmax.f90 execution, -O3 -fomit-frame-pointer -funroll-all-loops -finline-functions
FAIL: gfortran.fortran-torture/execute/intrinsic_minmax.f90 execution, -O3 -g
FAIL: gfortran.fortran-torture/execute/intrinsic_minmax.f90 execution, -Os
FAIL: gfortran.fortran-torture/execute/intrinsic_mod_ulo.f90 execution, -O0
FAIL: gfortran.fortran-torture/execute/intrinsic_mod_ulo.f90 execution, -O1
FAIL: gfortran.fortran-torture/execute/intrinsic_mod_ulo.f90 execution, -O2
FAIL: gfortran.fortran-torture/execute/intrinsic_mod_ulo.f90 execution, -O3 -fomit-frame-pointer
FAIL: gfortran.fortran-torture/execute/intrinsic_mod_ulo.f90 execution, -O3 -fomit-frame-pointer -funroll-loops
FAIL: gfortran.fortran-torture/execute/intrinsic_mod_ulo.f90 execution, -O3 -fomit-frame-pointer -funroll-all-loops -finline-functions
FAIL: gfortran.fortran-torture/execute/intrinsic_mod_ulo.f90 execution, -O3 -g
FAIL: gfortran.fortran-torture/execute/intrinsic_mod_ulo.f90 execution, -Os
FAIL: gfortran.fortran-torture/execute/math.f90 execution, -O0
FAIL: gfortran.fortran-torture/execute/math.f90 execution, -O1
FAIL: gfortran.fortran-torture/execute/math.f90 execution, -O2
FAIL: gfortran.fortran-torture/execute/math.f90 execution, -O3 -fomit-frame-pointer
FAIL: gfortran.fortran-torture/execute/math.f90 execution, -O3 -fomit-frame-pointer -funroll-loops
FAIL: gfortran.fortran-torture/execute/math.f90 execution, -O3 -fomit-frame-pointer -funroll-all-loops -finline-functions
FAIL: gfortran.fortran-torture/execute/math.f90 execution, -O3 -g
FAIL: gfortran.fortran-torture/execute/math.f90 execution, -Os
FAIL: gfortran.fortran-torture/execute/parameter_2.f90 execution, -O0
FAIL: gfortran.fortran-torture/execute/parameter_2.f90 execution, -O1
FAIL: gfortran.fortran-torture/execute/parameter_2.f90 execution, -O2
FAIL: gfortran.fortran-torture/execute/parameter_2.f90 execution, -O3 -fomit-frame-pointer
FAIL: gfortran.fortran-torture/execute/parameter_2.f90 execution, -O3 -fomit-frame-pointer -funroll-loops
FAIL: gfortran.fortran-torture/execute/parameter_2.f90 execution, -O3 -fomit-frame-pointer -funroll-all-loops -finline-functions
FAIL: gfortran.fortran-torture/execute/parameter_2.f90 execution, -O3 -g
FAIL: gfortran.fortran-torture/execute/parameter_2.f90 execution, -Os
FAIL: gfortran.fortran-torture/execute/power.f90 execution, -O0
FAIL: gfortran.fortran-torture/execute/power.f90 execution, -O1
FAIL: gfortran.fortran-torture/execute/power.f90 execution, -O2
FAIL: gfortran.fortran-torture/execute/power.f90 execution, -O3 -fomit-frame-pointer
FAIL: gfortran.fortran-torture/execute/power.f90 execution, -O3 -fomit-frame-pointer -funroll-loops
FAIL: gfortran.fortran-torture/execute/power.f90 execution, -O3 -fomit-frame-pointer -funroll-all-loops -finline-functions
FAIL: gfortran.fortran-torture/execute/power.f90 execution, -O3 -g
FAIL: gfortran.fortran-torture/execute/power.f90 execution, -Os
=== gfortran Summary for unix ===
# of expected passes 10874
# of unexpected failures 144
# of unexpected successes 8
# of expected failures 7
# of unsupported tests 66
=== gfortran Summary ===
# of expected passes 21773
# of unexpected failures 290
# of unexpected successes 16
# of expected failures 17
# of unsupported tests 116
/abuild/aj/gcc/stage3-gcc/testsuite/../gfortran version 4.2.0 20060102 (experimental)
=== g++ tests ===
Running target unix/-m64
=== g++ Summary for unix/-m64 ===
# of expected passes 11887
# of expected failures 65
# of unsupported tests 92
Running target unix
=== g++ Summary for unix ===
# of expected passes 11925
# of expected failures 65
# of unsupported tests 89
=== g++ Summary ===
# of expected passes 23812
# of expected failures 130
# of unsupported tests 181
/abuild/aj/gcc/stage3-gcc/testsuite/../g++ version 4.2.0 20060102 (experimental)
=== objc tests ===
Running target unix/-m64
FAIL: objc.dg-struct-layout-encoding-1/t025_main.m execution test
FAIL: objc.dg-struct-layout-encoding-1/t026_main.m execution test
FAIL: objc.dg-struct-layout-encoding-1/t027_main.m execution test
FAIL: objc.dg-struct-layout-encoding-1/t028_main.m execution test
FAIL: objc.dg-struct-layout-encoding-1/t029_main.m execution test
FAIL: objc.dg-struct-layout-encoding-1/t030_main.m execution test
FAIL: objc.dg-struct-layout-encoding-1/t031_main.m execution test
=== objc Summary for unix/-m64 ===
# of expected passes 1746
# of unexpected failures 7
# of unsupported tests 22
Running target unix
FAIL: objc.dg-struct-layout-encoding-1/t025_main.m execution test
FAIL: objc.dg-struct-layout-encoding-1/t026_main.m execution test
FAIL: objc.dg-struct-layout-encoding-1/t027_main.m execution test
FAIL: objc.dg-struct-layout-encoding-1/t028_main.m execution test
FAIL: objc.dg-struct-layout-encoding-1/t029_main.m execution test
FAIL: objc.dg-struct-layout-encoding-1/t030_main.m execution test
FAIL: objc.dg-struct-layout-encoding-1/t031_main.m execution test
=== objc Summary for unix ===
# of expected passes 1746
# of unexpected failures 7
# of unsupported tests 22
=== objc Summary ===
# of expected passes 3492
# of unexpected failures 14
# of unsupported tests 44
/abuild/aj/gcc/gcc/xgcc version 4.2.0 20060102 (experimental)
=== treelang tests ===
Running target unix/-m64
FAIL: treelang/compile/badreturn.tree (test for errors, line 13)
FAIL: treelang/compile/badreturn.tree (test for excess errors)
FAIL: treelang/compile/exit.tree (test for excess errors)
FAIL: treelang/compile/extrafunc.tree (test for warnings, line 14)
FAIL: treelang/compile/extrafunc.tree (test for excess errors)
FAIL: treelang/compile/extravar.tree (test for warnings, line 5)
FAIL: treelang/compile/extravar.tree (test for excess errors)
FAIL: treelang/compile/extref.tree (test for excess errors)
FAIL: treelang/compile/full_unit.tree (test for excess errors)
ERROR: treelang/compile/full_unit.tree: error executing dg-final: couldn't open "full_unit.s": no such file or directory
UNRESOLVED: treelang/compile/full_unit.tree: error executing dg-final: couldn't open "full_unit.s": no such file or directory
FAIL: treelang/compile/function-1.tree (test for excess errors)
FAIL: treelang/compile/memory.tree (test for excess errors)
FAIL: treelang/compile/tabs.tree (test for excess errors)
FAIL: treelang/compile/unsigned.tree (test for excess errors)
FAIL: treelang/compile/var_defs.tree (test for warnings, line 17)
FAIL: treelang/compile/var_defs.tree (test for warnings, line 22)
FAIL: treelang/compile/var_defs.tree (test for excess errors)
FAIL: treelang/execute/funccall-2.tree (test for excess errors)
WARNING: treelang/execute/funccall-2.tree compilation failed to produce executable
FAIL: treelang/execute/funccall.tree (test for excess errors)
WARNING: treelang/execute/funccall.tree compilation failed to produce executable
FAIL: treelang/execute/initial.tree (test for excess errors)
WARNING: treelang/execute/initial.tree compilation failed to produce executable
FAIL: treelang/execute/main.tree (test for excess errors)
WARNING: treelang/execute/main.tree compilation failed to produce executable
FAIL: treelang/execute/static.tree (test for excess errors)
WARNING: treelang/execute/static.tree compilation failed to produce executable
FAIL: treelang/output-1, {}
=== treelang Summary for unix/-m64 ===
# of expected passes 20
# of unexpected failures 22
# of unresolved testcases 1
Running target unix
=== treelang Summary for unix ===
# of expected passes 50
=== treelang Summary ===
# of expected passes 70
# of unexpected failures 22
# of unresolved testcases 1
Compiler version: 4.2.0 20060102 (experimental)
Platform: powerpc64-suse-linux-gnu
configure flags: --prefix=/opt/gcc/4.2-devel --enable-checking=misc,tree,gc,rtl,rtlflag,assert --enable-threads=posix --enable-clocale=gnu --enable-__cxa_atexit --enable-shared --with-system-zlib --with-cpu=default32 powerpc64-suse-linux-gnu --enable-languages=c,c++,fortran,java,objc,treelang
Version of binutils: GNU ld version 2.16.91.0.2 20050720 (SuSE Linux)
Version of glibc (/lib/libc.so.6): 2.3.5 (20050802)