This is the mail archive of the
gcc-testresults@gcc.gnu.org
mailing list for the GCC project.
Results for 3.4.6 20060102 (prerelease) testsuite on hppa2.0w-hp-hpux11.11
- From: John David Anglin <dave at hiauly3 dot hia dot nrc dot ca>
- To: dave at hiauly3 dot hia dot nrc dot ca, gcc-testresults at gcc dot gnu dot org
- Date: Mon, 2 Jan 2006 10:29:07 -0500 (EST)
- Subject: Results for 3.4.6 20060102 (prerelease) testsuite on hppa2.0w-hp-hpux11.11
LAST_UPDATED: Mon Jan 2 05:10:25 UTC 2006 (revision 109234M)
=== acats tests ===
FAIL: c954025
FAIL: c954026
FAIL: c974005
FAIL: ce3806d
FAIL: ce3806e
FAIL: ce3810a
FAIL: cxaa008
FAIL: cxaa009
FAIL: cxg1003
FAIL: cxg2024
=== acats Summary ===
# of expected passes 2312
# of unexpected failures 10
Native configuration is hppa2.0w-hp-hpux11.11
=== g++ tests ===
Running target unix
UNRESOLVED: g++.dg/init/init-ref4.C
XPASS: g++.dg/rtti/tinfo1.C scan-assembler-not .section[^\\n\\r]*_ZTIP9CTemplateIhE[^\\n\\r]*
FAIL: g++.old-deja/g++.eh/badalloc1.C execution test
UNRESOLVED: g++.old-deja/g++.ext/attrib5.C
UNRESOLVED: g++.old-deja/g++.pt/static3.C
=== g++ Summary ===
# of expected passes 9698
# of unexpected failures 1
# of unexpected successes 1
# of expected failures 68
# of unresolved testcases 3
# of unsupported tests 88
/xxx/gnu/gcc-3.3/objdir/gcc/testsuite/../g++ version 3.4.6 20060102 (prerelease)
=== g77 tests ===
Running target unix
=== g77 Summary ===
# of expected passes 1812
# of unsupported tests 6
/xxx/gnu/gcc-3.3/objdir/gcc/testsuite/../g77 version 3.4.6 20060102 (prerelease)
=== gcc tests ===
Running target unix
UNRESOLVED: gcc.dg/visibility-1.c
UNRESOLVED: gcc.dg/visibility-2.c
UNRESOLVED: gcc.dg/visibility-3.c
UNRESOLVED: gcc.dg/visibility-4.c
UNRESOLVED: gcc.dg/visibility-5.c
UNRESOLVED: gcc.dg/visibility-6.c
UNRESOLVED: gcc.dg/visibility-7.c
UNRESOLVED: gcc.dg/visibility-8.c
UNRESOLVED: gcc.dg/special/weak-1.c
UNRESOLVED: gcc.dg/special/weak-2.c
UNRESOLVED: gcc.dg/special/wkali-1.c
UNRESOLVED: gcc.dg/special/wkali-2.c
UNRESOLVED: gcc.dg/weak/typeof-2.c
UNRESOLVED: gcc.dg/weak/weak-1.c
UNRESOLVED: gcc.dg/weak/weak-2.c
UNRESOLVED: gcc.dg/weak/weak-3.c
UNRESOLVED: gcc.dg/weak/weak-4.c
UNRESOLVED: gcc.dg/weak/weak-5.c
UNRESOLVED: gcc.dg/weak/weak-6.c
UNRESOLVED: gcc.dg/weak/weak-7.c
UNRESOLVED: gcc.dg/weak/weak-8.c
UNRESOLVED: gcc.dg/weak/weak-9.c
=== gcc Summary ===
# of expected passes 24531
# of expected failures 69
# of unresolved testcases 22
# of untested testcases 7
# of unsupported tests 402
/xxx/gnu/gcc-3.3/objdir/gcc/xgcc version 3.4.6 20060102 (prerelease)
=== objc tests ===
Running target unix
=== objc Summary ===
# of expected passes 1352
# of unsupported tests 8
/xxx/gnu/gcc-3.3/objdir/gcc/xgcc version 3.4.6 20060102 (prerelease)
=== libstdc++ tests ===
Running target unix
=== libstdc++ Summary ===
# of expected passes 2039
# of expected failures 4
# of unsupported tests 9
Compiler version: 3.4.6 20060102 (prerelease)
Platform: hppa2.0w-hp-hpux11.11
configure flags: --with-gnu-as --with-as=/opt/gnu/bin/as --enable-shared --disable-nls --with-local-prefix=/opt/gnu --prefix=/opt/gnu/gcc/gcc-3.4.6 --enable-debug=no --enable-threads=posix --disable-checking