This is the mail archive of the
gcc-testresults@gcc.gnu.org
mailing list for the GCC project.
Results for 4.2.0 20051229 (experimental) testsuite on hppa2.0w-hp-hpux11.11
- From: John David Anglin <dave at hiauly3 dot hia dot nrc dot ca>
- To: dave at hiauly3 dot hia dot nrc dot ca, gcc-testresults at gcc dot gnu dot org
- Date: Thu, 29 Dec 2005 11:01:09 -0500 (EST)
- Subject: Results for 4.2.0 20051229 (experimental) testsuite on hppa2.0w-hp-hpux11.11
LAST_UPDATED: Thu Dec 29 03:27:44 UTC 2005 (revision 109136M)
Native configuration is hppa2.0w-hp-hpux11.11
=== g++ tests ===
Running target unix
=== g++ Summary ===
# of expected passes 11454
# of expected failures 66
# of unsupported tests 151
/mnt/gnu/gcc-3.3/objdir/stage3-gcc/testsuite/../g++ version 4.2.0 20051229 (experimental)
=== gcc tests ===
Running target unix
WARNING: gcc.dg/attr-weakref-1.c compilation failed to produce executable
FAIL: gcc.dg/tree-ssa/gen-vect-11.c scan-tree-dump-times vectorized 1 loops 1
=== gcc Summary ===
# of expected passes 36397
# of unexpected failures 1
# of expected failures 76
# of untested testcases 28
# of unsupported tests 442
/mnt/gnu/gcc-3.3/objdir/gcc/xgcc version 4.2.0 20051229 (experimental)
=== gfortran tests ===
Running target unix
=== gfortran Summary ===
# of expected passes 10988
# of expected failures 4
# of unsupported tests 66
/mnt/gnu/gcc-3.3/objdir/stage3-gcc/testsuite/../gfortran version 4.2.0 20051229 (experimental)
=== objc tests ===
Running target unix
FAIL: objc.dg-struct-layout-encoding-1/t025_main.m execution test
FAIL: objc.dg-struct-layout-encoding-1/t026_main.m execution test
FAIL: objc.dg-struct-layout-encoding-1/t027_main.m execution test
FAIL: objc.dg-struct-layout-encoding-1/t028_main.m execution test
FAIL: objc.dg-struct-layout-encoding-1/t029_main.m execution test
FAIL: objc.dg-struct-layout-encoding-1/t030_main.m execution test
FAIL: objc.dg-struct-layout-encoding-1/t031_main.m execution test
=== objc Summary ===
# of expected passes 1744
# of unexpected failures 7
# of unsupported tests 23
/mnt/gnu/gcc-3.3/objdir/gcc/xgcc version 4.2.0 20051229 (experimental)
=== libstdc++ tests ===
Running target unix
=== libstdc++ Summary ===
# of expected passes 2631
# of expected failures 10
# of unsupported tests 159
Compiler version: 4.2.0 20051229 (experimental)
Platform: hppa2.0w-hp-hpux11.11
configure flags: --with-gnu-as --with-as=/opt/gnu/bin/as --enable-shared --disable-nls --with-local-prefix=/opt/gnu --prefix=/opt/gnu/gcc/gcc-4.2.0 --enable-debug=no --enable-threads=posix --with-gmp=/opt/gnu/gcc/gcc-4.2.0 --disable-libmudflap --enable-languages=c,c++,fortran,java,objc