This is the mail archive of the
gcc-testresults@gcc.gnu.org
mailing list for the GCC project.
Results for 4.0.3 20051228 (prerelease) testsuite on x86_64-unknown-linux-gnu
- From: "Kaveh R. Ghazi" <ghazi at caipclassic dot rutgers dot edu>
- To: gcc-testresults at gcc dot gnu dot org
- Date: Wed, 28 Dec 2005 16:43:21 -0500 (EST)
- Subject: Results for 4.0.3 20051228 (prerelease) testsuite on x86_64-unknown-linux-gnu
LAST_UPDATED:
Native configuration is x86_64-unknown-linux-gnu
=== g++ tests ===
Running target unix/-fPIC
=== g++ Summary for unix/-fPIC ===
# of expected passes 11282
# of expected failures 69
# of unsupported tests 85
Running target unix/-fpic
=== g++ Summary for unix/-fpic ===
# of expected passes 11282
# of expected failures 69
# of unsupported tests 85
Running target unix
=== g++ Summary for unix ===
# of expected passes 11282
# of expected failures 69
# of unsupported tests 85
=== g++ Summary ===
# of expected passes 33846
# of expected failures 207
# of unsupported tests 255
/tmp/kg/40/build/gcc/testsuite/../g++ version 4.0.3 20051228 (prerelease)
=== gcc tests ===
Running target unix/-fPIC
FAIL: gcc.dg/assign-warn-3.c (test for warnings, line 9)
FAIL: gcc.dg/assign-warn-3.c (test for warnings, line 13)
FAIL: gcc.dg/tls/pr24428.c execution test
XPASS: gcc.dg/vect/vect-22.c scan-tree-dump-times vectorized 3 loops 1
=== gcc Summary for unix/-fPIC ===
# of expected passes 35184
# of unexpected failures 3
# of unexpected successes 1
# of expected failures 98
# of untested testcases 28
# of unsupported tests 411
Running target unix/-fpic
FAIL: gcc.dg/assign-warn-3.c (test for warnings, line 9)
FAIL: gcc.dg/assign-warn-3.c (test for warnings, line 13)
FAIL: gcc.dg/tls/pr24428.c execution test
XPASS: gcc.dg/vect/vect-22.c scan-tree-dump-times vectorized 3 loops 1
=== gcc Summary for unix/-fpic ===
# of expected passes 35184
# of unexpected failures 3
# of unexpected successes 1
# of expected failures 98
# of untested testcases 28
# of unsupported tests 411
Running target unix
XPASS: gcc.dg/vect/vect-22.c scan-tree-dump-times vectorized 3 loops 1
=== gcc Summary for unix ===
# of expected passes 35187
# of unexpected successes 1
# of expected failures 98
# of untested testcases 28
# of unsupported tests 411
=== gcc Summary ===
# of expected passes 105555
# of unexpected failures 6
# of unexpected successes 3
# of expected failures 294
# of untested testcases 84
# of unsupported tests 1233
/tmp/kg/40/build/gcc/xgcc version 4.0.3 20051228 (prerelease)
=== gfortran tests ===
Running target unix/-fPIC
=== gfortran Summary for unix/-fPIC ===
# of expected passes 8809
# of expected failures 1
# of unsupported tests 16
Running target unix/-fpic
=== gfortran Summary for unix/-fpic ===
# of expected passes 8809
# of expected failures 1
# of unsupported tests 16
Running target unix
=== gfortran Summary for unix ===
# of expected passes 8809
# of expected failures 1
# of unsupported tests 16
=== gfortran Summary ===
# of expected passes 26427
# of expected failures 3
# of unsupported tests 48
/tmp/kg/40/build/gcc/testsuite/../gfortran version 4.0.3 20051228 (prerelease)
=== objc tests ===
Running target unix/-fPIC
=== objc Summary for unix/-fPIC ===
# of expected passes 1548
# of unsupported tests 10
Running target unix/-fpic
=== objc Summary for unix/-fpic ===
# of expected passes 1548
# of unsupported tests 10
Running target unix
=== objc Summary for unix ===
# of expected passes 1548
# of unsupported tests 10
=== objc Summary ===
# of expected passes 4644
# of unsupported tests 30
/tmp/kg/40/build/gcc/xgcc version 4.0.3 20051228 (prerelease)
=== treelang tests ===
Running target unix/-fPIC
=== treelang Summary for unix/-fPIC ===
# of expected passes 48
Running target unix/-fpic
=== treelang Summary for unix/-fpic ===
# of expected passes 48
Running target unix
=== treelang Summary for unix ===
# of expected passes 48
=== treelang Summary ===
# of expected passes 144
=== libffi tests ===
Running target unix/-fPIC
=== libffi Summary for unix/-fPIC ===
# of expected passes 219
# of unsupported tests 2
Running target unix/-fpic
=== libffi Summary for unix/-fpic ===
# of expected passes 219
# of unsupported tests 2
Running target unix
=== libffi Summary for unix ===
# of expected passes 219
# of unsupported tests 2
=== libffi Summary ===
# of expected passes 657
# of unsupported tests 6
=== libjava tests ===
Running target unix/-fPIC
=== libjava Summary for unix/-fPIC ===
# of expected passes 3899
# of expected failures 10
# of untested testcases 8
Running target unix/-fpic
=== libjava Summary for unix/-fpic ===
# of expected passes 3899
# of expected failures 10
# of untested testcases 8
Running target unix
=== libjava Summary for unix ===
# of expected passes 3899
# of expected failures 10
# of untested testcases 8
=== libjava Summary ===
# of expected passes 11697
# of expected failures 30
# of untested testcases 24
=== libmudflap tests ===
Running target unix/-fPIC
WARNING: program timed out.
FAIL: libmudflap.cth/pass39-frag.c execution test
FAIL: libmudflap.cth/pass39-frag.c output pattern test
WARNING: program timed out.
FAIL: libmudflap.cth/pass37-frag.c (-static -DSTATIC) (rerun 7) execution test
FAIL: libmudflap.cth/pass37-frag.c (-static -DSTATIC) (rerun 7) output pattern test
WARNING: program timed out.
FAIL: libmudflap.cth/pass37-frag.c (-O2) (rerun 19) execution test
WARNING: program timed out.
FAIL: libmudflap.cth/pass37-frag.c (-O3) (rerun 18) execution test
FAIL: libmudflap.cth/pass37-frag.c (-O3) (rerun 18) output pattern test
WARNING: program timed out.
FAIL: libmudflap.cth/pass39-frag.c (-O3) (rerun 7) execution test
FAIL: libmudflap.cth/pass39-frag.c (-O3) (rerun 7) output pattern test
WARNING: program timed out.
FAIL: libmudflap.cth/pass39-frag.c (-O3) (rerun 15) execution test
FAIL: libmudflap.cth/pass39-frag.c (-O3) (rerun 15) output pattern test
=== libmudflap Summary for unix/-fPIC ===
# of expected passes 1277
# of unexpected failures 11
Running target unix/-fpic
WARNING: program timed out.
FAIL: libmudflap.cth/pass37-frag.c (-static -DSTATIC) (rerun 11) execution test
FAIL: libmudflap.cth/pass37-frag.c (-static -DSTATIC) (rerun 11) output pattern test
WARNING: program timed out.
FAIL: libmudflap.cth/pass37-frag.c (-static -DSTATIC) (rerun 12) execution test
FAIL: libmudflap.cth/pass37-frag.c (-static -DSTATIC) (rerun 12) output pattern test
WARNING: program timed out.
FAIL: libmudflap.cth/pass37-frag.c (-static -DSTATIC) (rerun 13) execution test
FAIL: libmudflap.cth/pass37-frag.c (-static -DSTATIC) (rerun 13) output pattern test
WARNING: program timed out.
FAIL: libmudflap.cth/pass37-frag.c (-static -DSTATIC) (rerun 14) execution test
FAIL: libmudflap.cth/pass37-frag.c (-static -DSTATIC) (rerun 14) output pattern test
WARNING: program timed out.
FAIL: libmudflap.cth/pass37-frag.c (-static -DSTATIC) (rerun 15) execution test
FAIL: libmudflap.cth/pass37-frag.c (-static -DSTATIC) (rerun 15) output pattern test
WARNING: program timed out.
FAIL: libmudflap.cth/pass37-frag.c (-static -DSTATIC) (rerun 16) execution test
FAIL: libmudflap.cth/pass37-frag.c (-static -DSTATIC) (rerun 16) output pattern test
WARNING: program timed out.
FAIL: libmudflap.cth/pass37-frag.c (-static -DSTATIC) (rerun 17) execution test
FAIL: libmudflap.cth/pass37-frag.c (-static -DSTATIC) (rerun 17) output pattern test
WARNING: program timed out.
FAIL: libmudflap.cth/pass37-frag.c (-static -DSTATIC) (rerun 18) execution test
FAIL: libmudflap.cth/pass37-frag.c (-static -DSTATIC) (rerun 18) output pattern test
WARNING: program timed out.
FAIL: libmudflap.cth/pass37-frag.c (-static -DSTATIC) (rerun 19) execution test
FAIL: libmudflap.cth/pass37-frag.c (-static -DSTATIC) (rerun 19) output pattern test
WARNING: program timed out.
FAIL: libmudflap.cth/pass39-frag.c (-static -DSTATIC) execution test
FAIL: libmudflap.cth/pass39-frag.c (-static -DSTATIC) output pattern test
WARNING: program timed out.
FAIL: libmudflap.cth/pass39-frag.c (-static -DSTATIC) (rerun 1) execution test
FAIL: libmudflap.cth/pass39-frag.c (-static -DSTATIC) (rerun 1) output pattern test
WARNING: program timed out.
FAIL: libmudflap.cth/pass39-frag.c (-static -DSTATIC) (rerun 5) execution test
FAIL: libmudflap.cth/pass39-frag.c (-static -DSTATIC) (rerun 5) output pattern test
WARNING: program timed out.
FAIL: libmudflap.cth/pass39-frag.c (-static -DSTATIC) (rerun 6) execution test
FAIL: libmudflap.cth/pass39-frag.c (-static -DSTATIC) (rerun 6) output pattern test
WARNING: program timed out.
FAIL: libmudflap.cth/pass39-frag.c (-static -DSTATIC) (rerun 7) execution test
FAIL: libmudflap.cth/pass39-frag.c (-static -DSTATIC) (rerun 7) output pattern test
WARNING: program timed out.
FAIL: libmudflap.cth/pass39-frag.c (-static -DSTATIC) (rerun 8) execution test
FAIL: libmudflap.cth/pass39-frag.c (-static -DSTATIC) (rerun 8) output pattern test
WARNING: program timed out.
FAIL: libmudflap.cth/pass39-frag.c (-static -DSTATIC) (rerun 12) execution test
FAIL: libmudflap.cth/pass39-frag.c (-static -DSTATIC) (rerun 12) output pattern test
WARNING: program timed out.
FAIL: libmudflap.cth/pass39-frag.c (-static -DSTATIC) (rerun 18) execution test
FAIL: libmudflap.cth/pass39-frag.c (-static -DSTATIC) (rerun 18) output pattern test
WARNING: program timed out.
FAIL: libmudflap.cth/pass39-frag.c (-static -DSTATIC) (rerun 19) execution test
FAIL: libmudflap.cth/pass39-frag.c (-static -DSTATIC) (rerun 19) output pattern test
WARNING: program timed out.
FAIL: libmudflap.cth/pass40-frag.c (-static -DSTATIC) execution test
FAIL: libmudflap.cth/pass40-frag.c (-static -DSTATIC) output pattern test
WARNING: program timed out.
FAIL: libmudflap.cth/pass37-frag.c (-O2) execution test
FAIL: libmudflap.cth/pass37-frag.c (-O2) output pattern test
WARNING: program timed out.
FAIL: libmudflap.cth/pass37-frag.c (-O2) (rerun 2) execution test
FAIL: libmudflap.cth/pass37-frag.c (-O2) (rerun 2) output pattern test
WARNING: program timed out.
FAIL: libmudflap.cth/pass37-frag.c (-O2) (rerun 3) execution test
FAIL: libmudflap.cth/pass37-frag.c (-O2) (rerun 3) output pattern test
WARNING: program timed out.
FAIL: libmudflap.cth/pass37-frag.c (-O2) (rerun 4) execution test
FAIL: libmudflap.cth/pass37-frag.c (-O2) (rerun 4) output pattern test
WARNING: program timed out.
FAIL: libmudflap.cth/pass37-frag.c (-O2) (rerun 5) execution test
FAIL: libmudflap.cth/pass37-frag.c (-O2) (rerun 5) output pattern test
=== libmudflap Summary for unix/-fpic ===
# of expected passes 1240
# of unexpected failures 48
Running target unix
WARNING: program timed out.
FAIL: libmudflap.cth/pass37-frag.c (rerun 9) execution test
FAIL: libmudflap.cth/pass37-frag.c (rerun 9) output pattern test
WARNING: program timed out.
FAIL: libmudflap.cth/pass39-frag.c (-static -DSTATIC) (rerun 19) execution test
FAIL: libmudflap.cth/pass39-frag.c (-static -DSTATIC) (rerun 19) output pattern test
=== libmudflap Summary for unix ===
# of expected passes 1284
# of unexpected failures 4
=== libmudflap Summary ===
# of expected passes 3801
# of unexpected failures 63
=== libstdc++ tests ===
Running target unix/-fPIC
XPASS: 22_locale/locale/cons/12658_thread-1.cc execution test
XPASS: 27_io/fpos/14320-1.cc execution test
=== libstdc++ Summary for unix/-fPIC ===
# of expected passes 3713
# of unexpected successes 2
# of expected failures 12
Running target unix/-fpic
XPASS: 22_locale/locale/cons/12658_thread-1.cc execution test
XPASS: 27_io/fpos/14320-1.cc execution test
=== libstdc++ Summary for unix/-fpic ===
# of expected passes 3713
# of unexpected successes 2
# of expected failures 12
Running target unix
XPASS: 22_locale/locale/cons/12658_thread-1.cc execution test
XPASS: 26_numerics/cmath/c99_classification_macros_c.cc (test for excess errors)
XPASS: 27_io/fpos/14320-1.cc execution test
=== libstdc++ Summary for unix ===
# of expected passes 3713
# of unexpected successes 3
# of expected failures 11
=== libstdc++ Summary ===
# of expected passes 11139
# of unexpected successes 7
# of expected failures 35
Compiler version: 4.0.3 20051228 (prerelease)
Platform: x86_64-unknown-linux-gnu
configure flags: --verbose --enable-multilib=no --enable-languages=c,c++,f95,java,objc,treelang