This is the mail archive of the
gcc-testresults@gcc.gnu.org
mailing list for the GCC project.
Results for 4.2.0 20051218 (experimental) testsuite on x86_64-unknown-linux-gnu
- From: "Kaveh R. Ghazi" <ghazi at caipclassic dot rutgers dot edu>
- To: gcc-testresults at gcc dot gnu dot org
- Date: Sun, 18 Dec 2005 09:02:01 -0500 (EST)
- Subject: Results for 4.2.0 20051218 (experimental) testsuite on x86_64-unknown-linux-gnu
LAST_UPDATED:
Native configuration is x86_64-unknown-linux-gnu
=== g++ tests ===
Running target unix/-fPIC
=== g++ Summary for unix/-fPIC ===
# of expected passes 11785
# of expected failures 66
# of unsupported tests 94
Running target unix/-fpic
=== g++ Summary for unix/-fpic ===
# of expected passes 11785
# of expected failures 66
# of unsupported tests 94
Running target unix
=== g++ Summary for unix ===
# of expected passes 11785
# of expected failures 66
# of unsupported tests 94
=== g++ Summary ===
# of expected passes 35355
# of expected failures 198
# of unsupported tests 282
/tmp/kg/42/build/stage3-gcc/testsuite/../g++ version 4.2.0 20051218 (experimental)
=== gcc tests ===
Running target unix/-fPIC
FAIL: gcc.c-torture/execute/builtins/sprintf-chk.c execution, -O1
FAIL: gcc.c-torture/execute/builtins/sprintf-chk.c execution, -O2
FAIL: gcc.c-torture/execute/builtins/sprintf-chk.c execution, -O3 -fomit-frame-pointer
FAIL: gcc.c-torture/execute/builtins/sprintf-chk.c execution, -O3 -fomit-frame-pointer -funroll-loops
FAIL: gcc.c-torture/execute/builtins/sprintf-chk.c execution, -O3 -fomit-frame-pointer -funroll-all-loops -finline-functions
FAIL: gcc.c-torture/execute/builtins/sprintf-chk.c execution, -O3 -g
FAIL: gcc.c-torture/execute/builtins/sprintf-chk.c execution, -Os
FAIL: gcc.c-torture/execute/builtins/stpcpy-chk.c execution, -O1
FAIL: gcc.c-torture/execute/builtins/stpcpy-chk.c execution, -O2
FAIL: gcc.c-torture/execute/builtins/stpcpy-chk.c execution, -O3 -fomit-frame-pointer
FAIL: gcc.c-torture/execute/builtins/stpcpy-chk.c execution, -O3 -fomit-frame-pointer -funroll-loops
FAIL: gcc.c-torture/execute/builtins/stpcpy-chk.c execution, -O3 -fomit-frame-pointer -funroll-all-loops -finline-functions
FAIL: gcc.c-torture/execute/builtins/stpcpy-chk.c execution, -O3 -g
FAIL: gcc.c-torture/execute/builtins/stpcpy-chk.c execution, -Os
FAIL: gcc.c-torture/execute/builtins/strcpy-chk.c execution, -O1
FAIL: gcc.c-torture/execute/builtins/strcpy-chk.c execution, -O2
FAIL: gcc.c-torture/execute/builtins/strcpy-chk.c execution, -O3 -fomit-frame-pointer
FAIL: gcc.c-torture/execute/builtins/strcpy-chk.c execution, -O3 -fomit-frame-pointer -funroll-loops
FAIL: gcc.c-torture/execute/builtins/strcpy-chk.c execution, -O3 -fomit-frame-pointer -funroll-all-loops -finline-functions
FAIL: gcc.c-torture/execute/builtins/strcpy-chk.c execution, -O3 -g
FAIL: gcc.c-torture/execute/builtins/strcpy-chk.c execution, -Os
FAIL: gcc.dg/assign-warn-3.c (test for warnings, line 9)
FAIL: gcc.dg/assign-warn-3.c (test for warnings, line 13)
FAIL: gcc.dg/pr23911.c scan-tree-dump-times = CR 0
FAIL: gcc.dg/pr23911.c scan-tree-dump-times = CI 0
FAIL: gcc.dg/ipa/ipa-1.c scan-ipa-dump-times versioned function 2
FAIL: gcc.dg/ipa/ipa-1.c scan-ipa-dump-times propagating const 2
FAIL: gcc.dg/ipa/ipa-2.c scan-ipa-dump-times versioned function 2
FAIL: gcc.dg/ipa/ipa-2.c scan-ipa-dump-times propagating const 2
FAIL: gcc.dg/ipa/ipa-3.c scan-ipa-dump-times versioned function 2
FAIL: gcc.dg/ipa/ipa-3.c scan-ipa-dump-times propagating const 3
FAIL: gcc.dg/ipa/ipa-4.c scan-ipa-dump-times versioned function 1
FAIL: gcc.dg/ipa/ipa-4.c scan-ipa-dump-times propagating const 1
FAIL: gcc.dg/ipa/ipa-5.c scan-ipa-dump-times versioned function 2
FAIL: gcc.dg/ipa/ipa-5.c scan-ipa-dump-times propagating const 2
WARNING: gcc.dg/torture/fp-int-convert-float128-timode.c -O0 compilation failed to produce executable
WARNING: gcc.dg/torture/fp-int-convert-float128-timode.c -O1 compilation failed to produce executable
WARNING: gcc.dg/torture/fp-int-convert-float128-timode.c -O2 compilation failed to produce executable
WARNING: gcc.dg/torture/fp-int-convert-float128-timode.c -O3 -fomit-frame-pointer compilation failed to produce executable
WARNING: gcc.dg/torture/fp-int-convert-float128-timode.c -O3 -g compilation failed to produce executable
WARNING: gcc.dg/torture/fp-int-convert-float128-timode.c -Os compilation failed to produce executable
WARNING: gcc.dg/torture/fp-int-convert-float128.c -O0 compilation failed to produce executable
WARNING: gcc.dg/torture/fp-int-convert-float128.c -O1 compilation failed to produce executable
WARNING: gcc.dg/torture/fp-int-convert-float128.c -O2 compilation failed to produce executable
WARNING: gcc.dg/torture/fp-int-convert-float128.c -O3 -fomit-frame-pointer compilation failed to produce executable
WARNING: gcc.dg/torture/fp-int-convert-float128.c -O3 -g compilation failed to produce executable
WARNING: gcc.dg/torture/fp-int-convert-float128.c -Os compilation failed to produce executable
FAIL: gcc.dg/tree-ssa/loop-3.c scan-tree-dump-times step: 1
FAIL: gcc.dg/tree-ssa/pr14841.c scan-tree-dump-times Folded statement: if 1
FAIL: gcc.dg/tree-ssa/wholeprogram-1.c scan-tree-dump-not large_function
FAIL: gcc.dg/vect/vect-ifcvt-9.c scan-tree-dump-times vectorized 1 loops 2
=== gcc Summary for unix/-fPIC ===
# of expected passes 37970
# of unexpected failures 39
# of expected failures 105
# of untested testcases 28
# of unsupported tests 349
Running target unix/-fpic
FAIL: gcc.c-torture/execute/builtins/sprintf-chk.c execution, -O1
FAIL: gcc.c-torture/execute/builtins/sprintf-chk.c execution, -O2
FAIL: gcc.c-torture/execute/builtins/sprintf-chk.c execution, -O3 -fomit-frame-pointer
FAIL: gcc.c-torture/execute/builtins/sprintf-chk.c execution, -O3 -fomit-frame-pointer -funroll-loops
FAIL: gcc.c-torture/execute/builtins/sprintf-chk.c execution, -O3 -fomit-frame-pointer -funroll-all-loops -finline-functions
FAIL: gcc.c-torture/execute/builtins/sprintf-chk.c execution, -O3 -g
FAIL: gcc.c-torture/execute/builtins/sprintf-chk.c execution, -Os
FAIL: gcc.c-torture/execute/builtins/stpcpy-chk.c execution, -O1
FAIL: gcc.c-torture/execute/builtins/stpcpy-chk.c execution, -O2
FAIL: gcc.c-torture/execute/builtins/stpcpy-chk.c execution, -O3 -fomit-frame-pointer
FAIL: gcc.c-torture/execute/builtins/stpcpy-chk.c execution, -O3 -fomit-frame-pointer -funroll-loops
FAIL: gcc.c-torture/execute/builtins/stpcpy-chk.c execution, -O3 -fomit-frame-pointer -funroll-all-loops -finline-functions
FAIL: gcc.c-torture/execute/builtins/stpcpy-chk.c execution, -O3 -g
FAIL: gcc.c-torture/execute/builtins/stpcpy-chk.c execution, -Os
FAIL: gcc.c-torture/execute/builtins/strcpy-chk.c execution, -O1
FAIL: gcc.c-torture/execute/builtins/strcpy-chk.c execution, -O2
FAIL: gcc.c-torture/execute/builtins/strcpy-chk.c execution, -O3 -fomit-frame-pointer
FAIL: gcc.c-torture/execute/builtins/strcpy-chk.c execution, -O3 -fomit-frame-pointer -funroll-loops
FAIL: gcc.c-torture/execute/builtins/strcpy-chk.c execution, -O3 -fomit-frame-pointer -funroll-all-loops -finline-functions
FAIL: gcc.c-torture/execute/builtins/strcpy-chk.c execution, -O3 -g
FAIL: gcc.c-torture/execute/builtins/strcpy-chk.c execution, -Os
FAIL: gcc.dg/assign-warn-3.c (test for warnings, line 9)
FAIL: gcc.dg/assign-warn-3.c (test for warnings, line 13)
FAIL: gcc.dg/pr23911.c scan-tree-dump-times = CR 0
FAIL: gcc.dg/pr23911.c scan-tree-dump-times = CI 0
FAIL: gcc.dg/ipa/ipa-1.c scan-ipa-dump-times versioned function 2
FAIL: gcc.dg/ipa/ipa-1.c scan-ipa-dump-times propagating const 2
FAIL: gcc.dg/ipa/ipa-2.c scan-ipa-dump-times versioned function 2
FAIL: gcc.dg/ipa/ipa-2.c scan-ipa-dump-times propagating const 2
FAIL: gcc.dg/ipa/ipa-3.c scan-ipa-dump-times versioned function 2
FAIL: gcc.dg/ipa/ipa-3.c scan-ipa-dump-times propagating const 3
FAIL: gcc.dg/ipa/ipa-4.c scan-ipa-dump-times versioned function 1
FAIL: gcc.dg/ipa/ipa-4.c scan-ipa-dump-times propagating const 1
FAIL: gcc.dg/ipa/ipa-5.c scan-ipa-dump-times versioned function 2
FAIL: gcc.dg/ipa/ipa-5.c scan-ipa-dump-times propagating const 2
WARNING: gcc.dg/torture/fp-int-convert-float128-timode.c -O0 compilation failed to produce executable
WARNING: gcc.dg/torture/fp-int-convert-float128-timode.c -O1 compilation failed to produce executable
WARNING: gcc.dg/torture/fp-int-convert-float128-timode.c -O2 compilation failed to produce executable
WARNING: gcc.dg/torture/fp-int-convert-float128-timode.c -O3 -fomit-frame-pointer compilation failed to produce executable
WARNING: gcc.dg/torture/fp-int-convert-float128-timode.c -O3 -g compilation failed to produce executable
WARNING: gcc.dg/torture/fp-int-convert-float128-timode.c -Os compilation failed to produce executable
WARNING: gcc.dg/torture/fp-int-convert-float128.c -O0 compilation failed to produce executable
WARNING: gcc.dg/torture/fp-int-convert-float128.c -O1 compilation failed to produce executable
WARNING: gcc.dg/torture/fp-int-convert-float128.c -O2 compilation failed to produce executable
WARNING: gcc.dg/torture/fp-int-convert-float128.c -O3 -fomit-frame-pointer compilation failed to produce executable
WARNING: gcc.dg/torture/fp-int-convert-float128.c -O3 -g compilation failed to produce executable
WARNING: gcc.dg/torture/fp-int-convert-float128.c -Os compilation failed to produce executable
FAIL: gcc.dg/tree-ssa/loop-3.c scan-tree-dump-times step: 1
FAIL: gcc.dg/tree-ssa/pr14841.c scan-tree-dump-times Folded statement: if 1
FAIL: gcc.dg/tree-ssa/wholeprogram-1.c scan-tree-dump-not large_function
FAIL: gcc.dg/vect/vect-ifcvt-9.c scan-tree-dump-times vectorized 1 loops 2
=== gcc Summary for unix/-fpic ===
# of expected passes 37970
# of unexpected failures 39
# of expected failures 105
# of untested testcases 28
# of unsupported tests 349
Running target unix
WARNING: gcc.dg/torture/fp-int-convert-float128-timode.c -O0 compilation failed to produce executable
WARNING: gcc.dg/torture/fp-int-convert-float128-timode.c -O1 compilation failed to produce executable
WARNING: gcc.dg/torture/fp-int-convert-float128-timode.c -O2 compilation failed to produce executable
WARNING: gcc.dg/torture/fp-int-convert-float128-timode.c -O3 -fomit-frame-pointer compilation failed to produce executable
WARNING: gcc.dg/torture/fp-int-convert-float128-timode.c -O3 -g compilation failed to produce executable
WARNING: gcc.dg/torture/fp-int-convert-float128-timode.c -Os compilation failed to produce executable
WARNING: gcc.dg/torture/fp-int-convert-float128.c -O0 compilation failed to produce executable
WARNING: gcc.dg/torture/fp-int-convert-float128.c -O1 compilation failed to produce executable
WARNING: gcc.dg/torture/fp-int-convert-float128.c -O2 compilation failed to produce executable
WARNING: gcc.dg/torture/fp-int-convert-float128.c -O3 -fomit-frame-pointer compilation failed to produce executable
WARNING: gcc.dg/torture/fp-int-convert-float128.c -O3 -g compilation failed to produce executable
WARNING: gcc.dg/torture/fp-int-convert-float128.c -Os compilation failed to produce executable
=== gcc Summary for unix ===
# of expected passes 38009
# of expected failures 105
# of untested testcases 28
# of unsupported tests 349
=== gcc Summary ===
# of expected passes 113949
# of unexpected failures 78
# of expected failures 315
# of untested testcases 84
# of unsupported tests 1047
/tmp/kg/42/build/gcc/xgcc version 4.2.0 20051218 (experimental)
=== gfortran tests ===
Running target unix/-fPIC
=== gfortran Summary for unix/-fPIC ===
# of expected passes 10935
# of expected failures 18
# of unsupported tests 16
Running target unix/-fpic
=== gfortran Summary for unix/-fpic ===
# of expected passes 10935
# of expected failures 18
# of unsupported tests 16
Running target unix
=== gfortran Summary for unix ===
# of expected passes 10935
# of expected failures 18
# of unsupported tests 16
=== gfortran Summary ===
# of expected passes 32805
# of expected failures 54
# of unsupported tests 48
/tmp/kg/42/build/stage3-gcc/testsuite/../gfortran version 4.2.0 20051218 (experimental)
=== obj-c++ tests ===
Running target unix/-fPIC
FAIL: obj-c++.dg/bitfield-1.mm (test for excess errors)
FAIL: obj-c++.dg/bitfield-4.mm (test for excess errors)
FAIL: obj-c++.dg/comp-types-10.mm (test for excess errors)
FAIL: obj-c++.dg/cxx-ivars-2.mm execution test
FAIL: obj-c++.dg/encode-3.mm execution test
FAIL: obj-c++.dg/encode-8.mm execution test
FAIL: obj-c++.dg/isa-field-1.mm (test for excess errors)
FAIL: obj-c++.dg/layout-1.mm (test for excess errors)
FAIL: obj-c++.dg/lookup-2.mm (test for excess errors)
WARNING: obj-c++.dg/lookup-2.mm compilation failed to produce executable
FAIL: obj-c++.dg/try-catch-2.mm (test for excess errors)
WARNING: obj-c++.dg/try-catch-2.mm compilation failed to produce executable
FAIL: obj-c++.dg/try-catch-9.mm (test for excess errors)
WARNING: obj-c++.dg/try-catch-9.mm compilation failed to produce executable
=== obj-c++ Summary for unix/-fPIC ===
# of expected passes 418
# of unexpected failures 11
# of unsupported tests 13
Running target unix/-fpic
FAIL: obj-c++.dg/bitfield-1.mm (test for excess errors)
FAIL: obj-c++.dg/bitfield-4.mm (test for excess errors)
FAIL: obj-c++.dg/comp-types-10.mm (test for excess errors)
FAIL: obj-c++.dg/cxx-ivars-2.mm execution test
FAIL: obj-c++.dg/encode-3.mm execution test
FAIL: obj-c++.dg/encode-8.mm execution test
FAIL: obj-c++.dg/isa-field-1.mm (test for excess errors)
FAIL: obj-c++.dg/layout-1.mm (test for excess errors)
FAIL: obj-c++.dg/lookup-2.mm (test for excess errors)
WARNING: obj-c++.dg/lookup-2.mm compilation failed to produce executable
FAIL: obj-c++.dg/try-catch-2.mm (test for excess errors)
WARNING: obj-c++.dg/try-catch-2.mm compilation failed to produce executable
FAIL: obj-c++.dg/try-catch-9.mm (test for excess errors)
WARNING: obj-c++.dg/try-catch-9.mm compilation failed to produce executable
=== obj-c++ Summary for unix/-fpic ===
# of expected passes 418
# of unexpected failures 11
# of unsupported tests 13
Running target unix
FAIL: obj-c++.dg/bitfield-1.mm (test for excess errors)
FAIL: obj-c++.dg/bitfield-4.mm (test for excess errors)
FAIL: obj-c++.dg/comp-types-10.mm (test for excess errors)
FAIL: obj-c++.dg/cxx-ivars-2.mm execution test
FAIL: obj-c++.dg/encode-3.mm execution test
FAIL: obj-c++.dg/encode-8.mm execution test
FAIL: obj-c++.dg/isa-field-1.mm (test for excess errors)
FAIL: obj-c++.dg/layout-1.mm (test for excess errors)
FAIL: obj-c++.dg/lookup-2.mm (test for excess errors)
WARNING: obj-c++.dg/lookup-2.mm compilation failed to produce executable
FAIL: obj-c++.dg/try-catch-2.mm (test for excess errors)
WARNING: obj-c++.dg/try-catch-2.mm compilation failed to produce executable
FAIL: obj-c++.dg/try-catch-9.mm (test for excess errors)
WARNING: obj-c++.dg/try-catch-9.mm compilation failed to produce executable
=== obj-c++ Summary for unix ===
# of expected passes 418
# of unexpected failures 11
# of unsupported tests 13
=== obj-c++ Summary ===
# of expected passes 1254
# of unexpected failures 33
# of unsupported tests 39
/tmp/kg/42/build/stage3-gcc/testsuite/../g++ version 4.2.0 20051218 (experimental)
=== objc tests ===
Running target unix/-fPIC
FAIL: objc/execute/exceptions/foward-1.m execution, -Os -fgnu-runtime
FAIL: objc.dg-struct-layout-encoding-1/t025_main.m execution test
FAIL: objc.dg-struct-layout-encoding-1/t026_main.m execution test
FAIL: objc.dg-struct-layout-encoding-1/t027_main.m execution test
FAIL: objc.dg-struct-layout-encoding-1/t028_main.m execution test
FAIL: objc.dg-struct-layout-encoding-1/t029_main.m execution test
FAIL: objc.dg-struct-layout-encoding-1/t030_main.m execution test
FAIL: objc.dg-struct-layout-encoding-1/t031_main.m execution test
=== objc Summary for unix/-fPIC ===
# of expected passes 1733
# of unexpected failures 8
# of unsupported tests 22
Running target unix/-fpic
FAIL: objc/execute/exceptions/foward-1.m execution, -Os
FAIL: objc.dg-struct-layout-encoding-1/t025_main.m execution test
FAIL: objc.dg-struct-layout-encoding-1/t026_main.m execution test
FAIL: objc.dg-struct-layout-encoding-1/t027_main.m execution test
FAIL: objc.dg-struct-layout-encoding-1/t028_main.m execution test
FAIL: objc.dg-struct-layout-encoding-1/t029_main.m execution test
FAIL: objc.dg-struct-layout-encoding-1/t030_main.m execution test
FAIL: objc.dg-struct-layout-encoding-1/t031_main.m execution test
=== objc Summary for unix/-fpic ===
# of expected passes 1733
# of unexpected failures 8
# of unsupported tests 22
Running target unix
FAIL: objc.dg-struct-layout-encoding-1/t025_main.m execution test
FAIL: objc.dg-struct-layout-encoding-1/t026_main.m execution test
FAIL: objc.dg-struct-layout-encoding-1/t027_main.m execution test
FAIL: objc.dg-struct-layout-encoding-1/t028_main.m execution test
FAIL: objc.dg-struct-layout-encoding-1/t029_main.m execution test
FAIL: objc.dg-struct-layout-encoding-1/t030_main.m execution test
FAIL: objc.dg-struct-layout-encoding-1/t031_main.m execution test
=== objc Summary for unix ===
# of expected passes 1734
# of unexpected failures 7
# of unsupported tests 22
=== objc Summary ===
# of expected passes 5200
# of unexpected failures 23
# of unsupported tests 66
/tmp/kg/42/build/gcc/xgcc version 4.2.0 20051218 (experimental)
=== treelang tests ===
Running target unix/-fPIC
=== treelang Summary for unix/-fPIC ===
# of expected passes 50
Running target unix/-fpic
=== treelang Summary for unix/-fpic ===
# of expected passes 50
Running target unix
=== treelang Summary for unix ===
# of expected passes 50
=== treelang Summary ===
# of expected passes 150
=== libffi tests ===
Running target unix/-fPIC
=== libffi Summary for unix/-fPIC ===
# of expected passes 228
# of unsupported tests 2
Running target unix/-fpic
=== libffi Summary for unix/-fpic ===
# of expected passes 228
# of unsupported tests 2
Running target unix
=== libffi Summary for unix ===
# of expected passes 228
# of unsupported tests 2
=== libffi Summary ===
# of expected passes 684
# of unsupported tests 6
=== libjava tests ===
Running target unix/-fPIC
=== libjava Summary for unix/-fPIC ===
# of expected passes 4011
# of expected failures 10
# of untested testcases 8
Running target unix/-fpic
=== libjava Summary for unix/-fpic ===
# of expected passes 4011
# of expected failures 10
# of untested testcases 8
Running target unix
=== libjava Summary for unix ===
# of expected passes 4011
# of expected failures 10
# of untested testcases 8
=== libjava Summary ===
# of expected passes 12033
# of expected failures 30
# of untested testcases 24
=== libmudflap tests ===
Running target unix/-fPIC
=== libmudflap Summary for unix/-fPIC ===
# of expected passes 1789
Running target unix/-fpic
=== libmudflap Summary for unix/-fpic ===
# of expected passes 1789
Running target unix
=== libmudflap Summary for unix ===
# of expected passes 1789
=== libmudflap Summary ===
# of expected passes 5367
=== libstdc++ tests ===
Running target unix/-fPIC
XPASS: 27_io/fpos/14320-1.cc execution test
=== libstdc++ Summary for unix/-fPIC ===
# of expected passes 4030
# of unexpected successes 1
# of expected failures 12
# of unsupported tests 4
Running target unix/-fpic
XPASS: 27_io/fpos/14320-1.cc execution test
=== libstdc++ Summary for unix/-fpic ===
# of expected passes 4030
# of unexpected successes 1
# of expected failures 12
# of unsupported tests 4
Running target unix
XPASS: 26_numerics/cmath/c99_classification_macros_c.cc (test for excess errors)
XPASS: 27_io/fpos/14320-1.cc execution test
=== libstdc++ Summary for unix ===
# of expected passes 4030
# of unexpected successes 2
# of expected failures 11
# of unsupported tests 4
=== libstdc++ Summary ===
# of expected passes 12090
# of unexpected successes 4
# of expected failures 35
# of unsupported tests 12
Compiler version: 4.2.0 20051218 (experimental)
Platform: x86_64-unknown-linux-gnu
configure flags: --verbose --enable-multilib=no --enable-languages=c,c++,fortran,java,objc,obj-c++,treelang