This is the mail archive of the
gcc-testresults@gcc.gnu.org
mailing list for the GCC project.
Results for 4.2.0 20051211 (experimental) testsuite on x86_64-unknown-linux-gnu
- From: Diego Novillo <dnovillo at redhat dot com>
- To: gcc-testresults at gcc dot gnu dot org
- Date: Sun, 11 Dec 2005 02:31:00 -0500
- Subject: Results for 4.2.0 20051211 (experimental) testsuite on x86_64-unknown-linux-gnu
LAST_UPDATED:
Native configuration is x86_64-unknown-linux-gnu
=== g++ tests ===
Running target unix
=== g++ Summary ===
# of expected passes 11768
# of expected failures 66
# of unsupported tests 94
/notnfs/dnovillo/sbox/gcc/bld.ton/gcc/testsuite/../g++ version 4.2.0 20051211 (experimental)
=== gcc tests ===
Running target unix
FAIL: tmpdir-gcc.dg-struct-layout-1/t026 c_compat_x_tst.o-c_compat_y_tst.o execute
FAIL: gcc.dg/attr-weakref-1.c execution test
WARNING: gcc.dg/torture/fp-int-convert-float128-timode.c -O0 compilation failed to produce executable
WARNING: gcc.dg/torture/fp-int-convert-float128-timode.c -O1 compilation failed to produce executable
WARNING: gcc.dg/torture/fp-int-convert-float128-timode.c -O2 compilation failed to produce executable
WARNING: gcc.dg/torture/fp-int-convert-float128-timode.c -O3 -fomit-frame-pointer compilation failed to produce executable
WARNING: gcc.dg/torture/fp-int-convert-float128-timode.c -O3 -g compilation failed to produce executable
WARNING: gcc.dg/torture/fp-int-convert-float128-timode.c -Os compilation failed to produce executable
WARNING: gcc.dg/torture/fp-int-convert-float128.c -O0 compilation failed to produce executable
WARNING: gcc.dg/torture/fp-int-convert-float128.c -O1 compilation failed to produce executable
WARNING: gcc.dg/torture/fp-int-convert-float128.c -O2 compilation failed to produce executable
WARNING: gcc.dg/torture/fp-int-convert-float128.c -O3 -fomit-frame-pointer compilation failed to produce executable
WARNING: gcc.dg/torture/fp-int-convert-float128.c -O3 -g compilation failed to produce executable
WARNING: gcc.dg/torture/fp-int-convert-float128.c -Os compilation failed to produce executable
=== gcc Summary ===
# of expected passes 37936
# of unexpected failures 2
# of expected failures 112
# of untested testcases 28
# of unsupported tests 346
/notnfs/dnovillo/sbox/gcc/bld.ton/gcc/xgcc version 4.2.0 20051211 (experimental)
=== gfortran tests ===
Running target unix
=== gfortran Summary ===
# of expected passes 10862
# of expected failures 18
# of unsupported tests 16
/notnfs/dnovillo/sbox/gcc/bld.ton/gcc/testsuite/../gfortran version 4.2.0 20051211 (experimental)
=== objc tests ===
Running target unix
=== objc Summary ===
# of expected passes 1674
# of unsupported tests 22
/notnfs/dnovillo/sbox/gcc/bld.ton/gcc/xgcc version 4.2.0 20051211 (experimental)
=== libffi tests ===
Running target unix
=== libffi Summary ===
# of expected passes 228
# of unsupported tests 2
=== libjava tests ===
Running target unix
FAIL: longfield run
FAIL: shortfield run
FAIL: bytebuffer run
FAIL: calls run
FAIL: cxxtest run
FAIL: field run
FAIL: findclass run
FAIL: invoke run
FAIL: jniutf execution - gij test
FAIL: overload run
FAIL: pr23739 execution - gij test
FAIL: simple_int run
FAIL: virtual run
FAIL: ArrayStore execution - source compiled test
FAIL: ArrayStore -O3 execution - source compiled test
FAIL: ArrayStore2 execution - bytecode->native test
FAIL: ArrayStore2 -O3 execution - source compiled test
FAIL: ArrayStore2 -O3 execution - bytecode->native test
FAIL: Array_1 execution - bytecode->native test
FAIL: Array_1 -O3 execution - source compiled test
FAIL: Array_1 -O3 execution - bytecode->native test
FAIL: Array_3 execution - gij test
XPASS: Array_3 execution - bytecode->native test
FAIL: Array_3 execution - gij test
FAIL: Class_1 execution - bytecode->native test
FAIL: Class_1 -O3 execution - source compiled test
FAIL: Class_1 execution - gij test
FAIL: CompareNaN execution - gij test
FAIL: CompareNaN execution - gij test
FAIL: EvaluationOrder execution - source compiled test
FAIL: EvaluationOrder -O3 execution - source compiled test
FAIL: ExtraClassLoader execution - bytecode->native test
FAIL: ExtraClassLoader execution - gij test
FAIL: FileHandleGcTest execution - source compiled test
FAIL: FileHandleGcTest execution - gij test
FAIL: FileHandleGcTest execution - bytecode->native test
FAIL: FileHandleGcTest -O3 execution - source compiled test
FAIL: FileHandleGcTest execution - gij test
FAIL: FileHandleGcTest -O3 execution - bytecode->native test
FAIL: Float_1 execution - gij test
FAIL: G19990301_01 execution - source compiled test
FAIL: G19990301_01 execution - gij test
FAIL: G19990302_02 -O3 execution - bytecode->native test
FAIL: G19990303_01 execution - bytecode->native test
FAIL: G19990303_02 execution - gij test
FAIL: G19990304_01 execution - source compiled test
FAIL: G19990304_01 execution - gij test
FAIL: G19990304_01 execution - bytecode->native test
FAIL: G19990310_01 execution - source compiled test
FAIL: G19990310_01 execution - bytecode->native test
FAIL: G19990310_01 -O3 execution - source compiled test
FAIL: G19990310_01 execution - gij test
FAIL: G19990310_01 -O3 execution - bytecode->native test
FAIL: II execution - source compiled test
FAIL: II execution - gij test
FAIL: InterfaceDispatch execution - source compiled test
FAIL: InterfaceDispatch -O3 execution - source compiled test
FAIL: InvokeInterface execution - gij test
FAIL: InvokeReturn execution - gij test
FAIL: InvokeReturn execution - bytecode->native test
FAIL: Invoke_1 execution - source compiled test
FAIL: Invoke_1 execution - gij test
FAIL: Invoke_1 execution - gij test
FAIL: Invoke_1 -O3 execution - bytecode->native test
FAIL: Invoke_2 execution - gij test
FAIL: Invoke_2 execution - bytecode->native test
FAIL: Invoke_2 -O3 execution - source compiled test
FAIL: Invoke_2 execution - gij test
FAIL: KeepInline execution - source compiled test
FAIL: KeepInline execution - gij test
FAIL: KeepInline execution - bytecode->native test
FAIL: KeepInline -O3 execution - source compiled test
FAIL: KeepInline -O3 execution - bytecode->native test
FAIL: LargeFile execution - source compiled test
FAIL: LargeFile execution - gij test
FAIL: LargeFile execution - bytecode->native test
FAIL: LargeFile -O3 execution - source compiled test
FAIL: LargeFile execution - gij test
FAIL: LargeFile -O3 execution - bytecode->native test
FAIL: MathBuiltin execution - gij test
FAIL: MathBuiltin execution - bytecode->native test
FAIL: MathBuiltin -O3 execution - bytecode->native test
FAIL: Matrix4f execution - source compiled test
FAIL: Matrix4f -O3 execution - source compiled test
FAIL: N19990310_02 execution - gij test
FAIL: N19990310_02 execution - bytecode->native test
FAIL: N19990310_02 execution - gij test
FAIL: N19990310_3 execution - bytecode->native test
FAIL: N19990310_4 execution - bytecode->native test
FAIL: N19990310_4 execution - gij test
FAIL: N19990310_4 -O3 execution - bytecode->native test
FAIL: Overflow execution - bytecode->native test
FAIL: Overflow execution - gij test
FAIL: PR12416 execution - gij test
FAIL: PR12416 execution - bytecode->native test
FAIL: PR12656 execution - source compiled test
FAIL: PR12915 execution - source compiled test
FAIL: PR12915 execution - gij test
FAIL: PR12915 -O3 execution - bytecode->native test
FAIL: PR160 execution - source compiled test
FAIL: PR160 execution - gij test
FAIL: PR160 -O3 execution - source compiled test
FAIL: PR160 -O3 execution - bytecode->native test
FAIL: PR162 execution - bytecode->native test
FAIL: PR16867 execution - gij test
FAIL: PR16867 -O3 execution - source compiled test
FAIL: PR16867 execution - gij test
FAIL: PR18699 execution - bytecode->native test
FAIL: PR18699 -O3 execution - bytecode->native test
FAIL: PR19870 execution - source compiled test
FAIL: PR19870 execution - gij test
FAIL: PR19921 execution - gij test
FAIL: PR19921 execution - bytecode->native test
FAIL: PR20056 execution - source compiled test
FAIL: PR218 execution - bytecode->native test
FAIL: PR218 -O3 execution - source compiled test
FAIL: PR242 execution - source compiled test
FAIL: PR242 -O3 execution - source compiled test
FAIL: PR242 -O3 execution - bytecode->native test
FAIL: PR260 execution - gij test
FAIL: PR3096 execution - bytecode->native test
FAIL: PR3096 -O3 execution - source compiled test
FAIL: PR3096 -O3 execution - bytecode->native test
FAIL: PR3731 -O3 execution - source compiled test
FAIL: PR5057 execution - bytecode->native test
FAIL: PR5057_2 execution - gij test
FAIL: PR5057_2 execution - gij test
FAIL: PR55 execution - gij test
FAIL: PR55 execution - bytecode->native test
FAIL: PR55 -O3 execution - source compiled test
FAIL: PR55 -O3 execution - bytecode->native test
FAIL: PR56 execution - bytecode->native test
FAIL: PR6085 execution - gij test
FAIL: PR6085 -O3 execution - source compiled test
FAIL: PR6085 -O3 execution - bytecode->native test
FAIL: PR6204 execution - gij test
FAIL: PR6204 -O3 execution - source compiled test
FAIL: PR6204 execution - gij test
FAIL: PR6204 -O3 execution - bytecode->native test
FAIL: PR6729 execution - source compiled test
FAIL: PR6729 execution - gij test
FAIL: PR6729 -O3 execution - bytecode->native test
FAIL: PR6820 execution - source compiled test
FAIL: PR7482 execution - bytecode->native test
FAIL: PR7482 execution - gij test
FAIL: Process_1 execution - bytecode->native test
FAIL: Process_2 execution - gij test
FAIL: Process_2 -O3 execution - source compiled test
FAIL: Process_4 execution - source compiled test
FAIL: Process_4 execution - bytecode->native test
FAIL: Process_4 -O3 execution - source compiled test
FAIL: Process_4 execution - gij test
FAIL: Process_4 -O3 execution - bytecode->native test
FAIL: Process_5 execution - gij test
FAIL: Process_6 execution - source compiled test
FAIL: Process_6 execution - gij test
FAIL: Process_6 -O3 execution - source compiled test
FAIL: Serialization execution - source compiled test
FAIL: Serialization -O3 execution - bytecode->native test
FAIL: Shazam execution - source compiled test
FAIL: Shazam execution - bytecode->native test
FAIL: StaticConstructor execution - gij test
FAIL: StaticConstructor -O3 execution - source compiled test
FAIL: StringBuffer_1 execution - bytecode->native test
FAIL: StringBuffer_1 execution - gij test
FAIL: StringBuffer_overflow execution - source compiled test
FAIL: StringBuffer_overflow execution - gij test
FAIL: StringBuffer_overflow -O3 execution - source compiled test
FAIL: StringBuffer_overflow execution - gij test
FAIL: String_overflow execution - source compiled test
FAIL: String_overflow -O3 execution - bytecode->native test
FAIL: SyncGlobal -O3 execution - source compiled test
FAIL: TLtest execution - bytecode->native test
FAIL: TestProxy execution - bytecode->native test
FAIL: TestProxy execution - gij test
FAIL: Thread_Alive execution - gij test
FAIL: Thread_HoldsLock execution - source compiled test
FAIL: Thread_Monitor execution - source compiled test
FAIL: Thread_Monitor execution - bytecode->native test
FAIL: Thread_Monitor -O3 execution - bytecode->native test
FAIL: Thread_Sleep execution - source compiled test
FAIL: Thread_Sleep execution - gij test
FAIL: Throw_1 -O3 execution - source compiled test
FAIL: Throw_2 execution - gij test
FAIL: Throw_2 execution - bytecode->native test
FAIL: Throw_2 -O3 execution - bytecode->native test
FAIL: anfi -O3 execution - source compiled test
FAIL: anon execution - gij test
FAIL: anon3 -O3 execution - bytecode->native test
FAIL: anon4 execution - source compiled test
FAIL: anon4 execution - bytecode->native test
FAIL: anon4 -O3 execution - source compiled test
FAIL: anon4 execution - gij test
FAIL: anon4 -O3 execution - bytecode->native test
FAIL: anon_ctor_itf_arg -O3 execution - bytecode->native test
FAIL: anonarray execution - gij test
FAIL: anonarray execution - gij test
FAIL: anonarray2 execution - source compiled test
FAIL: anonarray2 execution - bytecode->native test
FAIL: anonarray2 -O3 execution - source compiled test
FAIL: anonarray3 execution - source compiled test
FAIL: anonarray3 execution - bytecode->native test
FAIL: assign -O3 execution - source compiled test
FAIL: assign execution - gij test
FAIL: assign -O3 execution - bytecode->native test
FAIL: assign2 execution - gij test
FAIL: assign2 execution - bytecode->native test
FAIL: assign2 execution - gij test
FAIL: assign2 -O3 execution - bytecode->native test
FAIL: bclink execution - source compiled test
FAIL: bytearray -O3 execution - source compiled test
FAIL: direct_read execution - source compiled test
FAIL: direct_read execution - bytecode->native test
FAIL: emptystring execution - gij test
FAIL: emptystring -O3 execution - source compiled test
FAIL: err1 -O3 execution - source compiled test
FAIL: err10 execution - source compiled test
FAIL: err11 -O3 execution - source compiled test
FAIL: err11 execution - gij test
FAIL: err11 -O3 execution - bytecode->native test
FAIL: err12 execution - bytecode->native test
FAIL: err12 -O3 execution - source compiled test
FAIL: err12 execution - gij test
FAIL: err13 -O3 execution - bytecode->native test
FAIL: err14 execution - gij test
FAIL: err14 -O3 execution - bytecode->native test
FAIL: err2 execution - gij test
FAIL: err2 execution - gij test
FAIL: err2 -O3 execution - bytecode->native test
FAIL: err3 execution - source compiled test
FAIL: err3 execution - gij test
FAIL: err4 execution - gij test
FAIL: err5 execution - source compiled test
FAIL: err5 -O3 execution - source compiled test
FAIL: err6 execution - source compiled test
FAIL: err6 execution - gij test
FAIL: err7 execution - source compiled test
FAIL: err7 execution - gij test
FAIL: err7 execution - bytecode->native test
FAIL: err8 execution - source compiled test
FAIL: err8 -O3 execution - bytecode->native test
FAIL: err9 execution - source compiled test
FAIL: err9 execution - gij test
FAIL: final_int execution - source compiled test
FAIL: final_static_and_friend execution - bytecode->native test
FAIL: final_static_and_friend -O3 execution - bytecode->native test
FAIL: indirect -O3 execution - bytecode->native test
FAIL: indirect_read execution - source compiled test
FAIL: initexc execution - bytecode->native test
FAIL: initexc execution - gij test
FAIL: initfield execution - source compiled test
FAIL: initfield -O3 execution - source compiled test
FAIL: inner1 execution - source compiled test
FAIL: inner1 execution - bytecode->native test
FAIL: inner3 -O3 execution - source compiled test
FAIL: inner3 execution - gij test
FAIL: inner3 -O3 execution - bytecode->native test
FAIL: inner4 execution - bytecode->native test
FAIL: inner_array execution - gij test
FAIL: inner_array -O3 execution - source compiled test
FAIL: inner_interface execution - bytecode->native test
FAIL: inner_interface -O3 execution - source compiled test
FAIL: inner_interface execution - gij test
FAIL: inner_interface -O3 execution - bytecode->native test
FAIL: instance execution - gij test
FAIL: instinit execution - source compiled test
FAIL: instinit execution - gij test
FAIL: invoke_from_inner execution - source compiled test
FAIL: klass -O3 execution - source compiled test
FAIL: md5test execution - source compiled test
FAIL: md5test execution - gij test
FAIL: nested_with_ctor execution - gij test
FAIL: override -O3 execution - source compiled test
FAIL: pr109 execution - bytecode->native test
FAIL: pr109 -O3 execution - source compiled test
FAIL: pr13107 execution - gij test
FAIL: pr13107 execution - bytecode->native test
FAIL: pr13107_2 execution - gij test
FAIL: pr17536 execution - source compiled test
FAIL: pr179 execution - source compiled test
FAIL: pr184 execution - gij test
FAIL: pr21785 execution - gij test
FAIL: pr21844 execution - gij test
FAIL: pr6388 execution - gij test
FAIL: pr6388 execution - bytecode->native test
FAIL: pr6388 -O3 execution - source compiled test
FAIL: pr83 execution - bytecode->native test
FAIL: pr83 -O3 execution - bytecode->native test
FAIL: pr8415 execution - source compiled test
FAIL: pr8676 execution - bytecode->native test
FAIL: pr8676 -O3 execution - bytecode->native test
FAIL: pr8823 execution - source compiled test
FAIL: pr8823 execution - bytecode->native test
FAIL: pr8823 execution - gij test
FAIL: pr8945 execution - gij test
FAIL: private_direct_read execution - source compiled test
FAIL: stringconst execution - source compiled test
FAIL: stringconst -O3 execution - bytecode->native test
FAIL: test_long execution - gij test
FAIL: tmi execution - source compiled test
FAIL: tp execution - gij test
FAIL: tp -O3 execution - bytecode->native test
FAIL: update_outer -O3 execution - source compiled test
FAIL: utf8concat -O3 execution - source compiled test
FAIL: verify execution - source compiled test
FAIL: verify execution - gij test
FAIL: /home/cygnus/dnovillo/perf/sbox/gcc/local.x86_64/bld.ton/x86_64-unknown-linux-gnu/libjava/testsuite/TestParent.exe execution - /home/cygnus/dnovillo/perf/sbox/gcc/local.x86_64/bld.ton/x86_64-unknown-linux-gnu/libjava/testsuite/TestParent.exe
=== libjava Summary ===
# of expected passes 3379
# of unexpected failures 306
# of unexpected successes 1
# of expected failures 9
# of untested testcases 315
=== libmudflap tests ===
Running target unix
=== libmudflap Summary ===
# of expected passes 1789
=== libstdc++ tests ===
Running target unix
XPASS: 26_numerics/cmath/c99_classification_macros_c.cc (test for excess errors)
XPASS: 27_io/fpos/14320-1.cc execution test
=== libstdc++ Summary ===
# of expected passes 4024
# of unexpected successes 2
# of expected failures 11
# of unsupported tests 4
Compiler version: 4.2.0 20051211 (experimental)
Platform: x86_64-unknown-linux-gnu
configure flags: --prefix=/home/cygnus/dnovillo/perf/sbox/gcc/local.x86_64/inst.ton --srcdir=/home/cygnus/dnovillo/perf/sbox/gcc/local.x86_64/src --enable-mpfr --disable-multilib --with-gmp=/home/cygnus/dnovillo/x86_64 --enable-languages=c,c++,fortran,java,objc