This is the mail archive of the
gcc-testresults@gcc.gnu.org
mailing list for the GCC project.
Results for 4.2.0 20051209 (experimental) testsuite on x86_64-unknown-linux-gnu
- From: Diego Novillo <dnovillo at redhat dot com>
- To: gcc-testresults at gcc dot gnu dot org
- Date: Fri, 9 Dec 2005 02:35:53 -0500
- Subject: Results for 4.2.0 20051209 (experimental) testsuite on x86_64-unknown-linux-gnu
LAST_UPDATED:
Native configuration is x86_64-unknown-linux-gnu
=== g++ tests ===
Running target unix
=== g++ Summary ===
# of expected passes 11766
# of expected failures 66
# of unsupported tests 95
/notnfs/dnovillo/sbox/gcc/bld.ton/gcc/testsuite/../g++ version 4.2.0 20051209 (experimental)
=== gcc tests ===
Running target unix
FAIL: tmpdir-gcc.dg-struct-layout-1/t026 c_compat_x_tst.o-c_compat_y_tst.o execute
FAIL: gcc.dg/attr-weakref-1.c execution test
WARNING: gcc.dg/torture/fp-int-convert-float128-timode.c -O0 compilation failed to produce executable
WARNING: gcc.dg/torture/fp-int-convert-float128-timode.c -O1 compilation failed to produce executable
WARNING: gcc.dg/torture/fp-int-convert-float128-timode.c -O2 compilation failed to produce executable
WARNING: gcc.dg/torture/fp-int-convert-float128-timode.c -O3 -fomit-frame-pointer compilation failed to produce executable
WARNING: gcc.dg/torture/fp-int-convert-float128-timode.c -O3 -g compilation failed to produce executable
WARNING: gcc.dg/torture/fp-int-convert-float128-timode.c -Os compilation failed to produce executable
WARNING: gcc.dg/torture/fp-int-convert-float128.c -O0 compilation failed to produce executable
WARNING: gcc.dg/torture/fp-int-convert-float128.c -O1 compilation failed to produce executable
WARNING: gcc.dg/torture/fp-int-convert-float128.c -O2 compilation failed to produce executable
WARNING: gcc.dg/torture/fp-int-convert-float128.c -O3 -fomit-frame-pointer compilation failed to produce executable
WARNING: gcc.dg/torture/fp-int-convert-float128.c -O3 -g compilation failed to produce executable
WARNING: gcc.dg/torture/fp-int-convert-float128.c -Os compilation failed to produce executable
=== gcc Summary ===
# of expected passes 37920
# of unexpected failures 2
# of expected failures 112
# of untested testcases 28
# of unsupported tests 348
/notnfs/dnovillo/sbox/gcc/bld.ton/gcc/xgcc version 4.2.0 20051209 (experimental)
=== gfortran tests ===
Running target unix
=== gfortran Summary ===
# of expected passes 10778
# of expected failures 18
# of unsupported tests 16
/notnfs/dnovillo/sbox/gcc/bld.ton/gcc/testsuite/../gfortran version 4.2.0 20051209 (experimental)
=== objc tests ===
Running target unix
=== objc Summary ===
# of expected passes 1674
# of unsupported tests 22
/notnfs/dnovillo/sbox/gcc/bld.ton/gcc/xgcc version 4.2.0 20051209 (experimental)
=== libffi tests ===
Running target unix
=== libffi Summary ===
# of expected passes 228
# of unsupported tests 2
=== libjava tests ===
Running target unix
FAIL: PR9577 run
FAIL: longfield run
FAIL: shortfield run
FAIL: PR15133 run
FAIL: PR18116 run
FAIL: calls run
FAIL: cxxtest run
FAIL: directbuffer run
FAIL: invoke run
FAIL: noclass run
FAIL: overload execution - gij test
FAIL: throwit execution - gij test
FAIL: virtual run
FAIL: ArrayStore execution - source compiled test
FAIL: Array_1 -O3 execution - source compiled test
FAIL: Array_2 execution - gij test
FAIL: Array_2 -O3 execution - bytecode->native test
XPASS: Array_3 execution - bytecode->native test
FAIL: Array_3 -O3 execution - source compiled test
XPASS: Array_3 -O3 execution - bytecode->native test
FAIL: Class_1 execution - source compiled test
FAIL: Class_1 -O3 execution - source compiled test
FAIL: Class_1 -O3 execution - bytecode->native test
FAIL: CompareNaN execution - gij test
FAIL: CompareNaN execution - bytecode->native test
FAIL: Divide_1 execution - gij test
FAIL: Divide_1 execution - bytecode->native test
FAIL: EvaluationOrder execution - source compiled test
FAIL: EvaluationOrder execution - gij test
FAIL: EvaluationOrder -O3 execution - source compiled test
FAIL: ExtraClassLoader execution - source compiled test
FAIL: ExtraClassLoader output - gij test
FAIL: ExtraClassLoader execution - bytecode->native test
FAIL: ExtraClassLoader -O3 execution - source compiled test
FAIL: ExtraClassLoader execution - gij test
FAIL: ExtraClassLoader -O3 output - bytecode->native test
FAIL: FileHandleGcTest execution - source compiled test
FAIL: FileHandleGcTest execution - gij test
FAIL: FileHandleGcTest execution - bytecode->native test
FAIL: FileHandleGcTest -O3 execution - source compiled test
FAIL: FileHandleGcTest execution - gij test
FAIL: FileHandleGcTest -O3 execution - bytecode->native test
FAIL: Final execution - gij test
FAIL: Final -O3 execution - bytecode->native test
FAIL: Float_1 execution - source compiled test
FAIL: G19990301_01 execution - source compiled test
FAIL: G19990301_01 -O3 execution - source compiled test
FAIL: G19990303_01 execution - gij test
FAIL: G19990303_01 -O3 execution - bytecode->native test
FAIL: G19990303_02 execution - source compiled test
FAIL: G19990303_02 execution - gij test
FAIL: G19990303_02 -O3 execution - bytecode->native test
FAIL: G19990304_01 execution - source compiled test
FAIL: G19990304_01 execution - bytecode->native test
FAIL: G19990304_01 -O3 execution - source compiled test
FAIL: G19990310_01 -O3 execution - bytecode->native test
FAIL: II -O3 execution - source compiled test
FAIL: InterfaceDispatch -O3 execution - bytecode->native test
FAIL: InvokeInterface execution - gij test
FAIL: InvokeInterface execution - gij test
FAIL: InvokeInterface -O3 execution - bytecode->native test
FAIL: InvokeReturn execution - source compiled test
FAIL: InvokeReturn execution - gij test
FAIL: InvokeReturn -O3 execution - source compiled test
FAIL: InvokeReturn execution - gij test
FAIL: InvokeReturn -O3 execution - bytecode->native test
FAIL: Invoke_1 execution - source compiled test
FAIL: Invoke_1 -O3 execution - source compiled test
FAIL: Invoke_1 execution - gij test
FAIL: Invoke_2 execution - gij test
FAIL: KeepInline execution - source compiled test
FAIL: KeepInline -O3 execution - bytecode->native test
FAIL: LargeFile execution - source compiled test
FAIL: LargeFile execution - gij test
FAIL: LargeFile execution - bytecode->native test
FAIL: LargeFile -O3 execution - source compiled test
FAIL: LargeFile execution - gij test
FAIL: LargeFile -O3 execution - bytecode->native test
FAIL: MathBuiltin execution - source compiled test
FAIL: MathBuiltin execution - gij test
FAIL: MathBuiltin execution - gij test
FAIL: Matrix4f execution - bytecode->native test
FAIL: Matrix4f -O3 execution - bytecode->native test
FAIL: N19990310_02 execution - source compiled test
FAIL: N19990310_02 execution - gij test
FAIL: N19990310_02 -O3 execution - bytecode->native test
FAIL: N19990310_3 execution - source compiled test
FAIL: N19990310_3 execution - bytecode->native test
FAIL: N19990310_4 execution - gij test
FAIL: N19990310_5 execution - gij test
FAIL: N19990310_5 -O3 execution - source compiled test
FAIL: Overflow execution - source compiled test
FAIL: Overflow execution - gij test
FAIL: PR12350 execution - gij test
FAIL: PR12350 execution - bytecode->native test
FAIL: PR12350 execution - gij test
FAIL: PR12416 -O3 execution - source compiled test
FAIL: PR12416 execution - gij test
FAIL: PR12416 -O3 execution - bytecode->native test
FAIL: PR12656 -O3 execution - source compiled test
FAIL: PR12656 execution - gij test
FAIL: PR141 execution - source compiled test
FAIL: PR141 -O3 execution - bytecode->native test
FAIL: PR160 execution - gij test
FAIL: PR160 execution - bytecode->native test
FAIL: PR160 -O3 execution - source compiled test
FAIL: PR160 -O3 execution - bytecode->native test
FAIL: PR162 execution - gij test
FAIL: PR162 execution - gij test
FAIL: PR162 -O3 execution - bytecode->native test
FAIL: PR16867 execution - source compiled test
FAIL: PR16867 -O3 execution - source compiled test
FAIL: PR16867 execution - gij test
FAIL: PR18699 execution - gij test
FAIL: PR18699 -O3 execution - source compiled test
FAIL: PR19870 execution - gij test
FAIL: PR19870_2 execution - gij test
FAIL: PR19870_2 -O3 execution - source compiled test
FAIL: PR19870_2 -O3 execution - bytecode->native test
FAIL: PR19921 execution - source compiled test
FAIL: PR19921 execution - gij test
FAIL: PR19921 execution - bytecode->native test
FAIL: PR19921 execution - gij test
FAIL: PR19921 -O3 execution - bytecode->native test
FAIL: PR20056 -O3 execution - bytecode->native test
FAIL: PR218 execution - bytecode->native test
FAIL: PR242 execution - source compiled test
FAIL: PR260 execution - source compiled test
FAIL: PR260 -O3 execution - source compiled test
FAIL: PR260 execution - gij test
FAIL: PR3096 execution - source compiled test
FAIL: PR3096 execution - bytecode->native test
FAIL: PR3096 execution - gij test
FAIL: PR3731 execution - source compiled test
FAIL: PR3731 execution - gij test
FAIL: PR3731 -O3 execution - source compiled test
FAIL: PR5057 execution - source compiled test
FAIL: PR5057 execution - gij test
FAIL: PR5057 execution - bytecode->native test
FAIL: PR5057 -O3 execution - source compiled test
FAIL: PR5057 execution - gij test
FAIL: PR5057 -O3 execution - bytecode->native test
FAIL: PR5057_2 execution - gij test
FAIL: PR5057_2 -O3 execution - source compiled test
FAIL: PR55 -O3 execution - source compiled test
FAIL: PR55 execution - gij test
FAIL: PR55 -O3 execution - bytecode->native test
FAIL: PR56 execution - gij test
FAIL: PR56 execution - gij test
FAIL: PR56 -O3 execution - bytecode->native test
FAIL: PR6085 execution - source compiled test
FAIL: PR6085 -O3 execution - bytecode->native test
FAIL: PR6204 execution - bytecode->native test
FAIL: PR6729 -O3 execution - source compiled test
FAIL: PR6729 execution - gij test
FAIL: PR7482 execution - bytecode->native test
FAIL: PR7482 execution - gij test
FAIL: Process_1 execution - source compiled test
FAIL: Process_1 execution - gij test
FAIL: Process_2 execution - source compiled test
FAIL: Process_3 execution - source compiled test
FAIL: Process_4 execution - gij test
FAIL: Process_4 -O3 execution - bytecode->native test
FAIL: Process_5 -O3 execution - source compiled test
FAIL: Process_5 execution - gij test
FAIL: Process_6 execution - source compiled test
FAIL: Process_6 execution - gij test
FAIL: Process_6 -O3 execution - bytecode->native test
FAIL: Serialization execution - source compiled test
FAIL: Serialization -O3 execution - bytecode->native test
FAIL: Shazam execution - gij test
FAIL: StaticConstructor -O3 execution - bytecode->native test
FAIL: StringBuffer_1 execution - gij test
FAIL: StringBuffer_1 execution - gij test
FAIL: String_overflow execution - source compiled test
FAIL: String_overflow -O3 execution - source compiled test
FAIL: String_overflow execution - gij test
FAIL: SyncGlobal execution - gij test
FAIL: Synch execution - source compiled test
FAIL: Synch execution - gij test
FAIL: TestProxy execution - gij test
FAIL: TestProxy execution - gij test
FAIL: Thread_Alive -O3 execution - source compiled test
FAIL: Thread_Alive -O3 execution - bytecode->native test
FAIL: Thread_HoldsLock execution - source compiled test
FAIL: Thread_HoldsLock execution - gij test
FAIL: Thread_HoldsLock -O3 execution - bytecode->native test
FAIL: Thread_Monitor execution - bytecode->native test
FAIL: Thread_Sleep -O3 execution - source compiled test
FAIL: Throw_1 execution - source compiled test
FAIL: Throw_1 execution - bytecode->native test
FAIL: Throw_1 -O3 execution - source compiled test
FAIL: Throw_1 -O3 execution - bytecode->native test
FAIL: Throw_2 execution - source compiled test
FAIL: Throw_2 -O3 execution - source compiled test
FAIL: Throw_2 execution - gij test
FAIL: anfi execution - source compiled test
FAIL: anfi execution - gij test
FAIL: anfi execution - bytecode->native test
FAIL: anon execution - gij test
FAIL: anon2 execution - source compiled test
FAIL: anon2 execution - gij test
FAIL: anon2 -O3 execution - source compiled test
FAIL: anon3 execution - source compiled test
FAIL: anon3 -O3 execution - source compiled test
FAIL: anon3 execution - gij test
FAIL: anon4 execution - source compiled test
FAIL: anon4 execution - gij test
FAIL: anon4 execution - bytecode->native test
FAIL: anon4 -O3 execution - source compiled test
FAIL: anon4 -O3 execution - bytecode->native test
FAIL: anon_ctor_itf_arg execution - source compiled test
FAIL: anon_ctor_itf_arg execution - bytecode->native test
FAIL: anonarray execution - gij test
FAIL: anonarray execution - bytecode->native test
FAIL: anonarray2 -O3 execution - source compiled test
FAIL: anonarray3 execution - source compiled test
FAIL: assign execution - source compiled test
FAIL: assign execution - gij test
FAIL: assign -O3 execution - bytecode->native test
FAIL: assign2 execution - gij test
FAIL: assign2 execution - bytecode->native test
FAIL: assign2 -O3 execution - bytecode->native test
FAIL: bytearray execution - bytecode->native test
FAIL: direct_read execution - source compiled test
FAIL: direct_read execution - gij test
FAIL: direct_read -O3 execution - source compiled test
FAIL: direct_write execution - source compiled test
FAIL: direct_write execution - bytecode->native test
FAIL: direct_write -O3 execution - source compiled test
FAIL: direct_write execution - gij test
FAIL: direct_write -O3 execution - bytecode->native test
FAIL: emptystring execution - bytecode->native test
FAIL: emptystring execution - gij test
FAIL: emptystring -O3 execution - bytecode->native test
FAIL: err1 execution - bytecode->native test
FAIL: err10 execution - gij test
FAIL: err10 -O3 execution - source compiled test
FAIL: err11 execution - gij test
FAIL: err11 execution - gij test
FAIL: err12 execution - source compiled test
FAIL: err13 execution - source compiled test
FAIL: err13 execution - gij test
FAIL: err13 -O3 execution - bytecode->native test
FAIL: err14 execution - source compiled test
FAIL: err14 execution - gij test
FAIL: err3 execution - bytecode->native test
FAIL: err3 execution - gij test
FAIL: err3 -O3 execution - bytecode->native test
FAIL: err4 execution - bytecode->native test
FAIL: err5 execution - bytecode->native test
FAIL: err7 execution - gij test
FAIL: err8 -O3 execution - source compiled test
FAIL: err8 execution - gij test
FAIL: err8 -O3 execution - bytecode->native test
FAIL: err9 execution - source compiled test
FAIL: err9 execution - bytecode->native test
FAIL: err9 -O3 execution - source compiled test
FAIL: final_inner -O3 execution - source compiled test
FAIL: final_int -O3 execution - source compiled test
FAIL: final_int execution - gij test
FAIL: final_int -O3 execution - bytecode->native test
FAIL: final_static_and_friend execution - source compiled test
FAIL: final_static_and_friend execution - gij test
FAIL: indirect execution - source compiled test
FAIL: indirect execution - gij test
FAIL: indirect_write execution - bytecode->native test
FAIL: indirect_write execution - gij test
FAIL: initexc execution - source compiled test
FAIL: initexc execution - bytecode->native test
FAIL: initexc -O3 execution - source compiled test
FAIL: initexc -O3 execution - bytecode->native test
FAIL: initfield execution - gij test
FAIL: inline execution - gij test
FAIL: inline -O3 execution - source compiled test
FAIL: inner1 execution - gij test
FAIL: inner1 -O3 execution - source compiled test
FAIL: inner1 -O3 execution - bytecode->native test
FAIL: inner2 -O3 execution - source compiled test
FAIL: inner3 execution - gij test
FAIL: inner4 execution - gij test
FAIL: inner_array execution - gij test
FAIL: inner_array -O3 execution - source compiled test
FAIL: inner_interface execution - source compiled test
FAIL: invokethrow execution - gij test
FAIL: invokethrow -O3 execution - source compiled test
FAIL: invokethrow execution - gij test
FAIL: invokethrow -O3 execution - bytecode->native test
FAIL: klass -O3 execution - source compiled test
FAIL: md5test execution - source compiled test
FAIL: md5test execution - gij test
FAIL: md5test execution - gij test
FAIL: multiple_finit execution - source compiled test
FAIL: multiple_finit execution - gij test
FAIL: multiple_finit execution - gij test
FAIL: nested_with_ctor execution - gij test
FAIL: newarray_overflow execution - gij test
FAIL: override execution - bytecode->native test
FAIL: override -O3 execution - source compiled test
FAIL: override execution - gij test
FAIL: pr13107 execution - gij test
FAIL: pr13107 execution - gij test
FAIL: pr16789 execution - gij test
FAIL: pr16789 execution - bytecode->native test
FAIL: pr17536 execution - gij test
FAIL: pr184 execution - source compiled test
FAIL: pr184 execution - gij test
FAIL: pr184 execution - gij test
FAIL: pr184 -O3 execution - bytecode->native test
FAIL: pr21785 execution - source compiled test
FAIL: pr21785 execution - bytecode->native test
FAIL: pr21844 execution - gij test
FAIL: pr21844 execution - gij test
FAIL: pr6388 -O3 execution - source compiled test
FAIL: pr83 -O3 execution - source compiled test
FAIL: pr83 -O3 execution - bytecode->native test
FAIL: pr8415 execution - gij test
FAIL: pr8415 execution - bytecode->native test
FAIL: pr8676 execution - source compiled test
FAIL: pr8676 -O3 execution - source compiled test
FAIL: pr8676 execution - gij test
FAIL: pr8676 -O3 execution - bytecode->native test
FAIL: pr8945 execution - bytecode->native test
FAIL: private_direct_read -O3 execution - source compiled test
FAIL: private_direct_read execution - gij test
FAIL: search_outer execution - source compiled test
FAIL: shatest execution - gij test
FAIL: shatest execution - gij test
FAIL: stringconst execution - gij test
FAIL: test_long execution - bytecode->native test
FAIL: test_long execution - gij test
FAIL: tmi execution - source compiled test
FAIL: update_outer execution - source compiled test
FAIL: utf8concat execution - gij test
FAIL: utf8concat execution - bytecode->native test
=== libjava Summary ===
# of expected passes 3328
# of unexpected failures 333
# of unexpected successes 2
# of expected failures 10
# of untested testcases 339
=== libmudflap tests ===
Running target unix
=== libmudflap Summary ===
# of expected passes 1789
=== libstdc++ tests ===
Running target unix
XPASS: 26_numerics/cmath/c99_classification_macros_c.cc (test for excess errors)
XPASS: 27_io/fpos/14320-1.cc execution test
=== libstdc++ Summary ===
# of expected passes 4022
# of unexpected successes 2
# of expected failures 11
# of unsupported tests 4
Compiler version: 4.2.0 20051209 (experimental)
Platform: x86_64-unknown-linux-gnu
configure flags: --prefix=/home/cygnus/dnovillo/perf/sbox/gcc/local.x86_64/inst.ton --srcdir=/home/cygnus/dnovillo/perf/sbox/gcc/local.x86_64/src --enable-mpfr --disable-multilib --with-gmp=/home/cygnus/dnovillo/x86_64 --enable-languages=c,c++,fortran,java,objc