This is the mail archive of the
gcc-testresults@gcc.gnu.org
mailing list for the GCC project.
Results for 4.2.0 20051211 (experimental) testsuite on sparc-sun-solaris2.10
- From: eric at linux dot site (Eric Botcazou)
- To: gcc-testresults at gcc dot gnu dot org
- Date: Sun, 11 Dec 2005 23:14:22 +0100
- Subject: Results for 4.2.0 20051211 (experimental) testsuite on sparc-sun-solaris2.10
LAST_UPDATED: Sun Dec 11 05:27:52 UTC 2005 (revision 108377M)
Native configuration is sparc-sun-solaris2.10
=== g++ tests ===
Running target unix
FAIL: tmpdir-g++.dg-struct-layout-1/t028 cp_compat_x_tst.o compile
FAIL: tmpdir-g++.dg-struct-layout-1/t028 cp_compat_y_tst.o compile
UNRESOLVED: tmpdir-g++.dg-struct-layout-1/t028 cp_compat_x_tst.o-cp_compat_y_tst.o link
UNRESOLVED: tmpdir-g++.dg-struct-layout-1/t028 cp_compat_x_tst.o-cp_compat_y_tst.o execute
WARNING: g++.dg/other/ucnid-1.C compilation failed to produce executable
=== g++ Summary for unix ===
# of expected passes 11710
# of unexpected failures 2
# of expected failures 67
# of unresolved testcases 2
# of unsupported tests 131
Running target unix/-m64
WARNING: g++.dg/other/ucnid-1.C compilation failed to produce executable
=== g++ Summary for unix/-m64 ===
# of expected passes 11682
# of expected failures 67
# of unsupported tests 133
=== g++ Summary ===
# of expected passes 23392
# of unexpected failures 2
# of expected failures 134
# of unresolved testcases 2
# of unsupported tests 264
/opt/build/eric/gcc/gcc/testsuite/../g++ version 4.2.0 20051211 (experimental)
=== gcc tests ===
Running target unix
XPASS: gcc.dg/cpp/cmdlne-dI-M.c scan-file (^|\\\\n)cmdlne-dI-M.*:[^\\\\n]*cmdlne-dI-M.c
XPASS: gcc.dg/cpp/cmdlne-dM-M.c scan-file (^|\\\\n)cmdlne-dM-M[^\\\\n]*:[^\\\\n]*cmdlne-dM-M.c
FAIL: gcc.dg/attr-weakref-1.c execution test
WARNING: gcc.dg/ucnid-2.c compilation failed to produce executable
WARNING: gcc.dg/ucnid-3.c compilation failed to produce executable
WARNING: gcc.dg/ucnid-4.c compilation failed to produce executable
XPASS: gcc.dg/vect/pr20122.c scan-tree-dump-times vectorized 1 loops 2
FAIL: gcc.dg/vect/pr24300.c (test for excess errors)
XPASS: gcc.dg/vect/vect-105.c scan-tree-dump-times vectorized 1 loops 1
XPASS: gcc.dg/vect/vect-75.c scan-tree-dump-times vectorized 1 loops 1
=== gcc Summary for unix ===
# of expected passes 37215
# of unexpected failures 2
# of unexpected successes 5
# of expected failures 105
# of untested testcases 28
# of unsupported tests 393
Running target unix/-m64
XPASS: gcc.dg/cpp/cmdlne-dI-M.c scan-file (^|\\\\n)cmdlne-dI-M.*:[^\\\\n]*cmdlne-dI-M.c
XPASS: gcc.dg/cpp/cmdlne-dM-M.c scan-file (^|\\\\n)cmdlne-dM-M[^\\\\n]*:[^\\\\n]*cmdlne-dM-M.c
FAIL: gcc.dg/attr-weakref-1.c execution test
WARNING: gcc.dg/ucnid-2.c compilation failed to produce executable
WARNING: gcc.dg/ucnid-3.c compilation failed to produce executable
WARNING: gcc.dg/ucnid-4.c compilation failed to produce executable
XPASS: gcc.dg/vect/pr20122.c scan-tree-dump-times vectorized 1 loops 2
FAIL: gcc.dg/vect/pr24300.c (test for excess errors)
XPASS: gcc.dg/vect/vect-105.c scan-tree-dump-times vectorized 1 loops 1
XPASS: gcc.dg/vect/vect-75.c scan-tree-dump-times vectorized 1 loops 1
=== gcc Summary for unix/-m64 ===
# of expected passes 37203
# of unexpected failures 2
# of unexpected successes 5
# of expected failures 111
# of untested testcases 28
# of unsupported tests 396
=== gcc Summary ===
# of expected passes 74418
# of unexpected failures 4
# of unexpected successes 10
# of expected failures 216
# of untested testcases 56
# of unsupported tests 789
/opt/build/eric/gcc/gcc/xgcc version 4.2.0 20051211 (experimental)
=== gfortran tests ===
Running target unix
FAIL: gfortran.dg/cray_pointers_2.f90 -O3 -fomit-frame-pointer -funroll-loops execution test
FAIL: gfortran.dg/cray_pointers_2.f90 -O3 -fomit-frame-pointer -funroll-all-loops -finline-functions execution test
=== gfortran Summary for unix ===
# of expected passes 10801
# of unexpected failures 2
# of expected failures 6
# of unsupported tests 47
Running target unix/-m64
=== gfortran Summary for unix/-m64 ===
# of expected passes 10833
# of expected failures 7
# of unsupported tests 31
=== gfortran Summary ===
# of expected passes 21634
# of unexpected failures 2
# of expected failures 13
# of unsupported tests 78
/opt/build/eric/gcc/gcc/testsuite/../gfortran version 4.2.0 20051211 (experimental)
=== obj-c++ tests ===
Running target unix
FAIL: obj-c++.dg/comp-types-10.mm (test for excess errors)
FAIL: obj-c++.dg/cxx-ivars-2.mm execution test
FAIL: obj-c++.dg/encode-8.mm execution test
FAIL: obj-c++.dg/isa-field-1.mm (test for excess errors)
FAIL: obj-c++.dg/lookup-2.mm (test for excess errors)
WARNING: obj-c++.dg/lookup-2.mm compilation failed to produce executable
FAIL: obj-c++.dg/try-catch-2.mm (test for excess errors)
WARNING: obj-c++.dg/try-catch-2.mm compilation failed to produce executable
FAIL: obj-c++.dg/try-catch-9.mm (test for excess errors)
WARNING: obj-c++.dg/try-catch-9.mm compilation failed to produce executable
=== obj-c++ Summary for unix ===
# of expected passes 422
# of unexpected failures 7
# of unsupported tests 13
Running target unix/-m64
FAIL: obj-c++.dg/bitfield-1.mm (test for excess errors)
FAIL: obj-c++.dg/bitfield-4.mm (test for excess errors)
FAIL: obj-c++.dg/comp-types-10.mm (test for excess errors)
FAIL: obj-c++.dg/cxx-ivars-2.mm execution test
FAIL: obj-c++.dg/encode-3.mm execution test
FAIL: obj-c++.dg/encode-8.mm execution test
FAIL: obj-c++.dg/isa-field-1.mm (test for excess errors)
FAIL: obj-c++.dg/layout-1.mm (test for excess errors)
FAIL: obj-c++.dg/lookup-2.mm (test for excess errors)
WARNING: obj-c++.dg/lookup-2.mm compilation failed to produce executable
FAIL: obj-c++.dg/try-catch-2.mm (test for excess errors)
WARNING: obj-c++.dg/try-catch-2.mm compilation failed to produce executable
FAIL: obj-c++.dg/try-catch-9.mm (test for excess errors)
WARNING: obj-c++.dg/try-catch-9.mm compilation failed to produce executable
=== obj-c++ Summary for unix/-m64 ===
# of expected passes 418
# of unexpected failures 11
# of unsupported tests 13
=== obj-c++ Summary ===
# of expected passes 840
# of unexpected failures 18
# of unsupported tests 26
/opt/build/eric/gcc/gcc/testsuite/../g++ version 4.2.0 20051211 (experimental)
=== objc tests ===
Running target unix
=== objc Summary for unix ===
# of expected passes 1674
# of unsupported tests 22
Running target unix/-m64
=== objc Summary for unix/-m64 ===
# of expected passes 1674
# of unsupported tests 22
=== objc Summary ===
# of expected passes 3348
# of unsupported tests 44
/opt/build/eric/gcc/gcc/xgcc version 4.2.0 20051211 (experimental)
=== libstdc++ tests ===
Running target unix
XPASS: 27_io/basic_istream/extractors_arithmetic/char/12.cc execution test
XPASS: 27_io/basic_istream/extractors_arithmetic/wchar_t/12.cc execution test
FAIL: 27_io/basic_ostream/inserters_character/char/9555-oc.cc execution test
=== libstdc++ Summary for unix ===
# of expected passes 3387
# of unexpected failures 1
# of unexpected successes 2
# of expected failures 12
# of unsupported tests 321
Running target unix/-m64
XPASS: 27_io/basic_istream/extractors_arithmetic/char/12.cc execution test
XPASS: 27_io/basic_istream/extractors_arithmetic/wchar_t/12.cc execution test
FAIL: 27_io/basic_ostream/inserters_character/char/9555-oc.cc execution test
XPASS: 27_io/fpos/14320-1.cc execution test
FAIL: ext/array_allocator/2.cc execution test
=== libstdc++ Summary for unix/-m64 ===
# of expected passes 3386
# of unexpected failures 2
# of unexpected successes 3
# of expected failures 11
# of unsupported tests 321
=== libstdc++ Summary ===
# of expected passes 6773
# of unexpected failures 3
# of unexpected successes 5
# of expected failures 23
# of unsupported tests 642
Compiler version: 4.2.0 20051211 (experimental)
Platform: sparc-sun-solaris2.10
configure flags: --prefix=/opt/build/eric/local/gcc --with-gmp=/opt/build/eric/local --with-mpfr=/opt/build/eric/local --with-local-prefix=/opt/build/eric/local --enable-checking=assert,gc,misc,rtl,rtlflag,runtime,tree --disable-libgcj --enable-languages=c,c++,fortran,java,objc,obj-c++
BOOT_CFLAGS=-g -O2