This is the mail archive of the
gcc-testresults@gcc.gnu.org
mailing list for the GCC project.
Results for 4.1.0 20051210 (prerelease) testsuite on i686-pc-linux-gnu
- From: hjl at gnu-3 dot sc dot intel dot com (H.J. Lu)
- To: gcc-testresults at gcc dot gnu dot org
- Date: Sun, 11 Dec 2005 09:32:34 -0800 (PST)
- Subject: Results for 4.1.0 20051210 (prerelease) testsuite on i686-pc-linux-gnu
LAST_UPDATED: Sat Dec 10 22:10:35 UTC 2005 (revision 108358)
Native configuration is i686-pc-linux-gnu
=== gcc tests ===
Running target unix
=== gcc Summary ===
# of expected passes 37902
# of expected failures 97
# of untested testcases 28
# of unsupported tests 235
/export/build/gnu/gcc-4.1/build-i686-linux/gcc/xgcc version 4.1.0 20051210 (prerelease)
=== gfortran tests ===
Running target unix
=== gfortran Summary ===
# of expected passes 10764
# of expected failures 15
# of unsupported tests 16
/export/build/gnu/gcc-4.1/build-i686-linux/gcc/testsuite/../gfortran version 4.1.0 20051210 (prerelease)
=== g++ tests ===
Running target unix
FAIL: tmpdir-g++.dg-struct-layout-1/t028 cp_compat_x_tst.o compile
FAIL: tmpdir-g++.dg-struct-layout-1/t028 cp_compat_y_tst.o compile
UNRESOLVED: tmpdir-g++.dg-struct-layout-1/t028 cp_compat_x_tst.o-cp_compat_y_tst.o link
UNRESOLVED: tmpdir-g++.dg-struct-layout-1/t028 cp_compat_x_tst.o-cp_compat_y_tst.o execute
XPASS: g++.dg/tree-ssa/pr14814.C scan-tree-dump-times &this 0
=== g++ Summary ===
# of expected passes 11835
# of unexpected failures 2
# of unexpected successes 1
# of expected failures 66
# of unresolved testcases 2
# of unsupported tests 64
/export/build/gnu/gcc-4.1/build-i686-linux/gcc/testsuite/../g++ version 4.1.0 20051210 (prerelease)
=== objc tests ===
Running target unix
=== objc Summary ===
# of expected passes 1672
# of unsupported tests 22
/export/build/gnu/gcc-4.1/build-i686-linux/gcc/xgcc version 4.1.0 20051210 (prerelease)
=== libffi tests ===
Running target unix
=== libffi Summary ===
# of expected passes 228
# of unsupported tests 2
=== libjava tests ===
Running target unix
=== libjava Summary ===
# of expected passes 3999
# of expected failures 10
# of untested testcases 8
=== libmudflap tests ===
Running target unix
=== libmudflap Summary ===
# of expected passes 1789
=== libstdc++ tests ===
Running target unix
XPASS: 26_numerics/cmath/c99_classification_macros_c.cc (test for excess errors)
=== libstdc++ Summary ===
# of expected passes 1616
# of unexpected successes 1
# of expected failures 6
# of unsupported tests 4
Compiler version: 4.1.0 20051210 (prerelease)
Platform: i686-pc-linux-gnu
configure flags: --enable-clocale=gnu --with-system-zlib --disable-libunwind-exceptions --with-demangler-in-ld --enable-shared --enable-threads=posix --enable-haifa --disable-checking --prefix=/usr/gcc-4.1 --with-local-prefix=/usr/local --enable-languages=c,c++,fortran,java,objc