This is the mail archive of the
gcc-testresults@gcc.gnu.org
mailing list for the GCC project.
Results for 4.2.0 20051211 (experimental) testsuite on hppa2.0w-hp-hpux11.11
- From: John David Anglin <dave at hiauly3 dot hia dot nrc dot ca>
- To: dave at hiauly3 dot hia dot nrc dot ca, gcc-testresults at gcc dot gnu dot org
- Date: Sun, 11 Dec 2005 10:14:34 -0500 (EST)
- Subject: Results for 4.2.0 20051211 (experimental) testsuite on hppa2.0w-hp-hpux11.11
LAST_UPDATED: Sun Dec 11 02:06:39 UTC 2005 (revision 108374M)
Native configuration is hppa2.0w-hp-hpux11.11
=== g++ tests ===
Running target unix
FAIL: tmpdir-g++.dg-struct-layout-1/t028 cp_compat_x_tst.o compile
FAIL: tmpdir-g++.dg-struct-layout-1/t028 cp_compat_y_tst.o compile
UNRESOLVED: tmpdir-g++.dg-struct-layout-1/t028 cp_compat_x_tst.o-cp_compat_y_tst.o link
UNRESOLVED: tmpdir-g++.dg-struct-layout-1/t028 cp_compat_x_tst.o-cp_compat_y_tst.o execute
=== g++ Summary ===
# of expected passes 11406
# of unexpected failures 2
# of expected failures 66
# of unresolved testcases 2
# of unsupported tests 151
/mnt/gnu/gcc-3.3/objdir/gcc/testsuite/../g++ version 4.2.0 20051211 (experimental)
=== gcc tests ===
Running target unix
FAIL: gcc.dg/attr-weakref-1.c (test for excess errors)
WARNING: gcc.dg/attr-weakref-1.c compilation failed to produce executable
FAIL: gcc.dg/tree-ssa/20031106-6.c scan-tree-dump-times temp_struct 0
=== gcc Summary ===
# of expected passes 36284
# of unexpected failures 2
# of expected failures 75
# of untested testcases 28
# of unsupported tests 438
/mnt/gnu/gcc-3.3/objdir/gcc/xgcc version 4.2.0 20051211 (experimental)
=== gfortran tests ===
Running target unix
=== gfortran Summary ===
# of expected passes 10751
# of expected failures 4
# of unsupported tests 66
/mnt/gnu/gcc-3.3/objdir/gcc/testsuite/../gfortran version 4.2.0 20051211 (experimental)
=== objc tests ===
Running target unix
=== objc Summary ===
# of expected passes 1672
# of unsupported tests 23
/mnt/gnu/gcc-3.3/objdir/gcc/xgcc version 4.2.0 20051211 (experimental)
=== libstdc++ tests ===
Running target unix
=== libstdc++ Summary ===
# of expected passes 2622
# of expected failures 10
# of unsupported tests 159
Compiler version: 4.2.0 20051211 (experimental)
Platform: hppa2.0w-hp-hpux11.11
configure flags: --with-gnu-as --with-as=/opt/gnu/bin/as --enable-shared --disable-nls --with-local-prefix=/opt/gnu --prefix=/opt/gnu/gcc/gcc-4.1.0 --enable-debug=no --enable-threads=posix --with-gmp=/opt/gnu/gcc/gcc-4.1.0 --disable-libmudflap --enable-languages=c,c++,fortran,java,objc