This is the mail archive of the gcc-testresults@gcc.gnu.org mailing list for the GCC project.
Index Nav: | [Date Index] [Subject Index] [Author Index] [Thread Index] | |
---|---|---|
Message Nav: | [Date Prev] [Date Next] | [Thread Prev] [Thread Next] |
Other format: | [Raw text] |
Remote host: linux 2.6.12 sh4 GNU C Library version 2.3.5 LAST_UPDATED: Tue Dec 6 12:03:11 UTC 2005 (revision 108116) Target is sh4-unknown-linux-gnu Host is i686-pc-linux-gnu === g++ tests === Running target unix WARNING: Assuming target board is the local machine (which is probably wrong). === g++ Summary === # of expected passes 11597 # of expected failures 66 # of unsupported tests 112 /exp/ldroot/dodes/xsh-gcc-orig/gcc/testsuite/../g++ version 4.2.0 20051206 (experimental) Host is i686-pc-linux-gnu === gcc tests === Running target unix WARNING: Assuming target board is the local machine (which is probably wrong). FAIL: gcc.c-torture/execute/20040709-1.c compilation, -O3 -fomit-frame-pointer UNRESOLVED: gcc.c-torture/execute/20040709-1.c execution, -O3 -fomit-frame-pointer FAIL: gcc.c-torture/execute/20040709-1.c compilation, -O3 -fomit-frame-pointer -funroll-loops UNRESOLVED: gcc.c-torture/execute/20040709-1.c execution, -O3 -fomit-frame-pointer -funroll-loops FAIL: gcc.c-torture/execute/20040709-1.c compilation, -O3 -fomit-frame-pointer -funroll-all-loops -finline-functions UNRESOLVED: gcc.c-torture/execute/20040709-1.c execution, -O3 -fomit-frame-pointer -funroll-all-loops -finline-functions FAIL: gcc.c-torture/execute/20040709-1.c compilation, -O3 -g UNRESOLVED: gcc.c-torture/execute/20040709-1.c execution, -O3 -g FAIL: gcc.c-torture/execute/20040709-2.c compilation, -O3 -fomit-frame-pointer UNRESOLVED: gcc.c-torture/execute/20040709-2.c execution, -O3 -fomit-frame-pointer FAIL: gcc.c-torture/execute/20040709-2.c compilation, -O3 -fomit-frame-pointer -funroll-loops UNRESOLVED: gcc.c-torture/execute/20040709-2.c execution, -O3 -fomit-frame-pointer -funroll-loops FAIL: gcc.c-torture/execute/20040709-2.c compilation, -O3 -fomit-frame-pointer -funroll-all-loops -finline-functions UNRESOLVED: gcc.c-torture/execute/20040709-2.c execution, -O3 -fomit-frame-pointer -funroll-all-loops -finline-functions FAIL: gcc.c-torture/execute/20040709-2.c compilation, -O3 -g UNRESOLVED: gcc.c-torture/execute/20040709-2.c execution, -O3 -g FAIL: gcc.c-torture/execute/builtin-prefetch-6.c execution, -O0 FAIL: gcc.c-torture/execute/builtin-prefetch-6.c execution, -O1 FAIL: gcc.c-torture/execute/builtin-prefetch-6.c execution, -O2 FAIL: gcc.c-torture/execute/builtin-prefetch-6.c execution, -O3 -fomit-frame-pointer FAIL: gcc.c-torture/execute/builtin-prefetch-6.c execution, -O3 -fomit-frame-pointer -funroll-loops FAIL: gcc.c-torture/execute/builtin-prefetch-6.c execution, -O3 -fomit-frame-pointer -funroll-all-loops -finline-functions FAIL: gcc.c-torture/execute/builtin-prefetch-6.c execution, -O3 -g FAIL: gcc.c-torture/execute/builtin-prefetch-6.c execution, -Os FAIL: tmpdir-gcc.dg-struct-layout-1/t004 c_compat_y_tst.o compile UNRESOLVED: tmpdir-gcc.dg-struct-layout-1/t004 c_compat_x_tst.o-c_compat_y_tst.o link UNRESOLVED: tmpdir-gcc.dg-struct-layout-1/t004 c_compat_x_tst.o-c_compat_y_tst.o execute FAIL: tmpdir-gcc.dg-struct-layout-1/t027 c_compat_y_tst.o compile UNRESOLVED: tmpdir-gcc.dg-struct-layout-1/t027 c_compat_x_tst.o-c_compat_y_tst.o link UNRESOLVED: tmpdir-gcc.dg-struct-layout-1/t027 c_compat_x_tst.o-c_compat_y_tst.o execute FAIL: tmpdir-gcc.dg-struct-layout-1/t028 c_compat_y_tst.o compile UNRESOLVED: tmpdir-gcc.dg-struct-layout-1/t028 c_compat_x_tst.o-c_compat_y_tst.o link UNRESOLVED: tmpdir-gcc.dg-struct-layout-1/t028 c_compat_x_tst.o-c_compat_y_tst.o execute FAIL: gcc.dg/attr-weakref-1.c execution test FAIL: gcc.dg/tls/opt-6.c (test for excess errors) FAIL: gcc.dg/torture/fp-int-convert-float.c -O1 execution test FAIL: gcc.dg/tree-ssa/20031106-6.c scan-tree-dump-times temp_struct 0 === gcc Summary === # of expected passes 36826 # of unexpected failures 23 # of expected failures 75 # of unresolved testcases 14 # of untested testcases 28 # of unsupported tests 326 /exp/ldroot/dodes/xsh-gcc-orig/gcc/xgcc version 4.2.0 20051206 (experimental) Host is i686-pc-linux-gnu === gfortran tests === Running target unix WARNING: Assuming target board is the local machine (which is probably wrong). FAIL: gfortran.dg/common_5.f -O (test for warnings, line 6) FAIL: gfortran.fortran-torture/execute/intrinsic_rrspacing.f90 execution, -O3 -fomit-frame-pointer FAIL: gfortran.fortran-torture/execute/intrinsic_rrspacing.f90 execution, -O3 -fomit-frame-pointer -funroll-loops FAIL: gfortran.fortran-torture/execute/intrinsic_rrspacing.f90 execution, -O3 -fomit-frame-pointer -funroll-all-loops -finline-functions === gfortran Summary === # of expected passes 10639 # of unexpected failures 4 # of expected failures 12 # of unsupported tests 58 /exp/ldroot/dodes/xsh-gcc-orig/gcc/testsuite/../gfortran version 4.2.0 20051206 (experimental) Host is i686-pc-linux-gnu === objc tests === Running target unix WARNING: Assuming target board is the local machine (which is probably wrong). === objc Summary === # of expected passes 1674 # of unsupported tests 22 /exp/ldroot/dodes/xsh-gcc-orig/gcc/xgcc version 4.2.0 20051206 (experimental) Host is sh4-unknown-linux-gnu === libffi tests === Running target unix WARNING: Assuming target board is the local machine (which is probably wrong). === libffi Summary === # of expected passes 228 # of unsupported tests 2 Host is sh4-unknown-linux-gnu === libjava tests === Running target unix WARNING: Assuming target board is the local machine (which is probably wrong). FAIL: simple run FAIL: ArrayStore execution - source compiled test FAIL: ArrayStore execution - bytecode->native test FAIL: ArrayStore -O3 execution - source compiled test FAIL: ArrayStore -O3 execution - bytecode->native test FAIL: ArrayStore2 execution - source compiled test FAIL: ArrayStore2 execution - bytecode->native test FAIL: ArrayStore2 -O3 execution - source compiled test FAIL: ArrayStore2 -O3 execution - bytecode->native test FAIL: Array_1 execution - source compiled test FAIL: Array_1 execution - bytecode->native test FAIL: Array_1 -O3 execution - source compiled test FAIL: Array_1 -O3 execution - bytecode->native test FAIL: Array_2 execution - source compiled test FAIL: Array_2 execution - bytecode->native test FAIL: Array_2 -O3 execution - source compiled test FAIL: Array_2 -O3 execution - bytecode->native test FAIL: Array_3 execution - source compiled test FAIL: Array_3 -O3 execution - source compiled test FAIL: Class_1 execution - source compiled test FAIL: Class_1 execution - bytecode->native test FAIL: Class_1 -O3 execution - source compiled test FAIL: Class_1 -O3 execution - bytecode->native test FAIL: CompareNaN execution - source compiled test FAIL: CompareNaN execution - bytecode->native test FAIL: CompareNaN -O3 execution - source compiled test FAIL: CompareNaN -O3 execution - bytecode->native test FAIL: Divide_1 execution - source compiled test FAIL: Divide_1 execution - bytecode->native test FAIL: Divide_1 -O3 execution - source compiled test FAIL: Divide_1 -O3 execution - bytecode->native test FAIL: EvaluationOrder execution - source compiled test FAIL: EvaluationOrder execution - bytecode->native test FAIL: EvaluationOrder -O3 execution - source compiled test FAIL: EvaluationOrder -O3 execution - bytecode->native test FAIL: ExtraClassLoader execution - source compiled test FAIL: ExtraClassLoader execution - bytecode->native test FAIL: ExtraClassLoader -O3 execution - source compiled test FAIL: ExtraClassLoader -O3 execution - bytecode->native test FAIL: FileHandleGcTest execution - source compiled test FAIL: FileHandleGcTest execution - bytecode->native test FAIL: FileHandleGcTest -O3 execution - source compiled test FAIL: FileHandleGcTest -O3 execution - bytecode->native test FAIL: Final execution - source compiled test FAIL: Final execution - bytecode->native test FAIL: Final -O3 execution - source compiled test FAIL: Final -O3 execution - bytecode->native test FAIL: Float_1 execution - source compiled test FAIL: Float_1 execution - bytecode->native test FAIL: Float_1 -O3 execution - source compiled test FAIL: Float_1 -O3 execution - bytecode->native test FAIL: G19990301_01 execution - source compiled test FAIL: G19990301_01 execution - bytecode->native test FAIL: G19990301_01 -O3 execution - source compiled test FAIL: G19990301_01 -O3 execution - bytecode->native test FAIL: G19990302_02 execution - source compiled test FAIL: G19990302_02 execution - bytecode->native test FAIL: G19990302_02 -O3 execution - source compiled test FAIL: G19990302_02 -O3 execution - bytecode->native test FAIL: G19990303_01 execution - source compiled test FAIL: G19990303_01 execution - bytecode->native test FAIL: G19990303_01 -O3 execution - source compiled test FAIL: G19990303_01 -O3 execution - bytecode->native test FAIL: G19990303_02 execution - source compiled test FAIL: G19990303_02 execution - bytecode->native test FAIL: G19990303_02 -O3 execution - source compiled test FAIL: G19990303_02 -O3 execution - bytecode->native test FAIL: G19990304_01 execution - source compiled test FAIL: G19990304_01 execution - bytecode->native test FAIL: G19990304_01 -O3 execution - source compiled test FAIL: G19990304_01 -O3 execution - bytecode->native test FAIL: G19990310_01 execution - source compiled test FAIL: G19990310_01 execution - bytecode->native test FAIL: G19990310_01 -O3 execution - source compiled test FAIL: G19990310_01 -O3 execution - bytecode->native test FAIL: II execution - source compiled test FAIL: II execution - bytecode->native test FAIL: II -O3 execution - source compiled test FAIL: II -O3 execution - bytecode->native test FAIL: InterfaceDispatch execution - source compiled test FAIL: InterfaceDispatch execution - bytecode->native test FAIL: InterfaceDispatch -O3 execution - source compiled test FAIL: InterfaceDispatch -O3 execution - bytecode->native test FAIL: InvokeInterface execution - source compiled test FAIL: InvokeInterface execution - bytecode->native test FAIL: InvokeInterface -O3 execution - source compiled test FAIL: InvokeInterface -O3 execution - bytecode->native test FAIL: InvokeReturn execution - source compiled test FAIL: InvokeReturn execution - bytecode->native test FAIL: InvokeReturn -O3 execution - source compiled test FAIL: InvokeReturn -O3 execution - bytecode->native test FAIL: Invoke_1 execution - source compiled test FAIL: Invoke_1 execution - bytecode->native test FAIL: Invoke_1 -O3 execution - source compiled test FAIL: Invoke_1 -O3 execution - bytecode->native test FAIL: Invoke_2 execution - source compiled test FAIL: Invoke_2 execution - bytecode->native test FAIL: Invoke_2 -O3 execution - source compiled test FAIL: Invoke_2 -O3 execution - bytecode->native test FAIL: KeepInline execution - source compiled test FAIL: KeepInline execution - bytecode->native test FAIL: KeepInline -O3 execution - source compiled test FAIL: KeepInline -O3 execution - bytecode->native test FAIL: LargeFile execution - source compiled test FAIL: LargeFile execution - bytecode->native test FAIL: LargeFile -O3 execution - source compiled test FAIL: LargeFile -O3 execution - bytecode->native test FAIL: MathBuiltin execution - source compiled test FAIL: MathBuiltin execution - bytecode->native test FAIL: MathBuiltin -O3 execution - source compiled test FAIL: MathBuiltin -O3 execution - bytecode->native test FAIL: Matrix4f execution - source compiled test FAIL: Matrix4f execution - bytecode->native test FAIL: Matrix4f -O3 execution - source compiled test FAIL: Matrix4f -O3 execution - bytecode->native test FAIL: N19990310_02 execution - source compiled test FAIL: N19990310_02 execution - bytecode->native test FAIL: N19990310_02 -O3 execution - source compiled test FAIL: N19990310_02 -O3 execution - bytecode->native test FAIL: N19990310_3 execution - source compiled test FAIL: N19990310_3 execution - bytecode->native test FAIL: N19990310_3 -O3 execution - source compiled test FAIL: N19990310_3 -O3 execution - bytecode->native test FAIL: N19990310_4 execution - source compiled test FAIL: N19990310_4 execution - bytecode->native test FAIL: N19990310_4 -O3 execution - source compiled test FAIL: N19990310_4 -O3 execution - bytecode->native test FAIL: N19990310_5 execution - source compiled test FAIL: N19990310_5 execution - bytecode->native test FAIL: N19990310_5 -O3 execution - source compiled test FAIL: N19990310_5 -O3 execution - bytecode->native test FAIL: Overflow execution - source compiled test FAIL: Overflow execution - bytecode->native test FAIL: Overflow -O3 execution - source compiled test FAIL: Overflow -O3 execution - bytecode->native test FAIL: PR12350 execution - source compiled test FAIL: PR12350 execution - bytecode->native test FAIL: PR12350 -O3 execution - source compiled test FAIL: PR12350 -O3 execution - bytecode->native test FAIL: PR12416 execution - source compiled test FAIL: PR12416 execution - bytecode->native test FAIL: PR12416 -O3 execution - source compiled test FAIL: PR12416 -O3 execution - bytecode->native test FAIL: PR12656 execution - source compiled test FAIL: PR12656 execution - bytecode->native test FAIL: PR12656 -O3 execution - source compiled test FAIL: PR12656 -O3 execution - bytecode->native test FAIL: PR12915 execution - source compiled test FAIL: PR12915 execution - bytecode->native test FAIL: PR12915 -O3 execution - source compiled test FAIL: PR12915 -O3 execution - bytecode->native test FAIL: PR141 execution - source compiled test FAIL: PR141 execution - bytecode->native test FAIL: PR141 -O3 execution - source compiled test FAIL: PR141 -O3 execution - bytecode->native test FAIL: PR160 execution - source compiled test FAIL: PR160 execution - bytecode->native test FAIL: PR160 -O3 execution - source compiled test FAIL: PR160 -O3 execution - bytecode->native test FAIL: PR162 execution - source compiled test FAIL: PR162 execution - bytecode->native test FAIL: PR162 -O3 execution - source compiled test FAIL: PR162 -O3 execution - bytecode->native test FAIL: PR16867 execution - source compiled test FAIL: PR16867 execution - bytecode->native test FAIL: PR16867 -O3 execution - source compiled test FAIL: PR16867 -O3 execution - bytecode->native test FAIL: PR18699 execution - source compiled test FAIL: PR18699 execution - bytecode->native test FAIL: PR18699 -O3 execution - source compiled test FAIL: PR18699 -O3 execution - bytecode->native test FAIL: PR19870 execution - source compiled test FAIL: PR19870 execution - bytecode->native test FAIL: PR19870 -O3 execution - source compiled test FAIL: PR19870 -O3 execution - bytecode->native test FAIL: PR19870_2 execution - source compiled test FAIL: PR19870_2 execution - bytecode->native test FAIL: PR19870_2 -O3 execution - source compiled test FAIL: PR19870_2 -O3 execution - bytecode->native test FAIL: PR19921 execution - source compiled test FAIL: PR19921 execution - bytecode->native test FAIL: PR19921 -O3 execution - source compiled test FAIL: PR19921 -O3 execution - bytecode->native test FAIL: PR20056 execution - source compiled test FAIL: PR20056 execution - bytecode->native test FAIL: PR20056 -O3 execution - source compiled test FAIL: PR20056 -O3 execution - bytecode->native test FAIL: PR218 execution - source compiled test FAIL: PR218 execution - bytecode->native test FAIL: PR218 -O3 execution - source compiled test FAIL: PR218 -O3 execution - bytecode->native test FAIL: PR242 execution - source compiled test FAIL: PR242 execution - bytecode->native test FAIL: PR242 -O3 execution - source compiled test FAIL: PR242 -O3 execution - bytecode->native test FAIL: PR260 execution - source compiled test FAIL: PR260 execution - bytecode->native test FAIL: PR260 -O3 execution - source compiled test FAIL: PR260 -O3 execution - bytecode->native test FAIL: PR3096 execution - source compiled test FAIL: PR3096 execution - bytecode->native test FAIL: PR3096 -O3 execution - source compiled test FAIL: PR3096 -O3 execution - bytecode->native test FAIL: PR3731 execution - source compiled test FAIL: PR3731 execution - bytecode->native test FAIL: PR3731 -O3 execution - source compiled test FAIL: PR3731 -O3 execution - bytecode->native test FAIL: PR5057 execution - source compiled test FAIL: PR5057 execution - bytecode->native test FAIL: PR5057 -O3 execution - source compiled test FAIL: PR5057 -O3 execution - bytecode->native test FAIL: PR5057_2 execution - source compiled test FAIL: PR5057_2 execution - bytecode->native test FAIL: PR5057_2 -O3 execution - source compiled test FAIL: PR5057_2 -O3 execution - bytecode->native test FAIL: PR55 execution - source compiled test FAIL: PR55 execution - bytecode->native test FAIL: PR55 -O3 execution - source compiled test FAIL: PR55 -O3 execution - bytecode->native test FAIL: PR56 execution - source compiled test FAIL: PR56 execution - bytecode->native test FAIL: PR56 -O3 execution - source compiled test FAIL: PR56 -O3 execution - bytecode->native test FAIL: PR6085 execution - source compiled test FAIL: PR6085 execution - bytecode->native test FAIL: PR6085 -O3 execution - source compiled test FAIL: PR6085 -O3 execution - bytecode->native test FAIL: PR6204 execution - source compiled test FAIL: PR6204 execution - bytecode->native test FAIL: PR6204 -O3 execution - source compiled test FAIL: PR6204 -O3 execution - bytecode->native test FAIL: PR6729 execution - source compiled test FAIL: PR6729 execution - bytecode->native test FAIL: PR6729 -O3 execution - source compiled test FAIL: PR6729 -O3 execution - bytecode->native test FAIL: PR6820 execution - source compiled test FAIL: PR6820 execution - bytecode->native test FAIL: PR6820 -O3 execution - source compiled test FAIL: PR6820 -O3 execution - bytecode->native test FAIL: PR7482 execution - source compiled test FAIL: PR7482 execution - bytecode->native test FAIL: PR7482 -O3 execution - source compiled test FAIL: PR7482 -O3 execution - bytecode->native test FAIL: Process_1 execution - source compiled test FAIL: Process_1 execution - bytecode->native test FAIL: Process_1 -O3 execution - source compiled test FAIL: Process_1 -O3 execution - bytecode->native test FAIL: Process_2 execution - source compiled test FAIL: Process_2 execution - bytecode->native test FAIL: Process_2 -O3 execution - source compiled test FAIL: Process_2 -O3 execution - bytecode->native test FAIL: Process_3 execution - source compiled test FAIL: Process_3 execution - bytecode->native test FAIL: Process_3 -O3 execution - source compiled test FAIL: Process_3 -O3 execution - bytecode->native test FAIL: Process_4 execution - source compiled test FAIL: Process_4 execution - bytecode->native test FAIL: Process_4 -O3 execution - source compiled test FAIL: Process_4 -O3 execution - bytecode->native test FAIL: Process_5 execution - source compiled test FAIL: Process_5 execution - bytecode->native test FAIL: Process_5 -O3 execution - source compiled test FAIL: Process_5 -O3 execution - bytecode->native test FAIL: Process_6 execution - source compiled test FAIL: Process_6 execution - bytecode->native test FAIL: Process_6 -O3 execution - source compiled test FAIL: Process_6 -O3 execution - bytecode->native test FAIL: Serialization execution - source compiled test FAIL: Serialization execution - bytecode->native test FAIL: Serialization -O3 execution - source compiled test FAIL: Serialization -O3 execution - bytecode->native test FAIL: Shazam execution - source compiled test FAIL: Shazam execution - bytecode->native test FAIL: Shazam -O3 execution - source compiled test FAIL: Shazam -O3 execution - bytecode->native test FAIL: StaticConstructor execution - source compiled test FAIL: StaticConstructor execution - bytecode->native test FAIL: StaticConstructor -O3 execution - source compiled test FAIL: StaticConstructor -O3 execution - bytecode->native test FAIL: StringBuffer_1 execution - source compiled test FAIL: StringBuffer_1 execution - bytecode->native test FAIL: StringBuffer_1 -O3 execution - source compiled test FAIL: StringBuffer_1 -O3 execution - bytecode->native test FAIL: StringBuffer_overflow execution - source compiled test FAIL: StringBuffer_overflow execution - bytecode->native test FAIL: StringBuffer_overflow -O3 execution - source compiled test FAIL: StringBuffer_overflow -O3 execution - bytecode->native test FAIL: String_overflow execution - source compiled test FAIL: String_overflow execution - bytecode->native test FAIL: String_overflow -O3 execution - source compiled test FAIL: String_overflow -O3 execution - bytecode->native test FAIL: SyncGlobal execution - source compiled test FAIL: SyncGlobal execution - bytecode->native test FAIL: SyncGlobal -O3 execution - source compiled test FAIL: SyncGlobal -O3 execution - bytecode->native test FAIL: SyncTest execution - source compiled test FAIL: SyncTest execution - bytecode->native test FAIL: SyncTest -O3 execution - source compiled test FAIL: SyncTest -O3 execution - bytecode->native test FAIL: Synch execution - source compiled test FAIL: Synch execution - bytecode->native test FAIL: Synch -O3 execution - source compiled test FAIL: Synch -O3 execution - bytecode->native test FAIL: TLtest execution - source compiled test FAIL: TLtest execution - bytecode->native test FAIL: TLtest -O3 execution - source compiled test FAIL: TLtest -O3 execution - bytecode->native test FAIL: TestProxy execution - source compiled test FAIL: TestProxy execution - bytecode->native test FAIL: TestProxy -O3 execution - source compiled test FAIL: TestProxy -O3 execution - bytecode->native test FAIL: Thread_Alive execution - source compiled test FAIL: Thread_Alive execution - bytecode->native test FAIL: Thread_Alive -O3 execution - source compiled test FAIL: Thread_Alive -O3 execution - bytecode->native test FAIL: Thread_HoldsLock execution - source compiled test FAIL: Thread_HoldsLock execution - bytecode->native test FAIL: Thread_HoldsLock -O3 execution - source compiled test FAIL: Thread_HoldsLock -O3 execution - bytecode->native test FAIL: Thread_Interrupt execution - source compiled test FAIL: Thread_Interrupt execution - bytecode->native test FAIL: Thread_Interrupt -O3 execution - source compiled test FAIL: Thread_Interrupt -O3 execution - bytecode->native test FAIL: Thread_Join execution - source compiled test FAIL: Thread_Join execution - bytecode->native test FAIL: Thread_Join -O3 execution - source compiled test FAIL: Thread_Join -O3 execution - bytecode->native test FAIL: Thread_Monitor execution - source compiled test FAIL: Thread_Monitor execution - bytecode->native test FAIL: Thread_Monitor -O3 execution - source compiled test FAIL: Thread_Monitor -O3 execution - bytecode->native test FAIL: Thread_Sleep execution - source compiled test FAIL: Thread_Sleep execution - bytecode->native test FAIL: Thread_Sleep -O3 execution - source compiled test FAIL: Thread_Sleep -O3 execution - bytecode->native test FAIL: Thread_Wait execution - source compiled test FAIL: Thread_Wait execution - bytecode->native test FAIL: Thread_Wait -O3 execution - source compiled test FAIL: Thread_Wait -O3 execution - bytecode->native test FAIL: Thread_Wait_2 execution - source compiled test FAIL: Thread_Wait_2 execution - bytecode->native test FAIL: Thread_Wait_2 -O3 execution - source compiled test FAIL: Thread_Wait_2 -O3 execution - bytecode->native test FAIL: Thread_Wait_Interrupt execution - source compiled test FAIL: Thread_Wait_Interrupt execution - bytecode->native test FAIL: Thread_Wait_Interrupt -O3 execution - source compiled test FAIL: Thread_Wait_Interrupt -O3 execution - bytecode->native test FAIL: Throw_1 execution - source compiled test FAIL: Throw_1 execution - bytecode->native test FAIL: Throw_1 -O3 execution - source compiled test FAIL: Throw_1 -O3 execution - bytecode->native test FAIL: Throw_2 execution - source compiled test FAIL: Throw_2 execution - bytecode->native test FAIL: Throw_2 -O3 execution - source compiled test FAIL: Throw_2 -O3 execution - bytecode->native test FAIL: anfi execution - source compiled test FAIL: anfi execution - bytecode->native test FAIL: anfi -O3 execution - source compiled test FAIL: anfi -O3 execution - bytecode->native test FAIL: anon execution - source compiled test FAIL: anon execution - bytecode->native test FAIL: anon -O3 execution - source compiled test FAIL: anon -O3 execution - bytecode->native test FAIL: anon2 execution - source compiled test FAIL: anon2 execution - bytecode->native test FAIL: anon2 -O3 execution - source compiled test FAIL: anon2 -O3 execution - bytecode->native test FAIL: anon3 execution - source compiled test FAIL: anon3 execution - bytecode->native test FAIL: anon3 -O3 execution - source compiled test FAIL: anon3 -O3 execution - bytecode->native test FAIL: anon4 execution - source compiled test FAIL: anon4 execution - bytecode->native test FAIL: anon4 -O3 execution - source compiled test FAIL: anon4 -O3 execution - bytecode->native test FAIL: anon_ctor_itf_arg execution - source compiled test FAIL: anon_ctor_itf_arg execution - bytecode->native test FAIL: anon_ctor_itf_arg -O3 execution - source compiled test FAIL: anon_ctor_itf_arg -O3 execution - bytecode->native test FAIL: anonarray execution - source compiled test FAIL: anonarray execution - bytecode->native test FAIL: anonarray -O3 execution - source compiled test FAIL: anonarray -O3 execution - bytecode->native test FAIL: anonarray2 execution - source compiled test FAIL: anonarray2 execution - bytecode->native test FAIL: anonarray2 -O3 execution - source compiled test FAIL: anonarray2 -O3 execution - bytecode->native test FAIL: anonarray3 execution - source compiled test FAIL: anonarray3 execution - bytecode->native test FAIL: anonarray3 -O3 execution - source compiled test FAIL: anonarray3 -O3 execution - bytecode->native test FAIL: assign execution - source compiled test FAIL: assign execution - bytecode->native test FAIL: assign -O3 execution - source compiled test FAIL: assign -O3 execution - bytecode->native test FAIL: assign2 execution - source compiled test FAIL: assign2 execution - bytecode->native test FAIL: assign2 -O3 execution - source compiled test FAIL: assign2 -O3 execution - bytecode->native test FAIL: bclink execution - source compiled test FAIL: bclink execution - bytecode->native test FAIL: bclink -O3 execution - source compiled test FAIL: bclink -O3 execution - bytecode->native test FAIL: bytearray execution - source compiled test FAIL: bytearray execution - bytecode->native test FAIL: bytearray -O3 execution - source compiled test FAIL: bytearray -O3 execution - bytecode->native test FAIL: direct_read execution - source compiled test FAIL: direct_read execution - bytecode->native test FAIL: direct_read -O3 execution - source compiled test FAIL: direct_read -O3 execution - bytecode->native test FAIL: direct_write execution - source compiled test FAIL: direct_write execution - bytecode->native test FAIL: direct_write -O3 execution - source compiled test FAIL: direct_write -O3 execution - bytecode->native test FAIL: emptystring execution - source compiled test FAIL: emptystring execution - bytecode->native test FAIL: emptystring -O3 execution - source compiled test FAIL: emptystring -O3 execution - bytecode->native test FAIL: err1 execution - source compiled test FAIL: err1 execution - bytecode->native test FAIL: err1 -O3 execution - source compiled test FAIL: err1 -O3 execution - bytecode->native test FAIL: err10 execution - source compiled test FAIL: err10 execution - bytecode->native test FAIL: err10 -O3 execution - source compiled test FAIL: err10 -O3 execution - bytecode->native test FAIL: err11 execution - source compiled test FAIL: err11 execution - bytecode->native test FAIL: err11 -O3 execution - source compiled test FAIL: err11 -O3 execution - bytecode->native test FAIL: err12 execution - source compiled test FAIL: err12 execution - bytecode->native test FAIL: err12 -O3 execution - source compiled test FAIL: err12 -O3 execution - bytecode->native test FAIL: err13 execution - source compiled test FAIL: err13 execution - bytecode->native test FAIL: err13 -O3 execution - source compiled test FAIL: err13 -O3 execution - bytecode->native test FAIL: err14 execution - source compiled test FAIL: err14 execution - bytecode->native test FAIL: err14 -O3 execution - source compiled test FAIL: err14 -O3 execution - bytecode->native test FAIL: err2 execution - source compiled test FAIL: err2 execution - bytecode->native test FAIL: err2 -O3 execution - source compiled test FAIL: err2 -O3 execution - bytecode->native test FAIL: err3 execution - source compiled test FAIL: err3 execution - bytecode->native test FAIL: err3 -O3 execution - source compiled test FAIL: err3 -O3 execution - bytecode->native test FAIL: err4 execution - source compiled test FAIL: err4 execution - bytecode->native test FAIL: err4 -O3 execution - source compiled test FAIL: err4 -O3 execution - bytecode->native test FAIL: err5 execution - source compiled test FAIL: err5 execution - bytecode->native test FAIL: err5 -O3 execution - source compiled test FAIL: err5 -O3 execution - bytecode->native test FAIL: err6 execution - source compiled test FAIL: err6 execution - bytecode->native test FAIL: err6 -O3 execution - source compiled test FAIL: err6 -O3 execution - bytecode->native test FAIL: err7 execution - source compiled test FAIL: err7 execution - bytecode->native test FAIL: err7 -O3 execution - source compiled test FAIL: err7 -O3 execution - bytecode->native test FAIL: err8 execution - source compiled test FAIL: err8 execution - bytecode->native test FAIL: err8 -O3 execution - source compiled test FAIL: err8 -O3 execution - bytecode->native test FAIL: err9 execution - source compiled test FAIL: err9 execution - bytecode->native test FAIL: err9 -O3 execution - source compiled test FAIL: err9 -O3 execution - bytecode->native test FAIL: final_inner execution - source compiled test FAIL: final_inner execution - bytecode->native test FAIL: final_inner -O3 execution - source compiled test FAIL: final_inner -O3 execution - bytecode->native test FAIL: final_int execution - source compiled test FAIL: final_int execution - bytecode->native test FAIL: final_int -O3 execution - source compiled test FAIL: final_int -O3 execution - bytecode->native test FAIL: final_static_and_friend execution - source compiled test FAIL: final_static_and_friend execution - bytecode->native test FAIL: final_static_and_friend -O3 execution - source compiled test FAIL: final_static_and_friend -O3 execution - bytecode->native test FAIL: indirect execution - source compiled test FAIL: indirect execution - bytecode->native test FAIL: indirect -O3 execution - source compiled test FAIL: indirect -O3 execution - bytecode->native test FAIL: indirect_read execution - source compiled test FAIL: indirect_read execution - bytecode->native test FAIL: indirect_read -O3 execution - source compiled test FAIL: indirect_read -O3 execution - bytecode->native test FAIL: indirect_write execution - source compiled test FAIL: indirect_write execution - bytecode->native test FAIL: indirect_write -O3 execution - source compiled test FAIL: indirect_write -O3 execution - bytecode->native test FAIL: initexc execution - source compiled test FAIL: initexc execution - bytecode->native test FAIL: initexc -O3 execution - source compiled test FAIL: initexc -O3 execution - bytecode->native test FAIL: initfield execution - source compiled test FAIL: initfield execution - bytecode->native test FAIL: initfield -O3 execution - source compiled test FAIL: initfield -O3 execution - bytecode->native test FAIL: inline execution - source compiled test FAIL: inline execution - bytecode->native test FAIL: inline -O3 execution - source compiled test FAIL: inline -O3 execution - bytecode->native test FAIL: inner1 execution - source compiled test FAIL: inner1 execution - bytecode->native test FAIL: inner1 -O3 execution - source compiled test FAIL: inner1 -O3 execution - bytecode->native test FAIL: inner2 execution - source compiled test FAIL: inner2 execution - bytecode->native test FAIL: inner2 -O3 execution - source compiled test FAIL: inner2 -O3 execution - bytecode->native test FAIL: inner3 execution - source compiled test FAIL: inner3 execution - bytecode->native test FAIL: inner3 -O3 execution - source compiled test FAIL: inner3 -O3 execution - bytecode->native test FAIL: inner4 execution - source compiled test FAIL: inner4 execution - bytecode->native test FAIL: inner4 -O3 execution - source compiled test FAIL: inner4 -O3 execution - bytecode->native test FAIL: inner_array execution - source compiled test FAIL: inner_array execution - bytecode->native test FAIL: inner_array -O3 execution - source compiled test FAIL: inner_array -O3 execution - bytecode->native test FAIL: inner_interface execution - source compiled test FAIL: inner_interface execution - bytecode->native test FAIL: inner_interface -O3 execution - source compiled test FAIL: inner_interface -O3 execution - bytecode->native test FAIL: instance execution - source compiled test FAIL: instance execution - bytecode->native test FAIL: instance -O3 execution - source compiled test FAIL: instance -O3 execution - bytecode->native test FAIL: instinit execution - source compiled test FAIL: instinit execution - bytecode->native test FAIL: instinit -O3 execution - source compiled test FAIL: instinit -O3 execution - bytecode->native test FAIL: instinit2 execution - source compiled test FAIL: instinit2 execution - bytecode->native test FAIL: instinit2 -O3 execution - source compiled test FAIL: instinit2 -O3 execution - bytecode->native test FAIL: invoke_from_inner execution - source compiled test FAIL: invoke_from_inner execution - bytecode->native test FAIL: invoke_from_inner -O3 execution - source compiled test FAIL: invoke_from_inner -O3 execution - bytecode->native test FAIL: invokethrow execution - source compiled test FAIL: invokethrow execution - bytecode->native test FAIL: invokethrow -O3 execution - source compiled test FAIL: invokethrow -O3 execution - bytecode->native test FAIL: klass execution - source compiled test FAIL: klass execution - bytecode->native test FAIL: klass -O3 execution - source compiled test FAIL: klass -O3 execution - bytecode->native test FAIL: md5test execution - source compiled test FAIL: md5test execution - bytecode->native test FAIL: md5test -O3 execution - source compiled test FAIL: md5test -O3 execution - bytecode->native test FAIL: multiple_finit execution - source compiled test FAIL: multiple_finit execution - bytecode->native test FAIL: multiple_finit -O3 execution - source compiled test FAIL: multiple_finit -O3 execution - bytecode->native test FAIL: negzero execution - source compiled test FAIL: negzero execution - bytecode->native test FAIL: negzero -O3 execution - source compiled test FAIL: negzero -O3 execution - bytecode->native test FAIL: nested_with_ctor execution - source compiled test FAIL: nested_with_ctor execution - bytecode->native test FAIL: nested_with_ctor -O3 execution - source compiled test FAIL: nested_with_ctor -O3 execution - bytecode->native test FAIL: newarray_overflow execution - source compiled test FAIL: newarray_overflow execution - bytecode->native test FAIL: newarray_overflow -O3 execution - source compiled test FAIL: newarray_overflow -O3 execution - bytecode->native test FAIL: override execution - source compiled test FAIL: override execution - bytecode->native test FAIL: override -O3 execution - source compiled test FAIL: override -O3 execution - bytecode->native test FAIL: pr109 execution - source compiled test FAIL: pr109 execution - bytecode->native test FAIL: pr109 -O3 execution - source compiled test FAIL: pr109 -O3 execution - bytecode->native test FAIL: pr13107 execution - source compiled test FAIL: pr13107 execution - bytecode->native test FAIL: pr13107 -O3 execution - source compiled test FAIL: pr13107 -O3 execution - bytecode->native test FAIL: pr13107_2 execution - source compiled test FAIL: pr13107_2 execution - bytecode->native test FAIL: pr13107_2 -O3 execution - source compiled test FAIL: pr13107_2 -O3 execution - bytecode->native test FAIL: pr13107_3 execution - source compiled test FAIL: pr13107_3 execution - bytecode->native test FAIL: pr13107_3 -O3 execution - source compiled test FAIL: pr13107_3 -O3 execution - bytecode->native test FAIL: pr133 execution - source compiled test FAIL: pr133 execution - bytecode->native test FAIL: pr133 -O3 execution - source compiled test FAIL: pr133 -O3 execution - bytecode->native test FAIL: pr16789 execution - source compiled test FAIL: pr16789 execution - bytecode->native test FAIL: pr16789 -O3 execution - source compiled test FAIL: pr16789 -O3 execution - bytecode->native test FAIL: pr17536 execution - source compiled test FAIL: pr17536 execution - bytecode->native test FAIL: pr17536 -O3 execution - source compiled test FAIL: pr17536 -O3 execution - bytecode->native test FAIL: pr179 execution - source compiled test FAIL: pr179 execution - bytecode->native test FAIL: pr179 -O3 execution - source compiled test FAIL: pr179 -O3 execution - bytecode->native test FAIL: pr184 execution - source compiled test FAIL: pr184 execution - bytecode->native test FAIL: pr184 -O3 execution - source compiled test FAIL: pr184 -O3 execution - bytecode->native test FAIL: pr21785 execution - source compiled test FAIL: pr21785 execution - bytecode->native test FAIL: pr21785 -O3 execution - source compiled test FAIL: pr21785 -O3 execution - bytecode->native test FAIL: pr21844 execution - source compiled test FAIL: pr21844 execution - bytecode->native test FAIL: pr21844 -O3 execution - source compiled test FAIL: pr21844 -O3 execution - bytecode->native test FAIL: pr6388 execution - source compiled test FAIL: pr6388 execution - bytecode->native test FAIL: pr6388 -O3 execution - source compiled test FAIL: pr6388 -O3 execution - bytecode->native test FAIL: pr83 execution - source compiled test FAIL: pr83 execution - bytecode->native test FAIL: pr83 -O3 execution - source compiled test FAIL: pr83 -O3 execution - bytecode->native test FAIL: pr8415 execution - source compiled test FAIL: pr8415 execution - bytecode->native test FAIL: pr8415 -O3 execution - source compiled test FAIL: pr8415 -O3 execution - bytecode->native test FAIL: pr8676 execution - source compiled test FAIL: pr8676 execution - bytecode->native test FAIL: pr8676 -O3 execution - source compiled test FAIL: pr8676 -O3 execution - bytecode->native test FAIL: pr8823 execution - source compiled test FAIL: pr8823 execution - bytecode->native test FAIL: pr8823 -O3 execution - source compiled test FAIL: pr8823 -O3 execution - bytecode->native test FAIL: pr8945 execution - source compiled test FAIL: pr8945 execution - bytecode->native test FAIL: pr8945 -O3 execution - source compiled test FAIL: pr8945 -O3 execution - bytecode->native test FAIL: private_direct_read execution - source compiled test FAIL: private_direct_read execution - bytecode->native test FAIL: private_direct_read -O3 execution - source compiled test FAIL: private_direct_read -O3 execution - bytecode->native test FAIL: search_outer execution - source compiled test FAIL: search_outer execution - bytecode->native test FAIL: search_outer -O3 execution - source compiled test FAIL: search_outer -O3 execution - bytecode->native test FAIL: shatest execution - source compiled test FAIL: shatest execution - bytecode->native test FAIL: shatest -O3 execution - source compiled test FAIL: shatest -O3 execution - bytecode->native test FAIL: stringconst execution - source compiled test FAIL: stringconst execution - bytecode->native test FAIL: stringconst -O3 execution - source compiled test FAIL: stringconst -O3 execution - bytecode->native test FAIL: stringconst2 execution - source compiled test FAIL: stringconst2 execution - bytecode->native test FAIL: stringconst2 -O3 execution - source compiled test FAIL: stringconst2 -O3 execution - bytecode->native test FAIL: stub execution - source compiled test FAIL: stub execution - bytecode->native test FAIL: stub -O3 execution - source compiled test FAIL: stub -O3 execution - bytecode->native test FAIL: test_long execution - source compiled test FAIL: test_long execution - bytecode->native test FAIL: test_long -O3 execution - source compiled test FAIL: test_long -O3 execution - bytecode->native test FAIL: tmi execution - source compiled test FAIL: tmi execution - bytecode->native test FAIL: tmi -O3 execution - source compiled test FAIL: tmi -O3 execution - bytecode->native test FAIL: tp execution - source compiled test FAIL: tp execution - bytecode->native test FAIL: tp -O3 execution - source compiled test FAIL: tp -O3 execution - bytecode->native test FAIL: update_outer execution - source compiled test FAIL: update_outer execution - bytecode->native test FAIL: update_outer -O3 execution - source compiled test FAIL: update_outer -O3 execution - bytecode->native test FAIL: utf8concat execution - source compiled test FAIL: utf8concat execution - bytecode->native test FAIL: utf8concat -O3 execution - source compiled test FAIL: utf8concat -O3 execution - bytecode->native test FAIL: utilTest execution - source compiled test FAIL: utilTest execution - bytecode->native test FAIL: utilTest -O3 execution - source compiled test FAIL: utilTest -O3 execution - bytecode->native test FAIL: verify execution - source compiled test FAIL: verify execution - bytecode->native test FAIL: verify -O3 execution - source compiled test FAIL: verify -O3 execution - bytecode->native test FAIL: /exp/ldroot/dodes/xsh-gcc-orig/sh4-unknown-linux-gnu/libjava/testsuite/TestEarlyGC.exe execution - /exp/ldroot/dodes/xsh-gcc-orig/sh4-unknown-linux-gnu/libjava/testsuite/TestEarlyGC.exe FAIL: /exp/ldroot/dodes/xsh-gcc-orig/sh4-unknown-linux-gnu/libjava/testsuite/TestLeak.exe execution - /exp/ldroot/dodes/xsh-gcc-orig/sh4-unknown-linux-gnu/libjava/testsuite/TestLeak.exe FAIL: /exp/ldroot/dodes/xsh-gcc-orig/sh4-unknown-linux-gnu/libjava/testsuite/TestMultiple.exe execution - /exp/ldroot/dodes/xsh-gcc-orig/sh4-unknown-linux-gnu/libjava/testsuite/TestMultiple.exe FAIL: /exp/ldroot/dodes/xsh-gcc-orig/sh4-unknown-linux-gnu/libjava/testsuite/TestParent.exe execution - /exp/ldroot/dodes/xsh-gcc-orig/sh4-unknown-linux-gnu/libjava/testsuite/TestParent.exe FAIL: pr21115 run === libjava Summary === # of expected passes 1709 # of unexpected failures 708 # of expected failures 6 # of untested testcases 720 Host is sh4-unknown-linux-gnu === libmudflap tests === Running target unix WARNING: Assuming target board is the local machine (which is probably wrong). === libmudflap Summary === # of expected passes 1789 Host is sh4-unknown-linux-gnu === libstdc++ tests === Running target unix WARNING: Assuming target board is the local machine (which is probably wrong). XPASS: 26_numerics/cmath/c99_classification_macros_c.cc (test for excess errors) === libstdc++ Summary === # of expected passes 4013 # of unexpected successes 1 # of expected failures 12 # of unsupported tests 6 Compiler version: 4.2.0 20051206 (experimental) Platform: sh4-unknown-linux-gnu configure flags: --host=i686-pc-linux-gnu --target=sh4-unknown-linux-gnu --enable-shared --enable-threads=posix --enable-clocale=gnu --enable-libgcj --with-ld=/usr/local/bin/sh4-unknown-linux-gnu-ld --with-sysroot=/exp/ldroot --enable-languages=c,c++,for tran,java,objc
Index Nav: | [Date Index] [Subject Index] [Author Index] [Thread Index] | |
---|---|---|
Message Nav: | [Date Prev] [Date Next] | [Thread Prev] [Thread Next] |