This is the mail archive of the
gcc-testresults@gcc.gnu.org
mailing list for the GCC project.
Results for 4.2.0 20051203 (experimental) testsuite on i686-pc-linux-gnu
- From: Georg Bauhaus <bauhaus at futureapps dot de>
- To: gcc-testresults at gcc dot gnu dot org
- Date: Mon, 05 Dec 2005 02:30:28 +0100
- Subject: Results for 4.2.0 20051203 (experimental) testsuite on i686-pc-linux-gnu
LAST_UPDATED: Obtained from SVN: trunk revision 108000
=== acats tests ===
FAIL: c32001e
FAIL: c52103x
FAIL: c52104x
FAIL: c52104y
FAIL: c64105b
FAIL: c95086b
FAIL: cdd2a02
=== acats Summary ===
# of expected passes 2312
# of unexpected failures 7
Native configuration is i686-pc-linux-gnu
=== g++ tests ===
Running target unix
=== g++ Summary ===
# of expected passes 11694
# of expected failures 66
# of unsupported tests 64
/usr/src/build/gcc/testsuite/../g++ version 4.2.0 20051203 (experimental)
=== gcc tests ===
Running target unix
WARNING: program timed out.
FAIL: gcc.c-torture/compile/20001226-1.c -O2 (test for excess errors)
WARNING: program timed out.
FAIL: gcc.c-torture/compile/20001226-1.c -O3 -fomit-frame-pointer (test for excess errors)
WARNING: program timed out.
FAIL: gcc.c-torture/compile/20001226-1.c -O3 -g (test for excess errors)
WARNING: program timed out.
FAIL: gcc.c-torture/compile/20001226-1.c -Os (test for excess errors)
ERROR: gcc.dg/torture/fp-int-convert-float128-timode.c -O0 : syntax error in target selector "target ia64-*-* && lp64" for " dg-xfail-if 5 "" { ia64-*-* && lp64 } { "*" } { "" } "
UNRESOLVED: gcc.dg/torture/fp-int-convert-float128-timode.c -O0 : syntax error in target selector "target ia64-*-* && lp64" for " dg-xfail-if 5 "" { ia64-*-* && lp64 } { "*" } { "" } "
ERROR: gcc.dg/torture/fp-int-convert-float128-timode.c -O1 : syntax error in target selector "target ia64-*-* && lp64" for " dg-xfail-if 5 "" { ia64-*-* && lp64 } { "*" } { "" } "
UNRESOLVED: gcc.dg/torture/fp-int-convert-float128-timode.c -O1 : syntax error in target selector "target ia64-*-* && lp64" for " dg-xfail-if 5 "" { ia64-*-* && lp64 } { "*" } { "" } "
ERROR: gcc.dg/torture/fp-int-convert-float128-timode.c -O2 : syntax error in target selector "target ia64-*-* && lp64" for " dg-xfail-if 5 "" { ia64-*-* && lp64 } { "*" } { "" } "
UNRESOLVED: gcc.dg/torture/fp-int-convert-float128-timode.c -O2 : syntax error in target selector "target ia64-*-* && lp64" for " dg-xfail-if 5 "" { ia64-*-* && lp64 } { "*" } { "" } "
ERROR: gcc.dg/torture/fp-int-convert-float128-timode.c -O3 -fomit-frame-pointer : syntax error in target selector "target ia64-*-* && lp64" for " dg-xfail-if 5 "" { ia64-*-* && lp64 } { "*" } { "" } "
UNRESOLVED: gcc.dg/torture/fp-int-convert-float128-timode.c -O3 -fomit-frame-pointer : syntax error in target selector "target ia64-*-* && lp64" for " dg-xfail-if 5 "" { ia64-*-* && lp64 } { "*" } { "" } "
ERROR: gcc.dg/torture/fp-int-convert-float128-timode.c -O3 -g : syntax error in target selector "target ia64-*-* && lp64" for " dg-xfail-if 5 "" { ia64-*-* && lp64 } { "*" } { "" } "
UNRESOLVED: gcc.dg/torture/fp-int-convert-float128-timode.c -O3 -g : syntax error in target selector "target ia64-*-* && lp64" for " dg-xfail-if 5 "" { ia64-*-* && lp64 } { "*" } { "" } "
ERROR: gcc.dg/torture/fp-int-convert-float128-timode.c -Os : syntax error in target selector "target ia64-*-* && lp64" for " dg-xfail-if 5 "" { ia64-*-* && lp64 } { "*" } { "" } "
UNRESOLVED: gcc.dg/torture/fp-int-convert-float128-timode.c -Os : syntax error in target selector "target ia64-*-* && lp64" for " dg-xfail-if 5 "" { ia64-*-* && lp64 } { "*" } { "" } "
WARNING: gcc.dg/torture/fp-int-convert-float128.c -O0 compilation failed to produce executable
WARNING: gcc.dg/torture/fp-int-convert-float128.c -O1 compilation failed to produce executable
WARNING: gcc.dg/torture/fp-int-convert-float128.c -O2 compilation failed to produce executable
WARNING: gcc.dg/torture/fp-int-convert-float128.c -O3 -fomit-frame-pointer compilation failed to produce executable
WARNING: gcc.dg/torture/fp-int-convert-float128.c -O3 -g compilation failed to produce executable
WARNING: gcc.dg/torture/fp-int-convert-float128.c -Os compilation failed to produce executable
FAIL: gcc.dg/vect/vect-62.c scan-tree-dump-times not vectorized: redundant loop. no profit to vectorize. 1
FAIL: gcc.target/i386/movq-2.c (test for excess errors)
ERROR: gcc.target/i386/movq-2.c: error executing dg-final: couldn't open "movq-2.s": no such file or directory
UNRESOLVED: gcc.target/i386/movq-2.c: error executing dg-final: couldn't open "movq-2.s": no such file or directory
=== gcc Summary ===
# of expected passes 38003
# of unexpected failures 6
# of expected failures 101
# of unresolved testcases 7
# of untested testcases 28
# of unsupported tests 234
/usr/src/build/gcc/xgcc version 4.2.0 20051203 (experimental)
=== gfortran tests ===
Running target unix
=== gfortran Summary ===
# of expected passes 10749
# of expected failures 15
# of unsupported tests 16
/usr/src/build/gcc/testsuite/../gfortran version 4.2.0 20051203 (experimental)
=== libstdc++ tests ===
Running target unix
XPASS: 26_numerics/cmath/c99_classification_macros_c.cc (test for excess errors)
=== libstdc++ Summary ===
# of expected passes 3388
# of unexpected successes 1
# of expected failures 12
# of unsupported tests 319
Compiler version: 4.2.0 20051203 (experimental)
Platform: i686-pc-linux-gnu
configure flags: --prefix=/opt/GCC/42 --disable-nls --enable-languages=c,ada,c++,fortran