This is the mail archive of the
gcc-testresults@gcc.gnu.org
mailing list for the GCC project.
Results for 4.2.0 20051128 (experimental) testsuite on hppa1.1-hp-hpux10.20
- From: John David Anglin <dave at hiauly1 dot hia dot nrc dot ca>
- To: dave at hiauly1 dot hia dot nrc dot ca, gcc-testresults at gcc dot gnu dot org
- Date: Sat, 3 Dec 2005 09:49:22 -0500 (EST)
- Subject: Results for 4.2.0 20051128 (experimental) testsuite on hppa1.1-hp-hpux10.20
LAST_UPDATED: Tue Nov 29 18:33:39 UTC 2005 (revision 107616M)
Native configuration is hppa1.1-hp-hpux10.20
=== g++ tests ===
Running target unix
WARNING: program timed out.
FAIL: g++.dg/eh/cleanup1.C (test for excess errors)
XPASS: g++.dg/tree-ssa/pr14814.C scan-tree-dump-times &this 0
FAIL: g++.old-deja/g++.abi/cxa_vec.C execution test
FAIL: g++.old-deja/g++.abi/vtable2.C (test for excess errors)
=== g++ Summary ===
# of expected passes 11233
# of unexpected failures 3
# of unexpected successes 1
# of expected failures 66
# of unsupported tests 148
/xxx/gnu/gcc-3.3/objdir/gcc/testsuite/../g++ version 4.2.0 20051128 (experimental)
=== gcc tests ===
Running target unix
WARNING: program timed out.
FAIL: gcc.c-torture/compile/20001226-1.c -O1 (test for excess errors)
WARNING: program timed out.
FAIL: gcc.c-torture/compile/20001226-1.c -O2 (test for excess errors)
WARNING: program timed out.
FAIL: gcc.c-torture/compile/20001226-1.c -O3 -fomit-frame-pointer (test for excess errors)
WARNING: program timed out.
FAIL: gcc.c-torture/compile/20001226-1.c -O3 -g (test for excess errors)
WARNING: program timed out.
FAIL: gcc.c-torture/compile/20001226-1.c -Os (test for excess errors)
FAIL: gcc.c-torture/execute/builtins/fputs.c execution, -O1
FAIL: gcc.c-torture/execute/builtins/fputs.c execution, -O2
FAIL: gcc.c-torture/execute/builtins/fputs.c execution, -O3 -fomit-frame-pointer
FAIL: gcc.c-torture/execute/builtins/fputs.c execution, -O3 -g
FAIL: gcc.c-torture/execute/conversion.c compilation, -O0
UNRESOLVED: gcc.c-torture/execute/conversion.c execution, -O0
FAIL: gcc.c-torture/execute/conversion.c compilation, -O1
UNRESOLVED: gcc.c-torture/execute/conversion.c execution, -O1
FAIL: gcc.c-torture/execute/conversion.c compilation, -O2
UNRESOLVED: gcc.c-torture/execute/conversion.c execution, -O2
FAIL: gcc.c-torture/execute/conversion.c compilation, -O3 -fomit-frame-pointer
UNRESOLVED: gcc.c-torture/execute/conversion.c execution, -O3 -fomit-frame-pointer
FAIL: gcc.c-torture/execute/conversion.c compilation, -O3 -g
UNRESOLVED: gcc.c-torture/execute/conversion.c execution, -O3 -g
FAIL: gcc.c-torture/execute/conversion.c compilation, -Os
UNRESOLVED: gcc.c-torture/execute/conversion.c execution, -Os
FAIL: gcc.dg/torture/fp-int-convert-long-double.c -O0 (test for excess errors)
WARNING: gcc.dg/torture/fp-int-convert-long-double.c -O0 compilation failed to produce executable
FAIL: gcc.dg/torture/fp-int-convert-long-double.c -O1 (test for excess errors)
WARNING: gcc.dg/torture/fp-int-convert-long-double.c -O1 compilation failed to produce executable
WARNING: program timed out.
FAIL: gcc.dg/torture/fp-int-convert-long-double.c -O2 (test for excess errors)
WARNING: gcc.dg/torture/fp-int-convert-long-double.c -O2 compilation failed to produce executable
WARNING: program timed out.
FAIL: gcc.dg/torture/fp-int-convert-long-double.c -O3 -fomit-frame-pointer (test for excess errors)
WARNING: gcc.dg/torture/fp-int-convert-long-double.c -O3 -fomit-frame-pointer compilation failed to produce executable
WARNING: program timed out.
FAIL: gcc.dg/torture/fp-int-convert-long-double.c -O3 -g (test for excess errors)
WARNING: gcc.dg/torture/fp-int-convert-long-double.c -O3 -g compilation failed to produce executable
WARNING: program timed out.
FAIL: gcc.dg/torture/fp-int-convert-long-double.c -Os (test for excess errors)
WARNING: gcc.dg/torture/fp-int-convert-long-double.c -Os compilation failed to produce executable
FAIL: gcc.dg/torture/fp-int-convert-timode.c -O0 (test for excess errors)
WARNING: gcc.dg/torture/fp-int-convert-timode.c -O0 compilation failed to produce executable
FAIL: gcc.dg/torture/fp-int-convert-timode.c -O1 (test for excess errors)
WARNING: gcc.dg/torture/fp-int-convert-timode.c -O1 compilation failed to produce executable
FAIL: gcc.dg/torture/fp-int-convert-timode.c -O2 (test for excess errors)
WARNING: gcc.dg/torture/fp-int-convert-timode.c -O2 compilation failed to produce executable
FAIL: gcc.dg/torture/fp-int-convert-timode.c -O3 -fomit-frame-pointer (test for excess errors)
WARNING: gcc.dg/torture/fp-int-convert-timode.c -O3 -fomit-frame-pointer compilation failed to produce executable
FAIL: gcc.dg/torture/fp-int-convert-timode.c -O3 -g (test for excess errors)
WARNING: gcc.dg/torture/fp-int-convert-timode.c -O3 -g compilation failed to produce executable
FAIL: gcc.dg/torture/fp-int-convert-timode.c -Os (test for excess errors)
WARNING: gcc.dg/torture/fp-int-convert-timode.c -Os compilation failed to produce executable
XPASS: gcc.dg/tree-ssa/20040204-1.c scan-tree-dump-times link_error 0
=== gcc Summary ===
# of expected passes 36106
# of unexpected failures 27
# of unexpected successes 1
# of expected failures 80
# of unresolved testcases 6
# of untested testcases 28
# of unsupported tests 426
/xxx/gnu/gcc-3.3/objdir/gcc/xgcc version 4.2.0 20051128 (experimental)
=== gfortran tests ===
Running target unix
FAIL: gfortran.dg/module_equivalence_1.f90 -O0 (test for excess errors)
WARNING: gfortran.dg/module_equivalence_1.f90 -O0 compilation failed to produce executable
FAIL: gfortran.dg/module_equivalence_1.f90 -O1 (test for excess errors)
WARNING: gfortran.dg/module_equivalence_1.f90 -O1 compilation failed to produce executable
FAIL: gfortran.dg/module_equivalence_1.f90 -O2 (test for excess errors)
WARNING: gfortran.dg/module_equivalence_1.f90 -O2 compilation failed to produce executable
FAIL: gfortran.dg/module_equivalence_1.f90 -O3 -fomit-frame-pointer (test for excess errors)
WARNING: gfortran.dg/module_equivalence_1.f90 -O3 -fomit-frame-pointer compilation failed to produce executable
FAIL: gfortran.dg/module_equivalence_1.f90 -O3 -fomit-frame-pointer -funroll-loops (test for excess errors)
WARNING: gfortran.dg/module_equivalence_1.f90 -O3 -fomit-frame-pointer -funroll-loops compilation failed to produce executable
FAIL: gfortran.dg/module_equivalence_1.f90 -O3 -fomit-frame-pointer -funroll-all-loops -finline-functions (test for excess errors)
WARNING: gfortran.dg/module_equivalence_1.f90 -O3 -fomit-frame-pointer -funroll-all-loops -finline-functions compilation failed to produce executable
FAIL: gfortran.dg/module_equivalence_1.f90 -O3 -g (test for excess errors)
WARNING: gfortran.dg/module_equivalence_1.f90 -O3 -g compilation failed to produce executable
FAIL: gfortran.dg/module_equivalence_1.f90 -Os (test for excess errors)
WARNING: gfortran.dg/module_equivalence_1.f90 -Os compilation failed to produce executable
FAIL: gfortran.fortran-torture/execute/intrinsic_set_exponent.f90 execution, -O0
FAIL: gfortran.fortran-torture/execute/intrinsic_set_exponent.f90 execution, -O1
FAIL: gfortran.fortran-torture/execute/intrinsic_set_exponent.f90 execution, -O2
FAIL: gfortran.fortran-torture/execute/intrinsic_set_exponent.f90 execution, -O3 -fomit-frame-pointer
FAIL: gfortran.fortran-torture/execute/intrinsic_set_exponent.f90 execution, -O3 -fomit-frame-pointer -funroll-loops
FAIL: gfortran.fortran-torture/execute/intrinsic_set_exponent.f90 execution, -O3 -fomit-frame-pointer -funroll-all-loops -finline-functions
FAIL: gfortran.fortran-torture/execute/intrinsic_set_exponent.f90 execution, -O3 -g
FAIL: gfortran.fortran-torture/execute/intrinsic_set_exponent.f90 execution, -Os
FAIL: gfortran.fortran-torture/execute/nan_inf_fmt.f90 execution, -O0
FAIL: gfortran.fortran-torture/execute/nan_inf_fmt.f90 execution, -O1
FAIL: gfortran.fortran-torture/execute/nan_inf_fmt.f90 execution, -O2
FAIL: gfortran.fortran-torture/execute/nan_inf_fmt.f90 execution, -O3 -fomit-frame-pointer
FAIL: gfortran.fortran-torture/execute/nan_inf_fmt.f90 execution, -O3 -fomit-frame-pointer -funroll-loops
FAIL: gfortran.fortran-torture/execute/nan_inf_fmt.f90 execution, -O3 -fomit-frame-pointer -funroll-all-loops -finline-functions
FAIL: gfortran.fortran-torture/execute/nan_inf_fmt.f90 execution, -O3 -g
FAIL: gfortran.fortran-torture/execute/nan_inf_fmt.f90 execution, -Os
=== gfortran Summary ===
# of expected passes 10615
# of unexpected failures 24
# of expected failures 4
# of unsupported tests 58
/xxx/gnu/gcc-3.3/objdir/gcc/testsuite/../gfortran version 4.2.0 20051128 (experimental)
=== objc tests ===
Running target unix
=== objc Summary ===
# of expected passes 1672
# of unsupported tests 23
/xxx/gnu/gcc-3.3/objdir/gcc/xgcc version 4.2.0 20051128 (experimental)
=== libstdc++ tests ===
Running target unix
FAIL: ext/pool_allocator/allocate_chunk.cc execution test
=== libstdc++ Summary ===
# of expected passes 2609
# of unexpected failures 1
# of expected failures 10
# of unsupported tests 143
Compiler version: 4.2.0 20051128 (experimental)
Platform: hppa1.1-hp-hpux10.20
configure flags: --with-gnu-as --with-as=/usr/local/bin/as --enable-shared --prefix=/opt/gnu/gcc/gcc-4.1.0 --with-local-prefix=/usr/local --disable-nls --enable-debug=no --disable-libmudflap --with-gmp=/opt/gnu/gcc/gcc-4.1.0 --enable-languages=c,c++,fortran,java,objc