This is the mail archive of the
gcc-testresults@gcc.gnu.org
mailing list for the GCC project.
Results for 4.1.0 20051202 (prerelease) testsuite on hppa2.0w-hp-hpux11.11
- From: John David Anglin <dave at hiauly3 dot hia dot nrc dot ca>
- To: dave at hiauly3 dot hia dot nrc dot ca, gcc-testresults at gcc dot gnu dot org
- Date: Fri, 2 Dec 2005 18:38:33 -0500 (EST)
- Subject: Results for 4.1.0 20051202 (prerelease) testsuite on hppa2.0w-hp-hpux11.11
LAST_UPDATED: Fri Dec 2 12:48:40 UTC 2005 (revision 107888)
Native configuration is hppa2.0w-hp-hpux11.11
=== g++ tests ===
Running target unix
XPASS: g++.dg/tree-ssa/pr14814.C scan-tree-dump-times &this 0
FAIL: g++.old-deja/g++.abi/cxa_vec.C execution test
=== g++ Summary ===
# of expected passes 11222
# of unexpected failures 1
# of unexpected successes 1
# of expected failures 66
# of unsupported tests 151
/test/gnu/gcc-3.3/objdir/gcc/testsuite/../g++ version 4.1.0 20051202 (prerelease)
=== gcc tests ===
Running target unix
FAIL: gcc.dg/attr-weakref-1.c (test for excess errors)
WARNING: gcc.dg/attr-weakref-1.c compilation failed to produce executable
FAIL: gcc.dg/weak/weak-14.c (test for excess errors)
WARNING: gcc.dg/weak/weak-14.c compilation failed to produce executable
=== gcc Summary ===
# of expected passes 36095
# of unexpected failures 2
# of expected failures 77
# of untested testcases 28
# of unsupported tests 409
/test/gnu/gcc-3.3/objdir/gcc/xgcc version 4.1.0 20051202 (prerelease)
=== gfortran tests ===
Running target unix
FAIL: gfortran.dg/mixed_io_1.f90 -O0 (test for excess errors)
WARNING: gfortran.dg/mixed_io_1.f90 -O0 compilation failed to produce executable
FAIL: gfortran.dg/mixed_io_1.f90 -O1 (test for excess errors)
WARNING: gfortran.dg/mixed_io_1.f90 -O1 compilation failed to produce executable
FAIL: gfortran.dg/mixed_io_1.f90 -O2 (test for excess errors)
WARNING: gfortran.dg/mixed_io_1.f90 -O2 compilation failed to produce executable
FAIL: gfortran.dg/mixed_io_1.f90 -O3 -fomit-frame-pointer (test for excess errors)
WARNING: gfortran.dg/mixed_io_1.f90 -O3 -fomit-frame-pointer compilation failed to produce executable
FAIL: gfortran.dg/mixed_io_1.f90 -O3 -fomit-frame-pointer -funroll-loops (test for excess errors)
WARNING: gfortran.dg/mixed_io_1.f90 -O3 -fomit-frame-pointer -funroll-loops compilation failed to produce executable
FAIL: gfortran.dg/mixed_io_1.f90 -O3 -fomit-frame-pointer -funroll-all-loops -finline-functions (test for excess errors)
WARNING: gfortran.dg/mixed_io_1.f90 -O3 -fomit-frame-pointer -funroll-all-loops -finline-functions compilation failed to produce executable
FAIL: gfortran.dg/mixed_io_1.f90 -O3 -g (test for excess errors)
WARNING: gfortran.dg/mixed_io_1.f90 -O3 -g compilation failed to produce executable
FAIL: gfortran.dg/mixed_io_1.f90 -Os (test for excess errors)
WARNING: gfortran.dg/mixed_io_1.f90 -Os compilation failed to produce executable
FAIL: gfortran.dg/module_equivalence_1.f90 -O0 (test for excess errors)
WARNING: gfortran.dg/module_equivalence_1.f90 -O0 compilation failed to produce executable
FAIL: gfortran.dg/module_equivalence_1.f90 -O1 (test for excess errors)
WARNING: gfortran.dg/module_equivalence_1.f90 -O1 compilation failed to produce executable
FAIL: gfortran.dg/module_equivalence_1.f90 -O2 (test for excess errors)
WARNING: gfortran.dg/module_equivalence_1.f90 -O2 compilation failed to produce executable
FAIL: gfortran.dg/module_equivalence_1.f90 -O3 -fomit-frame-pointer (test for excess errors)
WARNING: gfortran.dg/module_equivalence_1.f90 -O3 -fomit-frame-pointer compilation failed to produce executable
FAIL: gfortran.dg/module_equivalence_1.f90 -O3 -fomit-frame-pointer -funroll-loops (test for excess errors)
WARNING: gfortran.dg/module_equivalence_1.f90 -O3 -fomit-frame-pointer -funroll-loops compilation failed to produce executable
FAIL: gfortran.dg/module_equivalence_1.f90 -O3 -fomit-frame-pointer -funroll-all-loops -finline-functions (test for excess errors)
WARNING: gfortran.dg/module_equivalence_1.f90 -O3 -fomit-frame-pointer -funroll-all-loops -finline-functions compilation failed to produce executable
FAIL: gfortran.dg/module_equivalence_1.f90 -O3 -g (test for excess errors)
WARNING: gfortran.dg/module_equivalence_1.f90 -O3 -g compilation failed to produce executable
FAIL: gfortran.dg/module_equivalence_1.f90 -Os (test for excess errors)
WARNING: gfortran.dg/module_equivalence_1.f90 -Os compilation failed to produce executable
=== gfortran Summary ===
# of expected passes 10591
# of unexpected failures 16
# of expected failures 4
# of unsupported tests 58
/test/gnu/gcc-3.3/objdir/gcc/testsuite/../gfortran version 4.1.0 20051202 (prerelease)
=== objc tests ===
Running target unix
FAIL: objc/execute/exceptions/catchall-1.m execution, -O0 -fgnu-runtime
FAIL: objc/execute/exceptions/catchall-1.m execution, -O1 -fgnu-runtime
FAIL: objc/execute/exceptions/catchall-1.m execution, -O2 -fgnu-runtime
FAIL: objc/execute/exceptions/catchall-1.m execution, -O3 -fomit-frame-pointer -fgnu-runtime
FAIL: objc/execute/exceptions/catchall-1.m execution, -O3 -g -fgnu-runtime
FAIL: objc/execute/exceptions/catchall-1.m execution, -Os -fgnu-runtime
FAIL: objc/execute/exceptions/finally-1.m execution, -O0 -fgnu-runtime
FAIL: objc/execute/exceptions/finally-1.m execution, -O1 -fgnu-runtime
FAIL: objc/execute/exceptions/finally-1.m execution, -O2 -fgnu-runtime
FAIL: objc/execute/exceptions/finally-1.m execution, -O3 -fomit-frame-pointer -fgnu-runtime
FAIL: objc/execute/exceptions/finally-1.m execution, -O3 -g -fgnu-runtime
FAIL: objc/execute/exceptions/finally-1.m execution, -Os -fgnu-runtime
FAIL: objc/execute/exceptions/foward-1.m execution, -O0 -fgnu-runtime
FAIL: objc/execute/exceptions/foward-1.m execution, -O1 -fgnu-runtime
FAIL: objc/execute/exceptions/foward-1.m execution, -O2 -fgnu-runtime
FAIL: objc/execute/exceptions/foward-1.m execution, -O3 -fomit-frame-pointer -fgnu-runtime
FAIL: objc/execute/exceptions/foward-1.m execution, -O3 -fomit-frame-pointer -funroll-loops -fgnu-runtime
FAIL: objc/execute/exceptions/foward-1.m execution, -O3 -fomit-frame-pointer -funroll-all-loops -finline-functions -fgnu-runtime
FAIL: objc/execute/exceptions/foward-1.m execution, -O3 -g -fgnu-runtime
FAIL: objc/execute/exceptions/foward-1.m execution, -Os -fgnu-runtime
FAIL: objc/execute/exceptions/local-variables-1.m execution, -O0 -fgnu-runtime
FAIL: objc/execute/exceptions/local-variables-1.m execution, -O1 -fgnu-runtime
FAIL: objc/execute/exceptions/local-variables-1.m execution, -O2 -fgnu-runtime
FAIL: objc/execute/exceptions/local-variables-1.m execution, -O3 -fomit-frame-pointer -fgnu-runtime
FAIL: objc/execute/exceptions/local-variables-1.m execution, -O3 -g -fgnu-runtime
FAIL: objc/execute/exceptions/local-variables-1.m execution, -Os -fgnu-runtime
FAIL: objc/execute/exceptions/trivial.m execution, -O0 -fgnu-runtime
FAIL: objc/execute/exceptions/trivial.m execution, -O1 -fgnu-runtime
FAIL: objc/execute/exceptions/trivial.m execution, -O2 -fgnu-runtime
FAIL: objc/execute/exceptions/trivial.m execution, -O3 -fomit-frame-pointer -fgnu-runtime
FAIL: objc/execute/exceptions/trivial.m execution, -O3 -g -fgnu-runtime
FAIL: objc/execute/exceptions/trivial.m execution, -Os -fgnu-runtime
FAIL: objc/execute/IMP.m execution, -O0 -fgnu-runtime
FAIL: objc/execute/IMP.m execution, -O1 -fgnu-runtime
FAIL: objc/execute/IMP.m execution, -O2 -fgnu-runtime
FAIL: objc/execute/IMP.m execution, -O3 -fomit-frame-pointer -fgnu-runtime
FAIL: objc/execute/IMP.m execution, -O3 -g -fgnu-runtime
FAIL: objc/execute/IMP.m execution, -Os -fgnu-runtime
FAIL: objc/execute/_cmd.m execution, -O0 -fgnu-runtime
FAIL: objc/execute/_cmd.m execution, -O1 -fgnu-runtime
FAIL: objc/execute/_cmd.m execution, -O2 -fgnu-runtime
FAIL: objc/execute/_cmd.m execution, -O3 -fomit-frame-pointer -fgnu-runtime
FAIL: objc/execute/_cmd.m execution, -O3 -g -fgnu-runtime
FAIL: objc/execute/_cmd.m execution, -Os -fgnu-runtime
FAIL: objc/execute/accessing_ivars.m execution, -O0 -fgnu-runtime
FAIL: objc/execute/accessing_ivars.m execution, -O1 -fgnu-runtime
FAIL: objc/execute/accessing_ivars.m execution, -O2 -fgnu-runtime
FAIL: objc/execute/accessing_ivars.m execution, -O3 -fomit-frame-pointer -fgnu-runtime
FAIL: objc/execute/accessing_ivars.m execution, -O3 -g -fgnu-runtime
FAIL: objc/execute/accessing_ivars.m execution, -Os -fgnu-runtime
FAIL: objc/execute/bf-1.m execution, -O0 -fgnu-runtime
FAIL: objc/execute/bf-1.m execution, -O1 -fgnu-runtime
FAIL: objc/execute/bf-1.m execution, -O2 -fgnu-runtime
FAIL: objc/execute/bf-1.m execution, -O3 -fomit-frame-pointer -fgnu-runtime
FAIL: objc/execute/bf-1.m execution, -O3 -g -fgnu-runtime
FAIL: objc/execute/bf-1.m execution, -Os -fgnu-runtime
FAIL: objc/execute/bf-10.m execution, -O0 -fgnu-runtime
FAIL: objc/execute/bf-10.m execution, -O1 -fgnu-runtime
FAIL: objc/execute/bf-10.m execution, -O2 -fgnu-runtime
FAIL: objc/execute/bf-10.m execution, -O3 -fomit-frame-pointer -fgnu-runtime
FAIL: objc/execute/bf-10.m execution, -O3 -g -fgnu-runtime
FAIL: objc/execute/bf-10.m execution, -Os -fgnu-runtime
FAIL: objc/execute/bf-11.m execution, -O0 -fgnu-runtime
FAIL: objc/execute/bf-11.m execution, -O1 -fgnu-runtime
FAIL: objc/execute/bf-11.m execution, -O2 -fgnu-runtime
FAIL: objc/execute/bf-11.m execution, -O3 -fomit-frame-pointer -fgnu-runtime
FAIL: objc/execute/bf-11.m execution, -O3 -g -fgnu-runtime
FAIL: objc/execute/bf-11.m execution, -Os -fgnu-runtime
FAIL: objc/execute/bf-12.m execution, -O0 -fgnu-runtime
FAIL: objc/execute/bf-12.m execution, -O1 -fgnu-runtime
FAIL: objc/execute/bf-12.m execution, -O2 -fgnu-runtime
FAIL: objc/execute/bf-12.m execution, -O3 -fomit-frame-pointer -fgnu-runtime
FAIL: objc/execute/bf-12.m execution, -O3 -g -fgnu-runtime
FAIL: objc/execute/bf-12.m execution, -Os -fgnu-runtime
FAIL: objc/execute/bf-13.m execution, -O0 -fgnu-runtime
FAIL: objc/execute/bf-13.m execution, -O1 -fgnu-runtime
FAIL: objc/execute/bf-13.m execution, -O2 -fgnu-runtime
FAIL: objc/execute/bf-13.m execution, -O3 -fomit-frame-pointer -fgnu-runtime
FAIL: objc/execute/bf-13.m execution, -O3 -g -fgnu-runtime
FAIL: objc/execute/bf-13.m execution, -Os -fgnu-runtime
FAIL: objc/execute/bf-14.m execution, -O0 -fgnu-runtime
FAIL: objc/execute/bf-14.m execution, -O1 -fgnu-runtime
FAIL: objc/execute/bf-14.m execution, -O2 -fgnu-runtime
FAIL: objc/execute/bf-14.m execution, -O3 -fomit-frame-pointer -fgnu-runtime
FAIL: objc/execute/bf-14.m execution, -O3 -g -fgnu-runtime
FAIL: objc/execute/bf-14.m execution, -Os -fgnu-runtime
FAIL: objc/execute/bf-15.m execution, -O0 -fgnu-runtime
FAIL: objc/execute/bf-15.m execution, -O1 -fgnu-runtime
FAIL: objc/execute/bf-15.m execution, -O2 -fgnu-runtime
FAIL: objc/execute/bf-15.m execution, -O3 -fomit-frame-pointer -fgnu-runtime
FAIL: objc/execute/bf-15.m execution, -O3 -g -fgnu-runtime
FAIL: objc/execute/bf-15.m execution, -Os -fgnu-runtime
FAIL: objc/execute/bf-16.m execution, -O0 -fgnu-runtime
FAIL: objc/execute/bf-16.m execution, -O1 -fgnu-runtime
FAIL: objc/execute/bf-16.m execution, -O2 -fgnu-runtime
FAIL: objc/execute/bf-16.m execution, -O3 -fomit-frame-pointer -fgnu-runtime
FAIL: objc/execute/bf-16.m execution, -O3 -g -fgnu-runtime
FAIL: objc/execute/bf-16.m execution, -Os -fgnu-runtime
FAIL: objc/execute/bf-17.m execution, -O0 -fgnu-runtime
FAIL: objc/execute/bf-17.m execution, -O1 -fgnu-runtime
FAIL: objc/execute/bf-17.m execution, -O2 -fgnu-runtime
FAIL: objc/execute/bf-17.m execution, -O3 -fomit-frame-pointer -fgnu-runtime
FAIL: objc/execute/bf-17.m execution, -O3 -g -fgnu-runtime
FAIL: objc/execute/bf-17.m execution, -Os -fgnu-runtime
FAIL: objc/execute/bf-18.m execution, -O0 -fgnu-runtime
FAIL: objc/execute/bf-18.m execution, -O1 -fgnu-runtime
FAIL: objc/execute/bf-18.m execution, -O2 -fgnu-runtime
FAIL: objc/execute/bf-18.m execution, -O3 -fomit-frame-pointer -fgnu-runtime
FAIL: objc/execute/bf-18.m execution, -O3 -g -fgnu-runtime
FAIL: objc/execute/bf-18.m execution, -Os -fgnu-runtime
FAIL: objc/execute/bf-19.m execution, -O0 -fgnu-runtime
FAIL: objc/execute/bf-19.m execution, -O1 -fgnu-runtime
FAIL: objc/execute/bf-19.m execution, -O2 -fgnu-runtime
FAIL: objc/execute/bf-19.m execution, -O3 -fomit-frame-pointer -fgnu-runtime
FAIL: objc/execute/bf-19.m execution, -O3 -g -fgnu-runtime
FAIL: objc/execute/bf-19.m execution, -Os -fgnu-runtime
FAIL: objc/execute/bf-2.m execution, -O0 -fgnu-runtime
FAIL: objc/execute/bf-2.m execution, -O1 -fgnu-runtime
FAIL: objc/execute/bf-2.m execution, -O2 -fgnu-runtime
FAIL: objc/execute/bf-2.m execution, -O3 -fomit-frame-pointer -fgnu-runtime
FAIL: objc/execute/bf-2.m execution, -O3 -g -fgnu-runtime
FAIL: objc/execute/bf-2.m execution, -Os -fgnu-runtime
FAIL: objc/execute/bf-20.m execution, -O0 -fgnu-runtime
FAIL: objc/execute/bf-20.m execution, -O1 -fgnu-runtime
FAIL: objc/execute/bf-20.m execution, -O2 -fgnu-runtime
FAIL: objc/execute/bf-20.m execution, -O3 -fomit-frame-pointer -fgnu-runtime
FAIL: objc/execute/bf-20.m execution, -O3 -g -fgnu-runtime
FAIL: objc/execute/bf-20.m execution, -Os -fgnu-runtime
FAIL: objc/execute/bf-21.m execution, -O0 -fgnu-runtime
FAIL: objc/execute/bf-21.m execution, -O1 -fgnu-runtime
FAIL: objc/execute/bf-21.m execution, -O2 -fgnu-runtime
FAIL: objc/execute/bf-21.m execution, -O3 -fomit-frame-pointer -fgnu-runtime
FAIL: objc/execute/bf-21.m execution, -O3 -g -fgnu-runtime
FAIL: objc/execute/bf-21.m execution, -Os -fgnu-runtime
FAIL: objc/execute/bf-3.m execution, -O0 -fgnu-runtime
FAIL: objc/execute/bf-3.m execution, -O1 -fgnu-runtime
FAIL: objc/execute/bf-3.m execution, -O2 -fgnu-runtime
FAIL: objc/execute/bf-3.m execution, -O3 -fomit-frame-pointer -fgnu-runtime
FAIL: objc/execute/bf-3.m execution, -O3 -g -fgnu-runtime
FAIL: objc/execute/bf-3.m execution, -Os -fgnu-runtime
FAIL: objc/execute/bf-4.m execution, -O0 -fgnu-runtime
FAIL: objc/execute/bf-4.m execution, -O1 -fgnu-runtime
FAIL: objc/execute/bf-4.m execution, -O2 -fgnu-runtime
FAIL: objc/execute/bf-4.m execution, -O3 -fomit-frame-pointer -fgnu-runtime
FAIL: objc/execute/bf-4.m execution, -O3 -g -fgnu-runtime
FAIL: objc/execute/bf-4.m execution, -Os -fgnu-runtime
FAIL: objc/execute/bf-5.m execution, -O0 -fgnu-runtime
FAIL: objc/execute/bf-5.m execution, -O1 -fgnu-runtime
FAIL: objc/execute/bf-5.m execution, -O2 -fgnu-runtime
FAIL: objc/execute/bf-5.m execution, -O3 -fomit-frame-pointer -fgnu-runtime
FAIL: objc/execute/bf-5.m execution, -O3 -g -fgnu-runtime
FAIL: objc/execute/bf-5.m execution, -Os -fgnu-runtime
FAIL: objc/execute/bf-6.m execution, -O0 -fgnu-runtime
FAIL: objc/execute/bf-6.m execution, -O1 -fgnu-runtime
FAIL: objc/execute/bf-6.m execution, -O2 -fgnu-runtime
FAIL: objc/execute/bf-6.m execution, -O3 -fomit-frame-pointer -fgnu-runtime
FAIL: objc/execute/bf-6.m execution, -O3 -g -fgnu-runtime
FAIL: objc/execute/bf-6.m execution, -Os -fgnu-runtime
FAIL: objc/execute/bf-7.m execution, -O0 -fgnu-runtime
FAIL: objc/execute/bf-7.m execution, -O1 -fgnu-runtime
FAIL: objc/execute/bf-7.m execution, -O2 -fgnu-runtime
FAIL: objc/execute/bf-7.m execution, -O3 -fomit-frame-pointer -fgnu-runtime
FAIL: objc/execute/bf-7.m execution, -O3 -g -fgnu-runtime
FAIL: objc/execute/bf-7.m execution, -Os -fgnu-runtime
FAIL: objc/execute/bf-8.m execution, -O0 -fgnu-runtime
FAIL: objc/execute/bf-8.m execution, -O1 -fgnu-runtime
FAIL: objc/execute/bf-8.m execution, -O2 -fgnu-runtime
FAIL: objc/execute/bf-8.m execution, -O3 -fomit-frame-pointer -fgnu-runtime
FAIL: objc/execute/bf-8.m execution, -O3 -g -fgnu-runtime
FAIL: objc/execute/bf-8.m execution, -Os -fgnu-runtime
FAIL: objc/execute/bf-9.m execution, -O0 -fgnu-runtime
FAIL: objc/execute/bf-9.m execution, -O1 -fgnu-runtime
FAIL: objc/execute/bf-9.m execution, -O2 -fgnu-runtime
FAIL: objc/execute/bf-9.m execution, -O3 -fomit-frame-pointer -fgnu-runtime
FAIL: objc/execute/bf-9.m execution, -O3 -g -fgnu-runtime
FAIL: objc/execute/bf-9.m execution, -Os -fgnu-runtime
FAIL: objc/execute/bycopy-1.m execution, -O0 -fgnu-runtime
FAIL: objc/execute/bycopy-1.m execution, -O1 -fgnu-runtime
FAIL: objc/execute/bycopy-1.m execution, -O2 -fgnu-runtime
FAIL: objc/execute/bycopy-1.m execution, -O3 -fomit-frame-pointer -fgnu-runtime
FAIL: objc/execute/bycopy-1.m execution, -O3 -g -fgnu-runtime
FAIL: objc/execute/bycopy-1.m execution, -Os -fgnu-runtime
FAIL: objc/execute/bycopy-2.m execution, -O0 -fgnu-runtime
FAIL: objc/execute/bycopy-2.m execution, -O1 -fgnu-runtime
FAIL: objc/execute/bycopy-2.m execution, -O2 -fgnu-runtime
FAIL: objc/execute/bycopy-2.m execution, -O3 -fomit-frame-pointer -fgnu-runtime
FAIL: objc/execute/bycopy-2.m execution, -O3 -g -fgnu-runtime
FAIL: objc/execute/bycopy-2.m execution, -Os -fgnu-runtime
FAIL: objc/execute/bycopy-3.m execution, -O0 -fgnu-runtime
FAIL: objc/execute/bycopy-3.m execution, -O1 -fgnu-runtime
FAIL: objc/execute/bycopy-3.m execution, -O2 -fgnu-runtime
FAIL: objc/execute/bycopy-3.m execution, -O3 -fomit-frame-pointer -fgnu-runtime
FAIL: objc/execute/bycopy-3.m execution, -O3 -g -fgnu-runtime
FAIL: objc/execute/bycopy-3.m execution, -Os -fgnu-runtime
FAIL: objc/execute/cascading-1.m execution, -O0 -fgnu-runtime
FAIL: objc/execute/cascading-1.m execution, -O1 -fgnu-runtime
FAIL: objc/execute/cascading-1.m execution, -O2 -fgnu-runtime
FAIL: objc/execute/cascading-1.m execution, -O3 -fomit-frame-pointer -fgnu-runtime
FAIL: objc/execute/cascading-1.m execution, -O3 -g -fgnu-runtime
FAIL: objc/execute/cascading-1.m execution, -Os -fgnu-runtime
FAIL: objc/execute/class-1.m execution, -O0 -fgnu-runtime
FAIL: objc/execute/class-1.m execution, -O1 -fgnu-runtime
FAIL: objc/execute/class-1.m execution, -O2 -fgnu-runtime
FAIL: objc/execute/class-1.m execution, -O3 -fomit-frame-pointer -fgnu-runtime
FAIL: objc/execute/class-1.m execution, -O3 -g -fgnu-runtime
FAIL: objc/execute/class-1.m execution, -Os -fgnu-runtime
FAIL: objc/execute/class-10.m execution, -O0 -fgnu-runtime
FAIL: objc/execute/class-10.m execution, -O1 -fgnu-runtime
FAIL: objc/execute/class-10.m execution, -O2 -fgnu-runtime
FAIL: objc/execute/class-10.m execution, -O3 -fomit-frame-pointer -fgnu-runtime
FAIL: objc/execute/class-10.m execution, -O3 -g -fgnu-runtime
FAIL: objc/execute/class-10.m execution, -Os -fgnu-runtime
FAIL: objc/execute/class-11.m execution, -O0 -fgnu-runtime
FAIL: objc/execute/class-11.m execution, -O1 -fgnu-runtime
FAIL: objc/execute/class-11.m execution, -O2 -fgnu-runtime
FAIL: objc/execute/class-11.m execution, -O3 -fomit-frame-pointer -fgnu-runtime
FAIL: objc/execute/class-11.m execution, -O3 -g -fgnu-runtime
FAIL: objc/execute/class-11.m execution, -Os -fgnu-runtime
FAIL: objc/execute/class-12.m execution, -O0 -fgnu-runtime
FAIL: objc/execute/class-12.m execution, -O1 -fgnu-runtime
FAIL: objc/execute/class-12.m execution, -O2 -fgnu-runtime
FAIL: objc/execute/class-12.m execution, -O3 -fomit-frame-pointer -fgnu-runtime
FAIL: objc/execute/class-12.m execution, -O3 -g -fgnu-runtime
FAIL: objc/execute/class-12.m execution, -Os -fgnu-runtime
FAIL: objc/execute/class-13.m execution, -O0 -fgnu-runtime
FAIL: objc/execute/class-13.m execution, -O1 -fgnu-runtime
FAIL: objc/execute/class-13.m execution, -O2 -fgnu-runtime
FAIL: objc/execute/class-13.m execution, -O3 -fomit-frame-pointer -fgnu-runtime
FAIL: objc/execute/class-13.m execution, -O3 -g -fgnu-runtime
FAIL: objc/execute/class-13.m execution, -Os -fgnu-runtime
FAIL: objc/execute/class-14.m execution, -O0 -fgnu-runtime
FAIL: objc/execute/class-14.m execution, -O1 -fgnu-runtime
FAIL: objc/execute/class-14.m execution, -O2 -fgnu-runtime
FAIL: objc/execute/class-14.m execution, -O3 -fomit-frame-pointer -fgnu-runtime
FAIL: objc/execute/class-14.m execution, -O3 -g -fgnu-runtime
FAIL: objc/execute/class-14.m execution, -Os -fgnu-runtime
FAIL: objc/execute/class-2.m execution, -O0 -fgnu-runtime
FAIL: objc/execute/class-2.m execution, -O1 -fgnu-runtime
FAIL: objc/execute/class-2.m execution, -O2 -fgnu-runtime
FAIL: objc/execute/class-2.m execution, -O3 -fomit-frame-pointer -fgnu-runtime
FAIL: objc/execute/class-2.m execution, -O3 -g -fgnu-runtime
FAIL: objc/execute/class-2.m execution, -Os -fgnu-runtime
FAIL: objc/execute/class-3.m execution, -O0 -fgnu-runtime
FAIL: objc/execute/class-3.m execution, -O1 -fgnu-runtime
FAIL: objc/execute/class-3.m execution, -O2 -fgnu-runtime
FAIL: objc/execute/class-3.m execution, -O3 -fomit-frame-pointer -fgnu-runtime
FAIL: objc/execute/class-3.m execution, -O3 -g -fgnu-runtime
FAIL: objc/execute/class-3.m execution, -Os -fgnu-runtime
FAIL: objc/execute/class-4.m execution, -O0 -fgnu-runtime
FAIL: objc/execute/class-4.m execution, -O1 -fgnu-runtime
FAIL: objc/execute/class-4.m execution, -O2 -fgnu-runtime
FAIL: objc/execute/class-4.m execution, -O3 -fomit-frame-pointer -fgnu-runtime
FAIL: objc/execute/class-4.m execution, -O3 -g -fgnu-runtime
FAIL: objc/execute/class-4.m execution, -Os -fgnu-runtime
FAIL: objc/execute/class-5.m execution, -O0 -fgnu-runtime
FAIL: objc/execute/class-5.m execution, -O1 -fgnu-runtime
FAIL: objc/execute/class-5.m execution, -O2 -fgnu-runtime
FAIL: objc/execute/class-5.m execution, -O3 -fomit-frame-pointer -fgnu-runtime
FAIL: objc/execute/class-5.m execution, -O3 -g -fgnu-runtime
FAIL: objc/execute/class-5.m execution, -Os -fgnu-runtime
FAIL: objc/execute/class-6.m execution, -O0 -fgnu-runtime
FAIL: objc/execute/class-6.m execution, -O1 -fgnu-runtime
FAIL: objc/execute/class-6.m execution, -O2 -fgnu-runtime
FAIL: objc/execute/class-6.m execution, -O3 -fomit-frame-pointer -fgnu-runtime
FAIL: objc/execute/class-6.m execution, -O3 -g -fgnu-runtime
FAIL: objc/execute/class-6.m execution, -Os -fgnu-runtime
FAIL: objc/execute/class-7.m execution, -O0 -fgnu-runtime
FAIL: objc/execute/class-7.m execution, -O1 -fgnu-runtime
FAIL: objc/execute/class-7.m execution, -O2 -fgnu-runtime
FAIL: objc/execute/class-7.m execution, -O3 -fomit-frame-pointer -fgnu-runtime
FAIL: objc/execute/class-7.m execution, -O3 -g -fgnu-runtime
FAIL: objc/execute/class-7.m execution, -Os -fgnu-runtime
FAIL: objc/execute/class-8.m execution, -O0 -fgnu-runtime
FAIL: objc/execute/class-8.m execution, -O1 -fgnu-runtime
FAIL: objc/execute/class-8.m execution, -O2 -fgnu-runtime
FAIL: objc/execute/class-8.m execution, -O3 -fomit-frame-pointer -fgnu-runtime
FAIL: objc/execute/class-8.m execution, -O3 -g -fgnu-runtime
FAIL: objc/execute/class-8.m execution, -Os -fgnu-runtime
FAIL: objc/execute/class-9.m execution, -O0 -fgnu-runtime
FAIL: objc/execute/class-9.m execution, -O1 -fgnu-runtime
FAIL: objc/execute/class-9.m execution, -O2 -fgnu-runtime
FAIL: objc/execute/class-9.m execution, -O3 -fomit-frame-pointer -fgnu-runtime
FAIL: objc/execute/class-9.m execution, -O3 -g -fgnu-runtime
FAIL: objc/execute/class-9.m execution, -Os -fgnu-runtime
FAIL: objc/execute/class_self-1.m execution, -O0 -fgnu-runtime
FAIL: objc/execute/class_self-1.m execution, -O1 -fgnu-runtime
FAIL: objc/execute/class_self-1.m execution, -O2 -fgnu-runtime
FAIL: objc/execute/class_self-1.m execution, -O3 -fomit-frame-pointer -fgnu-runtime
FAIL: objc/execute/class_self-1.m execution, -O3 -g -fgnu-runtime
FAIL: objc/execute/class_self-1.m execution, -Os -fgnu-runtime
FAIL: objc/execute/class_self-2.m execution, -O0 -fgnu-runtime
FAIL: objc/execute/class_self-2.m execution, -O1 -fgnu-runtime
FAIL: objc/execute/class_self-2.m execution, -O2 -fgnu-runtime
FAIL: objc/execute/class_self-2.m execution, -O3 -fomit-frame-pointer -fgnu-runtime
FAIL: objc/execute/class_self-2.m execution, -O3 -g -fgnu-runtime
FAIL: objc/execute/class_self-2.m execution, -Os -fgnu-runtime
FAIL: objc/execute/compatibility_alias.m execution, -O0 -fgnu-runtime
FAIL: objc/execute/compatibility_alias.m execution, -O1 -fgnu-runtime
FAIL: objc/execute/compatibility_alias.m execution, -O2 -fgnu-runtime
FAIL: objc/execute/compatibility_alias.m execution, -O3 -fomit-frame-pointer -fgnu-runtime
FAIL: objc/execute/compatibility_alias.m execution, -O3 -g -fgnu-runtime
FAIL: objc/execute/compatibility_alias.m execution, -Os -fgnu-runtime
FAIL: objc/execute/encode-1.m execution, -O0 -fgnu-runtime
FAIL: objc/execute/encode-1.m execution, -O1 -fgnu-runtime
FAIL: objc/execute/encode-1.m execution, -O2 -fgnu-runtime
FAIL: objc/execute/encode-1.m execution, -O3 -fomit-frame-pointer -fgnu-runtime
FAIL: objc/execute/encode-1.m execution, -O3 -g -fgnu-runtime
FAIL: objc/execute/encode-1.m execution, -Os -fgnu-runtime
FAIL: objc/execute/enumeration-1.m execution, -O0 -fgnu-runtime
FAIL: objc/execute/enumeration-1.m execution, -O1 -fgnu-runtime
FAIL: objc/execute/enumeration-1.m execution, -O2 -fgnu-runtime
FAIL: objc/execute/enumeration-1.m execution, -O3 -fomit-frame-pointer -fgnu-runtime
FAIL: objc/execute/enumeration-1.m execution, -O3 -g -fgnu-runtime
FAIL: objc/execute/enumeration-1.m execution, -Os -fgnu-runtime
FAIL: objc/execute/enumeration-2.m execution, -O0 -fgnu-runtime
FAIL: objc/execute/enumeration-2.m execution, -O1 -fgnu-runtime
FAIL: objc/execute/enumeration-2.m execution, -O2 -fgnu-runtime
FAIL: objc/execute/enumeration-2.m execution, -O3 -fomit-frame-pointer -fgnu-runtime
FAIL: objc/execute/enumeration-2.m execution, -O3 -g -fgnu-runtime
FAIL: objc/execute/enumeration-2.m execution, -Os -fgnu-runtime
FAIL: objc/execute/fdecl.m execution, -O0 -fgnu-runtime
FAIL: objc/execute/fdecl.m execution, -O1 -fgnu-runtime
FAIL: objc/execute/fdecl.m execution, -O2 -fgnu-runtime
FAIL: objc/execute/fdecl.m execution, -O3 -fomit-frame-pointer -fgnu-runtime
FAIL: objc/execute/fdecl.m execution, -O3 -g -fgnu-runtime
FAIL: objc/execute/fdecl.m execution, -Os -fgnu-runtime
FAIL: objc/execute/formal_protocol-1.m execution, -O0 -fgnu-runtime
FAIL: objc/execute/formal_protocol-1.m execution, -O1 -fgnu-runtime
FAIL: objc/execute/formal_protocol-1.m execution, -O2 -fgnu-runtime
FAIL: objc/execute/formal_protocol-1.m execution, -O3 -fomit-frame-pointer -fgnu-runtime
FAIL: objc/execute/formal_protocol-1.m execution, -O3 -g -fgnu-runtime
FAIL: objc/execute/formal_protocol-1.m execution, -Os -fgnu-runtime
FAIL: objc/execute/formal_protocol-2.m execution, -O0 -fgnu-runtime
FAIL: objc/execute/formal_protocol-2.m execution, -O1 -fgnu-runtime
FAIL: objc/execute/formal_protocol-2.m execution, -O2 -fgnu-runtime
FAIL: objc/execute/formal_protocol-2.m execution, -O3 -fomit-frame-pointer -fgnu-runtime
FAIL: objc/execute/formal_protocol-2.m execution, -O3 -g -fgnu-runtime
FAIL: objc/execute/formal_protocol-2.m execution, -Os -fgnu-runtime
FAIL: objc/execute/formal_protocol-3.m execution, -O0 -fgnu-runtime
FAIL: objc/execute/formal_protocol-3.m execution, -O1 -fgnu-runtime
FAIL: objc/execute/formal_protocol-3.m execution, -O2 -fgnu-runtime
FAIL: objc/execute/formal_protocol-3.m execution, -O3 -fomit-frame-pointer -fgnu-runtime
FAIL: objc/execute/formal_protocol-3.m execution, -O3 -g -fgnu-runtime
FAIL: objc/execute/formal_protocol-3.m execution, -Os -fgnu-runtime
FAIL: objc/execute/formal_protocol-4.m execution, -O0 -fgnu-runtime
FAIL: objc/execute/formal_protocol-4.m execution, -O1 -fgnu-runtime
FAIL: objc/execute/formal_protocol-4.m execution, -O2 -fgnu-runtime
FAIL: objc/execute/formal_protocol-4.m execution, -O3 -fomit-frame-pointer -fgnu-runtime
FAIL: objc/execute/formal_protocol-4.m execution, -O3 -g -fgnu-runtime
FAIL: objc/execute/formal_protocol-4.m execution, -Os -fgnu-runtime
FAIL: objc/execute/formal_protocol-5.m execution, -O0 -fgnu-runtime
FAIL: objc/execute/formal_protocol-5.m execution, -O1 -fgnu-runtime
FAIL: objc/execute/formal_protocol-5.m execution, -O2 -fgnu-runtime
FAIL: objc/execute/formal_protocol-5.m execution, -O3 -fomit-frame-pointer -fgnu-runtime
FAIL: objc/execute/formal_protocol-5.m execution, -O3 -g -fgnu-runtime
FAIL: objc/execute/formal_protocol-5.m execution, -Os -fgnu-runtime
FAIL: objc/execute/formal_protocol-6.m execution, -O0 -fgnu-runtime
FAIL: objc/execute/formal_protocol-6.m execution, -O1 -fgnu-runtime
FAIL: objc/execute/formal_protocol-6.m execution, -O2 -fgnu-runtime
FAIL: objc/execute/formal_protocol-6.m execution, -O3 -fomit-frame-pointer -fgnu-runtime
FAIL: objc/execute/formal_protocol-6.m execution, -O3 -g -fgnu-runtime
FAIL: objc/execute/formal_protocol-6.m execution, -Os -fgnu-runtime
FAIL: objc/execute/formal_protocol-7.m execution, -O0 -fgnu-runtime
FAIL: objc/execute/formal_protocol-7.m execution, -O1 -fgnu-runtime
FAIL: objc/execute/formal_protocol-7.m execution, -O2 -fgnu-runtime
FAIL: objc/execute/formal_protocol-7.m execution, -O3 -fomit-frame-pointer -fgnu-runtime
FAIL: objc/execute/formal_protocol-7.m execution, -O3 -g -fgnu-runtime
FAIL: objc/execute/formal_protocol-7.m execution, -Os -fgnu-runtime
FAIL: objc/execute/function-message-1.m execution, -O0 -fgnu-runtime
FAIL: objc/execute/function-message-1.m execution, -O1 -fgnu-runtime
FAIL: objc/execute/function-message-1.m execution, -O2 -fgnu-runtime
FAIL: objc/execute/function-message-1.m execution, -O3 -fomit-frame-pointer -fgnu-runtime
FAIL: objc/execute/function-message-1.m execution, -O3 -g -fgnu-runtime
FAIL: objc/execute/function-message-1.m execution, -Os -fgnu-runtime
FAIL: objc/execute/informal_protocol.m execution, -O0 -fgnu-runtime
FAIL: objc/execute/informal_protocol.m execution, -O1 -fgnu-runtime
FAIL: objc/execute/informal_protocol.m execution, -O2 -fgnu-runtime
FAIL: objc/execute/informal_protocol.m execution, -O3 -fomit-frame-pointer -fgnu-runtime
FAIL: objc/execute/informal_protocol.m execution, -O3 -g -fgnu-runtime
FAIL: objc/execute/informal_protocol.m execution, -Os -fgnu-runtime
FAIL: objc/execute/initialize.m execution, -O0 -fgnu-runtime
FAIL: objc/execute/initialize.m execution, -O1 -fgnu-runtime
FAIL: objc/execute/initialize.m execution, -O2 -fgnu-runtime
FAIL: objc/execute/initialize.m execution, -O3 -fomit-frame-pointer -fgnu-runtime
FAIL: objc/execute/initialize.m execution, -O3 -g -fgnu-runtime
FAIL: objc/execute/initialize.m execution, -Os -fgnu-runtime
FAIL: objc/execute/load-2.m execution, -O0 -fgnu-runtime
FAIL: objc/execute/load-2.m execution, -O1 -fgnu-runtime
FAIL: objc/execute/load-2.m execution, -O2 -fgnu-runtime
FAIL: objc/execute/load-2.m execution, -O3 -fomit-frame-pointer -fgnu-runtime
FAIL: objc/execute/load-2.m execution, -O3 -g -fgnu-runtime
FAIL: objc/execute/load-2.m execution, -Os -fgnu-runtime
FAIL: objc/execute/load-3.m execution, -O0 -fgnu-runtime
FAIL: objc/execute/load-3.m execution, -O1 -fgnu-runtime
FAIL: objc/execute/load-3.m execution, -O2 -fgnu-runtime
FAIL: objc/execute/load-3.m execution, -O3 -fomit-frame-pointer -fgnu-runtime
FAIL: objc/execute/load-3.m execution, -O3 -fomit-frame-pointer -funroll-loops -fgnu-runtime
FAIL: objc/execute/load-3.m execution, -O3 -fomit-frame-pointer -funroll-all-loops -finline-functions -fgnu-runtime
FAIL: objc/execute/load-3.m execution, -O3 -g -fgnu-runtime
FAIL: objc/execute/load-3.m execution, -Os -fgnu-runtime
FAIL: objc/execute/load.m execution, -O0 -fgnu-runtime
FAIL: objc/execute/load.m execution, -O1 -fgnu-runtime
FAIL: objc/execute/load.m execution, -O2 -fgnu-runtime
FAIL: objc/execute/load.m execution, -O3 -fomit-frame-pointer -fgnu-runtime
FAIL: objc/execute/load.m execution, -O3 -g -fgnu-runtime
FAIL: objc/execute/load.m execution, -Os -fgnu-runtime
FAIL: objc/execute/many_args_method.m execution, -O0 -fgnu-runtime
FAIL: objc/execute/many_args_method.m execution, -O1 -fgnu-runtime
FAIL: objc/execute/many_args_method.m execution, -O2 -fgnu-runtime
FAIL: objc/execute/many_args_method.m execution, -O3 -fomit-frame-pointer -fgnu-runtime
FAIL: objc/execute/many_args_method.m execution, -O3 -g -fgnu-runtime
FAIL: objc/execute/many_args_method.m execution, -Os -fgnu-runtime
FAIL: objc/execute/nested-1.m execution, -O0 -fgnu-runtime
FAIL: objc/execute/nested-1.m execution, -O1 -fgnu-runtime
FAIL: objc/execute/nested-1.m execution, -O2 -fgnu-runtime
FAIL: objc/execute/nested-1.m execution, -O3 -fomit-frame-pointer -fgnu-runtime
FAIL: objc/execute/nested-1.m execution, -O3 -g -fgnu-runtime
FAIL: objc/execute/nested-1.m execution, -Os -fgnu-runtime
FAIL: objc/execute/nested-2.m execution, -O0 -fgnu-runtime
FAIL: objc/execute/nested-2.m execution, -O1 -fgnu-runtime
FAIL: objc/execute/nested-2.m execution, -O2 -fgnu-runtime
FAIL: objc/execute/nested-2.m execution, -O3 -fomit-frame-pointer -fgnu-runtime
FAIL: objc/execute/nested-2.m execution, -O3 -g -fgnu-runtime
FAIL: objc/execute/nested-2.m execution, -Os -fgnu-runtime
FAIL: objc/execute/nested-3.m execution, -O0 -fgnu-runtime
FAIL: objc/execute/nested-3.m execution, -O1 -fgnu-runtime
FAIL: objc/execute/nested-3.m execution, -O2 -fgnu-runtime
FAIL: objc/execute/nested-3.m execution, -O3 -fomit-frame-pointer -fgnu-runtime
FAIL: objc/execute/nested-3.m execution, -O3 -g -fgnu-runtime
FAIL: objc/execute/nested-3.m execution, -Os -fgnu-runtime
FAIL: objc/execute/nested-func-1.m execution, -O0 -fgnu-runtime
FAIL: objc/execute/nested-func-1.m execution, -O1 -fgnu-runtime
FAIL: objc/execute/nested-func-1.m execution, -O2 -fgnu-runtime
FAIL: objc/execute/nested-func-1.m execution, -O3 -fomit-frame-pointer -fgnu-runtime
FAIL: objc/execute/nested-func-1.m execution, -O3 -g -fgnu-runtime
FAIL: objc/execute/nested-func-1.m execution, -Os -fgnu-runtime
FAIL: objc/execute/nil_method-1.m execution, -O0 -fgnu-runtime
FAIL: objc/execute/nil_method-1.m execution, -O1 -fgnu-runtime
FAIL: objc/execute/nil_method-1.m execution, -O2 -fgnu-runtime
FAIL: objc/execute/nil_method-1.m execution, -O3 -fomit-frame-pointer -fgnu-runtime
FAIL: objc/execute/nil_method-1.m execution, -O3 -g -fgnu-runtime
FAIL: objc/execute/nil_method-1.m execution, -Os -fgnu-runtime
FAIL: objc/execute/no_clash.m execution, -O0 -fgnu-runtime
FAIL: objc/execute/no_clash.m execution, -O1 -fgnu-runtime
FAIL: objc/execute/no_clash.m execution, -O2 -fgnu-runtime
FAIL: objc/execute/no_clash.m execution, -O3 -fomit-frame-pointer -fgnu-runtime
FAIL: objc/execute/no_clash.m execution, -O3 -g -fgnu-runtime
FAIL: objc/execute/no_clash.m execution, -Os -fgnu-runtime
FAIL: objc/execute/np-1.m execution, -O0 -fgnu-runtime
FAIL: objc/execute/np-1.m execution, -O1 -fgnu-runtime
FAIL: objc/execute/np-1.m execution, -O2 -fgnu-runtime
FAIL: objc/execute/np-1.m execution, -O3 -fomit-frame-pointer -fgnu-runtime
FAIL: objc/execute/np-1.m execution, -O3 -g -fgnu-runtime
FAIL: objc/execute/np-1.m execution, -Os -fgnu-runtime
FAIL: objc/execute/np-2.m execution, -O0 -fgnu-runtime
FAIL: objc/execute/np-2.m execution, -O1 -fgnu-runtime
FAIL: objc/execute/np-2.m execution, -O2 -fgnu-runtime
FAIL: objc/execute/np-2.m execution, -O3 -fomit-frame-pointer -fgnu-runtime
FAIL: objc/execute/np-2.m execution, -O3 -g -fgnu-runtime
FAIL: objc/execute/np-2.m execution, -Os -fgnu-runtime
FAIL: objc/execute/object_is_class.m execution, -O0 -fgnu-runtime
FAIL: objc/execute/object_is_class.m execution, -O1 -fgnu-runtime
FAIL: objc/execute/object_is_class.m execution, -O2 -fgnu-runtime
FAIL: objc/execute/object_is_class.m execution, -O3 -fomit-frame-pointer -fgnu-runtime
FAIL: objc/execute/object_is_class.m execution, -O3 -g -fgnu-runtime
FAIL: objc/execute/object_is_class.m execution, -Os -fgnu-runtime
FAIL: objc/execute/object_is_meta_class.m execution, -O0 -fgnu-runtime
FAIL: objc/execute/object_is_meta_class.m execution, -O1 -fgnu-runtime
FAIL: objc/execute/object_is_meta_class.m execution, -O2 -fgnu-runtime
FAIL: objc/execute/object_is_meta_class.m execution, -O3 -fomit-frame-pointer -fgnu-runtime
FAIL: objc/execute/object_is_meta_class.m execution, -O3 -g -fgnu-runtime
FAIL: objc/execute/object_is_meta_class.m execution, -Os -fgnu-runtime
FAIL: objc/execute/private.m execution, -O0 -fgnu-runtime
FAIL: objc/execute/private.m execution, -O1 -fgnu-runtime
FAIL: objc/execute/private.m execution, -O2 -fgnu-runtime
FAIL: objc/execute/private.m execution, -O3 -fomit-frame-pointer -fgnu-runtime
FAIL: objc/execute/private.m execution, -O3 -g -fgnu-runtime
FAIL: objc/execute/private.m execution, -Os -fgnu-runtime
FAIL: objc/execute/protocol-isEqual-1.m execution, -O0 -fgnu-runtime
FAIL: objc/execute/protocol-isEqual-1.m execution, -O1 -fgnu-runtime
FAIL: objc/execute/protocol-isEqual-1.m execution, -O2 -fgnu-runtime
FAIL: objc/execute/protocol-isEqual-1.m execution, -O3 -fomit-frame-pointer -fgnu-runtime
FAIL: objc/execute/protocol-isEqual-1.m execution, -O3 -g -fgnu-runtime
FAIL: objc/execute/protocol-isEqual-1.m execution, -Os -fgnu-runtime
FAIL: objc/execute/protocol-isEqual-2.m execution, -O0 -fgnu-runtime
FAIL: objc/execute/protocol-isEqual-2.m execution, -O1 -fgnu-runtime
FAIL: objc/execute/protocol-isEqual-2.m execution, -O2 -fgnu-runtime
FAIL: objc/execute/protocol-isEqual-2.m execution, -O3 -fomit-frame-pointer -fgnu-runtime
FAIL: objc/execute/protocol-isEqual-2.m execution, -O3 -g -fgnu-runtime
FAIL: objc/execute/protocol-isEqual-2.m execution, -Os -fgnu-runtime
FAIL: objc/execute/protocol-isEqual-3.m execution, -O0 -fgnu-runtime
FAIL: objc/execute/protocol-isEqual-3.m execution, -O1 -fgnu-runtime
FAIL: objc/execute/protocol-isEqual-3.m execution, -O2 -fgnu-runtime
FAIL: objc/execute/protocol-isEqual-3.m execution, -O3 -fomit-frame-pointer -fgnu-runtime
FAIL: objc/execute/protocol-isEqual-3.m execution, -O3 -g -fgnu-runtime
FAIL: objc/execute/protocol-isEqual-3.m execution, -Os -fgnu-runtime
FAIL: objc/execute/protocol-isEqual-4.m execution, -O0 -fgnu-runtime
FAIL: objc/execute/protocol-isEqual-4.m execution, -O1 -fgnu-runtime
FAIL: objc/execute/protocol-isEqual-4.m execution, -O2 -fgnu-runtime
FAIL: objc/execute/protocol-isEqual-4.m execution, -O3 -fomit-frame-pointer -fgnu-runtime
FAIL: objc/execute/protocol-isEqual-4.m execution, -O3 -g -fgnu-runtime
FAIL: objc/execute/protocol-isEqual-4.m execution, -Os -fgnu-runtime
FAIL: objc/execute/protocol.m execution, -O0 -fgnu-runtime
FAIL: objc/execute/protocol.m execution, -O1 -fgnu-runtime
FAIL: objc/execute/protocol.m execution, -O2 -fgnu-runtime
FAIL: objc/execute/protocol.m execution, -O3 -fomit-frame-pointer -fgnu-runtime
FAIL: objc/execute/protocol.m execution, -O3 -g -fgnu-runtime
FAIL: objc/execute/protocol.m execution, -Os -fgnu-runtime
FAIL: objc/execute/redefining_self.m execution, -O0 -fgnu-runtime
FAIL: objc/execute/redefining_self.m execution, -O1 -fgnu-runtime
FAIL: objc/execute/redefining_self.m execution, -O2 -fgnu-runtime
FAIL: objc/execute/redefining_self.m execution, -O3 -fomit-frame-pointer -fgnu-runtime
FAIL: objc/execute/redefining_self.m execution, -O3 -g -fgnu-runtime
FAIL: objc/execute/redefining_self.m execution, -Os -fgnu-runtime
FAIL: objc/execute/root_methods.m execution, -O0 -fgnu-runtime
FAIL: objc/execute/root_methods.m execution, -O1 -fgnu-runtime
FAIL: objc/execute/root_methods.m execution, -O2 -fgnu-runtime
FAIL: objc/execute/root_methods.m execution, -O3 -fomit-frame-pointer -fgnu-runtime
FAIL: objc/execute/root_methods.m execution, -O3 -g -fgnu-runtime
FAIL: objc/execute/root_methods.m execution, -Os -fgnu-runtime
FAIL: objc/execute/selector-1.m execution, -O0 -fgnu-runtime
FAIL: objc/execute/selector-1.m execution, -O1 -fgnu-runtime
FAIL: objc/execute/selector-1.m execution, -O2 -fgnu-runtime
FAIL: objc/execute/selector-1.m execution, -O3 -fomit-frame-pointer -fgnu-runtime
FAIL: objc/execute/selector-1.m execution, -O3 -g -fgnu-runtime
FAIL: objc/execute/selector-1.m execution, -Os -fgnu-runtime
FAIL: objc/execute/static-1.m execution, -O0 -fgnu-runtime
FAIL: objc/execute/static-1.m execution, -O1 -fgnu-runtime
FAIL: objc/execute/static-1.m execution, -O2 -fgnu-runtime
FAIL: objc/execute/static-1.m execution, -O3 -fomit-frame-pointer -fgnu-runtime
FAIL: objc/execute/static-1.m execution, -O3 -g -fgnu-runtime
FAIL: objc/execute/static-1.m execution, -Os -fgnu-runtime
FAIL: objc/execute/static-2.m execution, -O0 -fgnu-runtime
FAIL: objc/execute/static-2.m execution, -O1 -fgnu-runtime
FAIL: objc/execute/static-2.m execution, -O2 -fgnu-runtime
FAIL: objc/execute/static-2.m execution, -O3 -fomit-frame-pointer -fgnu-runtime
FAIL: objc/execute/static-2.m execution, -O3 -g -fgnu-runtime
FAIL: objc/execute/static-2.m execution, -Os -fgnu-runtime
FAIL: objc/execute/string1.m execution, -O0 -fgnu-runtime
FAIL: objc/execute/string1.m execution, -O1 -fgnu-runtime
FAIL: objc/execute/string1.m execution, -O2 -fgnu-runtime
FAIL: objc/execute/string1.m execution, -O3 -fomit-frame-pointer -fgnu-runtime
FAIL: objc/execute/string1.m execution, -O3 -g -fgnu-runtime
FAIL: objc/execute/string1.m execution, -Os -fgnu-runtime
FAIL: objc/execute/string2.m execution, -O0 -fgnu-runtime
FAIL: objc/execute/string2.m execution, -O1 -fgnu-runtime
FAIL: objc/execute/string2.m execution, -O2 -fgnu-runtime
FAIL: objc/execute/string2.m execution, -O3 -fomit-frame-pointer -fgnu-runtime
FAIL: objc/execute/string2.m execution, -O3 -g -fgnu-runtime
FAIL: objc/execute/string2.m execution, -Os -fgnu-runtime
FAIL: objc/execute/string3.m execution, -O0 -fgnu-runtime
FAIL: objc/execute/string3.m execution, -O1 -fgnu-runtime
FAIL: objc/execute/string3.m execution, -O2 -fgnu-runtime
FAIL: objc/execute/string3.m execution, -O3 -fomit-frame-pointer -fgnu-runtime
FAIL: objc/execute/string3.m execution, -O3 -g -fgnu-runtime
FAIL: objc/execute/string3.m execution, -Os -fgnu-runtime
FAIL: objc/execute/string4.m execution, -O0 -fgnu-runtime
FAIL: objc/execute/string4.m execution, -O1 -fgnu-runtime
FAIL: objc/execute/string4.m execution, -O2 -fgnu-runtime
FAIL: objc/execute/string4.m execution, -O3 -fomit-frame-pointer -fgnu-runtime
FAIL: objc/execute/string4.m execution, -O3 -g -fgnu-runtime
FAIL: objc/execute/string4.m execution, -Os -fgnu-runtime
FAIL: objc/execute/va_method.m execution, -O0 -fgnu-runtime
FAIL: objc/execute/va_method.m execution, -O1 -fgnu-runtime
FAIL: objc/execute/va_method.m execution, -O2 -fgnu-runtime
FAIL: objc/execute/va_method.m execution, -O3 -fomit-frame-pointer -fgnu-runtime
FAIL: objc/execute/va_method.m execution, -O3 -fomit-frame-pointer -funroll-loops -fgnu-runtime
FAIL: objc/execute/va_method.m execution, -O3 -fomit-frame-pointer -funroll-all-loops -finline-functions -fgnu-runtime
FAIL: objc/execute/va_method.m execution, -O3 -g -fgnu-runtime
FAIL: objc/execute/va_method.m execution, -Os -fgnu-runtime
FAIL: objc.dg/bitfield-1.m execution test
FAIL: objc.dg/bitfield-3.m execution test
FAIL: objc.dg/bitfield-5.m execution test
FAIL: objc.dg/call-super-1.m execution test
FAIL: objc.dg/call-super-3.m execution test
FAIL: objc.dg/category-1.m execution test
FAIL: objc.dg/defs.m execution test
FAIL: objc.dg/desig-init-1.m execution test
FAIL: objc.dg/encode-1.m execution test
FAIL: objc.dg/encode-2.m execution test
FAIL: objc.dg/encode-3.m execution test
FAIL: objc.dg/encode-4.m execution test
FAIL: objc.dg/func-ptr-1.m execution test
FAIL: objc.dg/func-ptr-2.m execution test
FAIL: objc.dg/method-10.m execution test
FAIL: objc.dg/method-13.m execution test
FAIL: objc.dg/method-3.m execution test
FAIL: objc.dg/proto-lossage-3.m execution test
FAIL: objc.dg/proto-qual-1.m execution test
FAIL: objc.dg/sizeof-1.m execution test
FAIL: objc.dg/stret-1.m execution test
FAIL: objc.dg/super-class-3.m execution test
FAIL: objc.dg/type-size-2.m execution test
FAIL: objc.dg/type-stream-1.m execution test
FAIL: objc.dg/va-meth-1.m execution test
FAIL: objc.dg/special/unclaimed-category-1.m unclaimed-category-1a.o execution test
=== objc Summary ===
# of expected passes 1074
# of unexpected failures 596
# of unsupported tests 23
/test/gnu/gcc-3.3/objdir/gcc/xgcc version 4.1.0 20051202 (prerelease)
=== libstdc++ tests ===
Running target unix
FAIL: ext/pool_allocator/allocate_chunk.cc execution test
=== libstdc++ Summary ===
# of expected passes 2615
# of unexpected failures 1
# of expected failures 10
# of unsupported tests 158
Compiler version: 4.1.0 20051202 (prerelease)
Platform: hppa2.0w-hp-hpux11.11
configure flags: --with-gnu-as --with-as=/opt/gnu/bin/as --enable-shared --disable-nls --with-local-prefix=/opt/gnu --prefix=/opt/gnu/gcc/gcc-4.1.0 --enable-debug=no --enable-threads=posix --with-gmp=/opt/gnu --disable-libmudflap --enable-languages=c,c++,fortran,java,objc