This is the mail archive of the
gcc-testresults@gcc.gnu.org
mailing list for the GCC project.
Results for 3.4.5 testsuite on sparc-unknown-linux-gnu
- From: Christian Joensson <chj at j-son dot org>
- To: gcc-testresults at gcc dot gnu dot org
- Date: Fri, 2 Dec 2005 21:06:04 +0100
- Subject: Results for 3.4.5 testsuite on sparc-unknown-linux-gnu
Aurora SPARC Linux release 2.0b2 (Kashmir FC3) UltraSparc IIi (Sabre) sun4u:
(still missing are glibc-2.3.5-0.fc3.1.sparc64,
glibc-devel-2.3.5-0.fc3.1.sparc64, gmp-4.1.4-3sparc.sparc64,
gmp-devel-4.1.4-3sparc.sparc64, libgcc-3.4.3-22.sparc.sparc64,
libstdc++-3.4.3-22.sparc.sparc64, libstdc++-devel-3.4.3-22.sparc.sparc64)
binutils-2.15.92.0.2-5.sparc
bison-1.875c-2.sparc
dejagnu-1.4.4-2.noarch
expect-5.42.1-1.sparc
gcc-3.4.2-6.fc3.sparc
gcc4-4.0.0-0.8sparc.sparc
glibc-2.3.3-99.sparcv9
glibc-devel-2.3.3-99.sparc
glibc-headers-2.3.3-99.sparc
glibc-kernheaders-2.6-20sparc.sparc
gmp-4.1.4-3sparc.sparc
gmp-devel-4.1.4-3sparc.sparc
kernel-2.6.13-1.1603sp8.sparc64
package kernel-devel is not installed
package kernel-smp is not installed
libgcc-3.4.2-6.fc3.sparc
libstdc++-3.4.2-6.fc3.sparc
libstdc++-devel-3.4.2-6.fc3.sparc
make-3.80-5.sparc
nptl-devel-2.3.3-99.sparcv9
tcl-8.4.7-2.sparc
LAST_UPDATED: Obtained from SVN: tags/gcc_3_4_5_release revision 107795
=== acats tests ===
=== acats Summary ===
# of expected passes 1965
# of unexpected failures 0
# of unsupported tests 357
Native configuration is sparc-unknown-linux-gnu
=== g77 tests ===
Running target unix
=== g77 Summary ===
# of expected passes 1812
# of unsupported tests 6
/usr/local/src/branch/objdir32.3.4/gcc/testsuite/../g77 version 3.4.5
=== gcc tests ===
Running target unix
UNRESOLVED: gcc.c-torture/execute/simd-4.c execution, -O0
UNRESOLVED: gcc.dg/compat/vector-1 c_compat_x_tst.o-c_compat_y_tst.o link
UNRESOLVED: gcc.dg/compat/vector-1 c_compat_x_tst.o-c_compat_y_tst.o execute
UNRESOLVED: gcc.dg/compat/vector-2 c_compat_x_tst.o-c_compat_y_tst.o link
UNRESOLVED: gcc.dg/compat/vector-2 c_compat_x_tst.o-c_compat_y_tst.o execute
FAIL: gcc.dg/cleanup-8.c execution test
FAIL: gcc.dg/cleanup-9.c execution test
FAIL: gcc.dg/titype-1.c (test for excess errors)
WARNING: gcc.dg/titype-1.c compilation failed to produce executable
XPASS: gcc.dg/uninit-4.c uninitialized variable warning (test for bogus messages, line 26)
FAIL: gcc.dg/uninit-C.c (test for excess errors)
=== gcc Summary ===
# of expected passes 24963
# of unexpected failures 4
# of unexpected successes 1
# of expected failures 79
# of unresolved testcases 5
# of untested testcases 7
# of unsupported tests 351
/usr/local/src/branch/objdir32.3.4/gcc/xgcc version 3.4.5
=== g++ tests ===
Running target unix
WARNING: g++.dg/eh/simd-1.C compilation failed to produce executable
WARNING: g++.dg/eh/simd-2.C compilation failed to produce executable
XPASS: g++.dg/rtti/tinfo1.C scan-assembler _ZTIP9CTemplateIhE:
XPASS: g++.dg/rtti/tinfo1.C scan-assembler-not .globl[ \\t]+_ZTIP9CTemplateIhE
WARNING: g++.old-deja/g++.mike/p10769a.C compilation failed to produce executable
WARNING: g++.old-deja/g++.other/enum5.C compilation failed to produce executable
XPASS: g++.old-deja/g++.other/init5.C execution test
WARNING: g++.old-deja/g++.pt/friend44.C compilation failed to produce executable
=== g++ Summary ===
# of expected passes 9878
# of unexpected successes 3
# of expected failures 70
# of unsupported tests 80
/usr/local/src/branch/objdir32.3.4/gcc/testsuite/../g++ version 3.4.5
=== objc tests ===
Running target unix
=== objc Summary ===
# of expected passes 1352
# of unsupported tests 8
/usr/local/src/branch/objdir32.3.4/gcc/xgcc version 3.4.5
=== treelang tests ===
Running target unix
FAIL: gcc 01 01 rc!=0
=== treelang Summary ===
# of unexpected failures 1
=== libffi tests ===
Running target unix
=== libffi Summary ===
# of expected passes 212
# of unsupported tests 2
=== libjava tests ===
Running target unix
=== libjava Summary ===
# of expected passes 3271
# of expected failures 10
# of untested testcases 8
=== libstdc++ tests ===
Running target unix
WARNING: program timed out.
XPASS: 26_numerics/c99_classification_macros_c.cc (test for excess errors)
=== libstdc++ Summary ===
# of expected passes 2737
# of unexpected successes 1
# of expected failures 6
Compiler version: 3.4.5
Platform: sparc-unknown-linux-gnu
configure flags: sparc-linux --enable-__cxa_atexit --enable-shared --disable-multilib --enable-languages=c,ada,c++,f77,java,objc,treelang
Counting all warnings,
there are 83 warnings in stage0 of this bootstrap.
Number of warnings per file:
20 libiberty/regex.c
20 libiberty/concat.c
5 include/xregex2.h
4 libjava/java/lang/strtod.c
4 libjava/java/lang/dtoa.c
3 libjava/java/lang/e_exp.c
3 libf2c/libI77/rsne.c
2 libjava/java/lang/natClassLoader.cc
2 ../../../gcc.3.4/boehm-gc/os_dep.c
2 <command line>
1 libobjc/sendmsg.c
1 libobjc/encoding.c
1 libjava/verify.cc
1 libjava/prims.cc
1 libjava/jni.cc
1 libjava/java/lang/e_rem_pio2.c
1 libjava/java/lang/e_asin.c
1 libjava/gnu/gcj/io/shs.cc
1 libjava/boehm.cc
1 libf2c/libI77/wrtfmt.c
1 libf2c/libI77/open.c
1 libf2c/libI77/inquire.c
1 java/net/natNetworkInterface.cc
1 include/private/../gc_config_macros.h
1 include/gc_config_macros.h
1 gcc/coretypes.h
1 ../../../gcc.3.4/boehm-gc/mark_rts.c
1 fastjar/jartool.c
Number of warning types:
20 traditional C rejects ISO C style function definitions
16 signed and unsigned type in conditional expression
5 ISO C90 does not support \`static' or type qualifiers in parameter array declarators
4 unused parameter 'preg'
4 comparison between signed and unsigned integer expressions
3 this is the location of the previous definition
2 'x' might be used uninitialized in this function
2 \`???' is deprecated (declared at /usr/include/signal.h:184)
2 \`GC_LINUX_THREADS' redefined
1 'z' might be used uninitialized in this function
1 'x0' might be used uninitialized in this function
1 'void byteReverse()' declared \`static' but never defined
1 unused parameter '_p'
1 unused parameter 'fmt'
1 unused parameter 'args_size'
1 't' might be used uninitialized in this function
1 'target_flags' defined but not used
1 string length \`???' is greater than the length \`???' ISO C89 compilers are required to support
1 'spec_case' might be used uninitialized in this function
1 \`rtx' redefined
1 'mlo' might be used uninitialized in this function
1 'lo' might be used uninitialized in this function
1 'k' might be used uninitialized in this function
1 'ilim' might be used uninitialized in this function
1 'ilim1' might be used uninitialized in this function
1 'hi' might be used uninitialized in this function
1 function returns address of local variable
1 'dn' might be used uninitialized in this function
1 'dn0' might be used uninitialized in this function
1 'delta' might be used uninitialized in this function
1 comparison between signed and unsigned
1 'bs' might be used uninitialized in this function
1 'bd' might be used uninitialized in this function
1 'bb' might be used uninitialized in this function
Counting all warnings,
there are 27 warnings in stage3 of this bootstrap.
Number of warnings per file:
8 ./auto-host.h
4 gcc/tsystem.h
4 gcc/defaults.h
3 gengtype-lex.c
3 gcc/gcc.c
2 gcc/objc/lang-specs.h
1 gcc/libgcc2.c
1 gcc/java/jvspec.c
1 gcc/ada/lang-specs.h
Number of warning types:
8 this is the location of the previous definition
7 string length \`???' is greater than the length \`???' ISO C89 compilers are required to support
4 \`HAVE_DECL_GETOPT' redefined
4 \`DEFAULT_USE_CXA_ATEXIT' redefined
3 old-style parameter declaration
1 no previous prototype for '__enable_execute_stack'